[INFO] fetching crate efterscript 0.0.7...
[INFO] testing efterscript-0.0.7 against 1.99.0-beta.8+cargoflags=--release for beta-release-1.100-2
[INFO] extracting crate efterscript 0.0.7 into /workspace/builds/worker-5-tc1/source
[INFO] started tweaking crates.io crate efterscript 0.0.7
[INFO] removed 0 missing tests
[INFO] finished tweaking crates.io crate efterscript 0.0.7
[INFO] tweaked toml for crates.io crate efterscript 0.0.7 written to /workspace/builds/worker-5-tc1/source/Cargo.toml
[INFO] validating manifest of crates.io crate efterscript 0.0.7 on toolchain 1.99.0-beta.8
[INFO] running `Command { std: CARGO_HOME="/workspace/cargo-home" RUSTUP_HOME="/workspace/rustup-home" "/workspace/cargo-home/bin/cargo" "+1.99.0-beta.8" "metadata" "--manifest-path" "Cargo.toml" "--no-deps", kill_on_drop: false }`
[INFO] crate crates.io crate efterscript 0.0.7 already has a lockfile, it will not be regenerated
[INFO] running `Command { std: CARGO_HOME="/workspace/cargo-home" RUSTUP_HOME="/workspace/rustup-home" "/workspace/cargo-home/bin/cargo" "+1.99.0-beta.8" "fetch" "--manifest-path" "Cargo.toml", kill_on_drop: false }`
[INFO] [stderr]     Updating crates.io index
[INFO] [stderr]  Downloading crates ...
[INFO] [stderr]   Downloaded efterscript-codec v0.0.7
[INFO] [stderr]   Downloaded efterscript-pdf v0.0.7
[INFO] [stderr]   Downloaded efterscript-remelt v0.0.7
[INFO] [stderr]   Downloaded efterscript-platen v0.0.7
[INFO] [stderr]   Downloaded efterscript-graphics v0.0.7
[INFO] [stderr]   Downloaded efterscript-vm v0.0.7
[INFO] [stderr]   Downloaded efterscript-fonts v0.0.7
[INFO] running `Command { std: "docker" "create" "-v" "/var/lib/crater-agent-workspace/builds/worker-5-tc1/source:/opt/rustwide/workdir:ro,Z" "-v" "/var/lib/crater-agent-workspace/builds/worker-5-tc1/target:/opt/rustwide/target:rw,Z" "-v" "/var/lib/crater-agent-workspace/cargo-home:/opt/rustwide/cargo-home:ro,Z" "-v" "/var/lib/crater-agent-workspace/rustup-home:/opt/rustwide/rustup-home:ro,Z" "-m" "1610612736" "--network" "none" "ghcr.io/rust-lang/crates-build-env/linux@sha256:77db811e55d90add9212f6832c23229e3de5f1c1f9905e8cb07319ea15df73ac" "sleep" "infinity", kill_on_drop: false }`
[INFO] [stdout] 7f46fd3c23b8bc55e64b7d39b1fb4cdf97cc9766b837c77912f1c315b35ca3ee
[INFO] running `Command { std: "docker" "start" "7f46fd3c23b8bc55e64b7d39b1fb4cdf97cc9766b837c77912f1c315b35ca3ee", kill_on_drop: false }`
[INFO] running `Command { std: "docker" "inspect" "7f46fd3c23b8bc55e64b7d39b1fb4cdf97cc9766b837c77912f1c315b35ca3ee", kill_on_drop: false }`
[INFO] running `Command { std: "docker" "exec" "-e" "SOURCE_DIR=/opt/rustwide/workdir" "-e" "CARGO_HOME=/opt/rustwide/cargo-home" "-e" "RUSTUP_HOME=/opt/rustwide/rustup-home" "-e" "CARGO_TARGET_DIR=/opt/rustwide/target" "-w" "/opt/rustwide/workdir" "--user" "0:0" "7f46fd3c23b8bc55e64b7d39b1fb4cdf97cc9766b837c77912f1c315b35ca3ee" "/opt/rustwide/cargo-home/bin/cargo" "+1.99.0-beta.8" "metadata" "--no-deps" "--format-version=1", kill_on_drop: false }`
[INFO] running `Command { std: "docker" "inspect" "7f46fd3c23b8bc55e64b7d39b1fb4cdf97cc9766b837c77912f1c315b35ca3ee", kill_on_drop: false }`
[INFO] running `Command { std: "docker" "exec" "-e" "SOURCE_DIR=/opt/rustwide/workdir" "-e" "CARGO_HOME=/opt/rustwide/cargo-home" "-e" "RUSTUP_HOME=/opt/rustwide/rustup-home" "-e" "CARGO_TARGET_DIR=/opt/rustwide/target" "-e" "CARGO_INCREMENTAL=0" "-e" "RUST_BACKTRACE=full" "-e" "RUSTFLAGS=--cap-lints=warn" "-e" "RUSTDOCFLAGS=--cap-lints=warn" "-w" "/opt/rustwide/workdir" "--user" "0:0" "7f46fd3c23b8bc55e64b7d39b1fb4cdf97cc9766b837c77912f1c315b35ca3ee" "/opt/rustwide/cargo-home/bin/cargo" "+1.99.0-beta.8" "build" "--frozen" "--message-format=json" "--release", kill_on_drop: false }`
[INFO] [stderr]    Compiling efterscript-codec v0.0.7
[INFO] [stderr]    Compiling efterscript-fonts v0.0.7
[INFO] [stderr]    Compiling efterscript-pdf v0.0.7
[INFO] [stderr]    Compiling efterscript-vm v0.0.7
[INFO] [stderr]    Compiling efterscript-graphics v0.0.7
[INFO] [stderr]    Compiling efterscript-remelt v0.0.7
[INFO] [stderr]    Compiling efterscript-platen v0.0.7
[INFO] [stderr]    Compiling efterscript v0.0.7 (/opt/rustwide/workdir)
[INFO] [stderr]     Finished `release` profile [optimized] target(s) in 40.29s
[INFO] running `Command { std: "docker" "inspect" "7f46fd3c23b8bc55e64b7d39b1fb4cdf97cc9766b837c77912f1c315b35ca3ee", kill_on_drop: false }`
[INFO] running `Command { std: "docker" "exec" "-e" "SOURCE_DIR=/opt/rustwide/workdir" "-e" "CARGO_HOME=/opt/rustwide/cargo-home" "-e" "RUSTUP_HOME=/opt/rustwide/rustup-home" "-e" "CARGO_TARGET_DIR=/opt/rustwide/target" "-e" "CARGO_INCREMENTAL=0" "-e" "RUST_BACKTRACE=full" "-e" "RUSTFLAGS=--cap-lints=warn" "-e" "RUSTDOCFLAGS=--cap-lints=warn" "-w" "/opt/rustwide/workdir" "--user" "0:0" "7f46fd3c23b8bc55e64b7d39b1fb4cdf97cc9766b837c77912f1c315b35ca3ee" "/opt/rustwide/cargo-home/bin/cargo" "+1.99.0-beta.8" "test" "--frozen" "--no-run" "--message-format=json" "--release", kill_on_drop: false }`
[INFO] [stderr]    Compiling efterscript v0.0.7 (/opt/rustwide/workdir)
[INFO] [stderr]     Finished `release` profile [optimized] target(s) in 6.25s
[INFO] running `Command { std: "docker" "inspect" "7f46fd3c23b8bc55e64b7d39b1fb4cdf97cc9766b837c77912f1c315b35ca3ee", kill_on_drop: false }`
[INFO] running `Command { std: "docker" "exec" "-e" "SOURCE_DIR=/opt/rustwide/workdir" "-e" "CARGO_HOME=/opt/rustwide/cargo-home" "-e" "RUSTUP_HOME=/opt/rustwide/rustup-home" "-e" "CARGO_TARGET_DIR=/opt/rustwide/target" "-e" "CARGO_INCREMENTAL=0" "-e" "RUST_BACKTRACE=full" "-e" "RUSTFLAGS=--cap-lints=warn" "-e" "RUSTDOCFLAGS=--cap-lints=warn" "-w" "/opt/rustwide/workdir" "--user" "0:0" "7f46fd3c23b8bc55e64b7d39b1fb4cdf97cc9766b837c77912f1c315b35ca3ee" "/opt/rustwide/cargo-home/bin/cargo" "+1.99.0-beta.8" "test" "--frozen" "--release", kill_on_drop: false }`
[INFO] [stderr]     Finished `release` profile [optimized] target(s) in 0.04s
[INFO] [stderr]      Running unittests src/lib.rs (/opt/rustwide/target/release/deps/efterscript-d992b4470b4451ba)
[INFO] [stdout] 
[INFO] [stdout] running 0 tests
[INFO] [stdout] 
[INFO] [stdout] test result: ok. 0 passed; 0 failed; 0 ignored; 0 measured; 0 filtered out; finished in 0.00s
[INFO] [stdout] 
[INFO] [stderr]      Running tests/facade.rs (/opt/rustwide/target/release/deps/facade-1dfa65e574998082)
[INFO] [stdout] 
[INFO] [stdout] running 2 tests
[INFO] [stdout] test a_session_job_runs_a_program_to_one_page ... ok
[INFO] [stdout] test a_corpus_file_distilled_through_the_facade_equals_its_golden ... FAILED
[INFO] [stdout] 
[INFO] [stdout] failures:
[INFO] [stdout] 
[INFO] [stdout] ---- a_corpus_file_distilled_through_the_facade_equals_its_golden stdout ----
[INFO] [stdout] 
[INFO] [stdout] thread 'a_corpus_file_distilled_through_the_facade_equals_its_golden' (417) panicked at tests/facade.rs:26:87:
[INFO] [stdout] called `Result::unwrap()` on an `Err` value: Os { code: 2, kind: NotFound, message: "No such file or directory" }
[INFO] [stdout] stack backtrace:
[INFO] [stdout]    0:     0x61bb77db5051 - <<std[70759c8f55707aa4]::sys::backtrace::BacktraceLock>::print::DisplayBacktrace as core[df12db4294e9bfd3]::fmt::Display>::fmt
[INFO] [stdout]    1:     0x61bb77dcaf3a - core[df12db4294e9bfd3]::fmt::write
[INFO] [stdout]    2:     0x61bb77db94ec - <alloc[2182bb758b4b3781]::vec::Vec<u8> as core[df12db4294e9bfd3]::io::write::Write>::write_fmt
[INFO] [stdout]    3:     0x61bb77d91326 - std[70759c8f55707aa4]::panicking::default_hook::{closure#0}
[INFO] [stdout]    4:     0x61bb77dad499 - std[70759c8f55707aa4]::panicking::default_hook
[INFO] [stdout]    5:     0x61bb77b71c70 - test[9d35eded1c95d3be]::test_main_inner::<test[9d35eded1c95d3be]::test_main_static::{closure#0}>::{closure#0}
[INFO] [stdout]    6:     0x61bb77dad652 - std[70759c8f55707aa4]::panicking::panic_with_hook
[INFO] [stdout]    7:     0x61bb77d913d2 - std[70759c8f55707aa4]::panicking::panic_handler::{closure#0}
[INFO] [stdout]    8:     0x61bb77d89fc9 - std[70759c8f55707aa4]::sys::backtrace::__rust_end_short_backtrace::<std[70759c8f55707aa4]::panicking::panic_handler::{closure#0}, !>
[INFO] [stdout]    9:     0x61bb77d91fcd - __rustc[8fa7c3cbc660c2b3]::rust_begin_unwind
[INFO] [stdout]   10:     0x61bb77dcb6dc - core[df12db4294e9bfd3]::panicking::panic_fmt
[INFO] [stdout]   11:     0x61bb77dcb4b2 - core[df12db4294e9bfd3]::result::unwrap_failed
[INFO] [stdout]   12:     0x61bb77b511e9 - <facade[5d9297f390238c6b]::a_corpus_file_distilled_through_the_facade_equals_its_golden::{closure#0} as core[df12db4294e9bfd3]::ops::function::FnOnce<()>>::call_once
[INFO] [stdout]   13:     0x61bb77b64f5b - test[9d35eded1c95d3be]::__rust_begin_short_backtrace::<core[df12db4294e9bfd3]::result::Result<(), alloc[2182bb758b4b3781]::string::String>, fn() -> core[df12db4294e9bfd3]::result::Result<(), alloc[2182bb758b4b3781]::string::String>>
[INFO] [stdout]   14:     0x61bb77b725c5 - test[9d35eded1c95d3be]::run_test::{closure#0}
[INFO] [stdout]   15:     0x61bb77b6be84 - std[70759c8f55707aa4]::sys::backtrace::__rust_begin_short_backtrace::<test[9d35eded1c95d3be]::run_test::{closure#1}, ()>
[INFO] [stdout]   16:     0x61bb77b75722 - <std[70759c8f55707aa4]::thread::lifecycle::spawn_unchecked<test[9d35eded1c95d3be]::run_test::{closure#1}, ()>::{closure#1} as core[df12db4294e9bfd3]::ops::function::FnOnce<()>>::call_once::{shim:vtable#0}
[INFO] [stdout]   17:     0x61bb77db4609 - <std[70759c8f55707aa4]::sys::thread::unix::Thread>::new::thread_start
[INFO] [stdout]   18:     0x7f79146a2dfa - <unknown>
[INFO] [stdout]   19:     0x7f79147363d4 - clone
[INFO] [stdout]   20:                0x0 - <unknown>
[INFO] [stdout] 
[INFO] [stdout] 
[INFO] [stdout] failures:
[INFO] [stdout]     a_corpus_file_distilled_through_the_facade_equals_its_golden
[INFO] [stdout] 
[INFO] [stdout] test result: FAILED. 1 passed; 1 failed; 0 ignored; 0 measured; 0 filtered out; finished in 0.00s
[INFO] [stdout] 
[INFO] [stderr] error: test failed, to rerun pass `--test facade`
[INFO] running `Command { std: "docker" "inspect" "7f46fd3c23b8bc55e64b7d39b1fb4cdf97cc9766b837c77912f1c315b35ca3ee", kill_on_drop: false }`
[INFO] running `Command { std: "docker" "rm" "-f" "7f46fd3c23b8bc55e64b7d39b1fb4cdf97cc9766b837c77912f1c315b35ca3ee", kill_on_drop: false }`
[INFO] [stdout] 7f46fd3c23b8bc55e64b7d39b1fb4cdf97cc9766b837c77912f1c315b35ca3ee
