[INFO] fetching crate efivar-fix 2.0.1...
[INFO] testing efivar-fix-2.0.1 against 1.99.0-beta.8+cargoflags=--release for beta-release-1.100-2
[INFO] extracting crate efivar-fix 2.0.1 into /workspace/builds/worker-0-tc1/source
[INFO] started tweaking crates.io crate efivar-fix 2.0.1
[INFO] removed 0 missing tests
[INFO] finished tweaking crates.io crate efivar-fix 2.0.1
[INFO] tweaked toml for crates.io crate efivar-fix 2.0.1 written to /workspace/builds/worker-0-tc1/source/Cargo.toml
[INFO] validating manifest of crates.io crate efivar-fix 2.0.1 on toolchain 1.99.0-beta.8
[INFO] running `Command { std: CARGO_HOME="/workspace/cargo-home" RUSTUP_HOME="/workspace/rustup-home" "/workspace/cargo-home/bin/cargo" "+1.99.0-beta.8" "metadata" "--manifest-path" "Cargo.toml" "--no-deps", kill_on_drop: false }`
[INFO] crate crates.io crate efivar-fix 2.0.1 already has a lockfile, it will not be regenerated
[INFO] running `Command { std: CARGO_HOME="/workspace/cargo-home" RUSTUP_HOME="/workspace/rustup-home" "/workspace/cargo-home/bin/cargo" "+1.99.0-beta.8" "fetch" "--manifest-path" "Cargo.toml", kill_on_drop: false }`
[INFO] [stderr]     Updating crates.io index
[INFO] [stderr]  Downloading crates ...
[INFO] [stderr]   Downloaded toml_datetime v0.6.5
[INFO] [stderr]   Downloaded memchr v2.6.4
[INFO] [stderr]   Downloaded errno v0.3.8
[INFO] [stderr]   Downloaded thiserror v1.0.50
[INFO] [stderr]   Downloaded url v2.4.1
[INFO] [stderr]   Downloaded serde_spanned v0.6.4
[INFO] [stderr]   Downloaded version-sync v0.9.5
[INFO] [stderr]   Downloaded unicase v2.7.0
[INFO] [stderr]   Downloaded thiserror-impl v1.0.50
[INFO] [stderr]   Downloaded toml v0.7.8
[INFO] [stderr]   Downloaded bitflags v2.4.1
[INFO] [stderr]   Downloaded uuid v1.17.0
[INFO] [stderr]   Downloaded base64 v0.21.5
[INFO] [stderr]   Downloaded indexmap v2.1.0
[INFO] [stderr]   Downloaded pulldown-cmark v0.9.3
[INFO] [stderr]   Downloaded winnow v0.5.19
[INFO] [stderr]   Downloaded hashbrown v0.14.2
[INFO] [stderr]   Downloaded ntapi v0.4.1
[INFO] [stderr]   Downloaded aho-corasick v1.1.2
[INFO] [stderr]   Downloaded regex v1.10.2
[INFO] [stderr]   Downloaded regex-syntax v0.8.2
[INFO] [stderr]   Downloaded regex-automata v0.4.3
[INFO] [stderr]   Downloaded libc v0.2.153
[INFO] [stderr]   Downloaded linux-raw-sys v0.4.13
[INFO] running `Command { std: "docker" "create" "-v" "/var/lib/crater-agent-workspace/builds/worker-0-tc1/source:/opt/rustwide/workdir:ro,Z" "-v" "/var/lib/crater-agent-workspace/builds/worker-0-tc1/target:/opt/rustwide/target:rw,Z" "-v" "/var/lib/crater-agent-workspace/cargo-home:/opt/rustwide/cargo-home:ro,Z" "-v" "/var/lib/crater-agent-workspace/rustup-home:/opt/rustwide/rustup-home:ro,Z" "-m" "1610612736" "--network" "none" "ghcr.io/rust-lang/crates-build-env/linux@sha256:77db811e55d90add9212f6832c23229e3de5f1c1f9905e8cb07319ea15df73ac" "sleep" "infinity", kill_on_drop: false }`
[INFO] [stdout] 2a1c178efb3fc5fbd9992b48b017686e12bb0eab1d90a11a0ec5d1dc8b360aa8
[INFO] running `Command { std: "docker" "start" "2a1c178efb3fc5fbd9992b48b017686e12bb0eab1d90a11a0ec5d1dc8b360aa8", kill_on_drop: false }`
[INFO] running `Command { std: "docker" "inspect" "2a1c178efb3fc5fbd9992b48b017686e12bb0eab1d90a11a0ec5d1dc8b360aa8", kill_on_drop: false }`
[INFO] running `Command { std: "docker" "exec" "-e" "SOURCE_DIR=/opt/rustwide/workdir" "-e" "CARGO_HOME=/opt/rustwide/cargo-home" "-e" "RUSTUP_HOME=/opt/rustwide/rustup-home" "-e" "CARGO_TARGET_DIR=/opt/rustwide/target" "-w" "/opt/rustwide/workdir" "--user" "0:0" "2a1c178efb3fc5fbd9992b48b017686e12bb0eab1d90a11a0ec5d1dc8b360aa8" "/opt/rustwide/cargo-home/bin/cargo" "+1.99.0-beta.8" "metadata" "--no-deps" "--format-version=1", kill_on_drop: false }`
[INFO] running `Command { std: "docker" "inspect" "2a1c178efb3fc5fbd9992b48b017686e12bb0eab1d90a11a0ec5d1dc8b360aa8", kill_on_drop: false }`
[INFO] running `Command { std: "docker" "exec" "-e" "SOURCE_DIR=/opt/rustwide/workdir" "-e" "CARGO_HOME=/opt/rustwide/cargo-home" "-e" "RUSTUP_HOME=/opt/rustwide/rustup-home" "-e" "CARGO_TARGET_DIR=/opt/rustwide/target" "-e" "CARGO_INCREMENTAL=0" "-e" "RUST_BACKTRACE=full" "-e" "RUSTFLAGS=--cap-lints=warn" "-e" "RUSTDOCFLAGS=--cap-lints=warn" "-w" "/opt/rustwide/workdir" "--user" "0:0" "2a1c178efb3fc5fbd9992b48b017686e12bb0eab1d90a11a0ec5d1dc8b360aa8" "/opt/rustwide/cargo-home/bin/cargo" "+1.99.0-beta.8" "build" "--frozen" "--message-format=json" "--release", kill_on_drop: false }`
[INFO] [stderr]    Compiling proc-macro2 v1.0.95
[INFO] [stderr]    Compiling serde v1.0.219
[INFO] [stderr]    Compiling thiserror v1.0.50
[INFO] [stderr]    Compiling linux-raw-sys v0.4.13
[INFO] [stderr]    Compiling bitflags v2.4.1
[INFO] [stderr]    Compiling log v0.4.27
[INFO] [stderr]    Compiling lazy_static v1.4.0
[INFO] [stderr]    Compiling rustix v0.38.34
[INFO] [stderr]    Compiling quote v1.0.40
[INFO] [stderr]    Compiling syn v2.0.104
[INFO] [stderr]    Compiling uuid v1.17.0
[INFO] [stderr]    Compiling thiserror-impl v1.0.50
[INFO] [stderr]    Compiling efivar-fix v2.0.1 (/opt/rustwide/workdir)
[INFO] [stderr]     Finished `release` profile [optimized] target(s) in 14.95s
[INFO] running `Command { std: "docker" "inspect" "2a1c178efb3fc5fbd9992b48b017686e12bb0eab1d90a11a0ec5d1dc8b360aa8", kill_on_drop: false }`
[INFO] running `Command { std: "docker" "exec" "-e" "SOURCE_DIR=/opt/rustwide/workdir" "-e" "CARGO_HOME=/opt/rustwide/cargo-home" "-e" "RUSTUP_HOME=/opt/rustwide/rustup-home" "-e" "CARGO_TARGET_DIR=/opt/rustwide/target" "-e" "CARGO_INCREMENTAL=0" "-e" "RUST_BACKTRACE=full" "-e" "RUSTFLAGS=--cap-lints=warn" "-e" "RUSTDOCFLAGS=--cap-lints=warn" "-w" "/opt/rustwide/workdir" "--user" "0:0" "2a1c178efb3fc5fbd9992b48b017686e12bb0eab1d90a11a0ec5d1dc8b360aa8" "/opt/rustwide/cargo-home/bin/cargo" "+1.99.0-beta.8" "test" "--frozen" "--no-run" "--message-format=json" "--release", kill_on_drop: false }`
[INFO] [stderr]    Compiling version_check v0.9.4
[INFO] [stderr]    Compiling proc-macro2 v1.0.95
[INFO] [stderr]    Compiling unicode-ident v1.0.12
[INFO] [stderr]    Compiling hashbrown v0.14.2
[INFO] [stderr]    Compiling tinyvec v1.6.0
[INFO] [stderr]    Compiling equivalent v1.0.1
[INFO] [stderr]    Compiling toml_datetime v0.6.5
[INFO] [stderr]    Compiling serde_spanned v0.6.4
[INFO] [stderr]    Compiling semver v1.0.20
[INFO] [stderr]    Compiling regex-syntax v0.8.2
[INFO] [stderr]    Compiling percent-encoding v2.3.0
[INFO] [stderr]    Compiling winnow v0.5.19
[INFO] [stderr]    Compiling pulldown-cmark v0.9.3
[INFO] [stderr]    Compiling unicode-bidi v0.3.13
[INFO] [stderr]    Compiling unicase v2.7.0
[INFO] [stderr]    Compiling form_urlencoded v1.2.0
[INFO] [stderr]    Compiling memchr v2.6.4
[INFO] [stderr]    Compiling indexmap v2.1.0
[INFO] [stderr]    Compiling unicode-normalization v0.1.22
[INFO] [stderr]    Compiling quote v1.0.40
[INFO] [stderr]    Compiling idna v0.4.0
[INFO] [stderr]    Compiling toml_edit v0.19.15
[INFO] [stderr]    Compiling syn v2.0.104
[INFO] [stderr]    Compiling regex-automata v0.4.3
[INFO] [stderr]    Compiling url v2.4.1
[INFO] [stderr]    Compiling regex v1.10.2
[INFO] [stderr]    Compiling toml v0.7.8
[INFO] [stderr]    Compiling version-sync v0.9.5
[INFO] [stderr]    Compiling efivar-fix v2.0.1 (/opt/rustwide/workdir)
[INFO] [stdout] warning: unused import: `super::*`
[INFO] [stdout]    --> src/lib.rs:105:9
[INFO] [stdout]     |
[INFO] [stdout] 105 |     use super::*;
[INFO] [stdout]     |         ^^^^^^^^
[INFO] [stdout]     |
[INFO] [stdout]     = note: `#[warn(unused_imports)]` (part of `#[warn(unused)]`) on by default
[INFO] [stdout] 
[INFO] [stdout] 
[INFO] [stderr]     Finished `release` profile [optimized] target(s) in 1m 27s
[INFO] running `Command { std: "docker" "inspect" "2a1c178efb3fc5fbd9992b48b017686e12bb0eab1d90a11a0ec5d1dc8b360aa8", kill_on_drop: false }`
[INFO] running `Command { std: "docker" "exec" "-e" "SOURCE_DIR=/opt/rustwide/workdir" "-e" "CARGO_HOME=/opt/rustwide/cargo-home" "-e" "RUSTUP_HOME=/opt/rustwide/rustup-home" "-e" "CARGO_TARGET_DIR=/opt/rustwide/target" "-e" "CARGO_INCREMENTAL=0" "-e" "RUST_BACKTRACE=full" "-e" "RUSTFLAGS=--cap-lints=warn" "-e" "RUSTDOCFLAGS=--cap-lints=warn" "-w" "/opt/rustwide/workdir" "--user" "0:0" "2a1c178efb3fc5fbd9992b48b017686e12bb0eab1d90a11a0ec5d1dc8b360aa8" "/opt/rustwide/cargo-home/bin/cargo" "+1.99.0-beta.8" "test" "--frozen" "--release", kill_on_drop: false }`
[INFO] [stderr] warning: unused import: `super::*`
[INFO] [stderr]    --> src/lib.rs:105:9
[INFO] [stderr]     |
[INFO] [stderr] 105 |     use super::*;
[INFO] [stderr]     |         ^^^^^^^^
[INFO] [stderr]     |
[INFO] [stderr]     = note: `#[warn(unused_imports)]` (part of `#[warn(unused)]`) on by default
[INFO] [stderr] 
[INFO] [stderr] warning: `efivar-fix` (lib test) generated 1 warning (run `cargo fix --lib -p efivar-fix --tests` to apply 1 suggestion)
[INFO] [stderr]     Finished `release` profile [optimized] target(s) in 0.12s
[INFO] [stderr]      Running unittests src/lib.rs (/opt/rustwide/target/release/deps/efivar_fix-7a3c2f8029e7c779)
[INFO] [stdout] 
[INFO] [stdout] running 26 tests
[INFO] [stdout] test boot::parse::device_path::tests::efi_hard_drive_type_dump_invalid - should panic ... ok
[INFO] [stdout] test boot::parse::device_path::tests::to_from_bytes ... ok
[INFO] [stdout] test boot::parse::tests::dump::dump ... ok
[INFO] [stdout] test boot::parse::device_path::tests::efi_hard_drive_type_print ... ok
[INFO] [stdout] test boot::parse::device_path::tests::print_hard_drive ... ok
[INFO] [stdout] test boot::parse::tests::parse::parse ... ok
[INFO] [stdout] test efi::variable::tests::parse_invalid_var ... ok
[INFO] [stdout] test efi::variable::tests::short_name ... ok
[INFO] [stdout] test efi::variable_flags::tests::variable_flags_from_string_all ... ok
[INFO] [stdout] test boot::parse::device_path::tests::efi_hard_drive_type_parse ... ok
[INFO] [stdout] test boot::parse::device_path::tests::efi_hard_drive_type_dump ... ok
[INFO] [stdout] test efi::variable::tests::boot_var_id ... ok
[INFO] [stdout] test efi::variable::tests::parse_invalid_var_2 ... ok
[INFO] [stdout] test efi::variable::tests::parse_valid_var ... ok
[INFO] [stdout] test efi::variable::tests::to_fullname_partial ... ok
[INFO] [stdout] test efi::variable_flags::tests::variable_flags_to_string_all ... ok
[INFO] [stdout] test efi::variable_flags::tests::variable_flags_to_string_empty ... ok
[INFO] [stdout] test efi::variable_vendor::tests::variable_vendor_eq ... ok
[INFO] [stdout] test sys::linux::tests::efivarfs_linux_get_var_names ... ok
[INFO] [stdout] test sys::linux::tests::efivarfs_linux_read_var ... ok
[INFO] [stdout] test sys::linux::tests::efivars_linux_get_var_names ... ok
[INFO] [stdout] test sys::linux::tests::efivars_linux_read_var ... ok
[INFO] [stdout] test utils::tests::read_string ... ok
[INFO] [stdout] test utils::tests::read_string_without_nt ... ok
[INFO] [stdout] test efi::variable_flags::tests::variable_flags_from_string_invalid ... ok
[INFO] [stdout] test utils::tests::read_string_invalid_utf16 ... ok
[INFO] [stdout] 
[INFO] [stdout] test result: ok. 26 passed; 0 failed; 0 ignored; 0 measured; 0 filtered out; finished in 0.02s
[INFO] [stdout] 
[INFO] [stderr]      Running tests/version-numbers.rs (/opt/rustwide/target/release/deps/version_numbers-de68dfca739cab1a)
[INFO] [stdout] 
[INFO] [stdout] running 2 tests
[INFO] [stdout] test test_readme_deps ... ok
[INFO] [stdout] test test_html_root_url ... FAILED
[INFO] [stdout] 
[INFO] [stdout] failures:
[INFO] [stdout] 
[INFO] [stdout] ---- test_html_root_url stdout ----
[INFO] [stdout] Checking doc attributes in src/lib.rs...
[INFO] [stdout] src/lib.rs (line 15) ... expected package "efivar-fix", found "efivar" in
[INFO] [stdout]     #![doc(html_root_url = "https://docs.rs/efivar/2.0.0")]
[INFO] [stdout] 
[INFO] [stdout] thread 'test_html_root_url' (967) panicked at tests/version-numbers.rs:8:5:
[INFO] [stdout] html_root_url errors in src/lib.rs
[INFO] [stdout] stack backtrace:
[INFO] [stdout]    0:     0x56de9ffd4ac1 - <<std[70759c8f55707aa4]::sys::backtrace::BacktraceLock>::print::DisplayBacktrace as core[df12db4294e9bfd3]::fmt::Display>::fmt
[INFO] [stdout]    1:     0x56de9ffea1da - core[df12db4294e9bfd3]::fmt::write
[INFO] [stdout]    2:     0x56de9ffd907c - <alloc[2182bb758b4b3781]::vec::Vec<u8> as core[df12db4294e9bfd3]::io::write::Write>::write_fmt
[INFO] [stdout]    3:     0x56de9ffb0ee6 - std[70759c8f55707aa4]::panicking::default_hook::{closure#0}
[INFO] [stdout]    4:     0x56de9ffcd069 - std[70759c8f55707aa4]::panicking::default_hook
[INFO] [stdout]    5:     0x56de9ff69410 - test[9d35eded1c95d3be]::test_main_inner::<test[9d35eded1c95d3be]::test_main_static::{closure#0}>::{closure#0}
[INFO] [stdout]    6:     0x56de9ffcd392 - std[70759c8f55707aa4]::panicking::panic_with_hook
[INFO] [stdout]    7:     0x56de9ffb0f92 - std[70759c8f55707aa4]::panicking::panic_handler::{closure#0}
[INFO] [stdout]    8:     0x56de9ffa9ce9 - std[70759c8f55707aa4]::sys::backtrace::__rust_end_short_backtrace::<std[70759c8f55707aa4]::panicking::panic_handler::{closure#0}, !>
[INFO] [stdout]    9:     0x56de9ffb1b8d - __rustc[8fa7c3cbc660c2b3]::rust_begin_unwind
[INFO] [stdout]   10:     0x56de9ffea9bc - core[df12db4294e9bfd3]::panicking::panic_fmt
[INFO] [stdout]   11:     0x56de9fdc19f6 - <version_numbers[10353290d30170a3]::test_html_root_url::{closure#0} as core[df12db4294e9bfd3]::ops::function::FnOnce<()>>::call_once
[INFO] [stdout]   12:     0x56de9ff5c6fb - test[9d35eded1c95d3be]::__rust_begin_short_backtrace::<core[df12db4294e9bfd3]::result::Result<(), alloc[2182bb758b4b3781]::string::String>, fn() -> core[df12db4294e9bfd3]::result::Result<(), alloc[2182bb758b4b3781]::string::String>>
[INFO] [stdout]   13:     0x56de9ff69d65 - test[9d35eded1c95d3be]::run_test::{closure#0}
[INFO] [stdout]   14:     0x56de9ff63624 - std[70759c8f55707aa4]::sys::backtrace::__rust_begin_short_backtrace::<test[9d35eded1c95d3be]::run_test::{closure#1}, ()>
[INFO] [stdout]   15:     0x56de9ff6cec2 - <std[70759c8f55707aa4]::thread::lifecycle::spawn_unchecked<test[9d35eded1c95d3be]::run_test::{closure#1}, ()>::{closure#1} as core[df12db4294e9bfd3]::ops::function::FnOnce<()>>::call_once::{shim:vtable#0}
[INFO] [stdout]   16:     0x56de9ffd4389 - <std[70759c8f55707aa4]::sys::thread::unix::Thread>::new::thread_start
[INFO] [stdout]   17:     0x79043d188dfa - <unknown>
[INFO] [stdout]   18:     0x79043d21c3d4 - clone
[INFO] [stdout]   19:                0x0 - <unknown>
[INFO] [stdout] 
[INFO] [stdout] 
[INFO] [stdout] failures:
[INFO] [stdout]     test_html_root_url
[INFO] [stdout] 
[INFO] [stdout] test result: FAILED. 1 passed; 1 failed; 0 ignored; 0 measured; 0 filtered out; finished in 0.00s
[INFO] [stdout] 
[INFO] [stderr] error: test failed, to rerun pass `--test version-numbers`
[INFO] running `Command { std: "docker" "inspect" "2a1c178efb3fc5fbd9992b48b017686e12bb0eab1d90a11a0ec5d1dc8b360aa8", kill_on_drop: false }`
[INFO] running `Command { std: "docker" "rm" "-f" "2a1c178efb3fc5fbd9992b48b017686e12bb0eab1d90a11a0ec5d1dc8b360aa8", kill_on_drop: false }`
[INFO] [stdout] 2a1c178efb3fc5fbd9992b48b017686e12bb0eab1d90a11a0ec5d1dc8b360aa8
