[INFO] fetching crate effortless-rust-source-index 0.1.0...
[INFO] testing effortless-rust-source-index-0.1.0 against 1.99.0-beta.8+cargoflags=--release for beta-release-1.100-2
[INFO] extracting crate effortless-rust-source-index 0.1.0 into /workspace/builds/worker-6-tc1/source
[INFO] started tweaking crates.io crate effortless-rust-source-index 0.1.0
[INFO] finished tweaking crates.io crate effortless-rust-source-index 0.1.0
[INFO] tweaked toml for crates.io crate effortless-rust-source-index 0.1.0 written to /workspace/builds/worker-6-tc1/source/Cargo.toml
[INFO] validating manifest of crates.io crate effortless-rust-source-index 0.1.0 on toolchain 1.99.0-beta.8
[INFO] running `Command { std: CARGO_HOME="/workspace/cargo-home" RUSTUP_HOME="/workspace/rustup-home" "/workspace/cargo-home/bin/cargo" "+1.99.0-beta.8" "metadata" "--manifest-path" "Cargo.toml" "--no-deps", kill_on_drop: false }`
[INFO] crate crates.io crate effortless-rust-source-index 0.1.0 already has a lockfile, it will not be regenerated
[INFO] running `Command { std: CARGO_HOME="/workspace/cargo-home" RUSTUP_HOME="/workspace/rustup-home" "/workspace/cargo-home/bin/cargo" "+1.99.0-beta.8" "fetch" "--manifest-path" "Cargo.toml", kill_on_drop: false }`
[INFO] [stderr]  Downloading crates ...
[INFO] [stderr]   Downloaded tree-sitter v0.26.12
[INFO] running `Command { std: "docker" "create" "-v" "/var/lib/crater-agent-workspace/builds/worker-6-tc1/source:/opt/rustwide/workdir:ro,Z" "-v" "/var/lib/crater-agent-workspace/builds/worker-6-tc1/target:/opt/rustwide/target:rw,Z" "-v" "/var/lib/crater-agent-workspace/cargo-home:/opt/rustwide/cargo-home:ro,Z" "-v" "/var/lib/crater-agent-workspace/rustup-home:/opt/rustwide/rustup-home:ro,Z" "-m" "1610612736" "--network" "none" "ghcr.io/rust-lang/crates-build-env/linux@sha256:77db811e55d90add9212f6832c23229e3de5f1c1f9905e8cb07319ea15df73ac" "sleep" "infinity", kill_on_drop: false }`
[INFO] [stdout] 6f747685af35ab05961a4b55d6bbf4074240806b945c2efa0c1cc6a08bd85c03
[INFO] running `Command { std: "docker" "start" "6f747685af35ab05961a4b55d6bbf4074240806b945c2efa0c1cc6a08bd85c03", kill_on_drop: false }`
[INFO] running `Command { std: "docker" "inspect" "6f747685af35ab05961a4b55d6bbf4074240806b945c2efa0c1cc6a08bd85c03", kill_on_drop: false }`
[INFO] running `Command { std: "docker" "exec" "-e" "SOURCE_DIR=/opt/rustwide/workdir" "-e" "CARGO_HOME=/opt/rustwide/cargo-home" "-e" "RUSTUP_HOME=/opt/rustwide/rustup-home" "-e" "CARGO_TARGET_DIR=/opt/rustwide/target" "-w" "/opt/rustwide/workdir" "--user" "0:0" "6f747685af35ab05961a4b55d6bbf4074240806b945c2efa0c1cc6a08bd85c03" "/opt/rustwide/cargo-home/bin/cargo" "+1.99.0-beta.8" "metadata" "--no-deps" "--format-version=1", kill_on_drop: false }`
[INFO] running `Command { std: "docker" "inspect" "6f747685af35ab05961a4b55d6bbf4074240806b945c2efa0c1cc6a08bd85c03", kill_on_drop: false }`
[INFO] running `Command { std: "docker" "exec" "-e" "SOURCE_DIR=/opt/rustwide/workdir" "-e" "CARGO_HOME=/opt/rustwide/cargo-home" "-e" "RUSTUP_HOME=/opt/rustwide/rustup-home" "-e" "CARGO_TARGET_DIR=/opt/rustwide/target" "-e" "CARGO_INCREMENTAL=0" "-e" "RUST_BACKTRACE=full" "-e" "RUSTFLAGS=--cap-lints=warn" "-e" "RUSTDOCFLAGS=--cap-lints=warn" "-w" "/opt/rustwide/workdir" "--user" "0:0" "6f747685af35ab05961a4b55d6bbf4074240806b945c2efa0c1cc6a08bd85c03" "/opt/rustwide/cargo-home/bin/cargo" "+1.99.0-beta.8" "build" "--frozen" "--message-format=json" "--release", kill_on_drop: false }`
[INFO] [stderr]    Compiling cc v1.4.0
[INFO] [stderr]    Compiling serde_core v1.0.229
[INFO] [stderr]    Compiling tree-sitter-language v0.1.7
[INFO] [stderr]    Compiling serde_json v1.0.151
[INFO] [stderr]    Compiling equivalent v1.0.2
[INFO] [stderr]    Compiling regex-syntax v0.8.11
[INFO] [stderr]    Compiling streaming-iterator v0.1.9
[INFO] [stderr]    Compiling syn v3.0.3
[INFO] [stderr]    Compiling toml v1.1.4+spec-1.1.0
[INFO] [stderr]    Compiling indexmap v2.14.0
[INFO] [stderr]    Compiling tree-sitter-rust v0.24.2
[INFO] [stderr]    Compiling serde_derive v1.0.229
[INFO] [stderr]    Compiling regex-automata v0.4.18
[INFO] [stderr]    Compiling tree-sitter v0.26.12
[INFO] [stderr]    Compiling regex v1.13.1
[INFO] [stderr]    Compiling serde v1.0.229
[INFO] [stderr]    Compiling effortless-rust-source-index v0.1.0 (/opt/rustwide/workdir)
[INFO] [stderr]     Finished `release` profile [optimized] target(s) in 36.38s
[INFO] running `Command { std: "docker" "inspect" "6f747685af35ab05961a4b55d6bbf4074240806b945c2efa0c1cc6a08bd85c03", kill_on_drop: false }`
[INFO] running `Command { std: "docker" "exec" "-e" "SOURCE_DIR=/opt/rustwide/workdir" "-e" "CARGO_HOME=/opt/rustwide/cargo-home" "-e" "RUSTUP_HOME=/opt/rustwide/rustup-home" "-e" "CARGO_TARGET_DIR=/opt/rustwide/target" "-e" "CARGO_INCREMENTAL=0" "-e" "RUST_BACKTRACE=full" "-e" "RUSTFLAGS=--cap-lints=warn" "-e" "RUSTDOCFLAGS=--cap-lints=warn" "-w" "/opt/rustwide/workdir" "--user" "0:0" "6f747685af35ab05961a4b55d6bbf4074240806b945c2efa0c1cc6a08bd85c03" "/opt/rustwide/cargo-home/bin/cargo" "+1.99.0-beta.8" "test" "--frozen" "--no-run" "--message-format=json" "--release", kill_on_drop: false }`
[INFO] [stderr]    Compiling effortless-rust-source-index v0.1.0 (/opt/rustwide/workdir)
[INFO] [stderr]     Finished `release` profile [optimized] target(s) in 5.86s
[INFO] running `Command { std: "docker" "inspect" "6f747685af35ab05961a4b55d6bbf4074240806b945c2efa0c1cc6a08bd85c03", kill_on_drop: false }`
[INFO] running `Command { std: "docker" "exec" "-e" "SOURCE_DIR=/opt/rustwide/workdir" "-e" "CARGO_HOME=/opt/rustwide/cargo-home" "-e" "RUSTUP_HOME=/opt/rustwide/rustup-home" "-e" "CARGO_TARGET_DIR=/opt/rustwide/target" "-e" "CARGO_INCREMENTAL=0" "-e" "RUST_BACKTRACE=full" "-e" "RUSTFLAGS=--cap-lints=warn" "-e" "RUSTDOCFLAGS=--cap-lints=warn" "-w" "/opt/rustwide/workdir" "--user" "0:0" "6f747685af35ab05961a4b55d6bbf4074240806b945c2efa0c1cc6a08bd85c03" "/opt/rustwide/cargo-home/bin/cargo" "+1.99.0-beta.8" "test" "--frozen" "--release", kill_on_drop: false }`
[INFO] [stderr]     Finished `release` profile [optimized] target(s) in 0.04s
[INFO] [stderr]      Running unittests src/lib.rs (/opt/rustwide/target/release/deps/effortless_rust_source_index-5071673953941562)
[INFO] [stdout] 
[INFO] [stdout] running 44 tests
[INFO] [stdout] test inventory_tests::configured_parameterized_test_stays_non_exact ... ok
[INFO] [stdout] test inventory_tests::ignored_test_is_not_an_executable_subject ... ok
[INFO] [stdout] test inventory_tests::bom_prefixed_source_is_parsed_normally ... ok
[INFO] [stdout] test inventory_tests::explicit_and_auto_binary_targets_with_same_identity_are_deduplicated ... ok
[INFO] [stdout] test inventory_tests::cfg_limited_test_resolves_as_unknown ... ok
[INFO] [stdout] test inventory_tests::partial_inventory_never_resolves_exactly ... ok
[INFO] [stdout] test inventory_tests::integration_target_does_not_claim_tests_common_module ... ok
[INFO] [stdout] test item_subjects::tests::count_preserving_substitution_changes_identity ... ok
[INFO] [stdout] test item_subjects::tests::container_links_require_existing_noncyclic_subjects ... ok
[INFO] [stdout] test inventory_tests::changed_body_changes_identity_without_changing_selector ... ok
[INFO] [stdout] test item_subjects::tests::diagnostics_and_limitations_never_resolve_exactly ... ok
[INFO] [stdout] test item_subjects::tests::exact_resolution_requires_structural_identity ... ok
[INFO] [stdout] test item_subjects::tests::exact_selector_binds_subject_and_declaration_identity ... ok
[INFO] [stdout] test inventory_tests::duplicate_function_names_in_modules_have_distinct_selectors ... ok
[INFO] [stdout] test inventory_tests::inventories_nested_inline_unit_test ... ok
[INFO] [stdout] test inventory_tests::explicit_integration_target_keeps_declared_identity ... ok
[INFO] [stdout] test inventory_tests::missing_selector_is_not_guessed ... ok
[INFO] [stdout] test inventory_tests::same_named_integration_tests_have_distinct_targets ... ok
[INFO] [stdout] test item_subjects::tests::generated_cfg_and_source_unavailable_items_are_not_exact ... ok
[INFO] [stdout] test item_subjects::tests::inventory_status_controls_missing_authority ... ok
[INFO] [stdout] test item_subjects::tests::inventory_rejects_subject_generation_substitution ... ok
[INFO] [stdout] test item_subjects::tests::malformed_selector_fields_fail_closed ... ok
[INFO] [stdout] test item_subjects::tests::inventory_validation_enforces_snapshot_and_unique_subject_identity ... ok
[INFO] [stdout] test item_subjects::tests::inventory_validation_enforces_nested_lint_identity ... ok
[INFO] [stdout] test item_subjects::tests::one_record_target_substitution_is_never_exact ... ok
[INFO] [stdout] test inventory_tests::malformed_manifest_keeps_inventory_partial ... ok
[INFO] [stdout] test inventory_tests::split_library_module_has_stable_module_path ... ok
[INFO] [stdout] test item_subjects::tests::exact_selector_binds_target_identity ... ok
[INFO] [stdout] test test_subjects::tests::selector_validate_rejects_empty_function ... ok
[INFO] [stdout] test item_subjects::tests::invalid_ranges_and_invalid_inventory_fail_closed ... ok
[INFO] [stdout] test item_subjects::tests::selector_inventory_identity_mismatch_is_not_proven ... ok
[INFO] [stdout] test test_subjects::tests::selector_display_name_includes_target_kind ... ok
[INFO] [stdout] test item_subjects::tests::malformed_selector_is_rejected_before_inventory_use ... ok
[INFO] [stdout] test tests::inventory_package_copy_matches_rust_source_index ... FAILED
[INFO] [stdout] test tests::manifest_has_no_product_dependency_or_interop_feature ... FAILED
[INFO] [stdout] test item_subjects::tests::partial_inventory_never_resolves_an_existing_item_exactly ... ok
[INFO] [stdout] test item_subjects::tests::root_module_is_a_valid_structural_identity ... ok
[INFO] [stdout] test tests::parity_contracts_load_from_fixtures ... FAILED
[INFO] [stdout] test tests::syntax_package_copy_matches_rust_source_index ... FAILED
[INFO] [stdout] test tests::test_subjects_package_copy_matches_rust_source_index ... FAILED
[INFO] [stdout] test inventory_tests::binary_only_helper_is_not_fabricated_as_library ... ok
[INFO] [stdout] test inventory_tests::workspace_only_manifest_is_ignored_without_partial_status ... ok
[INFO] [stdout] test inventory_tests::shared_src_parent_is_not_claimed_when_lib_and_bin_both_exist ... ok
[INFO] [stderr] error: test failed, to rerun pass `--lib`
[INFO] [stdout] test inventory_tests::windows_style_repo_paths_are_normalized ... ok
[INFO] [stdout] 
[INFO] [stdout] failures:
[INFO] [stdout] 
[INFO] [stdout] ---- tests::inventory_package_copy_matches_rust_source_index stdout ----
[INFO] [stdout] Error: "read canonical inventory: No such file or directory (os error 2)"
[INFO] [stdout] 
[INFO] [stdout] ---- tests::manifest_has_no_product_dependency_or_interop_feature stdout ----
[INFO] [stdout] Error: "read rust-source-index manifest: No such file or directory (os error 2)"
[INFO] [stdout] 
[INFO] [stdout] ---- tests::parity_contracts_load_from_fixtures stdout ----
[INFO] [stdout] Error: "read /opt/rustwide/workdir/../../tests/fixtures/rust-source-index/parity-test-subjects-v1.toml: No such file or directory (os error 2)"
[INFO] [stdout] 
[INFO] [stdout] ---- tests::syntax_package_copy_matches_rust_source_index stdout ----
[INFO] [stdout] Error: "read canonical syntax: No such file or directory (os error 2)"
[INFO] [stdout] 
[INFO] [stdout] ---- tests::test_subjects_package_copy_matches_rust_source_index stdout ----
[INFO] [stdout] Error: "read canonical test_subjects: No such file or directory (os error 2)"
[INFO] [stdout] 
[INFO] [stdout] 
[INFO] [stdout] failures:
[INFO] [stdout]     tests::inventory_package_copy_matches_rust_source_index
[INFO] [stdout]     tests::manifest_has_no_product_dependency_or_interop_feature
[INFO] [stdout]     tests::parity_contracts_load_from_fixtures
[INFO] [stdout]     tests::syntax_package_copy_matches_rust_source_index
[INFO] [stdout]     tests::test_subjects_package_copy_matches_rust_source_index
[INFO] [stdout] 
[INFO] [stdout] test result: FAILED. 39 passed; 5 failed; 0 ignored; 0 measured; 0 filtered out; finished in 0.06s
[INFO] [stdout] 
[INFO] running `Command { std: "docker" "inspect" "6f747685af35ab05961a4b55d6bbf4074240806b945c2efa0c1cc6a08bd85c03", kill_on_drop: false }`
[INFO] running `Command { std: "docker" "rm" "-f" "6f747685af35ab05961a4b55d6bbf4074240806b945c2efa0c1cc6a08bd85c03", kill_on_drop: false }`
[INFO] [stdout] 6f747685af35ab05961a4b55d6bbf4074240806b945c2efa0c1cc6a08bd85c03
