[INFO] fetching crate effindom-native-packaging 0.1.5...
[INFO] testing effindom-native-packaging-0.1.5 against 1.100.0-beta.1+cargoflags=--release for beta-release-1.100-2
[INFO] extracting crate effindom-native-packaging 0.1.5 into /workspace/builds/worker-4-tc2/source
[INFO] started tweaking crates.io crate effindom-native-packaging 0.1.5
[INFO] removed 0 missing tests
[INFO] finished tweaking crates.io crate effindom-native-packaging 0.1.5
[INFO] tweaked toml for crates.io crate effindom-native-packaging 0.1.5 written to /workspace/builds/worker-4-tc2/source/Cargo.toml
[INFO] validating manifest of crates.io crate effindom-native-packaging 0.1.5 on toolchain 1.100.0-beta.1
[INFO] running `Command { std: CARGO_HOME="/workspace/cargo-home" RUSTUP_HOME="/workspace/rustup-home" "/workspace/cargo-home/bin/cargo" "+1.100.0-beta.1" "metadata" "--manifest-path" "Cargo.toml" "--no-deps", kill_on_drop: false }`
[INFO] crate crates.io crate effindom-native-packaging 0.1.5 already has a lockfile, it will not be regenerated
[INFO] running `Command { std: CARGO_HOME="/workspace/cargo-home" RUSTUP_HOME="/workspace/rustup-home" "/workspace/cargo-home/bin/cargo" "+1.100.0-beta.1" "fetch" "--manifest-path" "Cargo.toml", kill_on_drop: false }`
[INFO] running `Command { std: "docker" "create" "-v" "/var/lib/crater-agent-workspace/builds/worker-4-tc2/source:/opt/rustwide/workdir:ro,Z" "-v" "/var/lib/crater-agent-workspace/builds/worker-4-tc2/target:/opt/rustwide/target:rw,Z" "-v" "/var/lib/crater-agent-workspace/cargo-home:/opt/rustwide/cargo-home:ro,Z" "-v" "/var/lib/crater-agent-workspace/rustup-home:/opt/rustwide/rustup-home:ro,Z" "-m" "1610612736" "--network" "none" "ghcr.io/rust-lang/crates-build-env/linux@sha256:77db811e55d90add9212f6832c23229e3de5f1c1f9905e8cb07319ea15df73ac" "sleep" "infinity", kill_on_drop: false }`
[INFO] [stdout] d6d5b76aa792130534545ac84af7f7efbd08a2caf7ba9d2bbc2feb727227d239
[INFO] running `Command { std: "docker" "start" "d6d5b76aa792130534545ac84af7f7efbd08a2caf7ba9d2bbc2feb727227d239", kill_on_drop: false }`
[INFO] running `Command { std: "docker" "inspect" "d6d5b76aa792130534545ac84af7f7efbd08a2caf7ba9d2bbc2feb727227d239", kill_on_drop: false }`
[INFO] running `Command { std: "docker" "exec" "-e" "SOURCE_DIR=/opt/rustwide/workdir" "-e" "CARGO_HOME=/opt/rustwide/cargo-home" "-e" "RUSTUP_HOME=/opt/rustwide/rustup-home" "-e" "CARGO_TARGET_DIR=/opt/rustwide/target" "-w" "/opt/rustwide/workdir" "--user" "0:0" "d6d5b76aa792130534545ac84af7f7efbd08a2caf7ba9d2bbc2feb727227d239" "/opt/rustwide/cargo-home/bin/cargo" "+1.100.0-beta.1" "metadata" "--no-deps" "--format-version=1", kill_on_drop: false }`
[INFO] running `Command { std: "docker" "inspect" "d6d5b76aa792130534545ac84af7f7efbd08a2caf7ba9d2bbc2feb727227d239", kill_on_drop: false }`
[INFO] running `Command { std: "docker" "exec" "-e" "SOURCE_DIR=/opt/rustwide/workdir" "-e" "CARGO_HOME=/opt/rustwide/cargo-home" "-e" "RUSTUP_HOME=/opt/rustwide/rustup-home" "-e" "CARGO_TARGET_DIR=/opt/rustwide/target" "-e" "CARGO_INCREMENTAL=0" "-e" "RUST_BACKTRACE=full" "-e" "RUSTFLAGS=--cap-lints=warn" "-e" "RUSTDOCFLAGS=--cap-lints=warn" "-w" "/opt/rustwide/workdir" "--user" "0:0" "d6d5b76aa792130534545ac84af7f7efbd08a2caf7ba9d2bbc2feb727227d239" "/opt/rustwide/cargo-home/bin/cargo" "+1.100.0-beta.1" "build" "--frozen" "--message-format=json" "--release", kill_on_drop: false }`
[INFO] [stderr]    Compiling libc v0.2.189
[INFO] [stderr]    Compiling cfg-if v1.0.4
[INFO] [stderr]    Compiling crc32fast v1.5.0
[INFO] [stderr]    Compiling simd-adler32 v0.3.10
[INFO] [stderr]    Compiling adler2 v2.0.1
[INFO] [stderr]    Compiling zlib-rs v0.6.6
[INFO] [stderr]    Compiling find-msvc-tools v0.1.9
[INFO] [stderr]    Compiling shlex v2.0.1
[INFO] [stderr]    Compiling version_check v0.9.5
[INFO] [stderr]    Compiling bytemuck v1.25.2
[INFO] [stderr]    Compiling proc-macro2 v1.0.107
[INFO] [stderr]    Compiling log v0.4.33
[INFO] [stderr]    Compiling pkg-config v0.3.33
[INFO] [stderr]    Compiling unicode-ident v1.0.24
[INFO] [stderr]    Compiling quote v1.0.47
[INFO] [stderr]    Compiling arrayvec v0.7.8
[INFO] [stderr]    Compiling bitflags v2.13.1
[INFO] [stderr]    Compiling typenum v1.20.1
[INFO] [stderr]    Compiling miniz_oxide v0.8.9
[INFO] [stderr]    Compiling fdeflate v0.3.7
[INFO] [stderr]    Compiling float-cmp v0.9.0
[INFO] [stderr]    Compiling autocfg v1.5.1
[INFO] [stderr]    Compiling strict-num v0.1.1
[INFO] [stderr]    Compiling rustix v1.1.4
[INFO] [stderr]    Compiling arrayref v0.3.9
[INFO] [stderr]    Compiling generic-array v0.14.7
[INFO] [stderr]    Compiling smallvec v1.15.2
[INFO] [stderr]    Compiling serde_core v1.0.229
[INFO] [stderr]    Compiling zmij v1.0.23
[INFO] [stderr]    Compiling kurbo v0.11.3
[INFO] [stderr]    Compiling zstd-safe v7.2.4
[INFO] [stderr]    Compiling linux-raw-sys v0.12.1
[INFO] [stderr]    Compiling tiny-skia-path v0.11.4
[INFO] [stderr]    Compiling siphasher v1.0.3
[INFO] [stderr]    Compiling bitflags v1.3.2
[INFO] [stderr]    Compiling simplecss v0.2.2
[INFO] [stderr]    Compiling imagesize v0.13.0
[INFO] [stderr]    Compiling num-traits v0.2.19
[INFO] [stderr]    Compiling pxfm v0.1.30
[INFO] [stderr]    Compiling xmlwriter v0.1.0
[INFO] [stderr]    Compiling equivalent v1.0.2
[INFO] [stderr]    Compiling serde_json v1.0.151
[INFO] [stderr]    Compiling serde v1.0.229
[INFO] [stderr]    Compiling syn v3.0.3
[INFO] [stderr]    Compiling pico-args v0.5.0
[INFO] [stderr]    Compiling roxmltree v0.20.0
[INFO] [stderr]    Compiling base64 v0.22.1
[INFO] [stderr]    Compiling jobserver v0.1.35
[INFO] [stderr]    Compiling cc v1.4.0
[INFO] [stderr]    Compiling hashbrown v0.17.1
[INFO] [stderr]    Compiling bumpalo v3.20.3
[INFO] [stderr]    Compiling data-url v0.3.2
[INFO] [stderr]    Compiling crypto-common v0.1.7
[INFO] [stderr]    Compiling block-buffer v0.10.4
[INFO] [stderr]    Compiling filetime v0.2.29
[INFO] [stderr]    Compiling digest v0.10.7
[INFO] [stderr]    Compiling svgtypes v0.15.3
[INFO] [stderr]    Compiling zopfli v0.8.3
[INFO] [stderr]    Compiling rgb v0.8.53
[INFO] [stderr]    Compiling itoa v1.0.18
[INFO] [stderr]    Compiling byteorder-lite v0.1.0
[INFO] [stderr]    Compiling cpufeatures v0.2.17
[INFO] [stderr]    Compiling sha2 v0.10.9
[INFO] [stderr]    Compiling semver v1.0.28
[INFO] [stderr]    Compiling flate2 v1.1.9
[INFO] [stderr]    Compiling indexmap v2.14.0
[INFO] [stderr]    Compiling zstd-sys v2.0.16+zstd.1.5.7
[INFO] [stderr]    Compiling xattr v1.6.1
[INFO] [stderr]    Compiling png v0.17.16
[INFO] [stderr]    Compiling moxcms v0.8.1
[INFO] [stderr]    Compiling usvg v0.45.1
[INFO] [stderr]    Compiling serde_derive v1.0.229
[INFO] [stderr]    Compiling png v0.18.1
[INFO] [stderr]    Compiling tar v0.4.46
[INFO] [stderr]    Compiling zip v4.6.1
[INFO] [stderr]    Compiling tiny-skia v0.11.4
[INFO] [stderr]    Compiling resvg v0.45.1
[INFO] [stderr]    Compiling image v0.25.10
[INFO] [stderr]    Compiling zstd v0.13.3
[INFO] [stderr]    Compiling effindom-native-packaging v0.1.5 (/opt/rustwide/workdir)
[INFO] [stderr]     Finished `release` profile [optimized] target(s) in 1m 56s
[INFO] running `Command { std: "docker" "inspect" "d6d5b76aa792130534545ac84af7f7efbd08a2caf7ba9d2bbc2feb727227d239", kill_on_drop: false }`
[INFO] running `Command { std: "docker" "exec" "-e" "SOURCE_DIR=/opt/rustwide/workdir" "-e" "CARGO_HOME=/opt/rustwide/cargo-home" "-e" "RUSTUP_HOME=/opt/rustwide/rustup-home" "-e" "CARGO_TARGET_DIR=/opt/rustwide/target" "-e" "CARGO_INCREMENTAL=0" "-e" "RUST_BACKTRACE=full" "-e" "RUSTFLAGS=--cap-lints=warn" "-e" "RUSTDOCFLAGS=--cap-lints=warn" "-w" "/opt/rustwide/workdir" "--user" "0:0" "d6d5b76aa792130534545ac84af7f7efbd08a2caf7ba9d2bbc2feb727227d239" "/opt/rustwide/cargo-home/bin/cargo" "+1.100.0-beta.1" "test" "--frozen" "--no-run" "--message-format=json" "--release", kill_on_drop: false }`
[INFO] [stderr]    Compiling effindom-native-packaging v0.1.5 (/opt/rustwide/workdir)
[INFO] [stderr]     Finished `release` profile [optimized] target(s) in 10.48s
[INFO] running `Command { std: "docker" "inspect" "d6d5b76aa792130534545ac84af7f7efbd08a2caf7ba9d2bbc2feb727227d239", kill_on_drop: false }`
[INFO] running `Command { std: "docker" "exec" "-e" "SOURCE_DIR=/opt/rustwide/workdir" "-e" "CARGO_HOME=/opt/rustwide/cargo-home" "-e" "RUSTUP_HOME=/opt/rustwide/rustup-home" "-e" "CARGO_TARGET_DIR=/opt/rustwide/target" "-e" "CARGO_INCREMENTAL=0" "-e" "RUST_BACKTRACE=full" "-e" "RUSTFLAGS=--cap-lints=warn" "-e" "RUSTDOCFLAGS=--cap-lints=warn" "-w" "/opt/rustwide/workdir" "--user" "0:0" "d6d5b76aa792130534545ac84af7f7efbd08a2caf7ba9d2bbc2feb727227d239" "/opt/rustwide/cargo-home/bin/cargo" "+1.100.0-beta.1" "test" "--frozen" "--release", kill_on_drop: false }`
[INFO] [stderr]     Finished `release` profile [optimized] target(s) in 0.10s
[INFO] [stderr]      Running unittests src/lib.rs (/opt/rustwide/target/release/build/effindom-native-packaging/838235ec4558c4d2/out/effindom_native_packaging-838235ec4558c4d2)
[INFO] [stdout] 
[INFO] [stdout] running 4 tests
[INFO] [stdout] test distribution::msix::tests::manifest_contains_full_trust_identity_architecture_and_visual_metadata ... ok
[INFO] [stdout] test distribution::appimage::tests::app_run_uses_executable_relative_to_its_appdir ... ok
[INFO] [stdout] test bundle::tests::failed_replacement_restores_the_previous_bundle ... ok
[INFO] [stdout] test universal_macos::tests::merges_matching_slices_and_rejects_resource_and_abi_mismatches ... ok
[INFO] [stdout] 
[INFO] [stdout] test result: ok. 4 passed; 0 failed; 0 ignored; 0 measured; 0 filtered out; finished in 0.01s
[INFO] [stdout] 
[INFO] [stderr]      Running unittests src/bin/effindom-native-packager.rs (/opt/rustwide/target/release/build/effindom-native-packaging/4f37cc6a251311e3/out/effindom_native_packager-4f37cc6a251311e3)
[INFO] [stdout] 
[INFO] [stdout] running 0 tests
[INFO] [stdout] 
[INFO] [stdout] test result: ok. 0 passed; 0 failed; 0 ignored; 0 measured; 0 filtered out; finished in 0.00s
[INFO] [stdout] 
[INFO] [stderr]      Running tests/archive.rs (/opt/rustwide/target/release/build/effindom-native-packaging/d4d1d73af9d96d84/out/archive-d4d1d73af9d96d84)
[INFO] [stdout] 
[INFO] [stdout] running 4 tests
[INFO] [stdout] test creates_byte_identical_archives_and_sidecars ... ok
[INFO] [stdout] test extracts_to_a_new_parent_and_reverifies_the_bundle ... ok
[INFO] [stdout] test tar_zstd_preserves_safe_relative_symlinks_and_rejects_escaping_links ... ok
[INFO] [stdout] test rejects_corrupt_incomplete_mismatched_and_invalid_artifacts ... ok
[INFO] [stderr]      Running tests/bundle.rs (/opt/rustwide/target/release/build/effindom-native-packaging/ac4f57504310a5c2/out/bundle-ac4f57504310a5c2)
[INFO] [stdout] 
[INFO] [stdout] test result: ok. 4 passed; 0 failed; 0 ignored; 0 measured; 0 filtered out; finished in 0.46s
[INFO] [stdout] 
[INFO] [stdout] 
[INFO] [stdout] running 6 tests
[INFO] [stdout] test rejects_sources_inside_the_output_tree ... ok
[INFO] [stdout] test rejects_existing_output_without_mutating_it_and_replaces_explicitly ... ok
[INFO] [stdout] test rejects_invalid_duplicate_missing_and_unsupported_inputs_before_staging ... ok
[INFO] [stdout] test verifies_a_relocated_bundle_and_reports_missing_or_corrupt_artifacts ... ok
[INFO] [stdout] test stages_deterministic_payload_and_package_record ... ok
[INFO] [stdout] 
[INFO] [stdout] running 1 test
[INFO] [stdout] test relocated_recorded_bundle_launches_without_source_tree ... ok
[INFO] [stdout] 
[INFO] [stdout] test result: ok. 1 passed; 0 failed; 0 ignored; 0 measured; 5 filtered out; finished in 0.00s
[INFO] [stdout] 
[INFO] [stdout] test relocated_recorded_bundle_launches_without_source_tree ... ok
[INFO] [stdout] 
[INFO] [stdout] test result: ok. 6 passed; 0 failed; 0 ignored; 0 measured; 0 filtered out; finished in 0.04s
[INFO] [stdout] 
[INFO] [stderr]      Running tests/distribution_linux.rs (/opt/rustwide/target/release/build/effindom-native-packaging/a557bb8fce3b59d5/out/distribution_linux-a557bb8fce3b59d5)
[INFO] [stdout] 
[INFO] [stdout] running 1 test
[INFO] [stdout] test appimage_extracts_without_fuse_verifies_and_launches_offline ... ok
[INFO] [stdout] 
[INFO] [stderr]      Running tests/distribution_macos.rs (/opt/rustwide/target/release/build/effindom-native-packaging/070397b678eb8623/out/distribution_macos-070397b678eb8623)
[INFO] [stdout] test result: ok. 1 passed; 0 failed; 0 ignored; 0 measured; 0 filtered out; finished in 0.00s
[INFO] [stdout] 
[INFO] [stdout] 
[INFO] [stdout] running 0 tests
[INFO] [stderr]      Running tests/distribution_windows.rs (/opt/rustwide/target/release/build/effindom-native-packaging/95f381619f834400/out/distribution_windows-95f381619f834400)
[INFO] [stdout] 
[INFO] [stdout] test result: ok. 0 passed; 0 failed; 0 ignored; 0 measured; 0 filtered out; finished in 0.00s
[INFO] [stdout] 
[INFO] [stdout] 
[INFO] [stdout] running 0 tests
[INFO] [stdout] 
[INFO] [stdout] test result: ok. 0 passed; 0 failed; 0 ignored; 0 measured; 0 filtered out; finished in 0.00s
[INFO] [stdout] 
[INFO] [stderr]      Running tests/fui_config.rs (/opt/rustwide/target/release/build/effindom-native-packaging/aaa1846706c5f385/out/fui_config-aaa1846706c5f385)
[INFO] [stdout] 
[INFO] [stdout] running 4 tests
[INFO] [stdout] test decodes_the_narrow_versioned_contract ... ok
[INFO] [stdout] test matches_the_shared_cross_language_conformance_corpus ... FAILED
[INFO] [stdout] test rejects_unknown_settings_versions_enums_and_durations ... ok
[INFO] [stdout] test packaged_schema_matches_the_language_neutral_contract ... FAILED
[INFO] [stdout] 
[INFO] [stdout] failures:
[INFO] [stdout] 
[INFO] [stdout] ---- matches_the_shared_cross_language_conformance_corpus stdout ----
[INFO] [stdout] 
[INFO] [stdout] thread 'matches_the_shared_cross_language_conformance_corpus' (2341) panicked at tests/fui_config.rs:67:10:
[INFO] [stdout] read conformance fixtures: Os { code: 2, kind: NotFound, message: "No such file or directory" }
[INFO] [stdout] stack backtrace:
[INFO] [stdout]    0:     0x5a409e7b6011 - <<std[617be2ca0a6fd877]::sys::backtrace::BacktraceLock>::print::DisplayBacktrace as core[a373ad73a504971]::fmt::Display>::fmt
[INFO] [stdout]    1:     0x5a409e7cafba - core[a373ad73a504971]::fmt::write
[INFO] [stdout]    2:     0x5a409e7ba22c - <alloc[2e1b2a31b91974c5]::vec::Vec<u8> as core[a373ad73a504971]::io::write::Write>::write_fmt
[INFO] [stdout]    3:     0x5a409e792116 - std[617be2ca0a6fd877]::panicking::default_hook::{closure#0}
[INFO] [stdout]    4:     0x5a409e7ae349 - std[617be2ca0a6fd877]::panicking::default_hook
[INFO] [stdout]    5:     0x5a409e73ef50 - test[aada8e7e76ba119b]::test_main_inner::{closure#0}
[INFO] [stdout]    6:     0x5a409e7ae502 - std[617be2ca0a6fd877]::panicking::panic_with_hook
[INFO] [stdout]    7:     0x5a409e7921c2 - std[617be2ca0a6fd877]::panicking::panic_handler::{closure#0}
[INFO] [stdout]    8:     0x5a409e78ad49 - std[617be2ca0a6fd877]::sys::backtrace::__rust_end_short_backtrace::<std[617be2ca0a6fd877]::panicking::panic_handler::{closure#0}, !>
[INFO] [stdout]    9:     0x5a409e792dcd - __rustc[ea4f61d10b84890b]::rust_begin_unwind
[INFO] [stdout]   10:     0x5a409e7cb6ec - core[a373ad73a504971]::panicking::panic_fmt
[INFO] [stdout]   11:     0x5a409e7cb4c2 - core[a373ad73a504971]::result::unwrap_failed
[INFO] [stdout]   12:     0x5a409e72eae8 - <fui_config[a106e8f44b04b9d1]::matches_the_shared_cross_language_conformance_corpus::{closure#0} as core[a373ad73a504971]::ops::function::FnOnce<()>>::call_once
[INFO] [stdout]   13:     0x5a409e73239b - test[aada8e7e76ba119b]::__rust_begin_short_backtrace::<core[a373ad73a504971]::result::Result<(), alloc[2e1b2a31b91974c5]::string::String>, fn() -> core[a373ad73a504971]::result::Result<(), alloc[2e1b2a31b91974c5]::string::String>>
[INFO] [stdout]   14:     0x5a409e73f575 - test[aada8e7e76ba119b]::run_test::{closure#0}
[INFO] [stdout]   15:     0x5a409e738e64 - std[617be2ca0a6fd877]::sys::backtrace::__rust_begin_short_backtrace::<test[aada8e7e76ba119b]::run_test::{closure#1}, ()>
[INFO] [stdout]   16:     0x5a409e742602 - <std[617be2ca0a6fd877]::thread::lifecycle::spawn_unchecked<test[aada8e7e76ba119b]::run_test::{closure#1}, ()>::{closure#1} as core[a373ad73a504971]::ops::function::FnOnce<()>>::call_once::{shim:vtable#0}
[INFO] [stdout]   17:     0x5a409e7b550f - <std[617be2ca0a6fd877]::sys::thread::unix::Thread>::new::thread_start
[INFO] [stdout]   18:     0x72ea01f5fdfa - <unknown>
[INFO] [stdout]   19:     0x72ea01ff33d4 - clone
[INFO] [stdout]   20:                0x0 - <unknown>
[INFO] [stdout] 
[INFO] [stdout] ---- packaged_schema_matches_the_language_neutral_contract stdout ----
[INFO] [stdout] 
[INFO] [stdout] thread 'packaged_schema_matches_the_language_neutral_contract' (2342) panicked at tests/fui_config.rs:88:10:
[INFO] [stdout] read canonical schema: Os { code: 2, kind: NotFound, message: "No such file or directory" }
[INFO] [stdout] stack backtrace:
[INFO] [stdout]    0:     0x5a409e7b6011 - <<std[617be2ca0a6fd877]::sys::backtrace::BacktraceLock>::print::DisplayBacktrace as core[a373ad73a504971]::fmt::Display>::fmt
[INFO] [stdout]    1:     0x5a409e7cafba - core[a373ad73a504971]::fmt::write
[INFO] [stdout]    2:     0x5a409e7ba22c - <alloc[2e1b2a31b91974c5]::vec::Vec<u8> as core[a373ad73a504971]::io::write::Write>::write_fmt
[INFO] [stdout]    3:     0x5a409e792116 - std[617be2ca0a6fd877]::panicking::default_hook::{closure#0}
[INFO] [stdout]    4:     0x5a409e7ae349 - std[617be2ca0a6fd877]::panicking::default_hook
[INFO] [stdout]    5:     0x5a409e73ef50 - test[aada8e7e76ba119b]::test_main_inner::{closure#0}
[INFO] [stdout]    6:     0x5a409e7ae502 - std[617be2ca0a6fd877]::panicking::panic_with_hook
[INFO] [stdout]    7:     0x5a409e7921c2 - std[617be2ca0a6fd877]::panicking::panic_handler::{closure#0}
[INFO] [stdout]    8:     0x5a409e78ad49 - std[617be2ca0a6fd877]::sys::backtrace::__rust_end_short_backtrace::<std[617be2ca0a6fd877]::panicking::panic_handler::{closure#0}, !>
[INFO] [stdout]    9:     0x5a409e792dcd - __rustc[ea4f61d10b84890b]::rust_begin_unwind
[INFO] [stdout]   10:     0x5a409e7cb6ec - core[a373ad73a504971]::panicking::panic_fmt
[INFO] [stderr] error: test failed, to rerun pass `--test fui_config`
[INFO] [stdout]   11:     0x5a409e7cb4c2 - core[a373ad73a504971]::result::unwrap_failed
[INFO] [stdout]   12:     0x5a409e72efe1 - <fui_config[a106e8f44b04b9d1]::packaged_schema_matches_the_language_neutral_contract::{closure#0} as core[a373ad73a504971]::ops::function::FnOnce<()>>::call_once
[INFO] [stdout]   13:     0x5a409e73239b - test[aada8e7e76ba119b]::__rust_begin_short_backtrace::<core[a373ad73a504971]::result::Result<(), alloc[2e1b2a31b91974c5]::string::String>, fn() -> core[a373ad73a504971]::result::Result<(), alloc[2e1b2a31b91974c5]::string::String>>
[INFO] [stdout]   14:     0x5a409e73f575 - test[aada8e7e76ba119b]::run_test::{closure#0}
[INFO] [stdout]   15:     0x5a409e738e64 - std[617be2ca0a6fd877]::sys::backtrace::__rust_begin_short_backtrace::<test[aada8e7e76ba119b]::run_test::{closure#1}, ()>
[INFO] [stdout]   16:     0x5a409e742602 - <std[617be2ca0a6fd877]::thread::lifecycle::spawn_unchecked<test[aada8e7e76ba119b]::run_test::{closure#1}, ()>::{closure#1} as core[a373ad73a504971]::ops::function::FnOnce<()>>::call_once::{shim:vtable#0}
[INFO] [stdout]   17:     0x5a409e7b550f - <std[617be2ca0a6fd877]::sys::thread::unix::Thread>::new::thread_start
[INFO] [stdout]   18:     0x72ea01f5fdfa - <unknown>
[INFO] [stdout]   19:     0x72ea01ff33d4 - clone
[INFO] [stdout]   20:                0x0 - <unknown>
[INFO] [stdout] 
[INFO] [stdout] 
[INFO] [stdout] failures:
[INFO] [stdout]     matches_the_shared_cross_language_conformance_corpus
[INFO] [stdout]     packaged_schema_matches_the_language_neutral_contract
[INFO] [stdout] 
[INFO] [stdout] test result: FAILED. 2 passed; 2 failed; 0 ignored; 0 measured; 0 filtered out; finished in 0.01s
[INFO] [stdout] 
[INFO] running `Command { std: "docker" "inspect" "d6d5b76aa792130534545ac84af7f7efbd08a2caf7ba9d2bbc2feb727227d239", kill_on_drop: false }`
[INFO] running `Command { std: "docker" "rm" "-f" "d6d5b76aa792130534545ac84af7f7efbd08a2caf7ba9d2bbc2feb727227d239", kill_on_drop: false }`
[INFO] [stdout] d6d5b76aa792130534545ac84af7f7efbd08a2caf7ba9d2bbc2feb727227d239
