[INFO] fetching crate effective-limits 0.7.0...
[INFO] testing effective-limits-0.7.0 against 1.100.0-beta.1+cargoflags=--release for beta-release-1.100-2
[INFO] extracting crate effective-limits 0.7.0 into /workspace/builds/worker-0-tc2/source
[INFO] started tweaking crates.io crate effective-limits 0.7.0
[INFO] removed 0 missing examples
[INFO] removed 0 missing tests
[INFO] finished tweaking crates.io crate effective-limits 0.7.0
[INFO] tweaked toml for crates.io crate effective-limits 0.7.0 written to /workspace/builds/worker-0-tc2/source/Cargo.toml
[INFO] validating manifest of crates.io crate effective-limits 0.7.0 on toolchain 1.100.0-beta.1
[INFO] running `Command { std: CARGO_HOME="/workspace/cargo-home" RUSTUP_HOME="/workspace/rustup-home" "/workspace/cargo-home/bin/cargo" "+1.100.0-beta.1" "metadata" "--manifest-path" "Cargo.toml" "--no-deps", kill_on_drop: false }`
[INFO] crate crates.io crate effective-limits 0.7.0 already has a lockfile, it will not be regenerated
[INFO] running `Command { std: CARGO_HOME="/workspace/cargo-home" RUSTUP_HOME="/workspace/rustup-home" "/workspace/cargo-home/bin/cargo" "+1.100.0-beta.1" "fetch" "--manifest-path" "Cargo.toml", kill_on_drop: false }`
[INFO] running `Command { std: "docker" "create" "-v" "/var/lib/crater-agent-workspace/builds/worker-0-tc2/source:/opt/rustwide/workdir:ro,Z" "-v" "/var/lib/crater-agent-workspace/builds/worker-0-tc2/target:/opt/rustwide/target:rw,Z" "-v" "/var/lib/crater-agent-workspace/cargo-home:/opt/rustwide/cargo-home:ro,Z" "-v" "/var/lib/crater-agent-workspace/rustup-home:/opt/rustwide/rustup-home:ro,Z" "-m" "1610612736" "--network" "none" "ghcr.io/rust-lang/crates-build-env/linux@sha256:77db811e55d90add9212f6832c23229e3de5f1c1f9905e8cb07319ea15df73ac" "sleep" "infinity", kill_on_drop: false }`
[INFO] [stdout] 2c2f377b9737c71de87b4a8a7c781f0cec050d1bb7b7de6751e2490b09890c92
[INFO] running `Command { std: "docker" "start" "2c2f377b9737c71de87b4a8a7c781f0cec050d1bb7b7de6751e2490b09890c92", kill_on_drop: false }`
[INFO] running `Command { std: "docker" "inspect" "2c2f377b9737c71de87b4a8a7c781f0cec050d1bb7b7de6751e2490b09890c92", kill_on_drop: false }`
[INFO] running `Command { std: "docker" "exec" "-e" "SOURCE_DIR=/opt/rustwide/workdir" "-e" "CARGO_HOME=/opt/rustwide/cargo-home" "-e" "RUSTUP_HOME=/opt/rustwide/rustup-home" "-e" "CARGO_TARGET_DIR=/opt/rustwide/target" "-w" "/opt/rustwide/workdir" "--user" "0:0" "2c2f377b9737c71de87b4a8a7c781f0cec050d1bb7b7de6751e2490b09890c92" "/opt/rustwide/cargo-home/bin/cargo" "+1.100.0-beta.1" "metadata" "--no-deps" "--format-version=1", kill_on_drop: false }`
[INFO] running `Command { std: "docker" "inspect" "2c2f377b9737c71de87b4a8a7c781f0cec050d1bb7b7de6751e2490b09890c92", kill_on_drop: false }`
[INFO] running `Command { std: "docker" "exec" "-e" "SOURCE_DIR=/opt/rustwide/workdir" "-e" "CARGO_HOME=/opt/rustwide/cargo-home" "-e" "RUSTUP_HOME=/opt/rustwide/rustup-home" "-e" "CARGO_TARGET_DIR=/opt/rustwide/target" "-e" "CARGO_INCREMENTAL=0" "-e" "RUST_BACKTRACE=full" "-e" "RUSTFLAGS=--cap-lints=warn" "-e" "RUSTDOCFLAGS=--cap-lints=warn" "-w" "/opt/rustwide/workdir" "--user" "0:0" "2c2f377b9737c71de87b4a8a7c781f0cec050d1bb7b7de6751e2490b09890c92" "/opt/rustwide/cargo-home/bin/cargo" "+1.100.0-beta.1" "build" "--frozen" "--message-format=json" "--release", kill_on_drop: false }`
[INFO] [stderr]    Compiling cc v1.4.7
[INFO] [stderr]    Compiling syn v3.0.6
[INFO] [stderr]    Compiling sys-info v0.9.1
[INFO] [stderr]    Compiling thiserror-impl v2.0.21
[INFO] [stderr]    Compiling thiserror v2.0.21
[INFO] [stderr]    Compiling effective-limits v0.7.0 (/opt/rustwide/workdir)
[INFO] [stderr]     Finished `release` profile [optimized] target(s) in 4.24s
[INFO] running `Command { std: "docker" "inspect" "2c2f377b9737c71de87b4a8a7c781f0cec050d1bb7b7de6751e2490b09890c92", kill_on_drop: false }`
[INFO] running `Command { std: "docker" "exec" "-e" "SOURCE_DIR=/opt/rustwide/workdir" "-e" "CARGO_HOME=/opt/rustwide/cargo-home" "-e" "RUSTUP_HOME=/opt/rustwide/rustup-home" "-e" "CARGO_TARGET_DIR=/opt/rustwide/target" "-e" "CARGO_INCREMENTAL=0" "-e" "RUST_BACKTRACE=full" "-e" "RUSTFLAGS=--cap-lints=warn" "-e" "RUSTDOCFLAGS=--cap-lints=warn" "-w" "/opt/rustwide/workdir" "--user" "0:0" "2c2f377b9737c71de87b4a8a7c781f0cec050d1bb7b7de6751e2490b09890c92" "/opt/rustwide/cargo-home/bin/cargo" "+1.100.0-beta.1" "test" "--frozen" "--no-run" "--message-format=json" "--release", kill_on_drop: false }`
[INFO] [stderr]    Compiling proc-macro2 v1.0.101
[INFO] [stderr]    Compiling unicode-ident v1.0.18
[INFO] [stderr]    Compiling windows-metadata v0.100.0
[INFO] [stderr]    Compiling windows-default v0.100.0
[INFO] [stderr]    Compiling console v0.16.6
[INFO] [stderr]    Compiling similar v3.2.0
[INFO] [stderr]    Compiling quote v1.0.40
[INFO] [stderr]    Compiling similar-asserts v2.0.0
[INFO] [stderr]    Compiling windows-bindgen v0.100.0
[INFO] [stderr]    Compiling effective-limits v0.7.0 (/opt/rustwide/workdir)
[INFO] [stderr]     Finished `release` profile [optimized] target(s) in 27.87s
[INFO] running `Command { std: "docker" "inspect" "2c2f377b9737c71de87b4a8a7c781f0cec050d1bb7b7de6751e2490b09890c92", kill_on_drop: false }`
[INFO] running `Command { std: "docker" "exec" "-e" "SOURCE_DIR=/opt/rustwide/workdir" "-e" "CARGO_HOME=/opt/rustwide/cargo-home" "-e" "RUSTUP_HOME=/opt/rustwide/rustup-home" "-e" "CARGO_TARGET_DIR=/opt/rustwide/target" "-e" "CARGO_INCREMENTAL=0" "-e" "RUST_BACKTRACE=full" "-e" "RUSTFLAGS=--cap-lints=warn" "-e" "RUSTDOCFLAGS=--cap-lints=warn" "-w" "/opt/rustwide/workdir" "--user" "0:0" "2c2f377b9737c71de87b4a8a7c781f0cec050d1bb7b7de6751e2490b09890c92" "/opt/rustwide/cargo-home/bin/cargo" "+1.100.0-beta.1" "test" "--frozen" "--release", kill_on_drop: false }`
[INFO] [stderr]     Finished `release` profile [optimized] target(s) in 0.03s
[INFO] [stderr]      Running unittests src/lib.rs (/opt/rustwide/target/release/build/effective-limits/f46b886005bd2b91/out/effective_limits-f46b886005bd2b91)
[INFO] [stdout] 
[INFO] [stdout] running 2 tests
[INFO] [stdout] test tests::it_works ... ok
[INFO] [stdout] test tests::test_min_opt ... ok
[INFO] [stdout] 
[INFO] [stdout] test result: ok. 2 passed; 0 failed; 0 ignored; 0 measured; 0 filtered out; finished in 0.00s
[INFO] [stdout] 
[INFO] [stderr]      Running unittests src/bin/test-limited.rs (/opt/rustwide/target/release/build/effective-limits/73530d4609accadf/out/test_limited-73530d4609accadf)
[INFO] [stderr]      Running tests/codegen.rs (/opt/rustwide/target/release/build/effective-limits/59ffea1514688474/out/codegen-59ffea1514688474)
[INFO] [stdout] 
[INFO] [stdout] running 0 tests
[INFO] [stdout] 
[INFO] [stdout] test result: ok. 0 passed; 0 failed; 0 ignored; 0 measured; 0 filtered out; finished in 0.00s
[INFO] [stdout] 
[INFO] [stdout] 
[INFO] [stdout] running 1 test
[INFO] [stdout] test win_bindings ... FAILED
[INFO] [stdout] 
[INFO] [stdout] failures:
[INFO] [stdout] 
[INFO] [stdout] ---- win_bindings stdout ----
[INFO] [stdout] 
[INFO] [stdout] thread 'win_bindings' (657) panicked at /opt/rustwide/cargo-home/registry/src/index.crates.io-1949cf8c6b5b557f/windows-bindgen-0.100.0/src/format.rs:8:32:
[INFO] [stdout] failed to format output with `rustfmt`
[INFO] [stdout] stack backtrace:
[INFO] [stdout]    0:     0x5d475d8c7ee1 - <<std[617be2ca0a6fd877]::sys::backtrace::BacktraceLock>::print::DisplayBacktrace as core[a373ad73a504971]::fmt::Display>::fmt
[INFO] [stdout]    1:     0x5d475d8de7fa - core[a373ad73a504971]::fmt::write
[INFO] [stdout]    2:     0x5d475d8cc4ac - <alloc[2e1b2a31b91974c5]::vec::Vec<u8> as core[a373ad73a504971]::io::write::Write>::write_fmt
[INFO] [stdout]    3:     0x5d475d8a1e86 - std[617be2ca0a6fd877]::panicking::default_hook::{closure#0}
[INFO] [stdout]    4:     0x5d475d8bf229 - std[617be2ca0a6fd877]::panicking::default_hook
[INFO] [stdout]    5:     0x5d475d859ec0 - test[aada8e7e76ba119b]::test_main_inner::{closure#0}
[INFO] [stdout]    6:     0x5d475d8bf552 - std[617be2ca0a6fd877]::panicking::panic_with_hook
[INFO] [stdout]    7:     0x5d475d8a1f64 - std[617be2ca0a6fd877]::panicking::panic_handler::{closure#0}
[INFO] [stdout]    8:     0x5d475d89a8f9 - std[617be2ca0a6fd877]::sys::backtrace::__rust_end_short_backtrace::<std[617be2ca0a6fd877]::panicking::panic_handler::{closure#0}, !>
[INFO] [stdout]    9:     0x5d475d8a2b3d - __rustc[ea4f61d10b84890b]::rust_begin_unwind
[INFO] [stdout]   10:     0x5d475d8defdc - core[a373ad73a504971]::panicking::panic_fmt
[INFO] [stdout]   11:     0x5d475d7520d4 - <windows_bindgen[ffaf57bb72a40e7]::config::Config>::format
[INFO] [stdout]   12:     0x5d475d755ac6 - <windows_bindgen[ffaf57bb72a40e7]::config::Config>::write
[INFO] [stdout]   13:     0x5d475d6c8962 - <windows_bindgen[ffaf57bb72a40e7]::Bindgen>::write
[INFO] [stdout]   14:     0x5d475d6bdf52 - <codegen[f3fdfdb73a005224]::win_bindings::{closure#0} as core[a373ad73a504971]::ops::function::FnOnce<()>>::call_once
[INFO] [stdout]   15:     0x5d475d84d30b - test[aada8e7e76ba119b]::__rust_begin_short_backtrace::<core[a373ad73a504971]::result::Result<(), alloc[2e1b2a31b91974c5]::string::String>, fn() -> core[a373ad73a504971]::result::Result<(), alloc[2e1b2a31b91974c5]::string::String>>
[INFO] [stdout]   16:     0x5d475d85a4e5 - test[aada8e7e76ba119b]::run_test::{closure#0}
[INFO] [stdout]   17:     0x5d475d853dd4 - std[617be2ca0a6fd877]::sys::backtrace::__rust_begin_short_backtrace::<test[aada8e7e76ba119b]::run_test::{closure#1}, ()>
[INFO] [stdout]   18:     0x5d475d85d572 - <std[617be2ca0a6fd877]::thread::lifecycle::spawn_unchecked<test[aada8e7e76ba119b]::run_test::{closure#1}, ()>::{closure#1} as core[a373ad73a504971]::ops::function::FnOnce<()>>::call_once::{shim:vtable#0}
[INFO] [stdout]   19:     0x5d475d8c6edf - <std[617be2ca0a6fd877]::sys::thread::unix::Thread>::new::thread_start
[INFO] [stdout]   20:     0x71e73fc48dfa - <unknown>
[INFO] [stdout]   21:     0x71e73fcdc3d4 - clone
[INFO] [stdout]   22:                0x0 - <unknown>
[INFO] [stdout] 
[INFO] [stdout] 
[INFO] [stdout] failures:
[INFO] [stdout]     win_bindings
[INFO] [stdout] 
[INFO] [stdout] test result: FAILED. 0 passed; 1 failed; 0 ignored; 0 measured; 0 filtered out; finished in 1.13s
[INFO] [stdout] 
[INFO] [stderr] error: test failed, to rerun pass `--test codegen`
[INFO] running `Command { std: "docker" "inspect" "2c2f377b9737c71de87b4a8a7c781f0cec050d1bb7b7de6751e2490b09890c92", kill_on_drop: false }`
[INFO] running `Command { std: "docker" "rm" "-f" "2c2f377b9737c71de87b4a8a7c781f0cec050d1bb7b7de6751e2490b09890c92", kill_on_drop: false }`
[INFO] [stdout] 2c2f377b9737c71de87b4a8a7c781f0cec050d1bb7b7de6751e2490b09890c92
