[INFO] fetching crate efdn 0.3.1...
[INFO] testing efdn-0.3.1 against 1.100.0-beta.1+cargoflags=--release for beta-release-1.100-2
[INFO] extracting crate efdn 0.3.1 into /workspace/builds/worker-1-tc2/source
[INFO] started tweaking crates.io crate efdn 0.3.1
[INFO] finished tweaking crates.io crate efdn 0.3.1
[INFO] tweaked toml for crates.io crate efdn 0.3.1 written to /workspace/builds/worker-1-tc2/source/Cargo.toml
[INFO] validating manifest of crates.io crate efdn 0.3.1 on toolchain 1.100.0-beta.1
[INFO] running `Command { std: CARGO_HOME="/workspace/cargo-home" RUSTUP_HOME="/workspace/rustup-home" "/workspace/cargo-home/bin/cargo" "+1.100.0-beta.1" "metadata" "--manifest-path" "Cargo.toml" "--no-deps", kill_on_drop: false }`
[INFO] crate crates.io crate efdn 0.3.1 already has a lockfile, it will not be regenerated
[INFO] running `Command { std: CARGO_HOME="/workspace/cargo-home" RUSTUP_HOME="/workspace/rustup-home" "/workspace/cargo-home/bin/cargo" "+1.100.0-beta.1" "fetch" "--manifest-path" "Cargo.toml", kill_on_drop: false }`
[INFO] running `Command { std: "docker" "create" "-v" "/var/lib/crater-agent-workspace/builds/worker-1-tc2/source:/opt/rustwide/workdir:ro,Z" "-v" "/var/lib/crater-agent-workspace/builds/worker-1-tc2/target:/opt/rustwide/target:rw,Z" "-v" "/var/lib/crater-agent-workspace/cargo-home:/opt/rustwide/cargo-home:ro,Z" "-v" "/var/lib/crater-agent-workspace/rustup-home:/opt/rustwide/rustup-home:ro,Z" "-m" "1610612736" "--network" "none" "ghcr.io/rust-lang/crates-build-env/linux@sha256:77db811e55d90add9212f6832c23229e3de5f1c1f9905e8cb07319ea15df73ac" "sleep" "infinity", kill_on_drop: false }`
[INFO] [stdout] e849b4348c2f9fa8a718411ece822f93dffd21694ff8ff879bffaf2ea54f6088
[INFO] running `Command { std: "docker" "start" "e849b4348c2f9fa8a718411ece822f93dffd21694ff8ff879bffaf2ea54f6088", kill_on_drop: false }`
[INFO] running `Command { std: "docker" "inspect" "e849b4348c2f9fa8a718411ece822f93dffd21694ff8ff879bffaf2ea54f6088", kill_on_drop: false }`
[INFO] running `Command { std: "docker" "exec" "-e" "SOURCE_DIR=/opt/rustwide/workdir" "-e" "CARGO_HOME=/opt/rustwide/cargo-home" "-e" "RUSTUP_HOME=/opt/rustwide/rustup-home" "-e" "CARGO_TARGET_DIR=/opt/rustwide/target" "-w" "/opt/rustwide/workdir" "--user" "0:0" "e849b4348c2f9fa8a718411ece822f93dffd21694ff8ff879bffaf2ea54f6088" "/opt/rustwide/cargo-home/bin/cargo" "+1.100.0-beta.1" "metadata" "--no-deps" "--format-version=1", kill_on_drop: false }`
[INFO] running `Command { std: "docker" "inspect" "e849b4348c2f9fa8a718411ece822f93dffd21694ff8ff879bffaf2ea54f6088", kill_on_drop: false }`
[INFO] running `Command { std: "docker" "exec" "-e" "SOURCE_DIR=/opt/rustwide/workdir" "-e" "CARGO_HOME=/opt/rustwide/cargo-home" "-e" "RUSTUP_HOME=/opt/rustwide/rustup-home" "-e" "CARGO_TARGET_DIR=/opt/rustwide/target" "-e" "CARGO_INCREMENTAL=0" "-e" "RUST_BACKTRACE=full" "-e" "RUSTFLAGS=--cap-lints=warn" "-e" "RUSTDOCFLAGS=--cap-lints=warn" "-w" "/opt/rustwide/workdir" "--user" "0:0" "e849b4348c2f9fa8a718411ece822f93dffd21694ff8ff879bffaf2ea54f6088" "/opt/rustwide/cargo-home/bin/cargo" "+1.100.0-beta.1" "build" "--frozen" "--message-format=json" "--release", kill_on_drop: false }`
[INFO] [stderr]    Compiling efdn v0.3.1 (/opt/rustwide/workdir)
[INFO] [stderr]     Finished `release` profile [optimized] target(s) in 0.23s
[INFO] running `Command { std: "docker" "inspect" "e849b4348c2f9fa8a718411ece822f93dffd21694ff8ff879bffaf2ea54f6088", kill_on_drop: false }`
[INFO] running `Command { std: "docker" "exec" "-e" "SOURCE_DIR=/opt/rustwide/workdir" "-e" "CARGO_HOME=/opt/rustwide/cargo-home" "-e" "RUSTUP_HOME=/opt/rustwide/rustup-home" "-e" "CARGO_TARGET_DIR=/opt/rustwide/target" "-e" "CARGO_INCREMENTAL=0" "-e" "RUST_BACKTRACE=full" "-e" "RUSTFLAGS=--cap-lints=warn" "-e" "RUSTDOCFLAGS=--cap-lints=warn" "-w" "/opt/rustwide/workdir" "--user" "0:0" "e849b4348c2f9fa8a718411ece822f93dffd21694ff8ff879bffaf2ea54f6088" "/opt/rustwide/cargo-home/bin/cargo" "+1.100.0-beta.1" "test" "--frozen" "--no-run" "--message-format=json" "--release", kill_on_drop: false }`
[INFO] [stderr]    Compiling efdn v0.3.1 (/opt/rustwide/workdir)
[INFO] [stderr]     Finished `release` profile [optimized] target(s) in 0.30s
[INFO] running `Command { std: "docker" "inspect" "e849b4348c2f9fa8a718411ece822f93dffd21694ff8ff879bffaf2ea54f6088", kill_on_drop: false }`
[INFO] running `Command { std: "docker" "exec" "-e" "SOURCE_DIR=/opt/rustwide/workdir" "-e" "CARGO_HOME=/opt/rustwide/cargo-home" "-e" "RUSTUP_HOME=/opt/rustwide/rustup-home" "-e" "CARGO_TARGET_DIR=/opt/rustwide/target" "-e" "CARGO_INCREMENTAL=0" "-e" "RUST_BACKTRACE=full" "-e" "RUSTFLAGS=--cap-lints=warn" "-e" "RUSTDOCFLAGS=--cap-lints=warn" "-w" "/opt/rustwide/workdir" "--user" "0:0" "e849b4348c2f9fa8a718411ece822f93dffd21694ff8ff879bffaf2ea54f6088" "/opt/rustwide/cargo-home/bin/cargo" "+1.100.0-beta.1" "test" "--frozen" "--release", kill_on_drop: false }`
[INFO] [stderr]     Finished `release` profile [optimized] target(s) in 0.15s
[INFO] [stderr]      Running unittests src/lib.rs (/opt/rustwide/target/release/build/efdn/f8a6724feda99635/out/efdn-f8a6724feda99635)
[INFO] [stdout] 
[INFO] [stdout] running 0 tests
[INFO] [stdout] 
[INFO] [stdout] test result: ok. 0 passed; 0 failed; 0 ignored; 0 measured; 0 filtered out; finished in 0.00s
[INFO] [stdout] 
[INFO] [stderr]    Doc-tests efdn
[INFO] [stdout] 
[INFO] [stdout] running 12 tests
[INFO] [stdout] test src/overview.md - (line 104) ... FAILED
[INFO] [stdout] test src/overview.md - (line 82) ... FAILED
[INFO] [stdout] test src/overview.md - (line 346) - compile ... ok
[INFO] [stdout] test src/overview.md - (line 212) ... FAILED
[INFO] [stdout] test src/overview.md - (line 190) - compile ... FAILED
[INFO] [stdout] test src/overview.md - (line 155) - compile ... FAILED
[INFO] [stdout] test src/overview.md - (line 431) ... FAILED
[INFO] [stdout] test src/overview.md - (line 480) ... FAILED
[INFO] [stdout] test src/overview.md - (line 239) - compile ... FAILED
[INFO] [stdout] test src/overview.md - (line 275) - compile ... FAILED
[INFO] [stdout] test src/overview.md - (line 390) - compile ... FAILED
[INFO] [stdout] test src/overview.md - (line 492) ... FAILED
[INFO] [stdout] 
[INFO] [stdout] failures:
[INFO] [stdout] 
[INFO] [stdout] ---- src/overview.md - (line 104) stdout ----
[INFO] [stdout] error[E0463]: can't find crate for `sqlx`
[INFO] [stdout]    --> src/overview.md:103:1
[INFO] [stdout]     |
[INFO] [stdout] 103 | extern crate sqlx;
[INFO] [stdout]     | ^^^^^^^^^^^^^^^^^^ can't find crate
[INFO] [stdout] 
[INFO] [stdout] error[E0432]: unresolved import `efdn::config`
[INFO] [stdout]    --> src/overview.md:107:11
[INFO] [stdout]     |
[INFO] [stdout] 107 | use efdn::config::config;
[INFO] [stdout]     |           ^^^^^^ could not find `config` in `efdn`
[INFO] [stdout]     |
[INFO] [stdout] note: found an item that was configured out
[INFO] [stdout]    --> src/lib.rs:10:9
[INFO] [stdout]     |
[INFO] [stdout]   9 | #[cfg(feature = "config")]
[INFO] [stdout]     |       ------------------ the item is gated behind the `config` feature
[INFO] [stdout]  10 | pub mod config;
[INFO] [stdout]     |         ^^^^^^
[INFO] [stdout] 
[INFO] [stdout] error: aborting due to 2 previous errors
[INFO] [stdout] 
[INFO] [stdout] Some errors have detailed explanations: E0432, E0463.
[INFO] [stdout] For more information about an error, try `rustc --explain E0432`.
[INFO] [stdout] Couldn't compile the test.
[INFO] [stdout] ---- src/overview.md - (line 82) stdout ----
[INFO] [stdout] error[E0463]: can't find crate for `sqlx`
[INFO] [stdout]   --> src/overview.md:81:1
[INFO] [stdout]    |
[INFO] [stdout] 81 | extern crate sqlx;
[INFO] [stdout]    | ^^^^^^^^^^^^^^^^^^ can't find crate
[INFO] [stdout] 
[INFO] [stdout] error: aborting due to 1 previous error
[INFO] [stdout] 
[INFO] [stdout] For more information about this error, try `rustc --explain E0463`.
[INFO] [stdout] Couldn't compile the test.
[INFO] [stdout] ---- src/overview.md - (line 212) stdout ----
[INFO] [stdout] error[E0432]: unresolved imports `efdn::error`, `efdn::telem`
[INFO] [stdout]    --> src/overview.md:214:12
[INFO] [stdout]     |
[INFO] [stdout] 214 | use efdn::{error::{Diagnostic, Error}, telem::trace};
[INFO] [stdout]     |            ^^^^^                       ^^^^^ could not find `telem` in `efdn`
[INFO] [stdout]     |            |
[INFO] [stdout]     |            could not find `error` in `efdn`
[INFO] [stdout]     |
[INFO] [stdout] note: found an item that was configured out
[INFO] [stdout]    --> src/lib.rs:16:9
[INFO] [stdout]     |
[INFO] [stdout]  15 | #[cfg(feature = "errors")]
[INFO] [stdout]     |       ------------------ the item is gated behind the `errors` feature
[INFO] [stdout]  16 | pub mod error;
[INFO] [stdout]     |         ^^^^^
[INFO] [stdout] note: found an item that was configured out
[INFO] [stdout]    --> src/lib.rs:22:9
[INFO] [stdout]     |
[INFO] [stdout]  21 | #[cfg(feature = "telemetry")]
[INFO] [stdout]     |       --------------------- the item is gated behind the `telemetry` feature
[INFO] [stdout]  22 | pub mod telem;
[INFO] [stdout]     |         ^^^^^
[INFO] [stdout] 
[INFO] [stdout] error: cannot find attribute `error` in this scope
[INFO] [stdout]    --> src/overview.md:218:7
[INFO] [stdout]     |
[INFO] [stdout] 218 |     #[error("store query failed")]
[INFO] [stdout]     |       ^^^^^
[INFO] [stdout] 
[INFO] [stdout] error: cannot find attribute `diagnostic` in this scope
[INFO] [stdout]    --> src/overview.md:219:7
[INFO] [stdout]     |
[INFO] [stdout] 219 |     #[diagnostic(code(store::query_failed), help("check postgres"))]
[INFO] [stdout]     |       ^^^^^^^^^^
[INFO] [stdout] 
[INFO] [stdout] error: aborting due to 3 previous errors
[INFO] [stdout] 
[INFO] [stdout] For more information about this error, try `rustc --explain E0432`.
[INFO] [stdout] Couldn't compile the test.
[INFO] [stdout] ---- src/overview.md - (line 190) stdout ----
[INFO] [stdout] error[E0432]: unresolved import `efdn::telem`
[INFO] [stdout]    --> src/overview.md:192:11
[INFO] [stdout]     |
[INFO] [stdout] 192 | use efdn::telem::{self, trace};
[INFO] [stdout]     |           ^^^^^ could not find `telem` in `efdn`
[INFO] [stdout]     |
[INFO] [stdout] note: found an item that was configured out
[INFO] [stdout]    --> src/lib.rs:22:9
[INFO] [stdout]     |
[INFO] [stdout]  21 | #[cfg(feature = "telemetry")]
[INFO] [stdout]     |       --------------------- the item is gated behind the `telemetry` feature
[INFO] [stdout]  22 | pub mod telem;
[INFO] [stdout]     |         ^^^^^
[INFO] [stdout] 
[INFO] [stdout] error[E0433]: cannot find `build` in `efdn`
[INFO] [stdout]    --> src/overview.md:196:24
[INFO] [stdout]     |
[INFO] [stdout] 196 |         service: efdn::build::meta!(),
[INFO] [stdout]     |                        ^^^^^ could not find `build` in `efdn`
[INFO] [stdout]     |
[INFO] [stdout] note: found an item that was configured out
[INFO] [stdout]    --> src/lib.rs:7:9
[INFO] [stdout]     |
[INFO] [stdout]   6 | #[cfg(feature = "build-meta")]
[INFO] [stdout]     |       ---------------------- the item is gated behind the `build-meta` feature
[INFO] [stdout]   7 | pub mod build;
[INFO] [stdout]     |         ^^^^^
[INFO] [stdout] 
[INFO] [stdout] error: aborting due to 2 previous errors
[INFO] [stdout] 
[INFO] [stdout] Some errors have detailed explanations: E0432, E0433.
[INFO] [stdout] For more information about an error, try `rustc --explain E0432`.
[INFO] [stdout] Couldn't compile the test.
[INFO] [stdout] ---- src/overview.md - (line 155) stdout ----
[INFO] [stdout] error[E0433]: cannot find `security` in `efdn`
[INFO] [stdout]    --> src/overview.md:157:11
[INFO] [stdout]     |
[INFO] [stdout] 157 | use efdn::security::common_syscall_allow_lists::{
[INFO] [stdout]     |           ^^^^^^^^ could not find `security` in `efdn`
[INFO] [stdout]     |
[INFO] [stdout] note: found an item that was configured out
[INFO] [stdout]    --> src/lib.rs:19:9
[INFO] [stdout]     |
[INFO] [stdout]  18 | #[cfg(feature = "security")]
[INFO] [stdout]     |       -------------------- the item is gated behind the `security` feature
[INFO] [stdout]  19 | pub mod security;
[INFO] [stdout]     |         ^^^^^^^^
[INFO] [stdout] 
[INFO] [stdout] error[E0432]: unresolved import `efdn::security`
[INFO] [stdout]    --> src/overview.md:160:11
[INFO] [stdout]     |
[INFO] [stdout] 160 | use efdn::security::{
[INFO] [stdout]     |           ^^^^^^^^ could not find `security` in `efdn`
[INFO] [stdout]     |
[INFO] [stdout] note: found an item that was configured out
[INFO] [stdout]    --> src/lib.rs:19:9
[INFO] [stdout]     |
[INFO] [stdout]  18 | #[cfg(feature = "security")]
[INFO] [stdout]     |       -------------------- the item is gated behind the `security` feature
[INFO] [stdout]  19 | pub mod security;
[INFO] [stdout]     |         ^^^^^^^^
[INFO] [stdout] 
[INFO] [stdout] error[E0425]: cannot find value `ALLOWED` in this scope
[INFO] [stdout]    --> src/overview.md:173:62
[INFO] [stdout]     |
[INFO] [stdout] 173 |     enable_syscall_sandboxing(ViolationAction::KillProcess, &ALLOWED)
[INFO] [stdout]     |                                                              ^^^^^^^ not found in this scope
[INFO] [stdout] 
[INFO] [stdout] error: aborting due to 3 previous errors
[INFO] [stdout] 
[INFO] [stdout] Some errors have detailed explanations: E0425, E0432, E0433.
[INFO] [stdout] For more information about an error, try `rustc --explain E0425`.
[INFO] [stdout] Couldn't compile the test.
[INFO] [stdout] ---- src/overview.md - (line 431) stdout ----
[INFO] [stdout] error[E0463]: can't find crate for `sqlx`
[INFO] [stdout]    --> src/overview.md:430:1
[INFO] [stdout]     |
[INFO] [stdout] 430 | extern crate sqlx;
[INFO] [stdout]     | ^^^^^^^^^^^^^^^^^^ can't find crate
[INFO] [stdout] 
[INFO] [stdout] error[E0432]: unresolved import `efdn::types`
[INFO] [stdout]    --> src/overview.md:434:11
[INFO] [stdout]     |
[INFO] [stdout] 434 | use efdn::types::typed;
[INFO] [stdout]     |           ^^^^^ could not find `types` in `efdn`
[INFO] [stdout]     |
[INFO] [stdout] note: found an item that was configured out
[INFO] [stdout]    --> src/lib.rs:25:9
[INFO] [stdout]     |
[INFO] [stdout]  24 | #[cfg(feature = "types")]
[INFO] [stdout]     |       ----------------- the item is gated behind the `types` feature
[INFO] [stdout]  25 | pub mod types;
[INFO] [stdout]     |         ^^^^^
[INFO] [stdout] 
[INFO] [stdout] error: aborting due to 2 previous errors
[INFO] [stdout] 
[INFO] [stdout] Some errors have detailed explanations: E0432, E0463.
[INFO] [stdout] For more information about an error, try `rustc --explain E0432`.
[INFO] [stdout] Couldn't compile the test.
[INFO] [stdout] ---- src/overview.md - (line 480) stdout ----
[INFO] [stdout] error[E0433]: cannot find `build` in `efdn`
[INFO] [stdout]    --> src/overview.md:482:18
[INFO] [stdout]     |
[INFO] [stdout] 482 | let meta = efdn::build::meta!();
[INFO] [stdout]     |                  ^^^^^ could not find `build` in `efdn`
[INFO] [stdout]     |
[INFO] [stdout] note: found an item that was configured out
[INFO] [stdout]    --> src/lib.rs:7:9
[INFO] [stdout]     |
[INFO] [stdout]   6 | #[cfg(feature = "build-meta")]
[INFO] [stdout]     |       ---------------------- the item is gated behind the `build-meta` feature
[INFO] [stdout]   7 | pub mod build;
[INFO] [stdout]     |         ^^^^^
[INFO] [stdout] 
[INFO] [stdout] error: aborting due to 1 previous error
[INFO] [stdout] 
[INFO] [stdout] For more information about this error, try `rustc --explain E0433`.
[INFO] [stdout] Couldn't compile the test.
[INFO] [stdout] ---- src/overview.md - (line 239) stdout ----
[INFO] [stdout] error: free function without a body
[INFO] [stdout]    --> src/overview.md:253:5
[INFO] [stdout]     |
[INFO] [stdout] 253 |     pub fn jobs_total(outcome: JobOutcome) -> metrics::Counter;
[INFO] [stdout]     |     ^^^^^^^^^^^^^^^^^^^^^^^^^^^^^^^^^^^^^^^^^^^^^^^^^^^^^^^^^^-
[INFO] [stdout]     |                                                               |
[INFO] [stdout]     |                                                               help: provide a definition for the function: `{ <body> }`
[INFO] [stdout] 
[INFO] [stdout] error: free function without a body
[INFO] [stdout]    --> src/overview.md:256:5
[INFO] [stdout]     |
[INFO] [stdout] 256 |     pub fn job_duration_seconds(outcome: JobOutcome) -> metrics::DurationHistogram;
[INFO] [stdout]     |     ^^^^^^^^^^^^^^^^^^^^^^^^^^^^^^^^^^^^^^^^^^^^^^^^^^^^^^^^^^^^^^^^^^^^^^^^^^^^^^-
[INFO] [stdout]     |                                                                                   |
[INFO] [stdout]     |                                                                                   help: provide a definition for the function: `{ <body> }`
[INFO] [stdout] 
[INFO] [stdout] error[E0432]: unresolved import `efdn::telem`
[INFO] [stdout]    --> src/overview.md:241:11
[INFO] [stdout]     |
[INFO] [stdout] 241 | use efdn::telem::{self, metrics};
[INFO] [stdout]     |           ^^^^^ could not find `telem` in `efdn`
[INFO] [stdout]     |
[INFO] [stdout] note: found an item that was configured out
[INFO] [stdout]    --> src/lib.rs:22:9
[INFO] [stdout]     |
[INFO] [stdout]  21 | #[cfg(feature = "telemetry")]
[INFO] [stdout]     |       --------------------- the item is gated behind the `telemetry` feature
[INFO] [stdout]  22 | pub mod telem;
[INFO] [stdout]     |         ^^^^^
[INFO] [stdout] 
[INFO] [stdout] error[E0433]: cannot find `build` in `efdn`
[INFO] [stdout]    --> src/overview.md:261:24
[INFO] [stdout]     |
[INFO] [stdout] 261 |         service: efdn::build::meta!(),
[INFO] [stdout]     |                        ^^^^^ could not find `build` in `efdn`
[INFO] [stdout]     |
[INFO] [stdout] note: found an item that was configured out
[INFO] [stdout]    --> src/lib.rs:7:9
[INFO] [stdout]     |
[INFO] [stdout]   6 | #[cfg(feature = "build-meta")]
[INFO] [stdout]     |       ---------------------- the item is gated behind the `build-meta` feature
[INFO] [stdout]   7 | pub mod build;
[INFO] [stdout]     |         ^^^^^
[INFO] [stdout] 
[INFO] [stdout] error: cannot find attribute `metric` in this scope
[INFO] [stdout]    --> src/overview.md:244:3
[INFO] [stdout]     |
[INFO] [stdout] 244 | #[metric(rename_all = "snake_case")]
[INFO] [stdout]     |   ^^^^^^
[INFO] [stdout] 
[INFO] [stdout] error[E0425]: cannot find type `JobOutcome` in this scope
[INFO] [stdout]    --> src/overview.md:253:32
[INFO] [stdout]     |
[INFO] [stdout] 253 |     pub fn jobs_total(outcome: JobOutcome) -> metrics::Counter;
[INFO] [stdout]     |                                ^^^^^^^^^^ not found in this scope
[INFO] [stdout]     |
[INFO] [stdout] help: consider importing this enum
[INFO] [stdout]     |
[INFO] [stdout] 252 +     use crate::JobOutcome;
[INFO] [stdout]     |
[INFO] [stdout] 
[INFO] [stdout] error[E0425]: cannot find type `JobOutcome` in this scope
[INFO] [stdout]    --> src/overview.md:256:42
[INFO] [stdout]     |
[INFO] [stdout] 256 |     pub fn job_duration_seconds(outcome: JobOutcome) -> metrics::DurationHistogram;
[INFO] [stdout]     |                                          ^^^^^^^^^^ not found in this scope
[INFO] [stdout]     |
[INFO] [stdout] help: consider importing this enum
[INFO] [stdout]     |
[INFO] [stdout] 252 +     use crate::JobOutcome;
[INFO] [stdout]     |
[INFO] [stdout] 
[INFO] [stdout] error[E0433]: cannot find module or crate `metrics` in this scope
[INFO] [stdout]    --> src/overview.md:253:47
[INFO] [stdout]     |
[INFO] [stdout] 253 |     pub fn jobs_total(outcome: JobOutcome) -> metrics::Counter;
[INFO] [stdout]     |                                               ^^^^^^^ use of unresolved module or unlinked crate `metrics`
[INFO] [stdout]     |
[INFO] [stdout]     = help: if you wanted to use a crate named `metrics`, use `cargo add metrics` to add it to your `Cargo.toml`
[INFO] [stdout] 
[INFO] [stdout] error[E0433]: cannot find module or crate `metrics` in this scope
[INFO] [stdout]    --> src/overview.md:256:57
[INFO] [stdout]     |
[INFO] [stdout] 256 |     pub fn job_duration_seconds(outcome: JobOutcome) -> metrics::DurationHistogram;
[INFO] [stdout]     |                                                         ^^^^^^^ use of unresolved module or unlinked crate `metrics`
[INFO] [stdout]     |
[INFO] [stdout]     = help: if you wanted to use a crate named `metrics`, use `cargo add metrics` to add it to your `Cargo.toml`
[INFO] [stdout] 
[INFO] [stdout] error: aborting due to 9 previous errors
[INFO] [stdout] 
[INFO] [stdout] Some errors have detailed explanations: E0425, E0432, E0433.
[INFO] [stdout] For more information about an error, try `rustc --explain E0425`.
[INFO] [stdout] Couldn't compile the test.
[INFO] [stdout] ---- src/overview.md - (line 275) stdout ----
[INFO] [stdout] error[E0432]: unresolved import `efdn::telem`
[INFO] [stdout]    --> src/overview.md:277:11
[INFO] [stdout]     |
[INFO] [stdout] 277 | use efdn::telem::canonical;
[INFO] [stdout]     |           ^^^^^ could not find `telem` in `efdn`
[INFO] [stdout]     |
[INFO] [stdout] note: found an item that was configured out
[INFO] [stdout]    --> src/lib.rs:22:9
[INFO] [stdout]     |
[INFO] [stdout]  21 | #[cfg(feature = "telemetry")]
[INFO] [stdout]     |       --------------------- the item is gated behind the `telemetry` feature
[INFO] [stdout]  22 | pub mod telem;
[INFO] [stdout]     |         ^^^^^
[INFO] [stdout] 
[INFO] [stdout] error: cannot find attribute `join` in this scope
[INFO] [stdout]    --> src/overview.md:292:7
[INFO] [stdout]     |
[INFO] [stdout] 292 |     #[join(required)]
[INFO] [stdout]     |       ^^^^
[INFO] [stdout] 
[INFO] [stdout] error: cannot find attribute `field` in this scope
[INFO] [stdout]    --> src/overview.md:294:7
[INFO] [stdout]     |
[INFO] [stdout] 294 |     #[field(required)]
[INFO] [stdout]     |       ^^^^^
[INFO] [stdout] 
[INFO] [stdout] error: cannot find attribute `counter` in this scope
[INFO] [stdout]    --> src/overview.md:296:7
[INFO] [stdout]     |
[INFO] [stdout] 296 |     #[counter]
[INFO] [stdout]     |       ^^^^^^^
[INFO] [stdout] 
[INFO] [stdout] error: cannot find attribute `timer` in this scope
[INFO] [stdout]    --> src/overview.md:298:7
[INFO] [stdout]     |
[INFO] [stdout] 298 |     #[timer]
[INFO] [stdout]     |       ^^^^^
[INFO] [stdout] 
[INFO] [stdout] error: cannot find attribute `bytes` in this scope
[INFO] [stdout]    --> src/overview.md:300:7
[INFO] [stdout]     |
[INFO] [stdout] 300 |     #[bytes]
[INFO] [stdout]     |       ^^^^^
[INFO] [stdout] 
[INFO] [stdout] error: aborting due to 6 previous errors
[INFO] [stdout] 
[INFO] [stdout] For more information about this error, try `rustc --explain E0432`.
[INFO] [stdout] Couldn't compile the test.
[INFO] [stdout] ---- src/overview.md - (line 390) stdout ----
[INFO] [stdout] error[E0433]: cannot find `lifecycle` in `efdn`
[INFO] [stdout]    --> src/overview.md:392:11
[INFO] [stdout]     |
[INFO] [stdout] 392 | use efdn::lifecycle::{self, object_store::ObjectStoreName};
[INFO] [stdout]     |           ^^^^^^^^^ could not find `lifecycle` in `efdn`
[INFO] [stdout]     |
[INFO] [stdout] note: found an item that was configured out
[INFO] [stdout]    --> src/lib.rs:13:9
[INFO] [stdout]     |
[INFO] [stdout]  12 | #[cfg(feature = "lifecycle")]
[INFO] [stdout]     |       --------------------- the item is gated behind the `lifecycle` feature
[INFO] [stdout]  13 | pub mod lifecycle;
[INFO] [stdout]     |         ^^^^^^^^^
[INFO] [stdout] 
[INFO] [stdout] error[E0432]: unresolved import `efdn::lifecycle`
[INFO] [stdout]    --> src/overview.md:392:11
[INFO] [stdout]     |
[INFO] [stdout] 392 | use efdn::lifecycle::{self, object_store::ObjectStoreName};
[INFO] [stdout]     |           ^^^^^^^^^ could not find `lifecycle` in `efdn`
[INFO] [stdout]     |
[INFO] [stdout] note: found an item that was configured out
[INFO] [stdout]    --> src/lib.rs:13:9
[INFO] [stdout]     |
[INFO] [stdout]  12 | #[cfg(feature = "lifecycle")]
[INFO] [stdout]     |       --------------------- the item is gated behind the `lifecycle` feature
[INFO] [stdout]  13 | pub mod lifecycle;
[INFO] [stdout]     |         ^^^^^^^^^
[INFO] [stdout] 
[INFO] [stdout] error[E0432]: unresolved import `efdn::telem`
[INFO] [stdout]    --> src/overview.md:393:5
[INFO] [stdout]     |
[INFO] [stdout] 393 | use efdn::telem;
[INFO] [stdout]     |     ^^^^^^-----
[INFO] [stdout]     |           |
[INFO] [stdout]     |           no `telem` in the root
[INFO] [stdout]     |
[INFO] [stdout] note: found an item that was configured out
[INFO] [stdout]    --> src/lib.rs:22:9
[INFO] [stdout]     |
[INFO] [stdout]  21 | #[cfg(feature = "telemetry")]
[INFO] [stdout]     |       --------------------- the item is gated behind the `telemetry` feature
[INFO] [stdout]  22 | pub mod telem;
[INFO] [stdout]     |         ^^^^^
[INFO] [stdout] 
[INFO] [stdout] error[E0433]: cannot find `build` in `efdn`
[INFO] [stdout]    --> src/overview.md:400:41
[INFO] [stdout]     |
[INFO] [stdout] 400 |     .gateway(cfg.gateway.clone(), efdn::build::meta!())
[INFO] [stdout]     |                                         ^^^^^ could not find `build` in `efdn`
[INFO] [stdout]     |
[INFO] [stdout] note: found an item that was configured out
[INFO] [stdout]    --> src/lib.rs:7:9
[INFO] [stdout]     |
[INFO] [stdout]   6 | #[cfg(feature = "build-meta")]
[INFO] [stdout]     |       ---------------------- the item is gated behind the `build-meta` feature
[INFO] [stdout]   7 | pub mod build;
[INFO] [stdout]     |         ^^^^^
[INFO] [stdout] 
[INFO] [stdout] error[E0433]: cannot find `telem` in `efdn`
[INFO] [stdout]    --> src/overview.md:412:20
[INFO] [stdout]     |
[INFO] [stdout] 412 |     gateway: efdn::telem::gateway::GatewayConfig,
[INFO] [stdout]     |                    ^^^^^ could not find `telem` in `efdn`
[INFO] [stdout]     |
[INFO] [stdout] note: found an item that was configured out
[INFO] [stdout]    --> src/lib.rs:22:9
[INFO] [stdout]     |
[INFO] [stdout]  21 | #[cfg(feature = "telemetry")]
[INFO] [stdout]     |       --------------------- the item is gated behind the `telemetry` feature
[INFO] [stdout]  22 | pub mod telem;
[INFO] [stdout]     |         ^^^^^
[INFO] [stdout] 
[INFO] [stdout] error[E0433]: cannot find `lifecycle` in `efdn`
[INFO] [stdout]    --> src/overview.md:413:20
[INFO] [stdout]     |
[INFO] [stdout] 413 |     objects: efdn::lifecycle::object_store::ObjectStoreConfig,
[INFO] [stdout]     |                    ^^^^^^^^^ could not find `lifecycle` in `efdn`
[INFO] [stdout]     |
[INFO] [stdout] note: found an item that was configured out
[INFO] [stdout]    --> src/lib.rs:13:9
[INFO] [stdout]     |
[INFO] [stdout]  12 | #[cfg(feature = "lifecycle")]
[INFO] [stdout]     |       --------------------- the item is gated behind the `lifecycle` feature
[INFO] [stdout]  13 | pub mod lifecycle;
[INFO] [stdout]     |         ^^^^^^^^^
[INFO] [stdout] 
[INFO] [stdout] warning: method call on a diverging inference variable
[INFO] [stdout]    --> src/overview.md:405:11
[INFO] [stdout]     |
[INFO] [stdout] 405 | resources.ready();
[INFO] [stdout]     |           ^^^^^
[INFO] [stdout]     |
[INFO] [stdout]     = help: consider providing a type annotation
[INFO] [stdout]     = warning: this was previously accepted by the compiler but is being phased out; it will become a hard error in a future release!
[INFO] [stdout]     = note: for more information, see issue #156047 <https://github.com/rust-lang/rust/issues/156047>
[INFO] [stdout]     = note: `#[warn(method_call_on_diverging_infer_var)]` (part of `#[warn(future_incompatible)]`) on by default
[INFO] [stdout] 
[INFO] [stdout] error[E0599]: no method named `ready` found for type `!` in the current scope
[INFO] [stdout]    --> src/overview.md:405:11
[INFO] [stdout]     |
[INFO] [stdout] 405 | resources.ready();
[INFO] [stdout]     |           ^^^^^ method not found in `!`
[INFO] [stdout] 
[INFO] [stdout] error[E0599]: no method named `shutdown` found for type `!` in the current scope
[INFO] [stdout]    --> src/overview.md:406:11
[INFO] [stdout]     |
[INFO] [stdout] 406 | resources.shutdown().await?;
[INFO] [stdout]     |           ^^^^^^^^ method not found in `!`
[INFO] [stdout] 
[INFO] [stdout] error: aborting due to 8 previous errors; 1 warning emitted
[INFO] [stdout] 
[INFO] [stdout] Some errors have detailed explanations: E0432, E0433, E0599.
[INFO] [stdout] For more information about an error, try `rustc --explain E0432`.
[INFO] [stdout] Couldn't compile the test.
[INFO] [stdout] ---- src/overview.md - (line 492) stdout ----
[INFO] [stdout] error[E0432]: unresolved import `efdn::error`
[INFO] [stdout]    --> src/overview.md:494:11
[INFO] [stdout]     |
[INFO] [stdout] 494 | use efdn::error::{Diagnostic, Error, Report, WrapErr};
[INFO] [stdout]     |           ^^^^^ could not find `error` in `efdn`
[INFO] [stdout]     |
[INFO] [stdout] note: found an item that was configured out
[INFO] [stdout]    --> src/lib.rs:16:9
[INFO] [stdout]     |
[INFO] [stdout]  15 | #[cfg(feature = "errors")]
[INFO] [stdout]     |       ------------------ the item is gated behind the `errors` feature
[INFO] [stdout]  16 | pub mod error;
[INFO] [stdout]     |         ^^^^^
[INFO] [stdout] 
[INFO] [stdout] error: cannot find attribute `error` in this scope
[INFO] [stdout]    --> src/overview.md:498:7
[INFO] [stdout]     |
[INFO] [stdout] 498 |     #[error("store query failed")]
[INFO] [stdout]     |       ^^^^^
[INFO] [stdout] 
[INFO] [stdout] error: cannot find attribute `diagnostic` in this scope
[INFO] [stdout]    --> src/overview.md:499:7
[INFO] [stdout]     |
[INFO] [stdout] 499 |     #[diagnostic(code(store::query_failed), help("check postgres"))]
[INFO] [stdout]     |       ^^^^^^^^^^
[INFO] [stdout] 
[INFO] [stdout] error[E0599]: no method named `wrap_err` found for enum `Result<T, E>` in the current scope
[INFO] [stdout]    --> src/overview.md:505:18
[INFO] [stdout]     |
[INFO] [stdout] 505 |     read_store().wrap_err("store read failed")
[INFO] [stdout]     |                  ^^^^^^^^
[INFO] [stdout]     |
[INFO] [stdout] help: there is a method `unwrap_err` with a similar name, but with different arguments
[INFO] [stdout]    --> /rustc/e3feeb59cd1bdd011a2bfcc0747b55125d9b8527/library/core/src/result.rs:1323:4
[INFO] [stdout] 
[INFO] [stdout] error: aborting due to 4 previous errors
[INFO] [stdout] 
[INFO] [stdout] Some errors have detailed explanations: E0432, E0599.
[INFO] [stdout] For more information about an error, try `rustc --explain E0432`.
[INFO] [stdout] Couldn't compile the test.
[INFO] [stdout] 
[INFO] [stdout] failures:
[INFO] [stdout]     src/overview.md - (line 104)
[INFO] [stdout]     src/overview.md - (line 155)
[INFO] [stdout]     src/overview.md - (line 190)
[INFO] [stdout]     src/overview.md - (line 212)
[INFO] [stdout]     src/overview.md - (line 239)
[INFO] [stdout]     src/overview.md - (line 275)
[INFO] [stdout]     src/overview.md - (line 390)
[INFO] [stdout]     src/overview.md - (line 431)
[INFO] [stdout]     src/overview.md - (line 480)
[INFO] [stdout]     src/overview.md - (line 492)
[INFO] [stdout]     src/overview.md - (line 82)
[INFO] [stdout] 
[INFO] [stdout] test result: FAILED. 1 passed; 11 failed; 0 ignored; 0 measured; 0 filtered out; finished in 0.20s
[INFO] [stdout] 
[INFO] [stdout] all doctests ran in 0.31s; merged doctests compilation took 0.09s
[INFO] [stderr] error: doctest failed, to rerun pass `--doc`
[INFO] running `Command { std: "docker" "inspect" "e849b4348c2f9fa8a718411ece822f93dffd21694ff8ff879bffaf2ea54f6088", kill_on_drop: false }`
[INFO] running `Command { std: "docker" "rm" "-f" "e849b4348c2f9fa8a718411ece822f93dffd21694ff8ff879bffaf2ea54f6088", kill_on_drop: false }`
[INFO] [stdout] e849b4348c2f9fa8a718411ece822f93dffd21694ff8ff879bffaf2ea54f6088
