[INFO] fetching crate efd 10.1.3...
[INFO] testing efd-10.1.3 against 1.99.0-beta.8+cargoflags=--release for beta-release-1.100-2
[INFO] extracting crate efd 10.1.3 into /workspace/builds/worker-0-tc1/source
[INFO] started tweaking crates.io crate efd 10.1.3
[INFO] finished tweaking crates.io crate efd 10.1.3
[INFO] tweaked toml for crates.io crate efd 10.1.3 written to /workspace/builds/worker-0-tc1/source/Cargo.toml
[INFO] validating manifest of crates.io crate efd 10.1.3 on toolchain 1.99.0-beta.8
[INFO] running `Command { std: CARGO_HOME="/workspace/cargo-home" RUSTUP_HOME="/workspace/rustup-home" "/workspace/cargo-home/bin/cargo" "+1.99.0-beta.8" "metadata" "--manifest-path" "Cargo.toml" "--no-deps", kill_on_drop: false }`
[INFO] running `Command { std: CARGO_HOME="/workspace/cargo-home" RUSTUP_HOME="/workspace/rustup-home" "/workspace/cargo-home/bin/cargo" "+1.99.0-beta.8" "generate-lockfile" "--manifest-path" "Cargo.toml", kill_on_drop: false }`
[INFO] [stderr]     Updating crates.io index
[INFO] [stderr]     Blocking waiting for file lock on package cache
[INFO] [stderr]      Locking 110 packages to highest compatible versions
[INFO] [stderr]       Adding nalgebra v0.32.6 (available: v0.35.0)
[INFO] running `Command { std: CARGO_HOME="/workspace/cargo-home" RUSTUP_HOME="/workspace/rustup-home" "/workspace/cargo-home/bin/cargo" "+1.99.0-beta.8" "fetch" "--manifest-path" "Cargo.toml", kill_on_drop: false }`
[INFO] [stderr] warning: Cargo.toml: `lints.rust.missing-docs` is deprecated in favor of `lints.rust.missing_docs` and will not work in a future edition
[INFO] [stderr] warning: Cargo.toml: `lints.rust.unsafe-code` is deprecated in favor of `lints.rust.unsafe_code` and will not work in a future edition
[INFO] [stderr] warning: `efd` (manifest) generated 2 warnings
[INFO] [stderr]     Blocking waiting for file lock on package cache
[INFO] [stderr]  Downloading crates ...
[INFO] [stderr]   Downloaded png v0.17.16
[INFO] [stderr]   Downloaded plotters-bitmap v0.3.7
[INFO] [stderr]   Downloaded foreign-types-shared v0.3.1
[INFO] [stderr]   Downloaded float-ord v0.3.2
[INFO] [stderr]   Downloaded core-graphics-types v0.1.3
[INFO] [stderr]   Downloaded foreign-types v0.5.0
[INFO] [stderr]   Downloaded foreign-types-macros v0.2.4
[INFO] [stderr]   Downloaded pathfinder_geometry v0.5.1
[INFO] [stderr]   Downloaded libredox v0.1.25
[INFO] [stderr]   Downloaded yeslogic-fontconfig-sys v6.0.1
[INFO] [stderr]   Downloaded nalgebra-macros v0.2.2
[INFO] [stderr]   Downloaded wio v0.2.2
[INFO] [stderr]   Downloaded pathfinder_simd v0.5.6
[INFO] [stderr]   Downloaded dwrote v0.11.5
[INFO] [stderr]   Downloaded redox_users v0.5.3
[INFO] [stderr]   Downloaded core-text v20.1.0
[INFO] [stderr]   Downloaded core-graphics v0.23.2
[INFO] [stderr]   Downloaded flate2 v1.1.10
[INFO] [stderr]   Downloaded font-kit v0.14.3
[INFO] [stderr]   Downloaded ttf-parser v0.20.0
[INFO] [stderr]   Downloaded zlib-rs v0.6.8
[INFO] [stderr]   Downloaded gif v0.12.0
[INFO] [stderr]   Downloaded jpeg-decoder v0.3.2
[INFO] [stderr]   Downloaded freetype-sys v0.20.1
[INFO] [stderr]   Downloaded image v0.24.9
[INFO] running `Command { std: "docker" "create" "-v" "/var/lib/crater-agent-workspace/builds/worker-0-tc1/source:/opt/rustwide/workdir:ro,Z" "-v" "/var/lib/crater-agent-workspace/builds/worker-0-tc1/target:/opt/rustwide/target:rw,Z" "-v" "/var/lib/crater-agent-workspace/cargo-home:/opt/rustwide/cargo-home:ro,Z" "-v" "/var/lib/crater-agent-workspace/rustup-home:/opt/rustwide/rustup-home:ro,Z" "-m" "1610612736" "--network" "none" "ghcr.io/rust-lang/crates-build-env/linux@sha256:77db811e55d90add9212f6832c23229e3de5f1c1f9905e8cb07319ea15df73ac" "sleep" "infinity", kill_on_drop: false }`
[INFO] [stdout] 9a7599a07eb6bd804905b295ea1201ebdaf0b9ebc5f4cb15aa326fb7ab07679e
[INFO] running `Command { std: "docker" "start" "9a7599a07eb6bd804905b295ea1201ebdaf0b9ebc5f4cb15aa326fb7ab07679e", kill_on_drop: false }`
[INFO] running `Command { std: "docker" "inspect" "9a7599a07eb6bd804905b295ea1201ebdaf0b9ebc5f4cb15aa326fb7ab07679e", kill_on_drop: false }`
[INFO] running `Command { std: "docker" "exec" "-e" "SOURCE_DIR=/opt/rustwide/workdir" "-e" "CARGO_HOME=/opt/rustwide/cargo-home" "-e" "RUSTUP_HOME=/opt/rustwide/rustup-home" "-e" "CARGO_TARGET_DIR=/opt/rustwide/target" "-w" "/opt/rustwide/workdir" "--user" "0:0" "9a7599a07eb6bd804905b295ea1201ebdaf0b9ebc5f4cb15aa326fb7ab07679e" "/opt/rustwide/cargo-home/bin/cargo" "+1.99.0-beta.8" "metadata" "--no-deps" "--format-version=1", kill_on_drop: false }`
[INFO] running `Command { std: "docker" "inspect" "9a7599a07eb6bd804905b295ea1201ebdaf0b9ebc5f4cb15aa326fb7ab07679e", kill_on_drop: false }`
[INFO] running `Command { std: "docker" "exec" "-e" "SOURCE_DIR=/opt/rustwide/workdir" "-e" "CARGO_HOME=/opt/rustwide/cargo-home" "-e" "RUSTUP_HOME=/opt/rustwide/rustup-home" "-e" "CARGO_TARGET_DIR=/opt/rustwide/target" "-e" "CARGO_INCREMENTAL=0" "-e" "RUST_BACKTRACE=full" "-e" "RUSTFLAGS=--cap-lints=warn" "-e" "RUSTDOCFLAGS=--cap-lints=warn" "-w" "/opt/rustwide/workdir" "--user" "0:0" "9a7599a07eb6bd804905b295ea1201ebdaf0b9ebc5f4cb15aa326fb7ab07679e" "/opt/rustwide/cargo-home/bin/cargo" "+1.99.0-beta.8" "build" "--frozen" "--message-format=json" "--release", kill_on_drop: false }`
[INFO] [stderr] warning: Cargo.toml: `lints.rust.missing-docs` is deprecated in favor of `lints.rust.missing_docs` and will not work in a future edition
[INFO] [stderr] warning: Cargo.toml: `lints.rust.unsafe-code` is deprecated in favor of `lints.rust.unsafe_code` and will not work in a future edition
[INFO] [stderr] warning: `efd` (manifest) generated 2 warnings
[INFO] [stderr]    Compiling num-traits v0.2.19
[INFO] [stderr]    Compiling bytemuck v1.25.2
[INFO] [stderr]    Compiling matrixmultiply v0.3.11
[INFO] [stderr]    Compiling syn v2.0.119
[INFO] [stderr]    Compiling safe_arch v0.7.4
[INFO] [stderr]    Compiling wide v0.7.33
[INFO] [stderr]    Compiling num-integer v0.1.47
[INFO] [stderr]    Compiling num-complex v0.4.6
[INFO] [stderr]    Compiling approx v0.5.1
[INFO] [stderr]    Compiling num-rational v0.4.2
[INFO] [stderr]    Compiling simba v0.8.1
[INFO] [stderr]    Compiling nalgebra-macros v0.2.2
[INFO] [stderr]    Compiling nalgebra v0.32.6
[INFO] [stderr]    Compiling efd v10.1.3 (/opt/rustwide/workdir)
[INFO] [stderr]     Finished `release` profile [optimized] target(s) in 21.14s
[INFO] running `Command { std: "docker" "inspect" "9a7599a07eb6bd804905b295ea1201ebdaf0b9ebc5f4cb15aa326fb7ab07679e", kill_on_drop: false }`
[INFO] running `Command { std: "docker" "exec" "-e" "SOURCE_DIR=/opt/rustwide/workdir" "-e" "CARGO_HOME=/opt/rustwide/cargo-home" "-e" "RUSTUP_HOME=/opt/rustwide/rustup-home" "-e" "CARGO_TARGET_DIR=/opt/rustwide/target" "-e" "CARGO_INCREMENTAL=0" "-e" "RUST_BACKTRACE=full" "-e" "RUSTFLAGS=--cap-lints=warn" "-e" "RUSTDOCFLAGS=--cap-lints=warn" "-w" "/opt/rustwide/workdir" "--user" "0:0" "9a7599a07eb6bd804905b295ea1201ebdaf0b9ebc5f4cb15aa326fb7ab07679e" "/opt/rustwide/cargo-home/bin/cargo" "+1.99.0-beta.8" "test" "--frozen" "--no-run" "--message-format=json" "--release", kill_on_drop: false }`
[INFO] [stderr] warning: Cargo.toml: `lints.rust.missing-docs` is deprecated in favor of `lints.rust.missing_docs` and will not work in a future edition
[INFO] [stderr] warning: Cargo.toml: `lints.rust.unsafe-code` is deprecated in favor of `lints.rust.unsafe_code` and will not work in a future edition
[INFO] [stderr] warning: `efd` (manifest) generated 2 warnings
[INFO] [stderr]    Compiling cfg-if v1.0.5
[INFO] [stderr]    Compiling pkg-config v0.3.34
[INFO] [stderr]    Compiling simd-adler32 v0.3.10
[INFO] [stderr]    Compiling bytemuck v1.25.2
[INFO] [stderr]    Compiling semver v1.0.28
[INFO] [stderr]    Compiling crc32fast v1.5.2
[INFO] [stderr]    Compiling log v0.4.34
[INFO] [stderr]    Compiling num-complex v0.4.6
[INFO] [stderr]    Compiling num-integer v0.1.47
[INFO] [stderr]    Compiling dirs-sys v0.5.0
[INFO] [stderr]    Compiling plotters-backend v0.3.7
[INFO] [stderr]    Compiling font-kit v0.14.3
[INFO] [stderr]    Compiling jpeg-decoder v0.3.2
[INFO] [stderr]    Compiling same-file v1.0.6
[INFO] [stderr]    Compiling gif v0.12.0
[INFO] [stderr]    Compiling iana-time-zone v0.1.65
[INFO] [stderr]    Compiling libloading v0.8.9
[INFO] [stderr]    Compiling miniz_oxide v0.9.1
[INFO] [stderr]    Compiling miniz_oxide v0.8.9
[INFO] [stderr]    Compiling safe_arch v0.7.4
[INFO] [stderr]    Compiling fdeflate v0.3.7
[INFO] [stderr]    Compiling rustc_version v0.4.1
[INFO] [stderr]    Compiling dlib v0.5.3
[INFO] [stderr]    Compiling dirs v6.0.0
[INFO] [stderr]    Compiling walkdir v2.5.0
[INFO] [stderr]    Compiling float-ord v0.3.2
[INFO] [stderr]    Compiling bitflags v2.13.2
[INFO] [stderr]    Compiling wide v0.7.33
[INFO] [stderr]    Compiling num-rational v0.4.2
[INFO] [stderr]    Compiling plotters-svg v0.3.7
[INFO] [stderr]    Compiling chrono v0.4.45
[INFO] [stderr]    Compiling pathfinder_simd v0.5.6
[INFO] [stderr]    Compiling ttf-parser v0.20.0
[INFO] [stderr]    Compiling yeslogic-fontconfig-sys v6.0.1
[INFO] [stderr]    Compiling freetype-sys v0.20.1
[INFO] [stderr]    Compiling flate2 v1.1.10
[INFO] [stderr]    Compiling png v0.17.16
[INFO] [stderr]    Compiling pathfinder_geometry v0.5.1
[INFO] [stderr]    Compiling simba v0.8.1
[INFO] [stderr]    Compiling image v0.24.9
[INFO] [stderr]    Compiling plotters-bitmap v0.3.7
[INFO] [stderr]    Compiling plotters v0.3.7
[INFO] [stderr]    Compiling nalgebra v0.32.6
[INFO] [stderr]    Compiling efd v10.1.3 (/opt/rustwide/workdir)
[INFO] [stderr]     Finished `release` profile [optimized] target(s) in 34.04s
[INFO] running `Command { std: "docker" "inspect" "9a7599a07eb6bd804905b295ea1201ebdaf0b9ebc5f4cb15aa326fb7ab07679e", kill_on_drop: false }`
[INFO] running `Command { std: "docker" "exec" "-e" "SOURCE_DIR=/opt/rustwide/workdir" "-e" "CARGO_HOME=/opt/rustwide/cargo-home" "-e" "RUSTUP_HOME=/opt/rustwide/rustup-home" "-e" "CARGO_TARGET_DIR=/opt/rustwide/target" "-e" "CARGO_INCREMENTAL=0" "-e" "RUST_BACKTRACE=full" "-e" "RUSTFLAGS=--cap-lints=warn" "-e" "RUSTDOCFLAGS=--cap-lints=warn" "-w" "/opt/rustwide/workdir" "--user" "0:0" "9a7599a07eb6bd804905b295ea1201ebdaf0b9ebc5f4cb15aa326fb7ab07679e" "/opt/rustwide/cargo-home/bin/cargo" "+1.99.0-beta.8" "test" "--frozen" "--release", kill_on_drop: false }`
[INFO] [stderr] warning: Cargo.toml: `lints.rust.missing-docs` is deprecated in favor of `lints.rust.missing_docs` and will not work in a future edition
[INFO] [stderr] warning: Cargo.toml: `lints.rust.unsafe-code` is deprecated in favor of `lints.rust.unsafe_code` and will not work in a future edition
[INFO] [stderr] warning: `efd` (manifest) generated 2 warnings
[INFO] [stderr]     Finished `release` profile [optimized] target(s) in 0.10s
[INFO] [stderr]      Running unittests src/lib.rs (/opt/rustwide/target/release/deps/efd-e0a0fc6952ccf8dc)
[INFO] [stdout] 
[INFO] [stdout] running 10 tests
[INFO] [stdout] test tests::error ... ok
[INFO] [stdout] test tests::plot2d_closed ... ok
[INFO] [stdout] test tests::plot3d_closed ... ok
[INFO] [stdout] test tests::plot3d_open ... ok
[INFO] [stdout] test tests::posed_efd2d_open ... ok
[INFO] [stdout] test tests::plot2d_open ... ok
[INFO] [stdout] test tests::efd2d_open ... FAILED
[INFO] [stdout] test tests::efd3d ... FAILED
[INFO] [stdout] test tests::plot2d_harmonic ... ok
[INFO] [stdout] test tests::efd2d ... FAILED
[INFO] [stdout] 
[INFO] [stdout] failures:
[INFO] [stdout] 
[INFO] [stdout] ---- tests::efd2d_open stdout ----
[INFO] [stdout] 
[INFO] [stdout] thread 'tests::efd2d_open' (1159) panicked at src/tests.rs:83:5:
[INFO] [stdout] assert_abs_diff_eq!(curve_diff(target, curve), 0., epsilon = 0.0411)
[INFO] [stdout] 
[INFO] [stdout]     left  = 0.45173500896284435
[INFO] [stdout]     right = 0.0
[INFO] [stdout] 
[INFO] [stdout] 
[INFO] [stdout] stack backtrace:
[INFO] [stdout]    0:     0x624de95dae01 - <<std[70759c8f55707aa4]::sys::backtrace::BacktraceLock>::print::DisplayBacktrace as core[df12db4294e9bfd3]::fmt::Display>::fmt
[INFO] [stdout]    1:     0x624de95ef69a - core[df12db4294e9bfd3]::fmt::write
[INFO] [stdout]    2:     0x624de95df34c - <alloc[2182bb758b4b3781]::vec::Vec<u8> as core[df12db4294e9bfd3]::io::write::Write>::write_fmt
[INFO] [stdout]    3:     0x624de95b7376 - std[70759c8f55707aa4]::panicking::default_hook::{closure#0}
[INFO] [stdout]    4:     0x624de95d34e9 - std[70759c8f55707aa4]::panicking::default_hook
[INFO] [stdout]    5:     0x624de956ae30 - test[9d35eded1c95d3be]::test_main_inner::<test[9d35eded1c95d3be]::test_main_static::{closure#0}>::{closure#0}
[INFO] [stdout]    6:     0x624de95d36a2 - std[70759c8f55707aa4]::panicking::panic_with_hook
[INFO] [stdout]    7:     0x624de95b7422 - std[70759c8f55707aa4]::panicking::panic_handler::{closure#0}
[INFO] [stdout]    8:     0x624de95b0179 - std[70759c8f55707aa4]::sys::backtrace::__rust_end_short_backtrace::<std[70759c8f55707aa4]::panicking::panic_handler::{closure#0}, !>
[INFO] [stdout]    9:     0x624de95b801d - __rustc[8fa7c3cbc660c2b3]::rust_begin_unwind
[INFO] [stdout]   10:     0x624de95efdfc - core[df12db4294e9bfd3]::panicking::panic_fmt
[INFO] [stdout]   11:     0x624de9549542 - efd[d5d5c51a9afa969]::tests::efd2d_open
[INFO] [stdout]   12:     0x624de95592a9 - <efd[d5d5c51a9afa969]::tests::efd2d_open::{closure#0} as core[df12db4294e9bfd3]::ops::function::FnOnce<()>>::call_once
[INFO] [stdout]   13:     0x624de955e11b - test[9d35eded1c95d3be]::__rust_begin_short_backtrace::<core[df12db4294e9bfd3]::result::Result<(), alloc[2182bb758b4b3781]::string::String>, fn() -> core[df12db4294e9bfd3]::result::Result<(), alloc[2182bb758b4b3781]::string::String>>
[INFO] [stdout]   14:     0x624de956b785 - test[9d35eded1c95d3be]::run_test::{closure#0}
[INFO] [stdout]   15:     0x624de9565044 - std[70759c8f55707aa4]::sys::backtrace::__rust_begin_short_backtrace::<test[9d35eded1c95d3be]::run_test::{closure#1}, ()>
[INFO] [stdout]   16:     0x624de956e8e2 - <std[70759c8f55707aa4]::thread::lifecycle::spawn_unchecked<test[9d35eded1c95d3be]::run_test::{closure#1}, ()>::{closure#1} as core[df12db4294e9bfd3]::ops::function::FnOnce<()>>::call_once::{shim:vtable#0}
[INFO] [stdout]   17:     0x624de95da6d9 - <std[70759c8f55707aa4]::sys::thread::unix::Thread>::new::thread_start
[INFO] [stdout]   18:     0x7cc606781dfa - <unknown>
[INFO] [stdout]   19:     0x7cc6068153d4 - clone
[INFO] [stdout]   20:                0x0 - <unknown>
[INFO] [stdout] 
[INFO] [stdout] ---- tests::efd3d stdout ----
[INFO] [stdout] 
[INFO] [stdout] thread 'tests::efd3d' (1160) panicked at src/tests.rs:119:5:
[INFO] [stdout] assert_abs_diff_eq!(curve_diff(target, curve), 0., epsilon = 0.0013)
[INFO] [stdout] 
[INFO] [stdout]     left  = 0.10906175436952081
[INFO] [stdout]     right = 0.0
[INFO] [stdout] 
[INFO] [stdout] 
[INFO] [stdout] stack backtrace:
[INFO] [stdout]    0:     0x624de95dae01 - <<std[70759c8f55707aa4]::sys::backtrace::BacktraceLock>::print::DisplayBacktrace as core[df12db4294e9bfd3]::fmt::Display>::fmt
[INFO] [stdout]    1:     0x624de95ef69a - core[df12db4294e9bfd3]::fmt::write
[INFO] [stdout]    2:     0x624de95df34c - <alloc[2182bb758b4b3781]::vec::Vec<u8> as core[df12db4294e9bfd3]::io::write::Write>::write_fmt
[INFO] [stdout]    3:     0x624de95b7376 - std[70759c8f55707aa4]::panicking::default_hook::{closure#0}
[INFO] [stdout]    4:     0x624de95d34e9 - std[70759c8f55707aa4]::panicking::default_hook
[INFO] [stdout]    5:     0x624de956ae30 - test[9d35eded1c95d3be]::test_main_inner::<test[9d35eded1c95d3be]::test_main_static::{closure#0}>::{closure#0}
[INFO] [stdout]    6:     0x624de95d36a2 - std[70759c8f55707aa4]::panicking::panic_with_hook
[INFO] [stdout]    7:     0x624de95b7422 - std[70759c8f55707aa4]::panicking::panic_handler::{closure#0}
[INFO] [stdout]    8:     0x624de95b0179 - std[70759c8f55707aa4]::sys::backtrace::__rust_end_short_backtrace::<std[70759c8f55707aa4]::panicking::panic_handler::{closure#0}, !>
[INFO] [stdout]    9:     0x624de95b801d - __rustc[8fa7c3cbc660c2b3]::rust_begin_unwind
[INFO] [stdout]   10:     0x624de95efdfc - core[df12db4294e9bfd3]::panicking::panic_fmt
[INFO] [stdout]   11:     0x624de954bbb1 - efd[d5d5c51a9afa969]::tests::efd3d
[INFO] [stdout]   12:     0x624de9559539 - <efd[d5d5c51a9afa969]::tests::efd3d::{closure#0} as core[df12db4294e9bfd3]::ops::function::FnOnce<()>>::call_once
[INFO] [stdout]   13:     0x624de955e11b - test[9d35eded1c95d3be]::__rust_begin_short_backtrace::<core[df12db4294e9bfd3]::result::Result<(), alloc[2182bb758b4b3781]::string::String>, fn() -> core[df12db4294e9bfd3]::result::Result<(), alloc[2182bb758b4b3781]::string::String>>
[INFO] [stdout]   14:     0x624de956b785 - test[9d35eded1c95d3be]::run_test::{closure#0}
[INFO] [stdout]   15:     0x624de9565044 - std[70759c8f55707aa4]::sys::backtrace::__rust_begin_short_backtrace::<test[9d35eded1c95d3be]::run_test::{closure#1}, ()>
[INFO] [stdout]   16:     0x624de956e8e2 - <std[70759c8f55707aa4]::thread::lifecycle::spawn_unchecked<test[9d35eded1c95d3be]::run_test::{closure#1}, ()>::{closure#1} as core[df12db4294e9bfd3]::ops::function::FnOnce<()>>::call_once::{shim:vtable#0}
[INFO] [stdout]   17:     0x624de95da6d9 - <std[70759c8f55707aa4]::sys::thread::unix::Thread>::new::thread_start
[INFO] [stdout]   18:     0x7cc606781dfa - <unknown>
[INFO] [stdout]   19:     0x7cc6068153d4 - clone
[INFO] [stdout]   20:                0x0 - <unknown>
[INFO] [stdout] 
[INFO] [stdout] ---- tests::efd2d stdout ----
[INFO] [stdout] 
[INFO] [stdout] thread 'tests::efd2d' (1158) panicked at src/tests.rs:59:5:
[INFO] [stdout] assert_abs_diff_eq!(curve_diff(target, curve), 0., epsilon = 0.0029)
[INFO] [stdout] 
[INFO] [stdout]     left  = 0.4145903237535091
[INFO] [stdout]     right = 0.0
[INFO] [stdout] 
[INFO] [stdout] 
[INFO] [stdout] stack backtrace:
[INFO] [stdout]    0:     0x624de95dae01 - <<std[70759c8f55707aa4]::sys::backtrace::BacktraceLock>::print::DisplayBacktrace as core[df12db4294e9bfd3]::fmt::Display>::fmt
[INFO] [stdout]    1:     0x624de95ef69a - core[df12db4294e9bfd3]::fmt::write
[INFO] [stdout]    2:     0x624de95df34c - <alloc[2182bb758b4b3781]::vec::Vec<u8> as core[df12db4294e9bfd3]::io::write::Write>::write_fmt
[INFO] [stdout]    3:     0x624de95b7376 - std[70759c8f55707aa4]::panicking::default_hook::{closure#0}
[INFO] [stdout]    4:     0x624de95d34e9 - std[70759c8f55707aa4]::panicking::default_hook
[INFO] [stdout]    5:     0x624de956ae30 - test[9d35eded1c95d3be]::test_main_inner::<test[9d35eded1c95d3be]::test_main_static::{closure#0}>::{closure#0}
[INFO] [stdout]    6:     0x624de95d36a2 - std[70759c8f55707aa4]::panicking::panic_with_hook
[INFO] [stdout]    7:     0x624de95b7422 - std[70759c8f55707aa4]::panicking::panic_handler::{closure#0}
[INFO] [stdout]    8:     0x624de95b0179 - std[70759c8f55707aa4]::sys::backtrace::__rust_end_short_backtrace::<std[70759c8f55707aa4]::panicking::panic_handler::{closure#0}, !>
[INFO] [stdout]    9:     0x624de95b801d - __rustc[8fa7c3cbc660c2b3]::rust_begin_unwind
[INFO] [stdout]   10:     0x624de95efdfc - core[df12db4294e9bfd3]::panicking::panic_fmt
[INFO] [stdout]   11:     0x624de954b038 - efd[d5d5c51a9afa969]::tests::efd2d
[INFO] [stdout]   12:     0x624de9559519 - <efd[d5d5c51a9afa969]::tests::efd2d::{closure#0} as core[df12db4294e9bfd3]::ops::function::FnOnce<()>>::call_once
[INFO] [stdout]   13:     0x624de955e11b - test[9d35eded1c95d3be]::__rust_begin_short_backtrace::<core[df12db4294e9bfd3]::result::Result<(), alloc[2182bb758b4b3781]::string::String>, fn() -> core[df12db4294e9bfd3]::result::Result<(), alloc[2182bb758b4b3781]::string::String>>
[INFO] [stdout]   14:     0x624de956b785 - test[9d35eded1c95d3be]::run_test::{closure#0}
[INFO] [stdout]   15:     0x624de9565044 - std[70759c8f55707aa4]::sys::backtrace::__rust_begin_short_backtrace::<test[9d35eded1c95d3be]::run_test::{closure#1}, ()>
[INFO] [stdout]   16:     0x624de956e8e2 - <std[70759c8f55707aa4]::thread::lifecycle::spawn_unchecked<test[9d35eded1c95d3be]::run_test::{closure#1}, ()>::{closure#1} as core[df12db4294e9bfd3]::ops::function::FnOnce<()>>::call_once::{shim:vtable#0}
[INFO] [stdout]   17:     0x624de95da6d9 - <std[70759c8f55707aa4]::sys::thread::unix::Thread>::new::thread_start
[INFO] [stdout]   18:     0x7cc606781dfa - <unknown>
[INFO] [stdout]   19:     0x7cc6068153d4 - clone
[INFO] [stdout]   20:                0x0 - <unknown>
[INFO] [stdout] 
[INFO] [stdout] 
[INFO] [stdout] failures:
[INFO] [stdout]     tests::efd2d
[INFO] [stdout]     tests::efd2d_open
[INFO] [stdout]     tests::efd3d
[INFO] [stdout] 
[INFO] [stdout] test result: FAILED. 7 passed; 3 failed; 0 ignored; 0 measured; 0 filtered out; finished in 0.01s
[INFO] [stdout] 
[INFO] [stderr] error: test failed, to rerun pass `--lib`
[INFO] running `Command { std: "docker" "inspect" "9a7599a07eb6bd804905b295ea1201ebdaf0b9ebc5f4cb15aa326fb7ab07679e", kill_on_drop: false }`
[INFO] running `Command { std: "docker" "rm" "-f" "9a7599a07eb6bd804905b295ea1201ebdaf0b9ebc5f4cb15aa326fb7ab07679e", kill_on_drop: false }`
[INFO] [stdout] 9a7599a07eb6bd804905b295ea1201ebdaf0b9ebc5f4cb15aa326fb7ab07679e
