[INFO] fetching crate eero-keel-enforce 0.0.15...
[INFO] testing eero-keel-enforce-0.0.15 against 1.99.0-beta.8+cargoflags=--release for beta-release-1.100-2
[INFO] extracting crate eero-keel-enforce 0.0.15 into /workspace/builds/worker-2-tc1/source
[INFO] started tweaking crates.io crate eero-keel-enforce 0.0.15
[INFO] removed 0 missing tests
[INFO] finished tweaking crates.io crate eero-keel-enforce 0.0.15
[INFO] tweaked toml for crates.io crate eero-keel-enforce 0.0.15 written to /workspace/builds/worker-2-tc1/source/Cargo.toml
[INFO] validating manifest of crates.io crate eero-keel-enforce 0.0.15 on toolchain 1.99.0-beta.8
[INFO] running `Command { std: CARGO_HOME="/workspace/cargo-home" RUSTUP_HOME="/workspace/rustup-home" "/workspace/cargo-home/bin/cargo" "+1.99.0-beta.8" "metadata" "--manifest-path" "Cargo.toml" "--no-deps", kill_on_drop: false }`
[INFO] crate crates.io crate eero-keel-enforce 0.0.15 already has a lockfile, it will not be regenerated
[INFO] running `Command { std: CARGO_HOME="/workspace/cargo-home" RUSTUP_HOME="/workspace/rustup-home" "/workspace/cargo-home/bin/cargo" "+1.99.0-beta.8" "fetch" "--manifest-path" "Cargo.toml", kill_on_drop: false }`
[INFO] [stderr]     Updating crates.io index
[INFO] [stderr]  Downloading crates ...
[INFO] [stderr]   Downloaded tokio-macros v2.7.1
[INFO] [stderr]   Downloaded socket2 v0.6.5
[INFO] [stderr]   Downloaded sha1 v0.10.7
[INFO] [stderr]   Downloaded quote v1.0.46
[INFO] [stderr]   Downloaded pem-rfc7468 v0.7.0
[INFO] [stderr]   Downloaded futures-task v0.3.33
[INFO] [stderr]   Downloaded zeroize_derive v1.5.0
[INFO] [stderr]   Downloaded flagset v0.4.7
[INFO] [stderr]   Downloaded signature v2.2.0
[INFO] [stderr]   Downloaded futures-macro v0.3.33
[INFO] [stderr]   Downloaded crmf v0.2.0
[INFO] [stderr]   Downloaded zerofrom v0.1.8
[INFO] [stderr]   Downloaded zeroize v1.9.0
[INFO] [stderr]   Downloaded der_derive v0.7.3
[INFO] [stderr]   Downloaded sigstore-merkle v0.6.6
[INFO] [stderr]   Downloaded typify-macro v0.6.2
[INFO] [stderr]   Downloaded wasm-bindgen-shared v0.2.126
[INFO] [stderr]   Downloaded futures-core v0.3.33
[INFO] [stderr]   Downloaded spki v0.7.3
[INFO] [stderr]   Downloaded const-oid v0.9.6
[INFO] [stderr]   Downloaded futures-sink v0.3.33
[INFO] [stderr]   Downloaded pem v3.0.6
[INFO] [stderr]   Downloaded eero-keel-record v0.0.15
[INFO] [stderr]   Downloaded wasm-bindgen-futures v0.4.76
[INFO] [stderr]   Downloaded http-body v1.1.0
[INFO] [stderr]   Downloaded base64ct v1.8.3
[INFO] [stderr]   Downloaded sigstore-types v0.6.6
[INFO] [stderr]   Downloaded fs_extra v1.3.0
[INFO] [stderr]   Downloaded serde_tokenstream v0.2.3
[INFO] [stderr]   Downloaded wasm-bindgen-macro v0.2.126
[INFO] [stderr]   Downloaded x509-tsp v0.1.0
[INFO] [stderr]   Downloaded block-buffer v0.12.1
[INFO] [stderr]   Downloaded enumflags2_derive v0.7.12
[INFO] [stderr]   Downloaded serde_spanned v1.1.1
[INFO] [stderr]   Downloaded sigstore-crypto v0.6.6
[INFO] [stderr]   Downloaded displaydoc v0.2.6
[INFO] [stderr]   Downloaded globset v0.4.19
[INFO] [stderr]   Downloaded tls_codec v0.4.2
[INFO] [stderr]   Downloaded tls_codec_derive v0.4.2
[INFO] [stderr]   Downloaded hex v0.4.3
[INFO] [stderr]   Downloaded cmpv2 v0.2.0
[INFO] [stderr]   Downloaded cmake v0.1.58
[INFO] [stderr]   Downloaded rustls-pki-types v1.15.0
[INFO] [stderr]   Downloaded smallvec v1.15.2
[INFO] [stderr]   Downloaded futures-channel v0.3.33
[INFO] [stderr]   Downloaded chacha20 v0.10.1
[INFO] [stderr]   Downloaded sigstore-rekor v0.6.6
[INFO] [stderr]   Downloaded serde_json_canonicalizer v0.3.2
[INFO] [stderr]   Downloaded hybrid-array v0.4.13
[INFO] [stderr]   Downloaded enumflags2 v0.7.12
[INFO] [stderr]   Downloaded toml_writer v1.1.2+spec-1.1.0
[INFO] [stderr]   Downloaded libredox v0.1.18
[INFO] [stderr]   Downloaded mio v1.2.2
[INFO] [stderr]   Downloaded bitflags v2.13.1
[INFO] [stderr]   Downloaded cc v1.2.67
[INFO] [stderr]   Downloaded yoke v0.8.3
[INFO] [stderr]   Downloaded http-body-util v0.1.4
[INFO] [stderr]   Downloaded sigstore-trust-root v0.6.3
[INFO] [stderr]   Downloaded sigstore-bundle v0.6.6
[INFO] [stderr]   Downloaded crossbeam-deque v0.8.7
[INFO] [stderr]   Downloaded typify v0.6.2
[INFO] [stderr]   Downloaded sigstore-tsa v0.6.6
[INFO] [stderr]   Downloaded eero-keel-policy v0.0.15
[INFO] [stderr]   Downloaded anyhow v1.0.103
[INFO] [stderr]   Downloaded bytes v1.12.1
[INFO] [stderr]   Downloaded x509-cert v0.2.5
[INFO] [stderr]   Downloaded der v0.7.10
[INFO] [stderr]   Downloaded log v0.4.33
[INFO] [stderr]   Downloaded wasm-bindgen v0.2.126
[INFO] [stderr]   Downloaded ryu-js v1.0.3
[INFO] [stderr]   Downloaded landlock v0.4.5
[INFO] [stderr]   Downloaded ignore v0.4.30
[INFO] [stderr]   Downloaded crossbeam-utils v0.8.22
[INFO] [stderr]   Downloaded crossbeam-epoch v0.9.20
[INFO] [stderr]   Downloaded wasm-bindgen-macro-support v0.2.126
[INFO] [stderr]   Downloaded js-sys v0.3.103
[INFO] [stderr]   Downloaded uuid v1.24.0
[INFO] [stderr]   Downloaded toml v1.1.3+spec-1.1.0
[INFO] [stderr]   Downloaded sigstore-verify v0.6.3
[INFO] [stderr]   Downloaded rand v0.10.2
[INFO] [stderr]   Downloaded reqwest v0.13.4
[INFO] [stderr]   Downloaded futures-util v0.3.33
[INFO] [stderr]   Downloaded cms v0.2.3
[INFO] [stderr]   Downloaded hyper v1.10.1
[INFO] [stderr]   Downloaded winnow v1.0.4
[INFO] [stderr]   Downloaded nono v0.53.0
[INFO] [stderr]   Downloaded aws-lc-rs v1.17.3
[INFO] [stderr]   Downloaded chrono v0.4.45
[INFO] [stderr]   Downloaded regress v0.11.1
[INFO] [stderr]   Downloaded bstr v1.13.0
[INFO] [stderr]   Downloaded typify-impl v0.6.2
[INFO] [stderr]   Downloaded web-sys v0.3.103
[INFO] [stderr]   Downloaded regex-automata v0.4.16
[INFO] [stderr]   Downloaded tokio v1.53.0
[INFO] [stderr]   Downloaded aws-lc-sys v0.43.0
[INFO] running `Command { std: "docker" "create" "-v" "/var/lib/crater-agent-workspace/builds/worker-2-tc1/source:/opt/rustwide/workdir:ro,Z" "-v" "/var/lib/crater-agent-workspace/builds/worker-2-tc1/target:/opt/rustwide/target:rw,Z" "-v" "/var/lib/crater-agent-workspace/cargo-home:/opt/rustwide/cargo-home:ro,Z" "-v" "/var/lib/crater-agent-workspace/rustup-home:/opt/rustwide/rustup-home:ro,Z" "-m" "1610612736" "--network" "none" "ghcr.io/rust-lang/crates-build-env/linux@sha256:77db811e55d90add9212f6832c23229e3de5f1c1f9905e8cb07319ea15df73ac" "sleep" "infinity", kill_on_drop: false }`
[INFO] [stdout] 97370cea516e5ea9b4a4eaa913836fdbc06ee29413983d5c6e7b4f9ea739ce96
[INFO] running `Command { std: "docker" "start" "97370cea516e5ea9b4a4eaa913836fdbc06ee29413983d5c6e7b4f9ea739ce96", kill_on_drop: false }`
[INFO] running `Command { std: "docker" "inspect" "97370cea516e5ea9b4a4eaa913836fdbc06ee29413983d5c6e7b4f9ea739ce96", kill_on_drop: false }`
[INFO] running `Command { std: "docker" "exec" "-e" "SOURCE_DIR=/opt/rustwide/workdir" "-e" "CARGO_HOME=/opt/rustwide/cargo-home" "-e" "RUSTUP_HOME=/opt/rustwide/rustup-home" "-e" "CARGO_TARGET_DIR=/opt/rustwide/target" "-w" "/opt/rustwide/workdir" "--user" "0:0" "97370cea516e5ea9b4a4eaa913836fdbc06ee29413983d5c6e7b4f9ea739ce96" "/opt/rustwide/cargo-home/bin/cargo" "+1.99.0-beta.8" "metadata" "--no-deps" "--format-version=1", kill_on_drop: false }`
[INFO] running `Command { std: "docker" "inspect" "97370cea516e5ea9b4a4eaa913836fdbc06ee29413983d5c6e7b4f9ea739ce96", kill_on_drop: false }`
[INFO] running `Command { std: "docker" "exec" "-e" "SOURCE_DIR=/opt/rustwide/workdir" "-e" "CARGO_HOME=/opt/rustwide/cargo-home" "-e" "RUSTUP_HOME=/opt/rustwide/rustup-home" "-e" "CARGO_TARGET_DIR=/opt/rustwide/target" "-e" "CARGO_INCREMENTAL=0" "-e" "RUST_BACKTRACE=full" "-e" "RUSTFLAGS=--cap-lints=warn" "-e" "RUSTDOCFLAGS=--cap-lints=warn" "-w" "/opt/rustwide/workdir" "--user" "0:0" "97370cea516e5ea9b4a4eaa913836fdbc06ee29413983d5c6e7b4f9ea739ce96" "/opt/rustwide/cargo-home/bin/cargo" "+1.99.0-beta.8" "build" "--frozen" "--message-format=json" "--release", kill_on_drop: false }`
[INFO] [stderr]    Compiling proc-macro2 v1.0.106
[INFO] [stderr]    Compiling quote v1.0.46
[INFO] [stderr]    Compiling unicode-ident v1.0.24
[INFO] [stderr]    Compiling libc v0.2.186
[INFO] [stderr]    Compiling serde v1.0.228
[INFO] [stderr]    Compiling typenum v1.20.1
[INFO] [stderr]    Compiling zmij v1.0.23
[INFO] [stderr]    Compiling cfg-if v1.0.4
[INFO] [stderr]    Compiling serde_core v1.0.228
[INFO] [stderr]    Compiling thiserror v2.0.18
[INFO] [stderr]    Compiling itoa v1.0.18
[INFO] [stderr]    Compiling stable_deref_trait v1.2.1
[INFO] [stderr]    Compiling memchr v2.8.3
[INFO] [stderr]    Compiling pin-project-lite v0.2.17
[INFO] [stderr]    Compiling generic-array v0.14.7
[INFO] [stderr]    Compiling equivalent v1.0.2
[INFO] [stderr]    Compiling find-msvc-tools v0.1.9
[INFO] [stderr]    Compiling bytes v1.12.1
[INFO] [stderr]    Compiling shlex v2.0.1
[INFO] [stderr]    Compiling base64ct v1.8.3
[INFO] [stderr]    Compiling cpufeatures v0.2.17
[INFO] [stderr]    Compiling serde_json v1.0.150
[INFO] [stderr]    Compiling hashbrown v0.17.1
[INFO] [stderr]    Compiling const-oid v0.9.6
[INFO] [stderr]    Compiling autocfg v1.5.1
[INFO] [stderr]    Compiling flagset v0.4.7
[INFO] [stderr]    Compiling futures-core v0.3.33
[INFO] [stderr]    Compiling rand_core v0.6.4
[INFO] [stderr]    Compiling rand_core v0.10.1
[INFO] [stderr]    Compiling dunce v1.0.5
[INFO] [stderr]    Compiling fs_extra v1.3.0
[INFO] [stderr]    Compiling writeable v0.6.3
[INFO] [stderr]    Compiling pkg-config v0.3.33
[INFO] [stderr]    Compiling once_cell v1.21.4
[INFO] [stderr]    Compiling pem-rfc7468 v0.7.0
[INFO] [stderr]    Compiling num-traits v0.2.19
[INFO] [stderr]    Compiling litemap v0.8.2
[INFO] [stderr]    Compiling signature v2.2.0
[INFO] [stderr]    Compiling icu_properties_data v2.2.0
[INFO] [stderr]    Compiling tracing-core v0.1.36
[INFO] [stderr]    Compiling utf8_iter v1.0.4
[INFO] [stderr]    Compiling smallvec v1.15.2
[INFO] [stderr]    Compiling icu_normalizer_data v2.2.0
[INFO] [stderr]    Compiling iana-time-zone v0.1.65
[INFO] [stderr]    Compiling syn v2.0.119
[INFO] [stderr]    Compiling base64 v0.22.1
[INFO] [stderr]    Compiling http v1.4.2
[INFO] [stderr]    Compiling futures-task v0.3.33
[INFO] [stderr]    Compiling aws-lc-rs v1.17.3
[INFO] [stderr]    Compiling indexmap v2.14.0
[INFO] [stderr]    Compiling jobserver v0.1.35
[INFO] [stderr]    Compiling slab v0.4.12
[INFO] [stderr]    Compiling percent-encoding v2.3.2
[INFO] [stderr]    Compiling httparse v1.10.1
[INFO] [stderr]    Compiling untrusted v0.7.1
[INFO] [stderr]    Compiling getrandom v0.4.3
[INFO] [stderr]    Compiling pem v3.0.6
[INFO] [stderr]    Compiling form_urlencoded v1.2.2
[INFO] [stderr]    Compiling cc v1.2.67
[INFO] [stderr]    Compiling try-lock v0.2.5
[INFO] [stderr]    Compiling hex v0.4.3
[INFO] [stderr]    Compiling tower-service v0.3.3
[INFO] [stderr]    Compiling want v0.3.1
[INFO] [stderr]    Compiling sync_wrapper v1.0.2
[INFO] [stderr]    Compiling futures-channel v0.3.33
[INFO] [stderr]    Compiling log v0.4.33
[INFO] [stderr]    Compiling atomic-waker v1.1.2
[INFO] [stderr]    Compiling http-body v1.1.0
[INFO] [stderr]    Compiling foldhash v0.2.0
[INFO] [stderr]    Compiling bitflags v2.13.1
[INFO] [stderr]    Compiling schemars v0.8.22
[INFO] [stderr]    Compiling tower-layer v0.3.3
[INFO] [stderr]    Compiling hashbrown v0.16.1
[INFO] [stderr]    Compiling cpufeatures v0.3.0
[INFO] [stderr]    Compiling ipnet v2.12.0
[INFO] [stderr]    Compiling dyn-clone v1.0.20
[INFO] [stderr]    Compiling ryu v1.0.23
[INFO] [stderr]    Compiling http-body-util v0.1.4
[INFO] [stderr]    Compiling crossbeam-utils v0.8.22
[INFO] [stderr]    Compiling errno v0.3.14
[INFO] [stderr]    Compiling mio v1.2.2
[INFO] [stderr]    Compiling cmake v0.1.58
[INFO] [stderr]    Compiling signal-hook-registry v1.4.8
[INFO] [stderr]    Compiling socket2 v0.6.5
[INFO] [stderr]    Compiling block-buffer v0.10.4
[INFO] [stderr]    Compiling crypto-common v0.1.7
[INFO] [stderr]    Compiling chacha20 v0.10.1
[INFO] [stderr]    Compiling digest v0.10.7
[INFO] [stderr]    Compiling hybrid-array v0.4.13
[INFO] [stderr]    Compiling sha1 v0.10.7
[INFO] [stderr]    Compiling sha2 v0.10.9
[INFO] [stderr]    Compiling crossbeam-epoch v0.9.20
[INFO] [stderr]    Compiling prettyplease v0.2.37
[INFO] [stderr]    Compiling untrusted v0.9.0
[INFO] [stderr]    Compiling rand v0.10.2
[INFO] [stderr]    Compiling aho-corasick v1.1.4
[INFO] [stderr]    Compiling cfg_aliases v0.2.2
[INFO] [stderr]    Compiling crossbeam-deque v0.8.7
[INFO] [stderr]    Compiling regress v0.11.1
[INFO] [stderr]    Compiling winnow v1.0.4
[INFO] [stderr]    Compiling regex-syntax v0.8.11
[INFO] [stderr]    Compiling block-buffer v0.12.1
[INFO] [stderr]    Compiling aws-lc-sys v0.43.0
[INFO] [stderr]    Compiling semver v1.0.28
[INFO] [stderr]    Compiling crypto-common v0.2.2
[INFO] [stderr]    Compiling toml_parser v1.1.2+spec-1.1.0
[INFO] [stderr]    Compiling nix v0.31.3
[INFO] [stderr]    Compiling bstr v1.13.0
[INFO] [stderr]    Compiling same-file v1.0.6
[INFO] [stderr]    Compiling const-oid v0.10.2
[INFO] [stderr]    Compiling toml_writer v1.1.2+spec-1.1.0
[INFO] [stderr]    Compiling ryu-js v1.0.3
[INFO] [stderr]    Compiling dirs-sys v0.5.0
[INFO] [stderr]    Compiling toml_datetime v1.1.1+spec-1.1.0
[INFO] [stderr]    Compiling serde_spanned v1.1.1
[INFO] [stderr]    Compiling uuid v1.24.0
[INFO] [stderr]    Compiling toml v1.1.3+spec-1.1.0
[INFO] [stderr]    Compiling digest v0.11.3
[INFO] [stderr]    Compiling walkdir v2.5.0
[INFO] [stderr]    Compiling anyhow v1.0.103
[INFO] [stderr]    Compiling sha2 v0.11.0
[INFO] [stderr]    Compiling dirs v6.0.0
[INFO] [stderr]    Compiling futures-sink v0.3.33
[INFO] [stderr]    Compiling regex-automata v0.4.16
[INFO] [stderr]    Compiling synstructure v0.13.2
[INFO] [stderr]    Compiling serde_derive_internals v0.29.1
[INFO] [stderr]    Compiling serde_derive v1.0.228
[INFO] [stderr]    Compiling zerofrom-derive v0.1.7
[INFO] [stderr]    Compiling zeroize_derive v1.5.0
[INFO] [stderr]    Compiling yoke-derive v0.8.2
[INFO] [stderr]    Compiling thiserror-impl v2.0.18
[INFO] [stderr]    Compiling zerovec-derive v0.11.3
[INFO] [stderr]    Compiling displaydoc v0.2.6
[INFO] [stderr]    Compiling der_derive v0.7.3
[INFO] [stderr]    Compiling tls_codec_derive v0.4.2
[INFO] [stderr]    Compiling tracing-attributes v0.1.31
[INFO] [stderr]    Compiling tokio-macros v2.7.1
[INFO] [stderr]    Compiling futures-macro v0.3.33
[INFO] [stderr]    Compiling schemars_derive v0.8.22
[INFO] [stderr]    Compiling zeroize v1.9.0
[INFO] [stderr]    Compiling enumflags2_derive v0.7.12
[INFO] [stderr]    Compiling tokio v1.53.0
[INFO] [stderr]    Compiling rustls-pki-types v1.15.0
[INFO] [stderr]    Compiling futures-util v0.3.33
[INFO] [stderr]    Compiling async-trait v0.1.89
[INFO] [stderr]    Compiling der v0.7.10
[INFO] [stderr]    Compiling enumflags2 v0.7.12
[INFO] [stderr]    Compiling tls_codec v0.4.2
[INFO] [stderr]    Compiling zerofrom v0.1.8
[INFO] [stderr]    Compiling tracing v0.1.44
[INFO] [stderr]    Compiling yoke v0.8.3
[INFO] [stderr]    Compiling zerovec v0.11.6
[INFO] [stderr]    Compiling zerotrie v0.2.4
[INFO] [stderr]    Compiling landlock v0.4.5
[INFO] [stderr]    Compiling spki v0.7.3
[INFO] [stderr]    Compiling globset v0.4.19
[INFO] [stderr]    Compiling tinystr v0.8.3
[INFO] [stderr]    Compiling potential_utf v0.1.5
[INFO] [stderr]    Compiling x509-cert v0.2.5
[INFO] [stderr]    Compiling icu_collections v2.2.0
[INFO] [stderr]    Compiling icu_locale_core v2.2.0
[INFO] [stderr]    Compiling ignore v0.4.30
[INFO] [stderr]    Compiling icu_provider v2.2.0
[INFO] [stderr]    Compiling chrono v0.4.45
[INFO] [stderr]    Compiling icu_normalizer v2.2.0
[INFO] [stderr]    Compiling icu_properties v2.2.0
[INFO] [stderr]    Compiling serde_urlencoded v0.7.1
[INFO] [stderr]    Compiling serde_tokenstream v0.2.3
[INFO] [stderr]    Compiling serde_json_canonicalizer v0.3.2
[INFO] [stderr]    Compiling cms v0.2.3
[INFO] [stderr]    Compiling typify-impl v0.6.2
[INFO] [stderr]    Compiling crmf v0.2.0
[INFO] [stderr]    Compiling idna_adapter v1.2.2
[INFO] [stderr]    Compiling sigstore-types v0.6.6
[INFO] [stderr]    Compiling idna v1.1.0
[INFO] [stderr]    Compiling eero-keel-policy v0.0.15
[INFO] [stderr]    Compiling url v2.5.8
[INFO] [stderr]    Compiling cmpv2 v0.2.0
[INFO] [stderr]    Compiling hyper v1.10.1
[INFO] [stderr]    Compiling tower v0.5.3
[INFO] [stderr]    Compiling x509-tsp v0.1.0
[INFO] [stderr]    Compiling tokio-util v0.7.18
[INFO] [stderr]    Compiling eero-keel-record v0.0.15
[INFO] [stderr]    Compiling tower-http v0.6.11
[INFO] [stderr]    Compiling hyper-util v0.1.20
[INFO] [stderr]    Compiling reqwest v0.13.4
[INFO] [stderr]    Compiling typify-macro v0.6.2
[INFO] [stderr]    Compiling typify v0.6.2
[INFO] [stderr]    Compiling nono v0.53.0
[INFO] [stderr]    Compiling sigstore-crypto v0.6.6
[INFO] [stderr]    Compiling rustls-webpki v0.103.13
[INFO] [stderr]    Compiling sigstore-merkle v0.6.6
[INFO] [stderr]    Compiling sigstore-trust-root v0.6.3
[INFO] [stderr]    Compiling sigstore-rekor v0.6.6
[INFO] [stderr]    Compiling sigstore-tsa v0.6.6
[INFO] [stderr]    Compiling sigstore-bundle v0.6.6
[INFO] [stderr]    Compiling sigstore-verify v0.6.3
[INFO] [stderr]    Compiling eero-keel-enforce v0.0.15 (/opt/rustwide/workdir)
[INFO] [stdout] warning: unused import: `std::os::unix::fs::PermissionsExt`
[INFO] [stdout]    --> src/bwrap.rs:108:9
[INFO] [stdout]     |
[INFO] [stdout] 108 |     use std::os::unix::fs::PermissionsExt;
[INFO] [stdout]     |         ^^^^^^^^^^^^^^^^^^^^^^^^^^^^^^^^^
[INFO] [stdout]     |
[INFO] [stdout]     = note: `#[warn(unused_imports)]` (part of `#[warn(unused)]`) on by default
[INFO] [stdout] 
[INFO] [stdout] 
[INFO] [stdout] warning[E0133]: call to unsafe function `child_net::install_filter` is unsafe and requires unsafe block
[INFO] [stdout]   --> src/child_net.rs:17:5
[INFO] [stdout]    |
[INFO] [stdout] 17 | /     install_filter(&[
[INFO] [stdout] 18 | |         libc::SYS_connect,
[INFO] [stdout] 19 | |         libc::SYS_bind,
[INFO] [stdout] 20 | |         libc::SYS_sendto,
[INFO] [stdout] ...  |
[INFO] [stdout] 24 | |         libc::SYS_accept4,
[INFO] [stdout] 25 | |     ])
[INFO] [stdout]    | |______^ call to unsafe function
[INFO] [stdout]    |
[INFO] [stdout]    = note: consult the function's documentation for information on how to avoid undefined behavior
[INFO] [stdout] note: an unsafe function restricts its caller, but its body is safe by default
[INFO] [stdout]   --> src/child_net.rs:16:1
[INFO] [stdout]    |
[INFO] [stdout] 16 | pub unsafe fn install_child_network_filter() -> std::io::Result<()> {
[INFO] [stdout]    | ^^^^^^^^^^^^^^^^^^^^^^^^^^^^^^^^^^^^^^^^^^^^^^^^^^^^^^^^^^^^^^^^^^^
[INFO] [stdout]    = note: for more information, see <https://doc.rust-lang.org/edition-guide/rust-2024/unsafe-op-in-unsafe-fn.html>
[INFO] [stdout]    = note: `#[warn(unsafe_op_in_unsafe_fn)]` (part of `#[warn(rust_2024_compatibility)]`) on by default
[INFO] [stdout] 
[INFO] [stdout] 
[INFO] [stdout] warning[E0133]: call to unsafe function `child_net::install_filter` is unsafe and requires unsafe block
[INFO] [stdout]   --> src/child_net.rs:35:5
[INFO] [stdout]    |
[INFO] [stdout] 35 | /     install_filter(&[
[INFO] [stdout] 36 | |         libc::SYS_bind,
[INFO] [stdout] 37 | |         libc::SYS_listen,
[INFO] [stdout] 38 | |         libc::SYS_accept,
[INFO] [stdout] 39 | |         libc::SYS_accept4,
[INFO] [stdout] 40 | |     ])
[INFO] [stdout]    | |______^ call to unsafe function
[INFO] [stdout]    |
[INFO] [stdout]    = note: consult the function's documentation for information on how to avoid undefined behavior
[INFO] [stdout] note: an unsafe function restricts its caller, but its body is safe by default
[INFO] [stdout]   --> src/child_net.rs:34:1
[INFO] [stdout]    |
[INFO] [stdout] 34 | pub unsafe fn install_child_server_block_filter() -> std::io::Result<()> {
[INFO] [stdout]    | ^^^^^^^^^^^^^^^^^^^^^^^^^^^^^^^^^^^^^^^^^^^^^^^^^^^^^^^^^^^^^^^^^^^^^^^^
[INFO] [stdout]    = note: for more information, see <https://doc.rust-lang.org/edition-guide/rust-2024/unsafe-op-in-unsafe-fn.html>
[INFO] [stdout] 
[INFO] [stdout] 
[INFO] [stdout] For more information about this error, try `rustc --explain E0133`.
[INFO] [stdout] 
[INFO] [stderr]     Finished `release` profile [optimized] target(s) in 3m 43s
[INFO] running `Command { std: "docker" "inspect" "97370cea516e5ea9b4a4eaa913836fdbc06ee29413983d5c6e7b4f9ea739ce96", kill_on_drop: false }`
[INFO] running `Command { std: "docker" "exec" "-e" "SOURCE_DIR=/opt/rustwide/workdir" "-e" "CARGO_HOME=/opt/rustwide/cargo-home" "-e" "RUSTUP_HOME=/opt/rustwide/rustup-home" "-e" "CARGO_TARGET_DIR=/opt/rustwide/target" "-e" "CARGO_INCREMENTAL=0" "-e" "RUST_BACKTRACE=full" "-e" "RUSTFLAGS=--cap-lints=warn" "-e" "RUSTDOCFLAGS=--cap-lints=warn" "-w" "/opt/rustwide/workdir" "--user" "0:0" "97370cea516e5ea9b4a4eaa913836fdbc06ee29413983d5c6e7b4f9ea739ce96" "/opt/rustwide/cargo-home/bin/cargo" "+1.99.0-beta.8" "test" "--frozen" "--no-run" "--message-format=json" "--release", kill_on_drop: false }`
[INFO] [stderr]    Compiling bitflags v2.13.1
[INFO] [stderr]    Compiling rustix v1.1.4
[INFO] [stderr]    Compiling linux-raw-sys v0.12.1
[INFO] [stderr]    Compiling fastrand v2.4.1
[INFO] [stderr]    Compiling tower-http v0.6.11
[INFO] [stderr]    Compiling nix v0.31.3
[INFO] [stderr]    Compiling reqwest v0.13.4
[INFO] [stderr]    Compiling sigstore-tsa v0.6.6
[INFO] [stderr]    Compiling sigstore-rekor v0.6.6
[INFO] [stderr]    Compiling tempfile v3.27.0
[INFO] [stderr]    Compiling sigstore-bundle v0.6.6
[INFO] [stderr]    Compiling sigstore-verify v0.6.3
[INFO] [stderr]    Compiling nono v0.53.0
[INFO] [stderr]    Compiling eero-keel-enforce v0.0.15 (/opt/rustwide/workdir)
[INFO] [stdout] warning: unused import: `std::os::unix::fs::PermissionsExt`
[INFO] [stdout]    --> src/bwrap.rs:108:9
[INFO] [stdout]     |
[INFO] [stdout] 108 |     use std::os::unix::fs::PermissionsExt;
[INFO] [stdout]     |         ^^^^^^^^^^^^^^^^^^^^^^^^^^^^^^^^^
[INFO] [stdout]     |
[INFO] [stdout]     = note: `#[warn(unused_imports)]` (part of `#[warn(unused)]`) on by default
[INFO] [stdout] 
[INFO] [stdout] 
[INFO] [stdout] warning[E0133]: call to unsafe function `child_net::install_filter` is unsafe and requires unsafe block
[INFO] [stdout]   --> src/child_net.rs:17:5
[INFO] [stdout]    |
[INFO] [stdout] 17 | /     install_filter(&[
[INFO] [stdout] 18 | |         libc::SYS_connect,
[INFO] [stdout] 19 | |         libc::SYS_bind,
[INFO] [stdout] 20 | |         libc::SYS_sendto,
[INFO] [stdout] ...  |
[INFO] [stdout] 24 | |         libc::SYS_accept4,
[INFO] [stdout] 25 | |     ])
[INFO] [stdout]    | |______^ call to unsafe function
[INFO] [stdout]    |
[INFO] [stdout]    = note: consult the function's documentation for information on how to avoid undefined behavior
[INFO] [stdout] note: an unsafe function restricts its caller, but its body is safe by default
[INFO] [stdout]   --> src/child_net.rs:16:1
[INFO] [stdout]    |
[INFO] [stdout] 16 | pub unsafe fn install_child_network_filter() -> std::io::Result<()> {
[INFO] [stdout]    | ^^^^^^^^^^^^^^^^^^^^^^^^^^^^^^^^^^^^^^^^^^^^^^^^^^^^^^^^^^^^^^^^^^^
[INFO] [stdout]    = note: for more information, see <https://doc.rust-lang.org/edition-guide/rust-2024/unsafe-op-in-unsafe-fn.html>
[INFO] [stdout]    = note: `#[warn(unsafe_op_in_unsafe_fn)]` (part of `#[warn(rust_2024_compatibility)]`) on by default
[INFO] [stdout] 
[INFO] [stdout] 
[INFO] [stdout] warning[E0133]: call to unsafe function `child_net::install_filter` is unsafe and requires unsafe block
[INFO] [stdout]   --> src/child_net.rs:35:5
[INFO] [stdout]    |
[INFO] [stdout] 35 | /     install_filter(&[
[INFO] [stdout] 36 | |         libc::SYS_bind,
[INFO] [stdout] 37 | |         libc::SYS_listen,
[INFO] [stdout] 38 | |         libc::SYS_accept,
[INFO] [stdout] 39 | |         libc::SYS_accept4,
[INFO] [stdout] 40 | |     ])
[INFO] [stdout]    | |______^ call to unsafe function
[INFO] [stdout]    |
[INFO] [stdout]    = note: consult the function's documentation for information on how to avoid undefined behavior
[INFO] [stdout] note: an unsafe function restricts its caller, but its body is safe by default
[INFO] [stdout]   --> src/child_net.rs:34:1
[INFO] [stdout]    |
[INFO] [stdout] 34 | pub unsafe fn install_child_server_block_filter() -> std::io::Result<()> {
[INFO] [stdout]    | ^^^^^^^^^^^^^^^^^^^^^^^^^^^^^^^^^^^^^^^^^^^^^^^^^^^^^^^^^^^^^^^^^^^^^^^^
[INFO] [stdout]    = note: for more information, see <https://doc.rust-lang.org/edition-guide/rust-2024/unsafe-op-in-unsafe-fn.html>
[INFO] [stdout] 
[INFO] [stdout] 
[INFO] [stdout] For more information about this error, try `rustc --explain E0133`.
[INFO] [stdout] 
[INFO] [stdout] warning: unused import: `std::os::unix::fs::PermissionsExt`
[INFO] [stdout]    --> src/bwrap.rs:108:9
[INFO] [stdout]     |
[INFO] [stdout] 108 |     use std::os::unix::fs::PermissionsExt;
[INFO] [stdout]     |         ^^^^^^^^^^^^^^^^^^^^^^^^^^^^^^^^^
[INFO] [stdout]     |
[INFO] [stdout]     = note: `#[warn(unused_imports)]` (part of `#[warn(unused)]`) on by default
[INFO] [stdout] 
[INFO] [stdout] 
[INFO] [stdout] warning[E0133]: call to unsafe function `child_net::install_filter` is unsafe and requires unsafe block
[INFO] [stdout]   --> src/child_net.rs:17:5
[INFO] [stdout]    |
[INFO] [stdout] 17 | /     install_filter(&[
[INFO] [stdout] 18 | |         libc::SYS_connect,
[INFO] [stdout] 19 | |         libc::SYS_bind,
[INFO] [stdout] 20 | |         libc::SYS_sendto,
[INFO] [stdout] ...  |
[INFO] [stdout] 24 | |         libc::SYS_accept4,
[INFO] [stdout] 25 | |     ])
[INFO] [stdout]    | |______^ call to unsafe function
[INFO] [stdout]    |
[INFO] [stdout]    = note: consult the function's documentation for information on how to avoid undefined behavior
[INFO] [stdout] note: an unsafe function restricts its caller, but its body is safe by default
[INFO] [stdout]   --> src/child_net.rs:16:1
[INFO] [stdout]    |
[INFO] [stdout] 16 | pub unsafe fn install_child_network_filter() -> std::io::Result<()> {
[INFO] [stdout]    | ^^^^^^^^^^^^^^^^^^^^^^^^^^^^^^^^^^^^^^^^^^^^^^^^^^^^^^^^^^^^^^^^^^^
[INFO] [stdout]    = note: for more information, see <https://doc.rust-lang.org/edition-guide/rust-2024/unsafe-op-in-unsafe-fn.html>
[INFO] [stdout]    = note: `#[warn(unsafe_op_in_unsafe_fn)]` (part of `#[warn(rust_2024_compatibility)]`) on by default
[INFO] [stdout] 
[INFO] [stdout] 
[INFO] [stdout] warning[E0133]: call to unsafe function `child_net::install_filter` is unsafe and requires unsafe block
[INFO] [stdout]   --> src/child_net.rs:35:5
[INFO] [stdout]    |
[INFO] [stdout] 35 | /     install_filter(&[
[INFO] [stdout] 36 | |         libc::SYS_bind,
[INFO] [stdout] 37 | |         libc::SYS_listen,
[INFO] [stdout] 38 | |         libc::SYS_accept,
[INFO] [stdout] 39 | |         libc::SYS_accept4,
[INFO] [stdout] 40 | |     ])
[INFO] [stdout]    | |______^ call to unsafe function
[INFO] [stdout]    |
[INFO] [stdout]    = note: consult the function's documentation for information on how to avoid undefined behavior
[INFO] [stdout] note: an unsafe function restricts its caller, but its body is safe by default
[INFO] [stdout]   --> src/child_net.rs:34:1
[INFO] [stdout]    |
[INFO] [stdout] 34 | pub unsafe fn install_child_server_block_filter() -> std::io::Result<()> {
[INFO] [stdout]    | ^^^^^^^^^^^^^^^^^^^^^^^^^^^^^^^^^^^^^^^^^^^^^^^^^^^^^^^^^^^^^^^^^^^^^^^^
[INFO] [stdout]    = note: for more information, see <https://doc.rust-lang.org/edition-guide/rust-2024/unsafe-op-in-unsafe-fn.html>
[INFO] [stdout] 
[INFO] [stdout] 
[INFO] [stdout] For more information about this error, try `rustc --explain E0133`.
[INFO] [stdout] 
[INFO] [stderr]     Finished `release` profile [optimized] target(s) in 50.88s
[INFO] running `Command { std: "docker" "inspect" "97370cea516e5ea9b4a4eaa913836fdbc06ee29413983d5c6e7b4f9ea739ce96", kill_on_drop: false }`
[INFO] running `Command { std: "docker" "exec" "-e" "SOURCE_DIR=/opt/rustwide/workdir" "-e" "CARGO_HOME=/opt/rustwide/cargo-home" "-e" "RUSTUP_HOME=/opt/rustwide/rustup-home" "-e" "CARGO_TARGET_DIR=/opt/rustwide/target" "-e" "CARGO_INCREMENTAL=0" "-e" "RUST_BACKTRACE=full" "-e" "RUSTFLAGS=--cap-lints=warn" "-e" "RUSTDOCFLAGS=--cap-lints=warn" "-w" "/opt/rustwide/workdir" "--user" "0:0" "97370cea516e5ea9b4a4eaa913836fdbc06ee29413983d5c6e7b4f9ea739ce96" "/opt/rustwide/cargo-home/bin/cargo" "+1.99.0-beta.8" "test" "--frozen" "--release", kill_on_drop: false }`
[INFO] [stderr] warning: unused import: `std::os::unix::fs::PermissionsExt`
[INFO] [stderr]    --> src/bwrap.rs:108:9
[INFO] [stderr]     |
[INFO] [stderr] 108 |     use std::os::unix::fs::PermissionsExt;
[INFO] [stderr]     |         ^^^^^^^^^^^^^^^^^^^^^^^^^^^^^^^^^
[INFO] [stderr]     |
[INFO] [stderr]     = note: `#[warn(unused_imports)]` (part of `#[warn(unused)]`) on by default
[INFO] [stderr] 
[INFO] [stderr] warning[E0133]: call to unsafe function `child_net::install_filter` is unsafe and requires unsafe block
[INFO] [stderr]   --> src/child_net.rs:17:5
[INFO] [stderr]    |
[INFO] [stderr] 17 | /     install_filter(&[
[INFO] [stderr] 18 | |         libc::SYS_connect,
[INFO] [stderr] 19 | |         libc::SYS_bind,
[INFO] [stderr] 20 | |         libc::SYS_sendto,
[INFO] [stderr] ...  |
[INFO] [stderr] 24 | |         libc::SYS_accept4,
[INFO] [stderr] 25 | |     ])
[INFO] [stderr]    | |______^ call to unsafe function
[INFO] [stderr]    |
[INFO] [stderr]    = note: consult the function's documentation for information on how to avoid undefined behavior
[INFO] [stderr] note: an unsafe function restricts its caller, but its body is safe by default
[INFO] [stderr]   --> src/child_net.rs:16:1
[INFO] [stderr]    |
[INFO] [stderr] 16 | pub unsafe fn install_child_network_filter() -> std::io::Result<()> {
[INFO] [stderr]    | ^^^^^^^^^^^^^^^^^^^^^^^^^^^^^^^^^^^^^^^^^^^^^^^^^^^^^^^^^^^^^^^^^^^
[INFO] [stderr]    = note: for more information, see <https://doc.rust-lang.org/edition-guide/rust-2024/unsafe-op-in-unsafe-fn.html>
[INFO] [stderr]    = note: `#[warn(unsafe_op_in_unsafe_fn)]` (part of `#[warn(rust_2024_compatibility)]`) on by default
[INFO] [stderr] 
[INFO] [stderr] warning[E0133]: call to unsafe function `child_net::install_filter` is unsafe and requires unsafe block
[INFO] [stderr]   --> src/child_net.rs:35:5
[INFO] [stderr]    |
[INFO] [stderr] 35 | /     install_filter(&[
[INFO] [stderr] 36 | |         libc::SYS_bind,
[INFO] [stderr] 37 | |         libc::SYS_listen,
[INFO] [stderr] 38 | |         libc::SYS_accept,
[INFO] [stderr] 39 | |         libc::SYS_accept4,
[INFO] [stderr] 40 | |     ])
[INFO] [stderr]    | |______^ call to unsafe function
[INFO] [stderr]    |
[INFO] [stderr]    = note: consult the function's documentation for information on how to avoid undefined behavior
[INFO] [stderr] note: an unsafe function restricts its caller, but its body is safe by default
[INFO] [stderr]   --> src/child_net.rs:34:1
[INFO] [stderr]    |
[INFO] [stderr] 34 | pub unsafe fn install_child_server_block_filter() -> std::io::Result<()> {
[INFO] [stderr]    | ^^^^^^^^^^^^^^^^^^^^^^^^^^^^^^^^^^^^^^^^^^^^^^^^^^^^^^^^^^^^^^^^^^^^^^^^
[INFO] [stderr]    = note: for more information, see <https://doc.rust-lang.org/edition-guide/rust-2024/unsafe-op-in-unsafe-fn.html>
[INFO] [stderr] 
[INFO] [stderr] For more information about this error, try `rustc --explain E0133`.
[INFO] [stderr] warning: `eero-keel-enforce` (lib) generated 3 warnings (run `cargo fix --lib -p eero-keel-enforce` to apply 3 suggestions)
[INFO] [stderr] warning: `eero-keel-enforce` (lib test) generated 3 warnings (3 duplicates)
[INFO] [stderr]     Finished `release` profile [optimized] target(s) in 0.27s
[INFO] [stderr]      Running unittests src/lib.rs (/opt/rustwide/target/release/deps/keel_enforce-b868ad10a9f9eab5)
[INFO] [stdout] 
[INFO] [stdout] running 23 tests
[INFO] [stdout] test credentials::tests::parse_sources ... ok
[INFO] [stdout] test deny_glob::tests::glob_to_regex_relative ... ok
[INFO] [stdout] test credentials::tests::inject_does_not_overwrite ... ok
[INFO] [stdout] test credentials::tests::resolve_env_grant ... ok
[INFO] [stdout] test deny_glob::tests::soft_match_env ... ok
[INFO] [stdout] test compose::tests::composition_names ... ok
[INFO] [stdout] test bwrap::tests::no_wrap_without_deny ... FAILED
[INFO] [stdout] test process_guard::tests::deny_wins ... ok
[INFO] [stdout] test local_process::tests::optional_host_kernel_apply_smoke ... ok
[INFO] [stdout] test local_process::tests::maps_and_reports_info ... ok
[INFO] [stdout] test process_guard::tests::soft_fs_resolve_keeps_intermediate_dirs ... ok
[INFO] [stdout] test process_guard::tests::relative_paths_resolve_to_workspace ... ok
[INFO] [stdout] test process_guard::tests::soft_fs_resolve_symlink_escape_denied_by_soft_check ... ok
[INFO] [stdout] test process_guard::tests::workspace_write_rules ... ok
[INFO] [stdout] test map_caps::tests::deny_path_maps ... ok
[INFO] [stdout] test egress_proxy::tests::connect_denied_for_metadata ... ok
[INFO] [stdout] test egress_proxy::tests::proxy_binds ... ok
[INFO] [stdout] test worktree::tests::creates_directory_worktree ... ok
[INFO] [stdout] test deny_glob::tests::expand_finds_env_file ... ok
[INFO] [stdout] test process_guard::tests::soft_fs_path_traversal_normalized ... ok
[INFO] [stdout] test process_guard::tests::baseline_denies_ssh_and_dotenv_even_with_default_read ... ok
[INFO] [stdout] test map_caps::tests::maps_workspace_profile ... ok
[INFO] [stdout] test local_process::tests::isolate_prepare_does_not_mark_host_kernel ... ok
[INFO] [stdout] 
[INFO] [stdout] failures:
[INFO] [stdout] 
[INFO] [stdout] ---- bwrap::tests::no_wrap_without_deny stdout ----
[INFO] [stdout] 
[INFO] [stdout] thread 'bwrap::tests::no_wrap_without_deny' (5676) panicked at src/bwrap.rs:181:9:
[INFO] [stdout] assertion failed: denies.is_empty()
[INFO] [stdout] stack backtrace:
[INFO] [stdout]    0:     0x6363529c61e1 - <<std[70759c8f55707aa4]::sys::backtrace::BacktraceLock>::print::DisplayBacktrace as core[df12db4294e9bfd3]::fmt::Display>::fmt
[INFO] [stdout]    1:     0x6363529dd5aa - core[df12db4294e9bfd3]::fmt::write
[INFO] [stdout]    2:     0x6363529cb64c - <alloc[2182bb758b4b3781]::vec::Vec<u8> as core[df12db4294e9bfd3]::io::write::Write>::write_fmt
[INFO] [stdout]    3:     0x63635299e2c6 - std[70759c8f55707aa4]::panicking::default_hook::{closure#0}
[INFO] [stdout]    4:     0x6363529bcde9 - std[70759c8f55707aa4]::panicking::default_hook
[INFO] [stdout]    5:     0x636352801130 - test[9d35eded1c95d3be]::test_main_inner::<test[9d35eded1c95d3be]::test_main_static::{closure#0}>::{closure#0}
[INFO] [stdout]    6:     0x6363529bcfa2 - std[70759c8f55707aa4]::panicking::panic_with_hook
[INFO] [stdout]    7:     0x63635299e3a4 - std[70759c8f55707aa4]::panicking::panic_handler::{closure#0}
[INFO] [stdout]    8:     0x6363529966c9 - std[70759c8f55707aa4]::sys::backtrace::__rust_end_short_backtrace::<std[70759c8f55707aa4]::panicking::panic_handler::{closure#0}, !>
[INFO] [stdout]    9:     0x63635299f62d - __rustc[8fa7c3cbc660c2b3]::rust_begin_unwind
[INFO] [stdout]   10:     0x6363529ddd8c - core[df12db4294e9bfd3]::panicking::panic_fmt
[INFO] [stdout]   11:     0x6363529ddd52 - core[df12db4294e9bfd3]::panicking::panic
[INFO] [stdout]   12:     0x6363527f105d - keel_enforce[699d78c1ac4fbcb]::bwrap::tests::no_wrap_without_deny
[INFO] [stdout]   13:     0x6363527d5129 - <keel_enforce[699d78c1ac4fbcb]::bwrap::tests::no_wrap_without_deny::{closure#0} as core[df12db4294e9bfd3]::ops::function::FnOnce<()>>::call_once
[INFO] [stdout]   14:     0x6363527f441b - test[9d35eded1c95d3be]::__rust_begin_short_backtrace::<core[df12db4294e9bfd3]::result::Result<(), alloc[2182bb758b4b3781]::string::String>, fn() -> core[df12db4294e9bfd3]::result::Result<(), alloc[2182bb758b4b3781]::string::String>>
[INFO] [stdout]   15:     0x636352801a85 - test[9d35eded1c95d3be]::run_test::{closure#0}
[INFO] [stdout]   16:     0x6363527fb344 - std[70759c8f55707aa4]::sys::backtrace::__rust_begin_short_backtrace::<test[9d35eded1c95d3be]::run_test::{closure#1}, ()>
[INFO] [stdout]   17:     0x636352804be2 - <std[70759c8f55707aa4]::thread::lifecycle::spawn_unchecked<test[9d35eded1c95d3be]::run_test::{closure#1}, ()>::{closure#1} as core[df12db4294e9bfd3]::ops::function::FnOnce<()>>::call_once::{shim:vtable#0}
[INFO] [stdout]   18:     0x6363529c51b9 - <std[70759c8f55707aa4]::sys::thread::unix::Thread>::new::thread_start
[INFO] [stdout]   19:     0x779fe27e0dfa - <unknown>
[INFO] [stdout]   20:     0x779fe28743d4 - clone
[INFO] [stdout]   21:                0x0 - <unknown>
[INFO] [stdout] 
[INFO] [stdout] 
[INFO] [stdout] failures:
[INFO] [stdout]     bwrap::tests::no_wrap_without_deny
[INFO] [stdout] 
[INFO] [stdout] test result: FAILED. 22 passed; 1 failed; 0 ignored; 0 measured; 0 filtered out; finished in 0.03s
[INFO] [stdout] 
[INFO] [stderr] error: test failed, to rerun pass `--lib`
[INFO] running `Command { std: "docker" "inspect" "97370cea516e5ea9b4a4eaa913836fdbc06ee29413983d5c6e7b4f9ea739ce96", kill_on_drop: false }`
[INFO] running `Command { std: "docker" "rm" "-f" "97370cea516e5ea9b4a4eaa913836fdbc06ee29413983d5c6e7b4f9ea739ce96", kill_on_drop: false }`
[INFO] [stdout] 97370cea516e5ea9b4a4eaa913836fdbc06ee29413983d5c6e7b4f9ea739ce96
