[INFO] fetching crate edmunge 1.0.0...
[INFO] testing edmunge-1.0.0 against 1.99.0-beta.8+cargoflags=--release for beta-release-1.100-2
[INFO] extracting crate edmunge 1.0.0 into /workspace/builds/worker-4-tc1/source
[INFO] started tweaking crates.io crate edmunge 1.0.0
[INFO] finished tweaking crates.io crate edmunge 1.0.0
[INFO] tweaked toml for crates.io crate edmunge 1.0.0 written to /workspace/builds/worker-4-tc1/source/Cargo.toml
[INFO] validating manifest of crates.io crate edmunge 1.0.0 on toolchain 1.99.0-beta.8
[INFO] running `Command { std: CARGO_HOME="/workspace/cargo-home" RUSTUP_HOME="/workspace/rustup-home" "/workspace/cargo-home/bin/cargo" "+1.99.0-beta.8" "metadata" "--manifest-path" "Cargo.toml" "--no-deps", kill_on_drop: false }`
[INFO] running `Command { std: CARGO_HOME="/workspace/cargo-home" RUSTUP_HOME="/workspace/rustup-home" "/workspace/cargo-home/bin/cargo" "+1.99.0-beta.8" "generate-lockfile" "--manifest-path" "Cargo.toml", kill_on_drop: false }`
[INFO] [stderr]     Updating crates.io index
[INFO] [stderr]      Locking 31 packages to highest compatible versions
[INFO] [stderr]       Adding clap v2.34.0 (available: v4.6.7)
[INFO] running `Command { std: CARGO_HOME="/workspace/cargo-home" RUSTUP_HOME="/workspace/rustup-home" "/workspace/cargo-home/bin/cargo" "+1.99.0-beta.8" "fetch" "--manifest-path" "Cargo.toml", kill_on_drop: false }`
[INFO] [stderr] warning: Cargo.toml: `package.edition` is unspecified, defaulting to `2015` while the latest is `2024`
[INFO] [stderr] warning: `edmunge` (manifest) generated 1 warning
[INFO] [stderr]  Downloading crates ...
[INFO] [stderr]   Downloaded executable-path v1.0.1
[INFO] running `Command { std: "docker" "create" "-v" "/var/lib/crater-agent-workspace/builds/worker-4-tc1/source:/opt/rustwide/workdir:ro,Z" "-v" "/var/lib/crater-agent-workspace/builds/worker-4-tc1/target:/opt/rustwide/target:rw,Z" "-v" "/var/lib/crater-agent-workspace/cargo-home:/opt/rustwide/cargo-home:ro,Z" "-v" "/var/lib/crater-agent-workspace/rustup-home:/opt/rustwide/rustup-home:ro,Z" "-m" "1610612736" "--network" "none" "ghcr.io/rust-lang/crates-build-env/linux@sha256:77db811e55d90add9212f6832c23229e3de5f1c1f9905e8cb07319ea15df73ac" "sleep" "infinity", kill_on_drop: false }`
[INFO] [stdout] d644fd81c069c172c68aed9934336d40cdae05ae96552e32e801fa7fff3be0c6
[INFO] running `Command { std: "docker" "start" "d644fd81c069c172c68aed9934336d40cdae05ae96552e32e801fa7fff3be0c6", kill_on_drop: false }`
[INFO] running `Command { std: "docker" "inspect" "d644fd81c069c172c68aed9934336d40cdae05ae96552e32e801fa7fff3be0c6", kill_on_drop: false }`
[INFO] running `Command { std: "docker" "exec" "-e" "SOURCE_DIR=/opt/rustwide/workdir" "-e" "CARGO_HOME=/opt/rustwide/cargo-home" "-e" "RUSTUP_HOME=/opt/rustwide/rustup-home" "-e" "CARGO_TARGET_DIR=/opt/rustwide/target" "-w" "/opt/rustwide/workdir" "--user" "0:0" "d644fd81c069c172c68aed9934336d40cdae05ae96552e32e801fa7fff3be0c6" "/opt/rustwide/cargo-home/bin/cargo" "+1.99.0-beta.8" "metadata" "--no-deps" "--format-version=1", kill_on_drop: false }`
[INFO] running `Command { std: "docker" "inspect" "d644fd81c069c172c68aed9934336d40cdae05ae96552e32e801fa7fff3be0c6", kill_on_drop: false }`
[INFO] running `Command { std: "docker" "exec" "-e" "SOURCE_DIR=/opt/rustwide/workdir" "-e" "CARGO_HOME=/opt/rustwide/cargo-home" "-e" "RUSTUP_HOME=/opt/rustwide/rustup-home" "-e" "CARGO_TARGET_DIR=/opt/rustwide/target" "-e" "CARGO_INCREMENTAL=0" "-e" "RUST_BACKTRACE=full" "-e" "RUSTFLAGS=--cap-lints=warn" "-e" "RUSTDOCFLAGS=--cap-lints=warn" "-w" "/opt/rustwide/workdir" "--user" "0:0" "d644fd81c069c172c68aed9934336d40cdae05ae96552e32e801fa7fff3be0c6" "/opt/rustwide/cargo-home/bin/cargo" "+1.99.0-beta.8" "build" "--frozen" "--message-format=json" "--release", kill_on_drop: false }`
[INFO] [stderr] warning: Cargo.toml: `package.edition` is unspecified, defaulting to `2015` while the latest is `2024`
[INFO] [stderr] warning: `edmunge` (manifest) generated 1 warning
[INFO] [stderr]    Compiling libc v0.2.191
[INFO] [stderr]    Compiling strsim v0.8.0
[INFO] [stderr]    Compiling ansi_term v0.12.1
[INFO] [stderr]    Compiling vec_map v0.8.2
[INFO] [stderr]    Compiling regex-automata v0.4.18
[INFO] [stderr]    Compiling atty v0.2.14
[INFO] [stderr]    Compiling getrandom v0.4.3
[INFO] [stderr]    Compiling clap v2.34.0
[INFO] [stderr]    Compiling tempfile v3.27.0
[INFO] [stderr]    Compiling regex v1.13.1
[INFO] [stderr]    Compiling edmunge v1.0.0 (/opt/rustwide/workdir)
[INFO] [stderr]     Finished `release` profile [optimized] target(s) in 18.69s
[INFO] running `Command { std: "docker" "inspect" "d644fd81c069c172c68aed9934336d40cdae05ae96552e32e801fa7fff3be0c6", kill_on_drop: false }`
[INFO] running `Command { std: "docker" "exec" "-e" "SOURCE_DIR=/opt/rustwide/workdir" "-e" "CARGO_HOME=/opt/rustwide/cargo-home" "-e" "RUSTUP_HOME=/opt/rustwide/rustup-home" "-e" "CARGO_TARGET_DIR=/opt/rustwide/target" "-e" "CARGO_INCREMENTAL=0" "-e" "RUST_BACKTRACE=full" "-e" "RUSTFLAGS=--cap-lints=warn" "-e" "RUSTDOCFLAGS=--cap-lints=warn" "-w" "/opt/rustwide/workdir" "--user" "0:0" "d644fd81c069c172c68aed9934336d40cdae05ae96552e32e801fa7fff3be0c6" "/opt/rustwide/cargo-home/bin/cargo" "+1.99.0-beta.8" "test" "--frozen" "--no-run" "--message-format=json" "--release", kill_on_drop: false }`
[INFO] [stderr] warning: Cargo.toml: `package.edition` is unspecified, defaulting to `2015` while the latest is `2024`
[INFO] [stderr] warning: `edmunge` (manifest) generated 1 warning
[INFO] [stderr]    Compiling executable-path v1.0.1
[INFO] [stderr]    Compiling edmunge v1.0.0 (/opt/rustwide/workdir)
[INFO] [stderr]     Finished `release` profile [optimized] target(s) in 0.81s
[INFO] running `Command { std: "docker" "inspect" "d644fd81c069c172c68aed9934336d40cdae05ae96552e32e801fa7fff3be0c6", kill_on_drop: false }`
[INFO] running `Command { std: "docker" "exec" "-e" "SOURCE_DIR=/opt/rustwide/workdir" "-e" "CARGO_HOME=/opt/rustwide/cargo-home" "-e" "RUSTUP_HOME=/opt/rustwide/rustup-home" "-e" "CARGO_TARGET_DIR=/opt/rustwide/target" "-e" "CARGO_INCREMENTAL=0" "-e" "RUST_BACKTRACE=full" "-e" "RUSTFLAGS=--cap-lints=warn" "-e" "RUSTDOCFLAGS=--cap-lints=warn" "-w" "/opt/rustwide/workdir" "--user" "0:0" "d644fd81c069c172c68aed9934336d40cdae05ae96552e32e801fa7fff3be0c6" "/opt/rustwide/cargo-home/bin/cargo" "+1.99.0-beta.8" "test" "--frozen" "--release", kill_on_drop: false }`
[INFO] [stderr] warning: Cargo.toml: `package.edition` is unspecified, defaulting to `2015` while the latest is `2024`
[INFO] [stderr] warning: `edmunge` (manifest) generated 1 warning
[INFO] [stderr]     Finished `release` profile [optimized] target(s) in 0.04s
[INFO] [stderr]      Running unittests src/main.rs (/opt/rustwide/target/release/deps/edmunge-919ee3cbcb80f80f)
[INFO] [stdout] 
[INFO] [stdout] running 1 test
[INFO] [stdout] test test::preprocessor ... ok
[INFO] [stdout] 
[INFO] [stdout] test result: ok. 1 passed; 0 failed; 0 ignored; 0 measured; 0 filtered out; finished in 0.01s
[INFO] [stdout] 
[INFO] [stderr]      Running tests/integration.rs (/opt/rustwide/target/release/deps/integration-fbf7872956fd3a1d)
[INFO] [stdout] 
[INFO] [stdout] running 1 test
[INFO] [stdout] test simple ... FAILED
[INFO] [stdout] 
[INFO] [stdout] failures:
[INFO] [stdout] 
[INFO] [stdout] ---- simple stdout ----
[INFO] [stdout] Output { status: ExitStatus(unix_wait_status(25856)), stdout: "", stderr: "\nthread 'main' (403) panicked at src/main.rs:48:8:\nFailed to launch ed.: Os { code: 2, kind: NotFound, message: \"No such file or directory\" }\nstack backtrace:\n   0:     0x626e92c63421 - <<std[70759c8f55707aa4]::sys::backtrace::BacktraceLock>::print::DisplayBacktrace as core[df12db4294e9bfd3]::fmt::Display>::fmt\n   1:     0x626e92c7715a - core[df12db4294e9bfd3]::fmt::write\n   2:     0x626e92c6764c - <std[70759c8f55707aa4]::sys::stdio::unix::Stderr as core[df12db4294e9bfd3]::io::write::Write>::write_fmt\n   3:     0x626e92c43586 - std[70759c8f55707aa4]::panicking::default_hook::{closure#0}\n   4:     0x626e92c5c701 - std[70759c8f55707aa4]::panicking::default_hook\n   5:     0x626e92c5c8bb - std[70759c8f55707aa4]::panicking::panic_with_hook\n   6:     0x626e92c43632 - std[70759c8f55707aa4]::panicking::panic_handler::{closure#0}\n   7:     0x626e92c3c399 - std[70759c8f55707aa4]::sys::backtrace::__rust_end_short_backtrace::<std[70759c8f55707aa4]::panicking::panic_handler::{closure#0}, !>\n   8:     0x626e92c4429d - __rustc[8fa7c3cbc660c2b3]::rust_begin_unwind\n   9:     0x626e92c7793c - core[df12db4294e9bfd3]::panicking::panic_fmt\n  10:     0x626e92c77712 - core[df12db4294e9bfd3]::result::unwrap_failed\n  11:     0x626e92b1d7f5 - edmunge[3c6a20b0e49f42c1]::main\n  12:     0x626e92b193d3 - std[70759c8f55707aa4]::sys::backtrace::__rust_begin_short_backtrace::<fn(), ()>\n  13:     0x626e92b195c9 - std[70759c8f55707aa4]::rt::lang_start::<()>::{closure#0}\n  14:     0x626e92c5b8a9 - std[70759c8f55707aa4]::rt::lang_start_internal\n  15:     0x626e92b1e755 - main\n  16:     0x7b4f80be2601 - <unknown>\n  17:     0x7b4f80be2718 - __libc_start_main\n  18:     0x626e92b18015 - _start\n  19:                0x0 - <unknown>\n" }
[INFO] [stdout] 
[INFO] [stdout] thread 'simple' (402) panicked at tests/integration.rs:69:1:
[INFO] [stdout] assertion `left == right` failed
[INFO] [stdout]   left: "a\n"
[INFO] [stdout]  right: "b\n"
[INFO] [stdout] stack backtrace:
[INFO] [stdout]    0:     0x634cde2c9241 - <<std[70759c8f55707aa4]::sys::backtrace::BacktraceLock>::print::DisplayBacktrace as core[df12db4294e9bfd3]::fmt::Display>::fmt
[INFO] [stdout]    1:     0x634cde2ddc0a - core[df12db4294e9bfd3]::fmt::write
[INFO] [stdout]    2:     0x634cde2cdb7c - <alloc[2182bb758b4b3781]::vec::Vec<u8> as core[df12db4294e9bfd3]::io::write::Write>::write_fmt
[INFO] [stdout]    3:     0x634cde2a3c46 - std[70759c8f55707aa4]::panicking::default_hook::{closure#0}
[INFO] [stdout]    4:     0x634cde2c0d39 - std[70759c8f55707aa4]::panicking::default_hook
[INFO] [stdout]    5:     0x634cde25a230 - test[9d35eded1c95d3be]::test_main_inner::<test[9d35eded1c95d3be]::test_main_static::{closure#0}>::{closure#0}
[INFO] [stdout]    6:     0x634cde2c0ef2 - std[70759c8f55707aa4]::panicking::panic_with_hook
[INFO] [stdout]    7:     0x634cde2a3cf2 - std[70759c8f55707aa4]::panicking::panic_handler::{closure#0}
[INFO] [stdout]    8:     0x634cde29c7c9 - std[70759c8f55707aa4]::sys::backtrace::__rust_end_short_backtrace::<std[70759c8f55707aa4]::panicking::panic_handler::{closure#0}, !>
[INFO] [stdout]    9:     0x634cde2a48ed - __rustc[8fa7c3cbc660c2b3]::rust_begin_unwind
[INFO] [stdout]   10:     0x634cde2de33c - core[df12db4294e9bfd3]::panicking::panic_fmt
[INFO] [stdout]   11:     0x634cde2de253 - core[df12db4294e9bfd3]::panicking::assert_failed_inner
[INFO] [stdout]   12:     0x634cde24c61d - core[df12db4294e9bfd3]::panicking::assert_failed::<alloc[2182bb758b4b3781]::string::String, &str>
[INFO] [stdout]   13:     0x634cde24cc33 - integration[be6aabebf76cc4c2]::simple
[INFO] [stdout]   14:     0x634cde24d4a9 - <integration[be6aabebf76cc4c2]::simple::{closure#0} as core[df12db4294e9bfd3]::ops::function::FnOnce<()>>::call_once
[INFO] [stdout]   15:     0x634cde24d51b - test[9d35eded1c95d3be]::__rust_begin_short_backtrace::<core[df12db4294e9bfd3]::result::Result<(), alloc[2182bb758b4b3781]::string::String>, fn() -> core[df12db4294e9bfd3]::result::Result<(), alloc[2182bb758b4b3781]::string::String>>
[INFO] [stdout]   16:     0x634cde25ab85 - test[9d35eded1c95d3be]::run_test::{closure#0}
[INFO] [stdout]   17:     0x634cde254444 - std[70759c8f55707aa4]::sys::backtrace::__rust_begin_short_backtrace::<test[9d35eded1c95d3be]::run_test::{closure#1}, ()>
[INFO] [stdout]   18:     0x634cde25dce2 - <std[70759c8f55707aa4]::thread::lifecycle::spawn_unchecked<test[9d35eded1c95d3be]::run_test::{closure#1}, ()>::{closure#1} as core[df12db4294e9bfd3]::ops::function::FnOnce<()>>::call_once::{shim:vtable#0}
[INFO] [stdout]   19:     0x634cde2c85b9 - <std[70759c8f55707aa4]::sys::thread::unix::Thread>::new::thread_start
[INFO] [stdout]   20:     0x79ef0d45cdfa - <unknown>
[INFO] [stdout]   21:     0x79ef0d4f03d4 - clone
[INFO] [stdout]   22:                0x0 - <unknown>
[INFO] [stdout] 
[INFO] [stdout] 
[INFO] [stdout] failures:
[INFO] [stdout]     simple
[INFO] [stdout] 
[INFO] [stdout] test result: FAILED. 0 passed; 1 failed; 0 ignored; 0 measured; 0 filtered out; finished in 0.02s
[INFO] [stdout] 
[INFO] [stderr] error: test failed, to rerun pass `--test integration`
[INFO] running `Command { std: "docker" "inspect" "d644fd81c069c172c68aed9934336d40cdae05ae96552e32e801fa7fff3be0c6", kill_on_drop: false }`
[INFO] running `Command { std: "docker" "rm" "-f" "d644fd81c069c172c68aed9934336d40cdae05ae96552e32e801fa7fff3be0c6", kill_on_drop: false }`
[INFO] [stdout] d644fd81c069c172c68aed9934336d40cdae05ae96552e32e801fa7fff3be0c6
