[INFO] fetching crate edjr 0.2.0...
[INFO] testing edjr-0.2.0 against 1.99.0-beta.8+cargoflags=--release for beta-release-1.100-2
[INFO] extracting crate edjr 0.2.0 into /workspace/builds/worker-7-tc1/source
[INFO] started tweaking crates.io crate edjr 0.2.0
[INFO] finished tweaking crates.io crate edjr 0.2.0
[INFO] tweaked toml for crates.io crate edjr 0.2.0 written to /workspace/builds/worker-7-tc1/source/Cargo.toml
[INFO] validating manifest of crates.io crate edjr 0.2.0 on toolchain 1.99.0-beta.8
[INFO] running `Command { std: CARGO_HOME="/workspace/cargo-home" RUSTUP_HOME="/workspace/rustup-home" "/workspace/cargo-home/bin/cargo" "+1.99.0-beta.8" "metadata" "--manifest-path" "Cargo.toml" "--no-deps", kill_on_drop: false }`
[INFO] crate crates.io crate edjr 0.2.0 already has a lockfile, it will not be regenerated
[INFO] running `Command { std: CARGO_HOME="/workspace/cargo-home" RUSTUP_HOME="/workspace/rustup-home" "/workspace/cargo-home/bin/cargo" "+1.99.0-beta.8" "fetch" "--manifest-path" "Cargo.toml", kill_on_drop: false }`
[INFO] running `Command { std: "docker" "create" "-v" "/var/lib/crater-agent-workspace/builds/worker-7-tc1/source:/opt/rustwide/workdir:ro,Z" "-v" "/var/lib/crater-agent-workspace/builds/worker-7-tc1/target:/opt/rustwide/target:rw,Z" "-v" "/var/lib/crater-agent-workspace/cargo-home:/opt/rustwide/cargo-home:ro,Z" "-v" "/var/lib/crater-agent-workspace/rustup-home:/opt/rustwide/rustup-home:ro,Z" "-m" "1610612736" "--network" "none" "ghcr.io/rust-lang/crates-build-env/linux@sha256:77db811e55d90add9212f6832c23229e3de5f1c1f9905e8cb07319ea15df73ac" "sleep" "infinity", kill_on_drop: false }`
[INFO] [stdout] 47d9a536688080a209065b9a6870d37248e5102aa82e3e023d57cc826fc28c03
[INFO] running `Command { std: "docker" "start" "47d9a536688080a209065b9a6870d37248e5102aa82e3e023d57cc826fc28c03", kill_on_drop: false }`
[INFO] running `Command { std: "docker" "inspect" "47d9a536688080a209065b9a6870d37248e5102aa82e3e023d57cc826fc28c03", kill_on_drop: false }`
[INFO] running `Command { std: "docker" "exec" "-e" "SOURCE_DIR=/opt/rustwide/workdir" "-e" "CARGO_HOME=/opt/rustwide/cargo-home" "-e" "RUSTUP_HOME=/opt/rustwide/rustup-home" "-e" "CARGO_TARGET_DIR=/opt/rustwide/target" "-w" "/opt/rustwide/workdir" "--user" "0:0" "47d9a536688080a209065b9a6870d37248e5102aa82e3e023d57cc826fc28c03" "/opt/rustwide/cargo-home/bin/cargo" "+1.99.0-beta.8" "metadata" "--no-deps" "--format-version=1", kill_on_drop: false }`
[INFO] running `Command { std: "docker" "inspect" "47d9a536688080a209065b9a6870d37248e5102aa82e3e023d57cc826fc28c03", kill_on_drop: false }`
[INFO] running `Command { std: "docker" "exec" "-e" "SOURCE_DIR=/opt/rustwide/workdir" "-e" "CARGO_HOME=/opt/rustwide/cargo-home" "-e" "RUSTUP_HOME=/opt/rustwide/rustup-home" "-e" "CARGO_TARGET_DIR=/opt/rustwide/target" "-e" "CARGO_INCREMENTAL=0" "-e" "RUST_BACKTRACE=full" "-e" "RUSTFLAGS=--cap-lints=warn" "-e" "RUSTDOCFLAGS=--cap-lints=warn" "-w" "/opt/rustwide/workdir" "--user" "0:0" "47d9a536688080a209065b9a6870d37248e5102aa82e3e023d57cc826fc28c03" "/opt/rustwide/cargo-home/bin/cargo" "+1.99.0-beta.8" "build" "--frozen" "--message-format=json" "--release", kill_on_drop: false }`
[INFO] [stderr]    Compiling serde_derive v1.0.228
[INFO] [stderr]    Compiling serde_repr v0.1.20
[INFO] [stderr]    Compiling serde v1.0.228
[INFO] [stderr]    Compiling chrono v0.4.44
[INFO] [stderr]    Compiling edjr v0.2.0 (/opt/rustwide/workdir)
[INFO] [stdout] warning: unused import: `crate::events::*`
[INFO] [stdout]  --> src/event.rs:3:5
[INFO] [stdout]   |
[INFO] [stdout] 3 |     crate::events::*,
[INFO] [stdout]   |     ^^^^^^^^^^^^^^^^
[INFO] [stdout]   |
[INFO] [stdout]   = note: `#[warn(unused_imports)]` (part of `#[warn(unused)]`) on by default
[INFO] [stdout] 
[INFO] [stdout] 
[INFO] [stderr]     Finished `release` profile [optimized] target(s) in 10.95s
[INFO] running `Command { std: "docker" "inspect" "47d9a536688080a209065b9a6870d37248e5102aa82e3e023d57cc826fc28c03", kill_on_drop: false }`
[INFO] running `Command { std: "docker" "exec" "-e" "SOURCE_DIR=/opt/rustwide/workdir" "-e" "CARGO_HOME=/opt/rustwide/cargo-home" "-e" "RUSTUP_HOME=/opt/rustwide/rustup-home" "-e" "CARGO_TARGET_DIR=/opt/rustwide/target" "-e" "CARGO_INCREMENTAL=0" "-e" "RUST_BACKTRACE=full" "-e" "RUSTFLAGS=--cap-lints=warn" "-e" "RUSTDOCFLAGS=--cap-lints=warn" "-w" "/opt/rustwide/workdir" "--user" "0:0" "47d9a536688080a209065b9a6870d37248e5102aa82e3e023d57cc826fc28c03" "/opt/rustwide/cargo-home/bin/cargo" "+1.99.0-beta.8" "test" "--frozen" "--no-run" "--message-format=json" "--release", kill_on_drop: false }`
[INFO] [stderr]    Compiling edjr v0.2.0 (/opt/rustwide/workdir)
[INFO] [stdout] warning: unused import: `crate::events::*`
[INFO] [stdout]  --> src/event.rs:3:5
[INFO] [stdout]   |
[INFO] [stdout] 3 |     crate::events::*,
[INFO] [stdout]   |     ^^^^^^^^^^^^^^^^
[INFO] [stdout]   |
[INFO] [stdout]   = note: `#[warn(unused_imports)]` (part of `#[warn(unused)]`) on by default
[INFO] [stdout] 
[INFO] [stdout] 
[INFO] [stdout] warning: unused import: `crate::events::*`
[INFO] [stdout]  --> src/event.rs:3:5
[INFO] [stdout]   |
[INFO] [stdout] 3 |     crate::events::*,
[INFO] [stdout]   |     ^^^^^^^^^^^^^^^^
[INFO] [stdout]   |
[INFO] [stdout]   = note: `#[warn(unused_imports)]` (part of `#[warn(unused)]`) on by default
[INFO] [stdout] 
[INFO] [stdout] 
[INFO] [stderr]     Finished `release` profile [optimized] target(s) in 1.07s
[INFO] running `Command { std: "docker" "inspect" "47d9a536688080a209065b9a6870d37248e5102aa82e3e023d57cc826fc28c03", kill_on_drop: false }`
[INFO] running `Command { std: "docker" "exec" "-e" "SOURCE_DIR=/opt/rustwide/workdir" "-e" "CARGO_HOME=/opt/rustwide/cargo-home" "-e" "RUSTUP_HOME=/opt/rustwide/rustup-home" "-e" "CARGO_TARGET_DIR=/opt/rustwide/target" "-e" "CARGO_INCREMENTAL=0" "-e" "RUST_BACKTRACE=full" "-e" "RUSTFLAGS=--cap-lints=warn" "-e" "RUSTDOCFLAGS=--cap-lints=warn" "-w" "/opt/rustwide/workdir" "--user" "0:0" "47d9a536688080a209065b9a6870d37248e5102aa82e3e023d57cc826fc28c03" "/opt/rustwide/cargo-home/bin/cargo" "+1.99.0-beta.8" "test" "--frozen" "--release", kill_on_drop: false }`
[INFO] [stderr] warning: unused import: `crate::events::*`
[INFO] [stderr]  --> src/event.rs:3:5
[INFO] [stderr]   |
[INFO] [stderr] 3 |     crate::events::*,
[INFO] [stderr]   |     ^^^^^^^^^^^^^^^^
[INFO] [stderr]   |
[INFO] [stderr]   = note: `#[warn(unused_imports)]` (part of `#[warn(unused)]`) on by default
[INFO] [stderr] 
[INFO] [stderr] warning: `edjr` (lib) generated 1 warning (run `cargo fix --lib -p edjr` to apply 1 suggestion)
[INFO] [stderr] warning: `edjr` (lib test) generated 1 warning (1 duplicate)
[INFO] [stderr]     Finished `release` profile [optimized] target(s) in 0.05s
[INFO] [stderr]      Running unittests src/lib.rs (/opt/rustwide/target/release/deps/edjr-4240d58a26e87a06)
[INFO] [stderr]    Doc-tests edjr
[INFO] [stdout] 
[INFO] [stdout] running 0 tests
[INFO] [stdout] 
[INFO] [stdout] test result: ok. 0 passed; 0 failed; 0 ignored; 0 measured; 0 filtered out; finished in 0.00s
[INFO] [stdout] 
[INFO] [stdout] 
[INFO] [stdout] running 6 tests
[INFO] [stdout] test src/lib.rs - (line 32) - compile ... FAILED
[INFO] [stdout] test src/journal.rs - journal::Journal<File>::read_all (line 47) - compile ... FAILED
[INFO] [stdout] test src/journal.rs - journal::Journal<File>::open (line 26) - compile ... ok
[INFO] [stdout] test src/events/mod.rs - events (line 4) - compile ... FAILED
[INFO] [stdout] test src/lib.rs - (line 15) - compile ... FAILED
[INFO] [stdout] test src/journal.rs - journal::Journal<File>::iter (line 71) - compile ... ok
[INFO] [stdout] 
[INFO] [stdout] failures:
[INFO] [stdout] 
[INFO] [stdout] ---- src/lib.rs - (line 32) stdout ----
[INFO] [stdout] error[E0433]: cannot find module or crate `tokio` in this scope
[INFO] [stdout]   --> src/lib.rs:37:5
[INFO] [stdout]    |
[INFO] [stdout] 37 |     tokio::fs::File,
[INFO] [stdout]    |     ^^^^^ use of unresolved module or unlinked crate `tokio`
[INFO] [stdout]    |
[INFO] [stdout] help: to make use of source file src/tokio/mod.rs, use `mod tokio` in this file to declare the module
[INFO] [stdout]    |
[INFO] [stdout] 32 + mod tokio;
[INFO] [stdout]    |
[INFO] [stdout] 
[INFO] [stdout] error[E0432]: unresolved import `edjr::async_read`
[INFO] [stdout]   --> src/lib.rs:35:30
[INFO] [stdout]    |
[INFO] [stdout] 35 |     edjr::{journal::Journal, async_read::AsyncRead},
[INFO] [stdout]    |                              ^^^^^^^^^^ could not find `async_read` in `edjr`
[INFO] [stdout] 
[INFO] [stdout] error[E0433]: cannot find module or crate `tokio` in this scope
[INFO] [stdout]   --> src/lib.rs:40:3
[INFO] [stdout]    |
[INFO] [stdout] 40 | #[tokio::main]
[INFO] [stdout]    |   ^^^^^ use of unresolved module or unlinked crate `tokio`
[INFO] [stdout] 
[INFO] [stdout] error[E0728]: `await` is only allowed inside `async` functions and blocks
[INFO] [stdout]   --> src/lib.rs:44:59
[INFO] [stdout]    |
[INFO] [stdout] 41 | fn main() -> Result<(), Box<dyn Error>> {
[INFO] [stdout]    | --------------------------------------- this is not `async`
[INFO] [stdout] ...
[INFO] [stdout] 44 |     let mut journal = Journal::<File>::open(journal_path).await?;
[INFO] [stdout]    |                                                           ^^^^^ only allowed inside `async` functions and blocks
[INFO] [stdout] 
[INFO] [stdout] error[E0728]: `await` is only allowed inside `async` functions and blocks
[INFO] [stdout]   --> src/lib.rs:45:38
[INFO] [stdout]    |
[INFO] [stdout] 41 | fn main() -> Result<(), Box<dyn Error>> {
[INFO] [stdout]    | --------------------------------------- this is not `async`
[INFO] [stdout] ...
[INFO] [stdout] 45 |     let entries = journal.read_all().await?;
[INFO] [stdout]    |                                      ^^^^^ only allowed inside `async` functions and blocks
[INFO] [stdout] 
[INFO] [stdout] error: aborting due to 5 previous errors
[INFO] [stdout] 
[INFO] [stdout] Some errors have detailed explanations: E0432, E0433, E0728.
[INFO] [stdout] For more information about an error, try `rustc --explain E0432`.
[INFO] [stdout] Couldn't compile the test.
[INFO] [stdout] ---- src/journal.rs - journal::Journal<File>::read_all (line 47) stdout ----
[INFO] [stdout] error[E0596]: cannot borrow `journal` as mutable, as it is not declared as mutable
[INFO] [stdout]   --> src/journal.rs:53:19
[INFO] [stdout]    |
[INFO] [stdout] 53 |     let entries = journal.read_all()?;
[INFO] [stdout]    |                   ^^^^^^^ cannot borrow as mutable
[INFO] [stdout]    |
[INFO] [stdout] help: consider changing this to be mutable
[INFO] [stdout]    |
[INFO] [stdout] 52 |     let mut journal = Journal::<File>::open("/Path/to/my/journals/Journal.date.log")?;
[INFO] [stdout]    |         +++
[INFO] [stdout] 
[INFO] [stdout] error: aborting due to 1 previous error
[INFO] [stdout] 
[INFO] [stdout] For more information about this error, try `rustc --explain E0596`.
[INFO] [stdout] Couldn't compile the test.
[INFO] [stdout] ---- src/events/mod.rs - events (line 4) stdout ----
[INFO] [stdout] error[E0432]: unresolved imports `edjr::Read`, `edjr::event::Commander`
[INFO] [stdout]  --> src/events/mod.rs:6:53
[INFO] [stdout]   |
[INFO] [stdout] 6 | use {std::{error::Error, fs::File}, edjr::{Journal, Read, event::Commander}};
[INFO] [stdout]   |                                                     ^^^^  ^^^^^^^---------
[INFO] [stdout]   |                                                     |            |
[INFO] [stdout]   |                                                     |            no `Commander` in `event`
[INFO] [stdout]   |                                                     no `Read` in the root
[INFO] [stdout]   |
[INFO] [stdout]   = help: consider importing one of these items instead:
[INFO] [stdout]           std::io::Read
[INFO] [stdout]           std::net::Shutdown::Read
[INFO] [stdout] 
[INFO] [stdout] error[E0425]: cannot find value `commander` in this scope
[INFO] [stdout]   --> src/events/mod.rs:13:66
[INFO] [stdout]    |
[INFO] [stdout] 13 |             Commander(commader) => println!("I'm commander {}!", commander.name),
[INFO] [stdout]    |                                                                  ^^^^^^^^^
[INFO] [stdout]    |
[INFO] [stdout] help: a local variable with a similar name exists
[INFO] [stdout]    |
[INFO] [stdout] 13 -             Commander(commader) => println!("I'm commander {}!", commander.name),
[INFO] [stdout] 13 +             Commander(commader) => println!("I'm commander {}!", commader.name),
[INFO] [stdout]    |
[INFO] [stdout] 
[INFO] [stdout] error: aborting due to 2 previous errors
[INFO] [stdout] 
[INFO] [stdout] Some errors have detailed explanations: E0425, E0432.
[INFO] [stdout] For more information about an error, try `rustc --explain E0425`.
[INFO] [stdout] Couldn't compile the test.
[INFO] [stdout] ---- src/lib.rs - (line 15) stdout ----
[INFO] [stdout] error[E0432]: unresolved import `edjr::read`
[INFO] [stdout]   --> src/lib.rs:18:30
[INFO] [stdout]    |
[INFO] [stdout] 18 |     edjr::{journal::Journal, read::Read},
[INFO] [stdout]    |                              ^^^^ could not find `read` in `edjr`
[INFO] [stdout] 
[INFO] [stdout] error: aborting due to 1 previous error
[INFO] [stdout] 
[INFO] [stdout] For more information about this error, try `rustc --explain E0432`.
[INFO] [stdout] Couldn't compile the test.
[INFO] [stdout] 
[INFO] [stdout] failures:
[INFO] [stdout]     src/events/mod.rs - events (line 4)
[INFO] [stdout]     src/journal.rs - journal::Journal<File>::read_all (line 47)
[INFO] [stdout]     src/lib.rs - (line 15)
[INFO] [stdout]     src/lib.rs - (line 32)
[INFO] [stdout] 
[INFO] [stdout] test result: FAILED. 2 passed; 4 failed; 0 ignored; 0 measured; 0 filtered out; finished in 0.31s
[INFO] [stdout] 
[INFO] [stdout] all doctests ran in 0.54s; merged doctests compilation took 0.23s
[INFO] [stderr] error: doctest failed, to rerun pass `--doc`
[INFO] running `Command { std: "docker" "inspect" "47d9a536688080a209065b9a6870d37248e5102aa82e3e023d57cc826fc28c03", kill_on_drop: false }`
[INFO] running `Command { std: "docker" "rm" "-f" "47d9a536688080a209065b9a6870d37248e5102aa82e3e023d57cc826fc28c03", kill_on_drop: false }`
[INFO] [stdout] 47d9a536688080a209065b9a6870d37248e5102aa82e3e023d57cc826fc28c03
