[INFO] fetching crate edikt-ini 0.4.1...
[INFO] testing edikt-ini-0.4.1 against 1.99.0-beta.8+cargoflags=--release for beta-release-1.100-2
[INFO] extracting crate edikt-ini 0.4.1 into /workspace/builds/worker-5-tc1/source
[INFO] started tweaking crates.io crate edikt-ini 0.4.1
[INFO] finished tweaking crates.io crate edikt-ini 0.4.1
[INFO] tweaked toml for crates.io crate edikt-ini 0.4.1 written to /workspace/builds/worker-5-tc1/source/Cargo.toml
[INFO] validating manifest of crates.io crate edikt-ini 0.4.1 on toolchain 1.99.0-beta.8
[INFO] running `Command { std: CARGO_HOME="/workspace/cargo-home" RUSTUP_HOME="/workspace/rustup-home" "/workspace/cargo-home/bin/cargo" "+1.99.0-beta.8" "metadata" "--manifest-path" "Cargo.toml" "--no-deps", kill_on_drop: false }`
[INFO] crate crates.io crate edikt-ini 0.4.1 already has a lockfile, it will not be regenerated
[INFO] running `Command { std: CARGO_HOME="/workspace/cargo-home" RUSTUP_HOME="/workspace/rustup-home" "/workspace/cargo-home/bin/cargo" "+1.99.0-beta.8" "fetch" "--manifest-path" "Cargo.toml", kill_on_drop: false }`
[INFO] [stderr]     Updating crates.io index
[INFO] [stderr]  Downloading crates ...
[INFO] [stderr]   Downloaded edikt-core v0.6.1
[INFO] [stderr]   Downloaded edikt-syntax v0.2.1
[INFO] [stderr]   Downloaded rowan v0.16.1
[INFO] running `Command { std: "docker" "create" "-v" "/var/lib/crater-agent-workspace/builds/worker-5-tc1/source:/opt/rustwide/workdir:ro,Z" "-v" "/var/lib/crater-agent-workspace/builds/worker-5-tc1/target:/opt/rustwide/target:rw,Z" "-v" "/var/lib/crater-agent-workspace/cargo-home:/opt/rustwide/cargo-home:ro,Z" "-v" "/var/lib/crater-agent-workspace/rustup-home:/opt/rustwide/rustup-home:ro,Z" "-m" "1610612736" "--network" "none" "ghcr.io/rust-lang/crates-build-env/linux@sha256:77db811e55d90add9212f6832c23229e3de5f1c1f9905e8cb07319ea15df73ac" "sleep" "infinity", kill_on_drop: false }`
[INFO] [stdout] bb76019d6062bab7d83e0748c7d2f27613781cfe08220a52a92e427ac6b77ce3
[INFO] running `Command { std: "docker" "start" "bb76019d6062bab7d83e0748c7d2f27613781cfe08220a52a92e427ac6b77ce3", kill_on_drop: false }`
[INFO] running `Command { std: "docker" "inspect" "bb76019d6062bab7d83e0748c7d2f27613781cfe08220a52a92e427ac6b77ce3", kill_on_drop: false }`
[INFO] running `Command { std: "docker" "exec" "-e" "SOURCE_DIR=/opt/rustwide/workdir" "-e" "CARGO_HOME=/opt/rustwide/cargo-home" "-e" "RUSTUP_HOME=/opt/rustwide/rustup-home" "-e" "CARGO_TARGET_DIR=/opt/rustwide/target" "-w" "/opt/rustwide/workdir" "--user" "0:0" "bb76019d6062bab7d83e0748c7d2f27613781cfe08220a52a92e427ac6b77ce3" "/opt/rustwide/cargo-home/bin/cargo" "+1.99.0-beta.8" "metadata" "--no-deps" "--format-version=1", kill_on_drop: false }`
[INFO] running `Command { std: "docker" "inspect" "bb76019d6062bab7d83e0748c7d2f27613781cfe08220a52a92e427ac6b77ce3", kill_on_drop: false }`
[INFO] running `Command { std: "docker" "exec" "-e" "SOURCE_DIR=/opt/rustwide/workdir" "-e" "CARGO_HOME=/opt/rustwide/cargo-home" "-e" "RUSTUP_HOME=/opt/rustwide/rustup-home" "-e" "CARGO_TARGET_DIR=/opt/rustwide/target" "-e" "CARGO_INCREMENTAL=0" "-e" "RUST_BACKTRACE=full" "-e" "RUSTFLAGS=--cap-lints=warn" "-e" "RUSTDOCFLAGS=--cap-lints=warn" "-w" "/opt/rustwide/workdir" "--user" "0:0" "bb76019d6062bab7d83e0748c7d2f27613781cfe08220a52a92e427ac6b77ce3" "/opt/rustwide/cargo-home/bin/cargo" "+1.99.0-beta.8" "build" "--frozen" "--message-format=json" "--release", kill_on_drop: false }`
[INFO] [stderr]    Compiling memchr v2.8.2
[INFO] [stderr]    Compiling countme v3.0.1
[INFO] [stderr]    Compiling rustc-hash v1.1.0
[INFO] [stderr]    Compiling hashbrown v0.14.5
[INFO] [stderr]    Compiling syn v2.0.118
[INFO] [stderr]    Compiling aho-corasick v1.1.4
[INFO] [stderr]    Compiling rowan v0.16.1
[INFO] [stderr]    Compiling edikt-syntax v0.2.1
[INFO] [stderr]    Compiling regex-automata v0.4.14
[INFO] [stderr]    Compiling thiserror-impl v2.0.18
[INFO] [stderr]    Compiling thiserror v2.0.18
[INFO] [stderr]    Compiling regex v1.12.4
[INFO] [stderr]    Compiling logos-codegen v0.16.1
[INFO] [stderr]    Compiling logos-derive v0.16.1
[INFO] [stderr]    Compiling logos v0.16.1
[INFO] [stderr]    Compiling edikt-core v0.6.1
[INFO] [stderr]    Compiling edikt-ini v0.4.1 (/opt/rustwide/workdir)
[INFO] [stderr]     Finished `release` profile [optimized] target(s) in 53.66s
[INFO] running `Command { std: "docker" "inspect" "bb76019d6062bab7d83e0748c7d2f27613781cfe08220a52a92e427ac6b77ce3", kill_on_drop: false }`
[INFO] running `Command { std: "docker" "exec" "-e" "SOURCE_DIR=/opt/rustwide/workdir" "-e" "CARGO_HOME=/opt/rustwide/cargo-home" "-e" "RUSTUP_HOME=/opt/rustwide/rustup-home" "-e" "CARGO_TARGET_DIR=/opt/rustwide/target" "-e" "CARGO_INCREMENTAL=0" "-e" "RUST_BACKTRACE=full" "-e" "RUSTFLAGS=--cap-lints=warn" "-e" "RUSTDOCFLAGS=--cap-lints=warn" "-w" "/opt/rustwide/workdir" "--user" "0:0" "bb76019d6062bab7d83e0748c7d2f27613781cfe08220a52a92e427ac6b77ce3" "/opt/rustwide/cargo-home/bin/cargo" "+1.99.0-beta.8" "test" "--frozen" "--no-run" "--message-format=json" "--release", kill_on_drop: false }`
[INFO] [stderr]    Compiling edikt-ini v0.4.1 (/opt/rustwide/workdir)
[INFO] [stderr]     Finished `release` profile [optimized] target(s) in 4.61s
[INFO] running `Command { std: "docker" "inspect" "bb76019d6062bab7d83e0748c7d2f27613781cfe08220a52a92e427ac6b77ce3", kill_on_drop: false }`
[INFO] running `Command { std: "docker" "exec" "-e" "SOURCE_DIR=/opt/rustwide/workdir" "-e" "CARGO_HOME=/opt/rustwide/cargo-home" "-e" "RUSTUP_HOME=/opt/rustwide/rustup-home" "-e" "CARGO_TARGET_DIR=/opt/rustwide/target" "-e" "CARGO_INCREMENTAL=0" "-e" "RUST_BACKTRACE=full" "-e" "RUSTFLAGS=--cap-lints=warn" "-e" "RUSTDOCFLAGS=--cap-lints=warn" "-w" "/opt/rustwide/workdir" "--user" "0:0" "bb76019d6062bab7d83e0748c7d2f27613781cfe08220a52a92e427ac6b77ce3" "/opt/rustwide/cargo-home/bin/cargo" "+1.99.0-beta.8" "test" "--frozen" "--release", kill_on_drop: false }`
[INFO] [stderr]     Finished `release` profile [optimized] target(s) in 0.03s
[INFO] [stderr]      Running unittests src/lib.rs (/opt/rustwide/target/release/deps/edikt_ini-bde7f2c6fa56027e)
[INFO] [stdout] 
[INFO] [stdout] running 43 tests
[INFO] [stdout] test tests::a_bom_is_not_part_of_the_first_key ... ok
[INFO] [stdout] test tests::an_object_over_a_section_is_set_key_by_key ... ok
[INFO] [stdout] test tests::comment_mutation_entry_and_header ... ok
[INFO] [stdout] test tests::a_value_or_key_that_cannot_read_back_errors ... ok
[INFO] [stdout] test tests::creates_new_key_in_existing_section ... ok
[INFO] [stdout] test tests::cannot_store_array ... ok
[INFO] [stdout] test tests::creates_new_section_and_preamble_key ... ok
[INFO] [stdout] test tests::a_foot_comment_below_an_unterminated_last_line_gets_its_own_line ... ok
[INFO] [stdout] test tests::commented_emit_places_all_kinds ... ok
[INFO] [stdout] test tests::cannot_store_object ... ok
[INFO] [stdout] test tests::del_entries_in_pipeline ... ok
[INFO] [stdout] test tests::del_removes_the_line_only ... ok
[INFO] [stdout] test tests::del_requires_exactly_one_path ... ok
[INFO] [stdout] test tests::crlf_lines_round_trip_and_read ... ok
[INFO] [stdout] test tests::delete_comment_on_missing_target_is_a_noop ... ok
[INFO] [stdout] test tests::deep_comment_path_is_rejected ... ok
[INFO] [stdout] test tests::delete_head_and_foot_comments ... ok
[INFO] [stdout] test tests::document_level_comment_edit_is_unsupported ... ok
[INFO] [stdout] test tests::emit_commented_places_banners_headers_feet_and_flattens ... ok
[INFO] [stdout] test tests::extracts_comments_by_kind ... ok
[INFO] [stdout] test tests::insert_goes_after_the_sections_content ... ok
[INFO] [stdout] test tests::inserted_lines_take_the_files_crlf ... ok
[INFO] [stdout] test tests::iterate_mutation_errors_are_honest ... ok
[INFO] [stdout] test tests::malformed_line_errors ... ok
[INFO] [stdout] test tests::non_mutation_expr_is_rejected_by_apply ... ok
[INFO] [stdout] test tests::document_trait_surface ... ok
[INFO] [stdout] test tests::plain_emit_matches_comment_free_output ... ok
[INFO] [stdout] test tests::piped_mutations_apply_in_order ... ok
[INFO] [stdout] test tests::emit_commented_rejects_non_object_root ... ok
[INFO] [stdout] test tests::projects_sections_and_preamble ... ok
[INFO] [stdout] test tests::emit_refuses_what_the_file_could_not_read_back ... ok
[INFO] [stdout] test tests::insert_into_source_without_trailing_newline ... ok
[INFO] [stdout] test tests::section_head_and_trailing_foot ... ok
[INFO] [stdout] test tests::roundtrips_byte_identically ... ok
[INFO] [stdout] test tests::inline_comment_on_section_header ... ok
[INFO] [stdout] test tests::set_preamble_and_spaced_entry ... ok
[INFO] [stdout] test tests::fixture_edit_preserves_inline_comment ... FAILED
[INFO] [stdout] test tests::roundtrips_every_fixture ... FAILED
[INFO] [stdout] test tests::set_preserves_key_and_spacing ... ok
[INFO] [stdout] test tests::syntax_kind_raw_round_trips ... ok
[INFO] [stdout] test tests::update_and_add_assign_strings ... ok
[INFO] [stdout] test tests::three_step_path_is_not_a_valid_ini_target ... ok
[INFO] [stdout] test tests::unclosed_header_is_flagged_but_bare_bracket_round_trips ... ok
[INFO] [stdout] 
[INFO] [stdout] failures:
[INFO] [stdout] 
[INFO] [stdout] ---- tests::fixture_edit_preserves_inline_comment stdout ----
[INFO] [stdout] 
[INFO] [stdout] thread 'tests::fixture_edit_preserves_inline_comment' (550) panicked at src/tests.rs:381:60:
[INFO] [stdout] called `Result::unwrap()` on an `Err` value: Os { code: 2, kind: NotFound, message: "No such file or directory" }
[INFO] [stdout] stack backtrace:
[INFO] [stdout]    0:     0x56b34150b471 - <<std[70759c8f55707aa4]::sys::backtrace::BacktraceLock>::print::DisplayBacktrace as core[df12db4294e9bfd3]::fmt::Display>::fmt
[INFO] [stdout]    1:     0x56b34152300a - core[df12db4294e9bfd3]::fmt::write
[INFO] [stdout]    2:     0x56b34150fbfc - <alloc[2182bb758b4b3781]::vec::Vec<u8> as core[df12db4294e9bfd3]::io::write::Write>::write_fmt
[INFO] [stdout]    3:     0x56b3414e71e6 - std[70759c8f55707aa4]::panicking::default_hook::{closure#0}
[INFO] [stdout]    4:     0x56b341503659 - std[70759c8f55707aa4]::panicking::default_hook
[INFO] [stdout]    5:     0x56b341398ee0 - test[9d35eded1c95d3be]::test_main_inner::<test[9d35eded1c95d3be]::test_main_static::{closure#0}>::{closure#0}
[INFO] [stdout]    6:     0x56b341503812 - std[70759c8f55707aa4]::panicking::panic_with_hook
[INFO] [stdout]    7:     0x56b3414e7292 - std[70759c8f55707aa4]::panicking::panic_handler::{closure#0}
[INFO] [stdout]    8:     0x56b3414dfde9 - std[70759c8f55707aa4]::sys::backtrace::__rust_end_short_backtrace::<std[70759c8f55707aa4]::panicking::panic_handler::{closure#0}, !>
[INFO] [stdout]    9:     0x56b3414e7e8d - __rustc[8fa7c3cbc660c2b3]::rust_begin_unwind
[INFO] [stdout]   10:     0x56b3415237ec - core[df12db4294e9bfd3]::panicking::panic_fmt
[INFO] [stdout]   11:     0x56b3415235c2 - core[df12db4294e9bfd3]::result::unwrap_failed
[INFO] [stdout]   12:     0x56b34136ee58 - edikt_ini[5ad4f83954a0ed7e]::tests::fixture_edit_preserves_inline_comment
[INFO] [stdout]   13:     0x56b34137dd59 - <edikt_ini[5ad4f83954a0ed7e]::tests::fixture_edit_preserves_inline_comment::{closure#0} as core[df12db4294e9bfd3]::ops::function::FnOnce<()>>::call_once
[INFO] [stdout]   14:     0x56b34138c1cb - test[9d35eded1c95d3be]::__rust_begin_short_backtrace::<core[df12db4294e9bfd3]::result::Result<(), alloc[2182bb758b4b3781]::string::String>, fn() -> core[df12db4294e9bfd3]::result::Result<(), alloc[2182bb758b4b3781]::string::String>>
[INFO] [stdout]   15:     0x56b341399835 - test[9d35eded1c95d3be]::run_test::{closure#0}
[INFO] [stdout]   16:     0x56b3413930f4 - std[70759c8f55707aa4]::sys::backtrace::__rust_begin_short_backtrace::<test[9d35eded1c95d3be]::run_test::{closure#1}, ()>
[INFO] [stdout]   17:     0x56b34139c992 - <std[70759c8f55707aa4]::thread::lifecycle::spawn_unchecked<test[9d35eded1c95d3be]::run_test::{closure#1}, ()>::{closure#1} as core[df12db4294e9bfd3]::ops::function::FnOnce<()>>::call_once::{shim:vtable#0}
[INFO] [stdout]   18:     0x56b34150a9d9 - <std[70759c8f55707aa4]::sys::thread::unix::Thread>::new::thread_start
[INFO] [stdout]   19:     0x7a30c2316dfa - <unknown>
[INFO] [stdout]   20:     0x7a30c23aa3d4 - clone
[INFO] [stdout]   21:                0x0 - <unknown>
[INFO] [stdout] 
[INFO] [stdout] ---- tests::roundtrips_every_fixture stdout ----
[INFO] [stdout] 
[INFO] [stdout] thread 'tests::roundtrips_every_fixture' (562) panicked at src/tests.rs:300:42:
[INFO] [stdout] fixtures/ini directory: Os { code: 2, kind: NotFound, message: "No such file or directory" }
[INFO] [stdout] stack backtrace:
[INFO] [stdout]    0:     0x56b34150b471 - <<std[70759c8f55707aa4]::sys::backtrace::BacktraceLock>::print::DisplayBacktrace as core[df12db4294e9bfd3]::fmt::Display>::fmt
[INFO] [stdout]    1:     0x56b34152300a - core[df12db4294e9bfd3]::fmt::write
[INFO] [stdout]    2:     0x56b34150fbfc - <alloc[2182bb758b4b3781]::vec::Vec<u8> as core[df12db4294e9bfd3]::io::write::Write>::write_fmt
[INFO] [stdout]    3:     0x56b3414e71e6 - std[70759c8f55707aa4]::panicking::default_hook::{closure#0}
[INFO] [stdout]    4:     0x56b341503659 - std[70759c8f55707aa4]::panicking::default_hook
[INFO] [stdout]    5:     0x56b341398ee0 - test[9d35eded1c95d3be]::test_main_inner::<test[9d35eded1c95d3be]::test_main_static::{closure#0}>::{closure#0}
[INFO] [stdout]    6:     0x56b341503812 - std[70759c8f55707aa4]::panicking::panic_with_hook
[INFO] [stdout]    7:     0x56b3414e7292 - std[70759c8f55707aa4]::panicking::panic_handler::{closure#0}
[INFO] [stdout]    8:     0x56b3414dfde9 - std[70759c8f55707aa4]::sys::backtrace::__rust_end_short_backtrace::<std[70759c8f55707aa4]::panicking::panic_handler::{closure#0}, !>
[INFO] [stdout]    9:     0x56b3414e7e8d - __rustc[8fa7c3cbc660c2b3]::rust_begin_unwind
[INFO] [stdout]   10:     0x56b3415237ec - core[df12db4294e9bfd3]::panicking::panic_fmt
[INFO] [stdout]   11:     0x56b3415235c2 - core[df12db4294e9bfd3]::result::unwrap_failed
[INFO] [stdout]   12:     0x56b34136afa1 - edikt_ini[5ad4f83954a0ed7e]::tests::roundtrips_every_fixture
[INFO] [stdout]   13:     0x56b34137da89 - <edikt_ini[5ad4f83954a0ed7e]::tests::roundtrips_every_fixture::{closure#0} as core[df12db4294e9bfd3]::ops::function::FnOnce<()>>::call_once
[INFO] [stdout]   14:     0x56b34138c1cb - test[9d35eded1c95d3be]::__rust_begin_short_backtrace::<core[df12db4294e9bfd3]::result::Result<(), alloc[2182bb758b4b3781]::string::String>, fn() -> core[df12db4294e9bfd3]::result::Result<(), alloc[2182bb758b4b3781]::string::String>>
[INFO] [stdout]   15:     0x56b341399835 - test[9d35eded1c95d3be]::run_test::{closure#0}
[INFO] [stdout]   16:     0x56b3413930f4 - std[70759c8f55707aa4]::sys::backtrace::__rust_begin_short_backtrace::<test[9d35eded1c95d3be]::run_test::{closure#1}, ()>
[INFO] [stdout]   17:     0x56b34139c992 - <std[70759c8f55707aa4]::thread::lifecycle::spawn_unchecked<test[9d35eded1c95d3be]::run_test::{closure#1}, ()>::{closure#1} as core[df12db4294e9bfd3]::ops::function::FnOnce<()>>::call_once::{shim:vtable#0}
[INFO] [stdout]   18:     0x56b34150a9d9 - <std[70759c8f55707aa4]::sys::thread::unix::Thread>::new::thread_start
[INFO] [stdout]   19:     0x7a30c2316dfa - <unknown>
[INFO] [stdout]   20:     0x7a30c23aa3d4 - clone
[INFO] [stdout]   21:                0x0 - <unknown>
[INFO] [stdout] 
[INFO] [stdout] 
[INFO] [stdout] failures:
[INFO] [stdout]     tests::fixture_edit_preserves_inline_comment
[INFO] [stdout]     tests::roundtrips_every_fixture
[INFO] [stdout] 
[INFO] [stdout] test result: FAILED. 41 passed; 2 failed; 0 ignored; 0 measured; 0 filtered out; finished in 0.01s
[INFO] [stdout] 
[INFO] [stderr] error: test failed, to rerun pass `--lib`
[INFO] running `Command { std: "docker" "inspect" "bb76019d6062bab7d83e0748c7d2f27613781cfe08220a52a92e427ac6b77ce3", kill_on_drop: false }`
[INFO] running `Command { std: "docker" "rm" "-f" "bb76019d6062bab7d83e0748c7d2f27613781cfe08220a52a92e427ac6b77ce3", kill_on_drop: false }`
[INFO] [stdout] bb76019d6062bab7d83e0748c7d2f27613781cfe08220a52a92e427ac6b77ce3
