[INFO] fetching crate edgequake-sdk 0.4.1...
[INFO] testing edgequake-sdk-0.4.1 against 1.100.0-beta.1+cargoflags=--release for beta-release-1.100-2
[INFO] extracting crate edgequake-sdk 0.4.1 into /workspace/builds/worker-2-tc2/source
[INFO] started tweaking crates.io crate edgequake-sdk 0.4.1
[INFO] removed 0 missing tests
[INFO] finished tweaking crates.io crate edgequake-sdk 0.4.1
[INFO] tweaked toml for crates.io crate edgequake-sdk 0.4.1 written to /workspace/builds/worker-2-tc2/source/Cargo.toml
[INFO] validating manifest of crates.io crate edgequake-sdk 0.4.1 on toolchain 1.100.0-beta.1
[INFO] running `Command { std: CARGO_HOME="/workspace/cargo-home" RUSTUP_HOME="/workspace/rustup-home" "/workspace/cargo-home/bin/cargo" "+1.100.0-beta.1" "metadata" "--manifest-path" "Cargo.toml" "--no-deps", kill_on_drop: false }`
[INFO] crate crates.io crate edgequake-sdk 0.4.1 already has a lockfile, it will not be regenerated
[INFO] running `Command { std: CARGO_HOME="/workspace/cargo-home" RUSTUP_HOME="/workspace/rustup-home" "/workspace/cargo-home/bin/cargo" "+1.100.0-beta.1" "fetch" "--manifest-path" "Cargo.toml", kill_on_drop: false }`
[INFO] running `Command { std: "docker" "create" "-v" "/var/lib/crater-agent-workspace/builds/worker-2-tc2/source:/opt/rustwide/workdir:ro,Z" "-v" "/var/lib/crater-agent-workspace/builds/worker-2-tc2/target:/opt/rustwide/target:rw,Z" "-v" "/var/lib/crater-agent-workspace/cargo-home:/opt/rustwide/cargo-home:ro,Z" "-v" "/var/lib/crater-agent-workspace/rustup-home:/opt/rustwide/rustup-home:ro,Z" "-m" "1610612736" "--network" "none" "ghcr.io/rust-lang/crates-build-env/linux@sha256:77db811e55d90add9212f6832c23229e3de5f1c1f9905e8cb07319ea15df73ac" "sleep" "infinity", kill_on_drop: false }`
[INFO] [stdout] 60a68af0f4da553f4d5b2ff3c51d448d55b8ceaf1808d81b68ab3d063d1f14c0
[INFO] running `Command { std: "docker" "start" "60a68af0f4da553f4d5b2ff3c51d448d55b8ceaf1808d81b68ab3d063d1f14c0", kill_on_drop: false }`
[INFO] running `Command { std: "docker" "inspect" "60a68af0f4da553f4d5b2ff3c51d448d55b8ceaf1808d81b68ab3d063d1f14c0", kill_on_drop: false }`
[INFO] running `Command { std: "docker" "exec" "-e" "SOURCE_DIR=/opt/rustwide/workdir" "-e" "CARGO_HOME=/opt/rustwide/cargo-home" "-e" "RUSTUP_HOME=/opt/rustwide/rustup-home" "-e" "CARGO_TARGET_DIR=/opt/rustwide/target" "-w" "/opt/rustwide/workdir" "--user" "0:0" "60a68af0f4da553f4d5b2ff3c51d448d55b8ceaf1808d81b68ab3d063d1f14c0" "/opt/rustwide/cargo-home/bin/cargo" "+1.100.0-beta.1" "metadata" "--no-deps" "--format-version=1", kill_on_drop: false }`
[INFO] running `Command { std: "docker" "inspect" "60a68af0f4da553f4d5b2ff3c51d448d55b8ceaf1808d81b68ab3d063d1f14c0", kill_on_drop: false }`
[INFO] running `Command { std: "docker" "exec" "-e" "SOURCE_DIR=/opt/rustwide/workdir" "-e" "CARGO_HOME=/opt/rustwide/cargo-home" "-e" "RUSTUP_HOME=/opt/rustwide/rustup-home" "-e" "CARGO_TARGET_DIR=/opt/rustwide/target" "-e" "CARGO_INCREMENTAL=0" "-e" "RUST_BACKTRACE=full" "-e" "RUSTFLAGS=--cap-lints=warn" "-e" "RUSTDOCFLAGS=--cap-lints=warn" "-w" "/opt/rustwide/workdir" "--user" "0:0" "60a68af0f4da553f4d5b2ff3c51d448d55b8ceaf1808d81b68ab3d063d1f14c0" "/opt/rustwide/cargo-home/bin/cargo" "+1.100.0-beta.1" "build" "--frozen" "--message-format=json" "--release", kill_on_drop: false }`
[INFO] [stderr]    Compiling unicode-ident v1.0.23
[INFO] [stderr]    Compiling libc v0.2.181
[INFO] [stderr]    Compiling aws-lc-rs v1.17.3
[INFO] [stderr]    Compiling futures-util v0.3.31
[INFO] [stderr]    Compiling rustls v0.23.36
[INFO] [stderr]    Compiling tracing v0.1.44
[INFO] [stderr]    Compiling zmij v1.0.20
[INFO] [stderr]    Compiling http-body-util v0.1.3
[INFO] [stderr]    Compiling nom v7.1.3
[INFO] [stderr]    Compiling rustls-native-certs v0.8.3
[INFO] [stderr]    Compiling proc-macro2 v1.0.106
[INFO] [stderr]    Compiling serde_json v1.0.149
[INFO] [stderr]    Compiling quote v1.0.44
[INFO] [stderr]    Compiling syn v2.0.114
[INFO] [stderr]    Compiling eventsource-stream v0.2.3
[INFO] [stderr]    Compiling jobserver v0.1.34
[INFO] [stderr]    Compiling socket2 v0.6.2
[INFO] [stderr]    Compiling mio v1.1.1
[INFO] [stderr]    Compiling cc v1.2.55
[INFO] [stderr]    Compiling tokio v1.49.0
[INFO] [stderr]    Compiling synstructure v0.13.2
[INFO] [stderr]    Compiling cmake v0.1.57
[INFO] [stderr]    Compiling zerovec-derive v0.11.2
[INFO] [stderr]    Compiling displaydoc v0.2.5
[INFO] [stderr]    Compiling serde_derive v1.0.228
[INFO] [stderr]    Compiling thiserror-impl v1.0.69
[INFO] [stderr]    Compiling thiserror-impl v2.0.18
[INFO] [stderr]    Compiling zerofrom-derive v0.1.6
[INFO] [stderr]    Compiling yoke-derive v0.8.1
[INFO] [stderr]    Compiling aws-lc-sys v0.43.0
[INFO] [stderr]    Compiling zerofrom v0.1.6
[INFO] [stderr]    Compiling yoke v0.8.1
[INFO] [stderr]    Compiling zerotrie v0.2.3
[INFO] [stderr]    Compiling thiserror v1.0.69
[INFO] [stderr]    Compiling thiserror v2.0.18
[INFO] [stderr]    Compiling zerovec v0.11.5
[INFO] [stderr]    Compiling tinystr v0.8.2
[INFO] [stderr]    Compiling potential_utf v0.1.4
[INFO] [stderr]    Compiling icu_locale_core v2.1.1
[INFO] [stderr]    Compiling icu_collections v2.1.1
[INFO] [stderr]    Compiling serde v1.0.228
[INFO] [stderr]    Compiling serde_urlencoded v0.7.1
[INFO] [stderr]    Compiling icu_provider v2.1.1
[INFO] [stderr]    Compiling icu_normalizer v2.1.1
[INFO] [stderr]    Compiling icu_properties v2.1.2
[INFO] [stderr]    Compiling hyper v1.8.1
[INFO] [stderr]    Compiling tower v0.5.3
[INFO] [stderr]    Compiling tokio-util v0.7.18
[INFO] [stderr]    Compiling idna_adapter v1.2.1
[INFO] [stderr]    Compiling idna v1.1.0
[INFO] [stderr]    Compiling url v2.5.8
[INFO] [stderr]    Compiling tower-http v0.6.8
[INFO] [stderr]    Compiling hyper-util v0.1.20
[INFO] [stderr]    Compiling reqwest v0.12.28
[INFO] [stderr]    Compiling reqwest-eventsource v0.6.0
[INFO] [stderr]    Compiling rustls-webpki v0.103.13
[INFO] [stderr]    Compiling tokio-rustls v0.26.4
[INFO] [stderr]    Compiling rustls-platform-verifier v0.6.2
[INFO] [stderr]    Compiling hyper-rustls v0.27.7
[INFO] [stderr]    Compiling reqwest v0.13.2
[INFO] [stderr]    Compiling edgequake-sdk v0.4.1 (/opt/rustwide/workdir)
[INFO] [stderr]     Finished `release` profile [optimized] target(s) in 2m 05s
[INFO] running `Command { std: "docker" "inspect" "60a68af0f4da553f4d5b2ff3c51d448d55b8ceaf1808d81b68ab3d063d1f14c0", kill_on_drop: false }`
[INFO] running `Command { std: "docker" "exec" "-e" "SOURCE_DIR=/opt/rustwide/workdir" "-e" "CARGO_HOME=/opt/rustwide/cargo-home" "-e" "RUSTUP_HOME=/opt/rustwide/rustup-home" "-e" "CARGO_TARGET_DIR=/opt/rustwide/target" "-e" "CARGO_INCREMENTAL=0" "-e" "RUST_BACKTRACE=full" "-e" "RUSTFLAGS=--cap-lints=warn" "-e" "RUSTDOCFLAGS=--cap-lints=warn" "-w" "/opt/rustwide/workdir" "--user" "0:0" "60a68af0f4da553f4d5b2ff3c51d448d55b8ceaf1808d81b68ab3d063d1f14c0" "/opt/rustwide/cargo-home/bin/cargo" "+1.100.0-beta.1" "test" "--frozen" "--no-run" "--message-format=json" "--release", kill_on_drop: false }`
[INFO] [stderr]    Compiling futures-channel v0.3.31
[INFO] [stderr]    Compiling syn v2.0.114
[INFO] [stderr]    Compiling parking_lot_core v0.9.12
[INFO] [stderr]    Compiling errno v0.3.14
[INFO] [stderr]    Compiling regex-syntax v0.8.9
[INFO] [stderr]    Compiling num_cpus v1.17.0
[INFO] [stderr]    Compiling deadpool-runtime v0.1.4
[INFO] [stderr]    Compiling serde_json v1.0.149
[INFO] [stderr]    Compiling eventsource-stream v0.2.3
[INFO] [stderr]    Compiling signal-hook-registry v1.4.8
[INFO] [stderr]    Compiling parking_lot v0.12.5
[INFO] [stderr]    Compiling regex-automata v0.4.14
[INFO] [stderr]    Compiling synstructure v0.13.2
[INFO] [stderr]    Compiling zerovec-derive v0.11.2
[INFO] [stderr]    Compiling displaydoc v0.2.5
[INFO] [stderr]    Compiling tokio-macros v2.6.0
[INFO] [stderr]    Compiling futures-macro v0.3.31
[INFO] [stderr]    Compiling serde_derive v1.0.228
[INFO] [stderr]    Compiling thiserror-impl v1.0.69
[INFO] [stderr]    Compiling thiserror-impl v2.0.18
[INFO] [stderr]    Compiling zerofrom-derive v0.1.6
[INFO] [stderr]    Compiling yoke-derive v0.8.1
[INFO] [stderr]    Compiling tokio v1.49.0
[INFO] [stderr]    Compiling futures-util v0.3.31
[INFO] [stderr]    Compiling thiserror v1.0.69
[INFO] [stderr]    Compiling regex v1.12.3
[INFO] [stderr]    Compiling zerofrom v0.1.6
[INFO] [stderr]    Compiling yoke v0.8.1
[INFO] [stderr]    Compiling zerovec v0.11.5
[INFO] [stderr]    Compiling zerotrie v0.2.3
[INFO] [stderr]    Compiling thiserror v2.0.18
[INFO] [stderr]    Compiling tinystr v0.8.2
[INFO] [stderr]    Compiling potential_utf v0.1.4
[INFO] [stderr]    Compiling icu_collections v2.1.1
[INFO] [stderr]    Compiling icu_locale_core v2.1.1
[INFO] [stderr]    Compiling serde v1.0.228
[INFO] [stderr]    Compiling icu_provider v2.1.1
[INFO] [stderr]    Compiling icu_normalizer v2.1.1
[INFO] [stderr]    Compiling icu_properties v2.1.2
[INFO] [stderr]    Compiling serde_urlencoded v0.7.1
[INFO] [stderr]    Compiling assert-json-diff v2.0.2
[INFO] [stderr]    Compiling futures-executor v0.3.31
[INFO] [stderr]    Compiling idna_adapter v1.2.1
[INFO] [stderr]    Compiling futures v0.3.31
[INFO] [stderr]    Compiling idna v1.1.0
[INFO] [stderr]    Compiling url v2.5.8
[INFO] [stderr]    Compiling tokio-util v0.7.18
[INFO] [stderr]    Compiling tower v0.5.3
[INFO] [stderr]    Compiling tokio-rustls v0.26.4
[INFO] [stderr]    Compiling deadpool v0.12.3
[INFO] [stderr]    Compiling tower-http v0.6.8
[INFO] [stderr]    Compiling h2 v0.4.13
[INFO] [stderr]    Compiling hyper v1.8.1
[INFO] [stderr]    Compiling hyper-util v0.1.20
[INFO] [stderr]    Compiling reqwest v0.12.28
[INFO] [stderr]    Compiling hyper-rustls v0.27.7
[INFO] [stderr]    Compiling wiremock v0.6.5
[INFO] [stderr]    Compiling reqwest v0.13.2
[INFO] [stderr]    Compiling reqwest-eventsource v0.6.0
[INFO] [stderr]    Compiling edgequake-sdk v0.4.1 (/opt/rustwide/workdir)
[INFO] [stderr]     Finished `release` profile [optimized] target(s) in 1m 51s
[INFO] running `Command { std: "docker" "inspect" "60a68af0f4da553f4d5b2ff3c51d448d55b8ceaf1808d81b68ab3d063d1f14c0", kill_on_drop: false }`
[INFO] running `Command { std: "docker" "exec" "-e" "SOURCE_DIR=/opt/rustwide/workdir" "-e" "CARGO_HOME=/opt/rustwide/cargo-home" "-e" "RUSTUP_HOME=/opt/rustwide/rustup-home" "-e" "CARGO_TARGET_DIR=/opt/rustwide/target" "-e" "CARGO_INCREMENTAL=0" "-e" "RUST_BACKTRACE=full" "-e" "RUSTFLAGS=--cap-lints=warn" "-e" "RUSTDOCFLAGS=--cap-lints=warn" "-w" "/opt/rustwide/workdir" "--user" "0:0" "60a68af0f4da553f4d5b2ff3c51d448d55b8ceaf1808d81b68ab3d063d1f14c0" "/opt/rustwide/cargo-home/bin/cargo" "+1.100.0-beta.1" "test" "--frozen" "--release", kill_on_drop: false }`
[INFO] [stderr]     Finished `release` profile [optimized] target(s) in 0.22s
[INFO] [stderr]      Running unittests src/lib.rs (/opt/rustwide/target/release/build/edgequake-sdk/687364658b86a6e0/out/edgequake_sdk-687364658b86a6e0)
[INFO] [stdout] 
[INFO] [stdout] running 2 tests
[INFO] [stdout] test resources::operations_generated::tests::sse_data_lines_and_socket_url ... ok
[INFO] [stdout] test types::query::tests::query_request_serializes_server_fields ... ok
[INFO] [stdout] 
[INFO] [stdout] test result: ok. 2 passed; 0 failed; 0 ignored; 0 measured; 0 filtered out; finished in 0.01s
[INFO] [stdout] 
[INFO] [stderr]      Running tests/e2e_tests.rs (/opt/rustwide/target/release/build/edgequake-sdk/5b37a4e9037a3a44/out/e2e_tests-5b37a4e9037a3a44)
[INFO] [stdout] 
[INFO] [stderr]      Running tests/error_path_tests.rs (/opt/rustwide/target/release/build/edgequake-sdk/525156546949f011/out/error_path_tests-525156546949f011)
[INFO] [stdout] running 0 tests
[INFO] [stdout] 
[INFO] [stdout] test result: ok. 0 passed; 0 failed; 0 ignored; 0 measured; 0 filtered out; finished in 0.00s
[INFO] [stdout] 
[INFO] [stdout] 
[INFO] [stdout] running 83 tests
[INFO] [stdout] test error_path_tests::test_auth_me_error ... ok
[INFO] [stdout] test error_path_tests::test_builder_timeout_and_connect_timeout ... ok
[INFO] [stdout] test error_path_tests::test_builder_custom_user_agent ... ok
[INFO] [stdout] test error_path_tests::test_builder_workspace_and_tenant ... ok
[INFO] [stdout] test error_path_tests::test_client_debug ... ok
[INFO] [stdout] test error_path_tests::test_chunks_list_error ... ok
[INFO] [stdout] test error_path_tests::test_api_keys_revoke_error ... ok
[INFO] [stdout] test error_path_tests::test_api_keys_list_error ... ok
[INFO] [stdout] test error_path_tests::test_conversations_create_error ... ok
[INFO] [stdout] test error_path_tests::test_auth_refresh_error ... ok
[INFO] [stdout] test error_path_tests::test_auth_login_error ... ok
[INFO] [stdout] test error_path_tests::test_conversations_bulk_delete_error ... ok
[INFO] [stdout] test error_path_tests::test_builder_bearer_token ... ok
[INFO] [stdout] test error_path_tests::test_chunks_get_error ... ok
[INFO] [stdout] test error_path_tests::test_api_keys_create_error ... ok
[INFO] [stdout] test error_path_tests::test_chat_completions_error ... ok
[INFO] [stdout] test error_path_tests::test_conversations_create_message_error ... ok
[INFO] [stdout] test error_path_tests::test_conversations_list_error ... ok
[INFO] [stdout] test error_path_tests::test_documents_track_error ... ok
[INFO] [stdout] test error_path_tests::test_costs_history_error ... ok
[INFO] [stdout] test error_path_tests::test_conversations_pin_error ... ok
[INFO] [stdout] test error_path_tests::test_conversations_unpin_error ... ok
[INFO] [stdout] test error_path_tests::test_documents_get_error ... ok
[INFO] [stdout] test error_path_tests::test_error_config_no_status ... ok
[INFO] [stdout] test error_path_tests::test_entities_create_error ... ok
[INFO] [stdout] test error_path_tests::test_documents_upload_text_error ... ok
[INFO] [stdout] test error_path_tests::test_error_is_retryable_server_500 ... ok
[INFO] [stdout] test error_path_tests::test_error_is_retryable_server_502 ... ok
[INFO] [stdout] test error_path_tests::test_error_not_retryable_400 ... ok
[INFO] [stdout] test error_path_tests::test_error_not_retryable_403 ... ok
[INFO] [stdout] test error_path_tests::test_error_not_retryable_404 ... ok
[INFO] [stdout] test error_path_tests::test_error_display ... ok
[INFO] [stdout] test error_path_tests::test_error_is_retryable_rate_limited ... ok
[INFO] [stdout] test error_path_tests::test_error_not_retryable_409 ... ok
[INFO] [stdout] test error_path_tests::test_error_not_retryable_422 ... ok
[INFO] [stdout] test error_path_tests::test_error_timeout_no_status ... ok
[INFO] [stdout] test error_path_tests::test_conversations_get_error ... ok
[INFO] [stdout] test error_path_tests::test_conversations_delete_error ... ok
[INFO] [stdout] test error_path_tests::test_conversations_share_error ... ok
[INFO] [stdout] test error_path_tests::test_costs_budget_error ... ok
[INFO] [stdout] test error_path_tests::test_documents_list_error ... ok
[INFO] [stdout] test error_path_tests::test_entities_get_error ... ok
[INFO] [stdout] test error_path_tests::test_costs_summary_error ... ok
[INFO] [stdout] test error_path_tests::test_documents_delete_error ... ok
[INFO] [stdout] test error_path_tests::test_entities_delete_error ... ok
[INFO] [stdout] test error_path_tests::test_no_retry_on_404 ... ok
[INFO] [stdout] test error_path_tests::test_models_list_error ... ok
[INFO] [stdout] test error_path_tests::test_models_current_provider_error ... ok
[INFO] [stdout] test error_path_tests::test_models_providers_health_error ... ok
[INFO] [stdout] test error_path_tests::test_pdf_content_error ... ok
[INFO] [stdout] test error_path_tests::test_entities_list_error ... ok
[INFO] [stdout] test error_path_tests::test_pdf_progress_error ... ok
[INFO] [stdout] test error_path_tests::test_folders_delete_error ... ok
[INFO] [stdout] test error_path_tests::test_graph_search_error ... ok
[INFO] [stdout] test error_path_tests::test_folders_create_error ... ok
[INFO] [stdout] test error_path_tests::test_graph_get_error ... ok
[INFO] [stdout] test error_path_tests::test_folders_list_error ... ok
[INFO] [stdout] test error_path_tests::test_relationships_create_error ... ok
[INFO] [stdout] test error_path_tests::test_relationships_delete_error ... ok
[INFO] [stdout] test error_path_tests::test_tasks_list_error ... ok
[INFO] [stdout] test error_path_tests::test_pipeline_status_error ... ok
[INFO] [stdout] test error_path_tests::test_relationships_list_error ... ok
[INFO] [stdout] test error_path_tests::test_entities_merge_error ... ok
[INFO] [stdout] test error_path_tests::test_provenance_for_entity_error ... ok
[INFO] [stdout] test error_path_tests::test_pipeline_metrics_error ... ok
[INFO] [stdout] test error_path_tests::test_provenance_lineage_error ... ok
[INFO] [stdout] test error_path_tests::test_url_with_leading_slash ... ok
[INFO] [stdout] test error_path_tests::test_users_delete_error ... ok
[INFO] [stdout] test error_path_tests::test_users_list_error ... ok
[INFO] [stdout] test error_path_tests::test_tenants_list_error ... ok
[INFO] [stdout] test error_path_tests::test_users_create_error ... ok
[INFO] [stdout] test error_path_tests::test_query_execute_error ... ok
[INFO] [stdout] test error_path_tests::test_tenants_get_error ... ok
[INFO] [stdout] test error_path_tests::test_tenants_delete_error ... ok
[INFO] [stdout] test error_path_tests::test_tasks_cancel_error ... ok
[INFO] [stdout] test error_path_tests::test_tasks_get_error ... ok
[INFO] [stdout] test error_path_tests::test_users_get_error ... ok
[INFO] [stdout] test error_path_tests::test_workspaces_create_error ... ok
[INFO] [stdout] test error_path_tests::test_workspaces_list_error ... ok
[INFO] [stdout] test error_path_tests::test_tenants_create_error ... ok
[INFO] [stdout] test error_path_tests::test_workspaces_stats_error ... ok
[INFO] [stdout] test error_path_tests::test_retry_on_500_then_success ... ok
[INFO] [stdout] test error_path_tests::test_retry_exhausted ... ok
[INFO] [stdout] 
[INFO] [stdout] test result: ok. 83 passed; 0 failed; 0 ignored; 0 measured; 0 filtered out; finished in 1.81s
[INFO] [stdout] 
[INFO] [stderr]      Running tests/integration_tests.rs (/opt/rustwide/target/release/build/edgequake-sdk/22d401060cf0d490/out/integration_tests-22d401060cf0d490)
[INFO] [stdout] 
[INFO] [stdout] running 152 tests
[INFO] [stdout] test tests::test_chunk_lineage_info ... ok
[INFO] [stdout] test tests::test_builder_invalid_url ... ok
[INFO] [stdout] test tests::test_client_is_clone_and_send ... ok
[INFO] [stdout] test tests::test_api_keys_list ... ok
[INFO] [stdout] test tests::test_auth_refresh ... ok
[INFO] [stdout] test tests::test_auth_me ... ok
[INFO] [stdout] test tests::test_auth_logout ... ok
[INFO] [stdout] test tests::test_conversations_bulk_move ... ok
[INFO] [stdout] test tests::test_conversations_create_message ... ok
[INFO] [stdout] test tests::test_conversations_create ... ok
[INFO] [stdout] test tests::test_builder_api_key ... ok
[INFO] [stdout] test tests::test_conversations_get ... ok
[INFO] [stdout] test tests::test_builder_default ... ok
[INFO] [stdout] test tests::test_api_keys_create ... ok
[INFO] [stdout] test tests::test_chunks_get_lineage ... ok
[INFO] [stdout] test tests::test_conversations_delete ... ok
[INFO] [stdout] test tests::test_api_keys_revoke ... ok
[INFO] [stdout] test tests::test_chunks_get ... ok
[INFO] [stdout] test tests::test_conversations_bulk_archive ... ok
[INFO] [stdout] test tests::test_conversations_share ... ok
[INFO] [stdout] test tests::test_builder_custom_url ... ok
[INFO] [stdout] test tests::test_conversations_pin ... ok
[INFO] [stdout] test tests::test_conversations_bulk_delete ... ok
[INFO] [stdout] test tests::test_create_entity_request_source_id ... ok
[INFO] [stdout] test tests::test_conversations_list_messages ... ok
[INFO] [stdout] test tests::test_create_entity_request_with_metadata ... ok
[INFO] [stdout] test tests::test_document_full_lineage ... ok
[INFO] [stdout] test tests::test_conversations_unshare ... ok
[INFO] [stdout] test tests::test_conversations_unpin ... ok
[INFO] [stdout] test tests::test_auth_login ... ok
[INFO] [stdout] test tests::test_connections_crud_and_probe ... ok
[INFO] [stdout] test tests::test_costs_estimate ... ok
[INFO] [stdout] test tests::test_chat_completions ... ok
[INFO] [stdout] test tests::test_conversations_import ... ok
[INFO] [stdout] test tests::test_conversations_update ... ok
[INFO] [stdout] test tests::test_costs_pricing ... ok
[INFO] [stdout] test tests::test_documents_deletion_impact ... ok
[INFO] [stdout] test tests::test_conversations_list ... ok
[INFO] [stdout] test tests::test_conversations_list_with_query ... ok
[INFO] [stdout] test tests::test_documents_list_empty ... ok
[INFO] [stdout] test tests::test_documents_delete_all ... ok
[INFO] [stdout] test tests::test_documents_failed_chunks ... ok
[INFO] [stdout] test tests::test_documents_list ... ok
[INFO] [stdout] test tests::test_costs_update_budget ... ok
[INFO] [stdout] test tests::test_documents_delete ... ok
[INFO] [stdout] test tests::test_costs_summary_ooda46 ... ok
[INFO] [stdout] test tests::test_documents_get_metadata ... ok
[INFO] [stdout] test tests::test_costs_summary ... ok
[INFO] [stdout] test tests::test_entities_delete ... ok
[INFO] [stdout] test tests::test_entity_metadata_field ... ok
[INFO] [stdout] test tests::test_documents_retry_chunks ... ok
[INFO] [stdout] test tests::test_entity_source_id_field ... ok
[INFO] [stdout] test tests::test_entity_source_id_json_roundtrip ... ok
[INFO] [stdout] test tests::test_documents_scan ... ok
[INFO] [stdout] test tests::test_entity_roundtrip ... ok
[INFO] [stdout] test tests::test_entity_statistics ... ok
[INFO] [stdout] test tests::test_entity_timestamps ... ok
[INFO] [stdout] test tests::test_documents_reprocess ... ok
[INFO] [stdout] test tests::test_documents_get ... ok
[INFO] [stdout] test tests::test_documents_track ... ok
[INFO] [stdout] test tests::test_documents_track_by_doc_flow ... ok
[INFO] [stdout] test tests::test_documents_get_lineage ... ok
[INFO] [stdout] test tests::test_entities_create ... ok
[INFO] [stdout] test tests::test_entities_list_empty ... ok
[INFO] [stdout] test tests::test_error_validation ... ok
[INFO] [stdout] test tests::test_folders_update ... ok
[INFO] [stdout] test tests::test_documents_upload_text ... ok
[INFO] [stdout] test tests::test_folders_list ... ok
[INFO] [stdout] test tests::test_folders_create ... ok
[INFO] [stdout] test tests::test_graph_popular_labels ... ok
[INFO] [stdout] test tests::test_documents_recover_stuck ... ok
[INFO] [stdout] test tests::test_graph_get_node ... ok
[INFO] [stdout] test tests::test_entities_update ... ok
[INFO] [stdout] test tests::test_entities_merge ... ok
[INFO] [stdout] test tests::test_health_response_deserialize ... ok
[INFO] [stdout] test tests::test_folders_delete ... ok
[INFO] [stdout] test tests::test_error_server_error ... ok
[INFO] [stdout] test tests::test_lineage_edge_fields ... ok
[INFO] [stdout] test tests::test_entities_list ... ok
[INFO] [stdout] test tests::test_entity_create_sends_source_id ... ok
[INFO] [stdout] test tests::test_graph_search_labels ... ok
[INFO] [stdout] test tests::test_graph_search ... ok
[INFO] [stdout] test tests::test_lineage_graph_structure ... ok
[INFO] [stdout] test tests::test_lineage_node_fields ... ok
[INFO] [stdout] test tests::test_health_live ... ok
[INFO] [stdout] test tests::test_folders_list_empty ... ok
[INFO] [stdout] test tests::test_graph_get ... ok
[INFO] [stdout] test tests::test_lineage_export_csv ... ok
[INFO] [stdout] test tests::test_error_unauthorized ... ok
[INFO] [stdout] test tests::test_health_ready ... ok
[INFO] [stdout] test tests::test_error_not_found ... ok
[INFO] [stdout] test tests::test_health_metrics ... ok
[INFO] [stdout] test tests::test_lineage_document_full_lineage ... ok
[INFO] [stdout] test tests::test_health_check ... ok
[INFO] [stdout] test tests::test_lineage_export_json ... ok
[INFO] [stdout] test tests::test_models_get_provider ... ok
[INFO] [stdout] test tests::test_models_get_model ... ok
[INFO] [stdout] test tests::test_lineage_document_lineage ... ok
[INFO] [stdout] test tests::test_pdf_progress ... ok
[INFO] [stdout] test tests::test_lineage_empty_graph ... ok
[INFO] [stdout] test tests::test_provenance_record_fields ... ok
[INFO] [stdout] test tests::test_lineage_via_provenance_service ... ok
[INFO] [stdout] test tests::test_models_list_empty ... ok
[INFO] [stdout] test tests::test_query_mode_serialize ... ok
[INFO] [stdout] test tests::test_lineage_entity_lineage ... ok
[INFO] [stdout] test tests::test_pipeline_metrics ... ok
[INFO] [stdout] test tests::test_models_list_embedding ... ok
[INFO] [stdout] test tests::test_pipeline_cancel ... ok
[INFO] [stdout] test tests::test_models_list ... ok
[INFO] [stdout] test tests::test_pdf_content ... ok
[INFO] [stdout] test tests::test_models_list_llm ... ok
[INFO] [stdout] test tests::test_pipeline_status_busy ... ok
[INFO] [stdout] test tests::test_provenance_for_entity_full_response ... ok
[INFO] [stdout] test tests::test_pipeline_status ... ok
[INFO] [stdout] test tests::test_pipeline_status_idle ... ok
[INFO] [stdout] test tests::test_relationships_list_empty ... ok
[INFO] [stdout] test tests::test_tasks_list ... ok
[INFO] [stdout] test tests::test_provenance_for_entity ... ok
[INFO] [stdout] test tests::test_relationships_get ... ok
[INFO] [stdout] test tests::test_settings_list_providers ... ok
[INFO] [stdout] test tests::test_relationships_update ... ok
[INFO] [stdout] test tests::test_settings_provider_status ... ok
[INFO] [stdout] test tests::test_tasks_cancel ... ok
[INFO] [stdout] test tests::test_tasks_get ... ok
[INFO] [stdout] test tests::test_settings_provider_status_no_provider ... ok
[INFO] [stdout] test tests::test_relationships_list ... ok
[INFO] [stdout] test tests::test_tenants_list_empty ... ok
[INFO] [stdout] test tests::test_relationships_create ... ok
[INFO] [stdout] test tests::test_tasks_list_empty ... ok
[INFO] [stdout] test tests::test_tasks_retry ... ok
[INFO] [stdout] test tests::test_tenants_create ... ok
[INFO] [stdout] test tests::test_tenants_delete ... ok
[INFO] [stdout] test tests::test_tenants_list ... ok
[INFO] [stdout] test tests::test_lineage_entity_lineage_url_encodes_name ... ok
[INFO] [stdout] test tests::test_users_list ... ok
[INFO] [stdout] test tests::test_tenants_update ... ok
[INFO] [stdout] test tests::test_users_create ... ok
[INFO] [stdout] test tests::test_users_delete ... ok
[INFO] [stdout] test tests::test_tenants_get ... ok
[INFO] [stdout] test tests::test_workspaces_delete ... ok
[INFO] [stdout] test tests::test_users_get ... ok
[INFO] [stdout] test tests::test_workspaces_reprocess_documents ... ok
[INFO] [stdout] test tests::test_workspaces_stats ... ok
[INFO] [stdout] test tests::test_workspaces_update ... ok
[INFO] [stdout] test tests::test_query_execute ... ok
[INFO] [stdout] test tests::test_workspaces_rebuild_embeddings ... ok
[INFO] [stdout] test tests::test_workspaces_metrics_history ... ok
[INFO] [stdout] test tests::test_workspaces_create ... ok
[INFO] [stdout] test tests::test_workspaces_list ... ok
[INFO] [stdout] test tests::test_workspaces_get ... ok
[INFO] [stdout] test tests::test_users_list_empty ... ok
[INFO] [stdout] test tests::test_workspaces_rebuild_knowledge_graph ... ok
[INFO] [stdout] 
[INFO] [stdout] test result: ok. 152 passed; 0 failed; 0 ignored; 0 measured; 0 filtered out; finished in 0.71s
[INFO] [stdout] 
[INFO] [stderr]      Running tests/operations_contract.rs (/opt/rustwide/target/release/build/edgequake-sdk/f0237216b2a7a645/out/operations_contract-f0237216b2a7a645)
[INFO] [stdout] 
[INFO] [stdout] running 1 test
[INFO] [stdout] test every_http_operation_path_and_generated_verb ... FAILED
[INFO] [stdout] 
[INFO] [stdout] failures:
[INFO] [stdout] 
[INFO] [stdout] ---- every_http_operation_path_and_generated_verb stdout ----
[INFO] [stdout] 
[INFO] [stdout] thread 'every_http_operation_path_and_generated_verb' (4014) panicked at tests/operations_contract.rs:10:93:
[INFO] [stdout] called `Result::unwrap()` on an `Err` value: Os { code: 2, kind: NotFound, message: "No such file or directory" }
[INFO] [stdout] stack backtrace:
[INFO] [stdout]    0:     0x5c545bb19fb1 - <<std[617be2ca0a6fd877]::sys::backtrace::BacktraceLock>::print::DisplayBacktrace as core[a373ad73a504971]::fmt::Display>::fmt
[INFO] [stdout]    1:     0x5c545bb2e8ea - core[a373ad73a504971]::fmt::write
[INFO] [stdout]    2:     0x5c545bb1e49c - <alloc[2e1b2a31b91974c5]::vec::Vec<u8> as core[a373ad73a504971]::io::write::Write>::write_fmt
[INFO] [stdout]    3:     0x5c545baf5b16 - std[617be2ca0a6fd877]::panicking::default_hook::{closure#0}
[INFO] [stdout]    4:     0x5c545bb120d9 - std[617be2ca0a6fd877]::panicking::default_hook
[INFO] [stdout]    5:     0x5c545baadda0 - test[aada8e7e76ba119b]::test_main_inner::{closure#0}
[INFO] [stdout]    6:     0x5c545bb12292 - std[617be2ca0a6fd877]::panicking::panic_with_hook
[INFO] [stdout]    7:     0x5c545baf5bc2 - std[617be2ca0a6fd877]::panicking::panic_handler::{closure#0}
[INFO] [stdout]    8:     0x5c545baee6a9 - std[617be2ca0a6fd877]::sys::backtrace::__rust_end_short_backtrace::<std[617be2ca0a6fd877]::panicking::panic_handler::{closure#0}, !>
[INFO] [stdout]    9:     0x5c545baf67cd - __rustc[ea4f61d10b84890b]::rust_begin_unwind
[INFO] [stdout]   10:     0x5c545bb2f01c - core[a373ad73a504971]::panicking::panic_fmt
[INFO] [stdout]   11:     0x5c545bb2edf2 - core[a373ad73a504971]::result::unwrap_failed
[INFO] [stdout]   12:     0x5c545ba9b30b - <operations_contract[33ccba717eeedc02]::every_http_operation_path_and_generated_verb::{closure#0} as core[a373ad73a504971]::ops::function::FnOnce<()>>::call_once
[INFO] [stdout]   13:     0x5c545baa11eb - test[aada8e7e76ba119b]::__rust_begin_short_backtrace::<core[a373ad73a504971]::result::Result<(), alloc[2e1b2a31b91974c5]::string::String>, fn() -> core[a373ad73a504971]::result::Result<(), alloc[2e1b2a31b91974c5]::string::String>>
[INFO] [stdout]   14:     0x5c545baae3c5 - test[aada8e7e76ba119b]::run_test::{closure#0}
[INFO] [stdout]   15:     0x5c545baa7cb4 - std[617be2ca0a6fd877]::sys::backtrace::__rust_begin_short_backtrace::<test[aada8e7e76ba119b]::run_test::{closure#1}, ()>
[INFO] [stdout]   16:     0x5c545bab1452 - <std[617be2ca0a6fd877]::thread::lifecycle::spawn_unchecked<test[aada8e7e76ba119b]::run_test::{closure#1}, ()>::{closure#1} as core[a373ad73a504971]::ops::function::FnOnce<()>>::call_once::{shim:vtable#0}
[INFO] [stdout]   17:     0x5c545bb194af - <std[617be2ca0a6fd877]::sys::thread::unix::Thread>::new::thread_start
[INFO] [stdout]   18:     0x745245694dfa - <unknown>
[INFO] [stdout]   19:     0x7452457283d4 - clone
[INFO] [stdout]   20:                0x0 - <unknown>
[INFO] [stdout] 
[INFO] [stdout] 
[INFO] [stdout] failures:
[INFO] [stdout]     every_http_operation_path_and_generated_verb
[INFO] [stdout] 
[INFO] [stdout] test result: FAILED. 0 passed; 1 failed; 0 ignored; 0 measured; 0 filtered out; finished in 0.00s
[INFO] [stdout] 
[INFO] [stderr] error: test failed, to rerun pass `--test operations_contract`
[INFO] running `Command { std: "docker" "inspect" "60a68af0f4da553f4d5b2ff3c51d448d55b8ceaf1808d81b68ab3d063d1f14c0", kill_on_drop: false }`
[INFO] running `Command { std: "docker" "rm" "-f" "60a68af0f4da553f4d5b2ff3c51d448d55b8ceaf1808d81b68ab3d063d1f14c0", kill_on_drop: false }`
[INFO] [stdout] 60a68af0f4da553f4d5b2ff3c51d448d55b8ceaf1808d81b68ab3d063d1f14c0
