[INFO] fetching crate edgehdf5-memory 1.93.0...
[INFO] testing edgehdf5-memory-1.93.0 against 1.100.0-beta.1+cargoflags=--release for beta-release-1.100-2
[INFO] extracting crate edgehdf5-memory 1.93.0 into /workspace/builds/worker-6-tc2/source
[INFO] started tweaking crates.io crate edgehdf5-memory 1.93.0
[INFO] removed 0 missing tests
[INFO] finished tweaking crates.io crate edgehdf5-memory 1.93.0
[INFO] tweaked toml for crates.io crate edgehdf5-memory 1.93.0 written to /workspace/builds/worker-6-tc2/source/Cargo.toml
[INFO] validating manifest of crates.io crate edgehdf5-memory 1.93.0 on toolchain 1.100.0-beta.1
[INFO] running `Command { std: CARGO_HOME="/workspace/cargo-home" RUSTUP_HOME="/workspace/rustup-home" "/workspace/cargo-home/bin/cargo" "+1.100.0-beta.1" "metadata" "--manifest-path" "Cargo.toml" "--no-deps", kill_on_drop: false }`
[INFO] crate crates.io crate edgehdf5-memory 1.93.0 already has a lockfile, it will not be regenerated
[INFO] running `Command { std: CARGO_HOME="/workspace/cargo-home" RUSTUP_HOME="/workspace/rustup-home" "/workspace/cargo-home/bin/cargo" "+1.100.0-beta.1" "fetch" "--manifest-path" "Cargo.toml", kill_on_drop: false }`
[INFO] running `Command { std: "docker" "create" "-v" "/var/lib/crater-agent-workspace/builds/worker-6-tc2/source:/opt/rustwide/workdir:ro,Z" "-v" "/var/lib/crater-agent-workspace/builds/worker-6-tc2/target:/opt/rustwide/target:rw,Z" "-v" "/var/lib/crater-agent-workspace/cargo-home:/opt/rustwide/cargo-home:ro,Z" "-v" "/var/lib/crater-agent-workspace/rustup-home:/opt/rustwide/rustup-home:ro,Z" "-m" "1610612736" "--network" "none" "ghcr.io/rust-lang/crates-build-env/linux@sha256:77db811e55d90add9212f6832c23229e3de5f1c1f9905e8cb07319ea15df73ac" "sleep" "infinity", kill_on_drop: false }`
[INFO] [stdout] b86c4045ca4d9ed0ac70112c38f823730700584b36cc26749479d9d5554d6dfe
[INFO] running `Command { std: "docker" "start" "b86c4045ca4d9ed0ac70112c38f823730700584b36cc26749479d9d5554d6dfe", kill_on_drop: false }`
[INFO] running `Command { std: "docker" "inspect" "b86c4045ca4d9ed0ac70112c38f823730700584b36cc26749479d9d5554d6dfe", kill_on_drop: false }`
[INFO] running `Command { std: "docker" "exec" "-e" "SOURCE_DIR=/opt/rustwide/workdir" "-e" "CARGO_HOME=/opt/rustwide/cargo-home" "-e" "RUSTUP_HOME=/opt/rustwide/rustup-home" "-e" "CARGO_TARGET_DIR=/opt/rustwide/target" "-w" "/opt/rustwide/workdir" "--user" "0:0" "b86c4045ca4d9ed0ac70112c38f823730700584b36cc26749479d9d5554d6dfe" "/opt/rustwide/cargo-home/bin/cargo" "+1.100.0-beta.1" "metadata" "--no-deps" "--format-version=1", kill_on_drop: false }`
[INFO] running `Command { std: "docker" "inspect" "b86c4045ca4d9ed0ac70112c38f823730700584b36cc26749479d9d5554d6dfe", kill_on_drop: false }`
[INFO] running `Command { std: "docker" "exec" "-e" "SOURCE_DIR=/opt/rustwide/workdir" "-e" "CARGO_HOME=/opt/rustwide/cargo-home" "-e" "RUSTUP_HOME=/opt/rustwide/rustup-home" "-e" "CARGO_TARGET_DIR=/opt/rustwide/target" "-e" "CARGO_INCREMENTAL=0" "-e" "RUST_BACKTRACE=full" "-e" "RUSTFLAGS=--cap-lints=warn" "-e" "RUSTDOCFLAGS=--cap-lints=warn" "-w" "/opt/rustwide/workdir" "--user" "0:0" "b86c4045ca4d9ed0ac70112c38f823730700584b36cc26749479d9d5554d6dfe" "/opt/rustwide/cargo-home/bin/cargo" "+1.100.0-beta.1" "build" "--frozen" "--message-format=json" "--release", kill_on_drop: false }`
[INFO] [stderr]    Compiling typenum v1.19.0
[INFO] [stderr]    Compiling quote v1.0.44
[INFO] [stderr]    Compiling rayon-core v1.13.0
[INFO] [stderr]    Compiling crc32fast v1.5.0
[INFO] [stderr]    Compiling libc v0.2.182
[INFO] [stderr]    Compiling simd-adler32 v0.3.8
[INFO] [stderr]    Compiling either v1.15.0
[INFO] [stderr]    Compiling zerocopy v0.8.39
[INFO] [stderr]    Compiling rustyhdf5-accel v1.93.0
[INFO] [stderr]    Compiling crossbeam-epoch v0.9.18
[INFO] [stderr]    Compiling miniz_oxide v0.8.9
[INFO] [stderr]    Compiling crossbeam-deque v0.8.6
[INFO] [stderr]    Compiling syn v2.0.117
[INFO] [stderr]    Compiling rayon v1.11.0
[INFO] [stderr]    Compiling flate2 v1.1.9
[INFO] [stderr]    Compiling generic-array v0.14.7
[INFO] [stderr]    Compiling memmap2 v0.9.10
[INFO] [stderr]    Compiling crypto-common v0.1.7
[INFO] [stderr]    Compiling block-buffer v0.10.4
[INFO] [stderr]    Compiling digest v0.10.7
[INFO] [stderr]    Compiling sha2 v0.10.9
[INFO] [stderr]    Compiling zerocopy-derive v0.8.39
[INFO] [stderr]    Compiling serde_derive v1.0.228
[INFO] [stderr]    Compiling rustyhdf5-format v1.93.0
[INFO] [stderr]    Compiling serde v1.0.228
[INFO] [stderr]    Compiling rustyhdf5-io v1.93.0
[INFO] [stderr]    Compiling rustyhdf5 v1.93.0
[INFO] [stderr]    Compiling half v2.7.1
[INFO] [stderr]    Compiling edgehdf5-memory v1.93.0 (/opt/rustwide/workdir)
[INFO] [stderr]     Finished `release` profile [optimized] target(s) in 29.56s
[INFO] running `Command { std: "docker" "inspect" "b86c4045ca4d9ed0ac70112c38f823730700584b36cc26749479d9d5554d6dfe", kill_on_drop: false }`
[INFO] running `Command { std: "docker" "exec" "-e" "SOURCE_DIR=/opt/rustwide/workdir" "-e" "CARGO_HOME=/opt/rustwide/cargo-home" "-e" "RUSTUP_HOME=/opt/rustwide/rustup-home" "-e" "CARGO_TARGET_DIR=/opt/rustwide/target" "-e" "CARGO_INCREMENTAL=0" "-e" "RUST_BACKTRACE=full" "-e" "RUSTFLAGS=--cap-lints=warn" "-e" "RUSTDOCFLAGS=--cap-lints=warn" "-w" "/opt/rustwide/workdir" "--user" "0:0" "b86c4045ca4d9ed0ac70112c38f823730700584b36cc26749479d9d5554d6dfe" "/opt/rustwide/cargo-home/bin/cargo" "+1.100.0-beta.1" "test" "--frozen" "--no-run" "--message-format=json" "--release", kill_on_drop: false }`
[INFO] [stderr]    Compiling either v1.15.0
[INFO] [stderr]    Compiling num-traits v0.2.19
[INFO] [stderr]    Compiling regex-syntax v0.8.9
[INFO] [stderr]    Compiling clap_lex v1.0.0
[INFO] [stderr]    Compiling rustix v1.1.3
[INFO] [stderr]    Compiling anstyle v1.0.13
[INFO] [stderr]    Compiling serde v1.0.228
[INFO] [stderr]    Compiling getrandom v0.4.1
[INFO] [stderr]    Compiling serde_json v1.0.149
[INFO] [stderr]    Compiling ciborium-ll v0.2.2
[INFO] [stderr]    Compiling is-terminal v0.4.17
[INFO] [stderr]    Compiling clap_builder v4.5.60
[INFO] [stderr]    Compiling rayon v1.11.0
[INFO] [stderr]    Compiling itertools v0.10.5
[INFO] [stderr]    Compiling ciborium v0.2.2
[INFO] [stderr]    Compiling plotters v0.3.7
[INFO] [stderr]    Compiling tinytemplate v1.2.1
[INFO] [stderr]    Compiling regex-automata v0.4.14
[INFO] [stderr]    Compiling criterion-plot v0.5.0
[INFO] [stderr]    Compiling clap v4.5.60
[INFO] [stderr]    Compiling tempfile v3.25.0
[INFO] [stderr]    Compiling rustyhdf5-format v1.93.0
[INFO] [stderr]    Compiling regex v1.12.3
[INFO] [stderr]    Compiling criterion v0.5.1
[INFO] [stderr]    Compiling rustyhdf5-io v1.93.0
[INFO] [stderr]    Compiling rustyhdf5 v1.93.0
[INFO] [stderr]    Compiling edgehdf5-memory v1.93.0 (/opt/rustwide/workdir)
[INFO] [stderr]     Finished `release` profile [optimized] target(s) in 57.25s
[INFO] running `Command { std: "docker" "inspect" "b86c4045ca4d9ed0ac70112c38f823730700584b36cc26749479d9d5554d6dfe", kill_on_drop: false }`
[INFO] running `Command { std: "docker" "exec" "-e" "SOURCE_DIR=/opt/rustwide/workdir" "-e" "CARGO_HOME=/opt/rustwide/cargo-home" "-e" "RUSTUP_HOME=/opt/rustwide/rustup-home" "-e" "CARGO_TARGET_DIR=/opt/rustwide/target" "-e" "CARGO_INCREMENTAL=0" "-e" "RUST_BACKTRACE=full" "-e" "RUSTFLAGS=--cap-lints=warn" "-e" "RUSTDOCFLAGS=--cap-lints=warn" "-w" "/opt/rustwide/workdir" "--user" "0:0" "b86c4045ca4d9ed0ac70112c38f823730700584b36cc26749479d9d5554d6dfe" "/opt/rustwide/cargo-home/bin/cargo" "+1.100.0-beta.1" "test" "--frozen" "--release", kill_on_drop: false }`
[INFO] [stderr]     Finished `release` profile [optimized] target(s) in 0.17s
[INFO] [stderr]      Running unittests src/lib.rs (/opt/rustwide/target/release/build/edgehdf5-memory/70aed4ec7ecd117c/out/edgehdf5_memory-70aed4ec7ecd117c)
[INFO] [stdout] 
[INFO] [stdout] running 179 tests
[INFO] [stdout] test agents_md::tests::test_generate_contains_session_info ... ok
[INFO] [stdout] test agents_md::tests::test_generate_contains_memory_counts ... ok
[INFO] [stdout] test agents_md::tests::test_generate_contains_agent_id ... ok
[INFO] [stdout] test agents_md::tests::test_generate_hebbian_config ... ok
[INFO] [stdout] test agents_md::tests::test_generate_contains_embedding_info ... ok
[INFO] [stdout] test bm25::tests::tokenizer_handles_mixed_case_and_numbers ... ok
[INFO] [stdout] test bm25::tests::tokenizer_handles_punctuation ... ok
[INFO] [stdout] test bm25::tests::empty_query_returns_empty ... ok
[INFO] [stdout] test bm25::tests::multi_document_ranking ... ok
[INFO] [stdout] test bm25::tests::single_document_match ... ok
[INFO] [stdout] test bm25::tests::empty_documents_returns_empty ... ok
[INFO] [stdout] test bm25::tests::no_matches_returns_empty ... ok
[INFO] [stdout] test bm25::tests::tombstoned_documents_excluded ... ok
[INFO] [stdout] test bm25::tests::idf_weights_rare_terms_higher ... ok
[INFO] [stdout] test agents_md::tests::test_write_and_read_agents_md ... ok
[INFO] [stdout] test agents_md::tests::test_generate_contains_entity_count ... ok
[INFO] [stdout] test agents_md::tests::test_generate_top_entities ... ok
[INFO] [stdout] test agents_md::tests::test_generate_empty_state ... ok
[INFO] [stdout] test bm25::tests::cached_idf_consistent_with_computed ... ok
[INFO] [stdout] test bm25::tests::top_k_limits_results ... ok
[INFO] [stdout] test decision_gate::tests::test_search_nontrivial ... ok
[INFO] [stdout] test decision_gate::tests::test_search_trivial_skip ... ok
[INFO] [stdout] test bm25::tests::wand_returns_same_results_as_exhaustive ... ok
[INFO] [stdout] test decision_gate::tests::test_case_insensitive ... ok
[INFO] [stdout] test bm25::tests::postings_sorted_by_doc_id ... ok
[INFO] [stdout] test bm25::tests::rebuild_after_changes ... ok
[INFO] [stdout] test decision_gate::tests::test_trivial_single_word_skip ... ok
[INFO] [stdout] test decision_gate::tests::test_custom_trivial_phrases ... ok
[INFO] [stdout] test decision_gate::tests::test_whitespace_handling ... ok
[INFO] [stdout] test decision_gate::tests::test_empty_string ... ok
[INFO] [stdout] test gpu_search::tests::gpu_l2_search_returns_nearest ... ok
[INFO] [stdout] test gpu_search::tests::gpu_re_upload_updates_data ... ok
[INFO] [stdout] test hybrid::tests::balanced_merge_ranking ... ok
[INFO] [stdout] test hybrid::tests::hybrid_respects_k_limit ... ok
[INFO] [stdout] test hybrid::tests::empty_results_when_no_data ... ok
[INFO] [stdout] test gpu_search::tests::gpu_search_respects_tombstones ... ok
[INFO] [stdout] test decision_gate::tests::test_gate_under_1_microsecond ... ok
[INFO] [stdout] test ivf::tests::auto_strategy_selection ... ok
[INFO] [stdout] test hybrid::tests::keyword_only_search ... ok
[INFO] [stdout] test decision_gate::tests::test_nontrivial_save ... ok
[INFO] [stdout] test decision_gate::tests::test_word_count_filter ... ok
[INFO] [stdout] test hybrid::tests::normalize_scores_single ... ok
[INFO] [stdout] test gpu_search::tests::device_info_returns_string ... ok
[INFO] [stdout] test gpu_search::tests::gpu_l2_search_respects_tombstones ... ok
[INFO] [stdout] test gpu_search::tests::gpu_cosine_cpu_fallback_matches ... ok
[INFO] [stdout] test hybrid::tests::normalize_scores_range ... ok
[INFO] [stdout] test hybrid::tests::normalize_scores_empty ... ok
[INFO] [stdout] test decision_gate::tests::test_trivial_ratio_filter ... ok
[INFO] [stdout] test decision_gate::tests::test_nontrivial_ratio_passes ... ok
[INFO] [stdout] test hybrid::tests::vector_only_search ... ok
[INFO] [stdout] test gpu_search::tests::gpu_backend_below_threshold ... ok
[INFO] [stdout] test gpu_search::tests::gpu_backend_fallback_when_unavailable ... ok
[INFO] [stdout] test ivf::tests::ivf_assign_consistent ... ok
[INFO] [stdout] test gpu_search::tests::gpu_detect_default_status ... ok
[INFO] [stdout] test ivf::tests::ivf_hdf5_roundtrip ... ok
[INFO] [stdout] test memory_strategy::tests::test_correction_delegates_to_base ... ok
[INFO] [stdout] test knowledge::tests::test_empty_aliases ... ok
[INFO] [stdout] test knowledge::tests::test_get_entity_name ... ok
[INFO] [stdout] test knowledge::tests::test_longest_match_wins ... ok
[INFO] [stdout] test knowledge::tests::test_resolve_multiple_aliases ... ok
[INFO] [stdout] test knowledge::tests::test_resolve_single_alias ... ok
[INFO] [stdout] test knowledge::tests::test_unregistered_alias_passthrough ... ok
[INFO] [stdout] test memory_strategy::tests::test_correction_detected ... ok
[INFO] [stdout] test memory_strategy::tests::test_correction_wrapping_shift ... ok
[INFO] [stdout] test knowledge::tests::test_add_and_get_aliases ... ok
[INFO] [stdout] test ivf::tests::ivf_search_nprobe_1_returns_results ... ok
[INFO] [stdout] test knowledge::tests::test_case_insensitive_resolve ... ok
[INFO] [stdout] test memory_strategy::tests::test_entity_updates ... ok
[INFO] [stdout] test pq::tests::asymmetric_distance_basic ... ok
[INFO] [stdout] test ivf::tests::ivf_clustering_produces_clusters ... ok
[INFO] [stdout] test memory_strategy::tests::test_save_every_exchange_both ... ok
[INFO] [stdout] test memory_strategy::tests::test_save_every_exchange_combined ... ok
[INFO] [stdout] test ivf::tests::ivf_respects_tombstones ... ok
[INFO] [stdout] test ivf::tests::ivf_search_nprobe_all_matches_brute_force ... ok
[INFO] [stdout] test memory_strategy::tests::test_save_every_exchange_trivial_skip ... ok
[INFO] [stdout] test memory_strategy::tests::test_record_with_strategy ... ok
[INFO] [stdout] test memory_strategy::tests::test_save_every_exchange_user_only ... ok
[INFO] [stdout] test memory_strategy::tests::test_semantic_shift_no_embedding ... ok
[INFO] [stdout] test memory_strategy::tests::test_semantic_shift_novel ... ok
[INFO] [stdout] test pq::tests::pq_search_respects_tombstones ... ok
[INFO] [stdout] test strategy::tests::hardware_capabilities_detect ... ok
[INFO] [stdout] test strategy::tests::search_metrics_strategy_name ... ok
[INFO] [stdout] test memory_strategy::tests::test_skip_reason_returned ... ok
[INFO] [stdout] test pq::tests::pq_hdf5_roundtrip ... ok
[INFO] [stdout] test strategy::tests::search_metrics_has_backend_field ... ok
[INFO] [stdout] test strategy::tests::search_with_metrics_results_match_direct ... ok
[INFO] [stdout] test strategy::tests::search_with_metrics_scalar ... ok
[INFO] [stdout] test strategy::tests::strategy_accelerate_not_for_huge ... ok
[INFO] [stdout] test memory_strategy::tests::test_semantic_shift_duplicate ... ok
[INFO] [stdout] test strategy::tests::search_with_metrics_simd ... ok
[INFO] [stdout] test strategy::tests::search_with_metrics_timing_nonzero ... ok
[INFO] [stdout] test strategy::tests::strategy_accelerate_not_for_small ... ok
[INFO] [stdout] test ivf::tests::ivf_balanced_clusters ... ok
[INFO] [stdout] test strategy::tests::strategy_accelerate_preferred_over_blas ... ok
[INFO] [stdout] test strategy::tests::strategy_blas_not_for_small ... ok
[INFO] [stdout] test strategy::tests::search_with_metrics_respects_tombstones ... ok
[INFO] [stdout] test pq::tests::pq_search_returns_closest ... ok
[INFO] [stdout] test strategy::tests::strategy_display_names ... ok
[INFO] [stdout] test strategy::tests::strategy_gpu_10k_to_50k_when_no_rayon ... ok
[INFO] [stdout] test strategy::tests::strategy_gpu_50k_to_500k ... ok
[INFO] [stdout] test strategy::tests::strategy_ivfpq_fallback_50k_no_gpu ... ok
[INFO] [stdout] test strategy::tests::strategy_ivfpq_over_500k ... ok
[INFO] [stdout] test strategy::tests::strategy_rayon_10k_to_50k_when_available ... ok
[INFO] [stdout] test memory_strategy::tests::test_record_trivial_skip ... ok
[INFO] [stdout] test pq::tests::distance_table_precomputation ... ok
[INFO] [stdout] test strategy::tests::strategy_blas_preferred_1k_to_100k ... ok
[INFO] [stdout] test strategy::tests::strategy_scalar_under_1k ... ok
[INFO] [stdout] test strategy::tests::strategy_simd_1k_to_10k ... ok
[INFO] [stdout] test strategy::tests::strategy_simd_fallback_10k_no_parallel_no_gpu ... ok
[INFO] [stdout] test strategy::tests::active_backend_name_returns_valid ... ok
[INFO] [stdout] test tests::compact_no_tombstones ... ok
[INFO] [stdout] test tests::auto_compact ... ok
[INFO] [stdout] test strategy::tests::strategy_fallback_without_blas ... ok
[INFO] [stdout] test tests::compact_removes_tombstoned ... ok
[INFO] [stdout] test tests::create_new_file ... ok
[INFO] [stdout] test tests::config_preserved ... ok
[INFO] [stdout] test pq::tests::pq_code_size ... ok
[INFO] [stdout] test tests::delete_nonexistent ... ok
[INFO] [stdout] test tests::empty_file_operations ... ok
[INFO] [stdout] test tests::double_delete ... ok
[INFO] [stdout] test tests::knowledge_add_entity ... ok
[INFO] [stdout] test tests::entity_id_continuity ... ok
[INFO] [stdout] test tests::knowledge_graph_persistence ... ok
[INFO] [stdout] test tests::empty_strings ... ok
[INFO] [stdout] test tests::large_batch ... ok
[INFO] [stdout] test tests::open_existing ... ok
[INFO] [stdout] test tests::save_single_entry ... ok
[INFO] [stdout] test tests::schema_version_mismatch ... ok
[INFO] [stdout] test tests::round_trip ... ok
[INFO] [stdout] test tests::multiple_relations ... ok
[INFO] [stdout] test tests::different_channels ... ok
[INFO] [stdout] test tests::test_add_entity_alias_on_memory ... ok
[INFO] [stdout] test tests::test_activation_in_search_result ... ok
[INFO] [stdout] test tests::compact_then_reopen ... ok
[INFO] [stdout] test tests::knowledge_add_relation ... ok
[INFO] [stdout] test tests::session_tracking ... ok
[INFO] [stdout] test tests::test_hebbian_no_effect_at_default ... ok
[INFO] [stdout] test tests::test_hebbian_persistence ... ok
[INFO] [stdout] test vector_search::tests::batch_all_tombstoned_returns_empty ... ok
[INFO] [stdout] test tests::save_batch ... ok
[INFO] [stdout] test vector_search::tests::batch_cosine_ordering ... ok
[INFO] [stdout] test vector_search::tests::batch_cosine_with_tombstones ... ok
[INFO] [stdout] test tests::multiple_sessions ... ok
[INFO] [stdout] test tests::snapshot_to_file ... ok
[INFO] [stdout] test tests::snapshot_creates_copy ... ok
[INFO] [stdout] test vector_search::tests::identical_vectors_similarity_is_one ... ok
[INFO] [stdout] test vector_search::tests::negative_correlation ... ok
[INFO] [stdout] test vector_search::tests::f16_cosine_skips_tombstoned ... ok
[INFO] [stdout] test vector_search::tests::f16_cosine_matches_f32_within_tolerance ... ok
[INFO] [stdout] test vector_search::tests::different_lengths_panics - should panic ... ok
[INFO] [stdout] test vector_search::tests::orthogonal_vectors_similarity_is_zero ... ok
[INFO] [stdout] test tests::delete_entry ... ok
[INFO] [stdout] test tests::tombstone_fraction ... ok
[INFO] [stdout] test vector_search::tests::top_k_selection ... ok
[INFO] [stdout] test vector_search::tests::top_k_zero ... ok
[INFO] [stdout] test vector_search::tests::zero_vector_returns_zero ... ok
[INFO] [stdout] test vector_search::tests::prenorm_batch_matches_regular_batch ... ok
[INFO] [stdout] test vector_search::tests::prenorm_search_same_ranking ... ok
[INFO] [stdout] test wal::tests::test_tick_session_merges_wal ... ok
[INFO] [stdout] test wal::tests::test_save_with_wal ... ok
[INFO] [stdout] test wal::tests::test_wal_auto_merge ... ok
[INFO] [stdout] test wal::tests::test_wal_binary_roundtrip ... ok
[INFO] [stdout] test wal::tests::test_wal_create_and_header ... ok
[INFO] [stdout] test wal::tests::test_wal_append_tombstone ... ok
[INFO] [stdout] test wal::tests::test_wal_replay_on_open ... ok
[INFO] [stdout] test vector_search::tests::top_k_larger_than_input ... ok
[INFO] [stdout] test wal::tests::test_wal_empty_on_create ... ok
[INFO] [stdout] test wal::tests::test_wal_disabled ... ok
[INFO] [stdout] test wal::tests::test_wal_append_and_read ... ok
[INFO] [stdout] test wal::tests::test_wal_truncate ... ok
[INFO] [stdout] test tests::test_hebbian_compact_preserves_weights ... ok
[INFO] [stdout] test ivf::tests::ivf_pq_combined_search_recall ... ok
[INFO] [stdout] test pq::tests::pq_search_rerank_improves_quality ... ok
[INFO] [stdout] test tests::test_hebbian_activation_boost ... ok
[INFO] [stdout] test wal::tests::test_wal_flush_explicit ... ok
[INFO] [stdout] test pq::tests::pq_asymmetric_ranking_reasonable_recall ... ok
[INFO] [stdout] test tests::test_hebbian_decay ... ok
[INFO] [stdout] test vector_search::tests::performance_10k_vectors_384d ... ok
[INFO] [stdout] test pq::tests::encode_decode_roundtrip ... ok
[INFO] [stdout] 
[INFO] [stdout] test result: ok. 179 passed; 0 failed; 0 ignored; 0 measured; 0 filtered out; finished in 0.19s
[INFO] [stdout] 
[INFO] [stderr]      Running tests/e2e_tests.rs (/opt/rustwide/target/release/build/edgehdf5-memory/42a825aacf27b9aa/out/e2e_tests-42a825aacf27b9aa)
[INFO] [stdout] 
[INFO] [stdout] running 28 tests
[INFO] [stdout] test test_accel_l2_distance ... ok
[INFO] [stdout] test test_gpu_fallback_to_cpu_when_unavailable ... ok
[INFO] [stdout] test test_gpu_l2_fallback_works ... ok
[INFO] [stdout] test test_interleaved_sessions_entries ... FAILED
[INFO] [stdout] test test_accel_dot_product_matches_manual ... ok
[INFO] [stdout] test test_knowledge_graph_workflow ... ok
[INFO] [stdout] test test_accel_vector_norm ... ok
[INFO] [stdout] test test_empty_operations_pipeline ... ok
[INFO] [stdout] test test_prenorm_helper_matches_full_cosine ... ok
[INFO] [stdout] test test_entity_id_continuity_across_ops ... ok
[INFO] [stdout] test test_accel_backend_detection ... ok
[INFO] [stdout] test test_agent_memory_lifecycle ... FAILED
[INFO] [stdout] test test_large_text_chunks ... ok
[INFO] [stdout] test test_search_results_identical_after_simd_swap ... ok
[INFO] [stdout] test test_mmap_reader_opens_and_reads ... ok
[INFO] [stdout] test test_search_after_compaction ... ok
[INFO] [stdout] test test_float16_mode ... ok
[INFO] [stdout] test test_overwrite_and_reopen ... FAILED
[INFO] [stdout] test test_accel_cosine_matches_old_simd ... ok
[INFO] [stdout] test test_snapshot_and_continue ... ok
[INFO] [stdout] test test_multiple_channels_search ... ok
[INFO] [stdout] test test_strategy_reports_backend ... ok
[INFO] [stdout] test test_knowledge_graph_with_embeddings ... ok
[INFO] [stdout] test test_config_persistence_across_ops ... ok
[INFO] [stdout] test test_multi_session_workflow ... ok
[INFO] [stdout] test test_mmap_reader_direct_access ... ok
[INFO] [stdout] test test_migration_round_trip ... ok
[INFO] [stdout] test test_full_pipeline_snapshot_restore ... ok
[INFO] [stdout] 
[INFO] [stdout] failures:
[INFO] [stdout] 
[INFO] [stdout] ---- test_interleaved_sessions_entries stdout ----
[INFO] [stdout] 
[INFO] [stdout] thread 'test_interleaved_sessions_entries' (1598) panicked at tests/e2e_tests.rs:718:5:
[INFO] [stdout] assertion `left == right` failed
[INFO] [stdout]   left: 12
[INFO] [stdout]  right: 6
[INFO] [stdout] stack backtrace:
[INFO] [stdout]    0:     0x5a6cc307b6d1 - <<std[617be2ca0a6fd877]::sys::backtrace::BacktraceLock>::print::DisplayBacktrace as core[a373ad73a504971]::fmt::Display>::fmt
[INFO] [stdout]    1:     0x5a6cc30914fa - core[a373ad73a504971]::fmt::write
[INFO] [stdout]    2:     0x5a6cc307fcac - <alloc[2e1b2a31b91974c5]::vec::Vec<u8> as core[a373ad73a504971]::io::write::Write>::write_fmt
[INFO] [stdout]    3:     0x5a6cc3054f46 - std[617be2ca0a6fd877]::panicking::default_hook::{closure#0}
[INFO] [stdout]    4:     0x5a6cc30724b9 - std[617be2ca0a6fd877]::panicking::default_hook
[INFO] [stdout]    5:     0x5a6cc2f83790 - test[aada8e7e76ba119b]::test_main_inner::{closure#0}
[INFO] [stdout]    6:     0x5a6cc30727e2 - std[617be2ca0a6fd877]::panicking::panic_with_hook
[INFO] [stdout]    7:     0x5a6cc3054ff2 - std[617be2ca0a6fd877]::panicking::panic_handler::{closure#0}
[INFO] [stdout]    8:     0x5a6cc304db89 - std[617be2ca0a6fd877]::sys::backtrace::__rust_end_short_backtrace::<std[617be2ca0a6fd877]::panicking::panic_handler::{closure#0}, !>
[INFO] [stdout]    9:     0x5a6cc3055ced - __rustc[ea4f61d10b84890b]::rust_begin_unwind
[INFO] [stdout]   10:     0x5a6cc3091c2c - core[a373ad73a504971]::panicking::panic_fmt
[INFO] [stdout]   11:     0x5a6cc3091b43 - core[a373ad73a504971]::panicking::assert_failed_inner
[INFO] [stdout]   12:     0x5a6cc308dbd8 - core[a373ad73a504971]::panicking::assert_failed::<usize, usize>
[INFO] [stdout]   13:     0x5a6cc2f6f353 - <e2e_tests[3338baae6ad2b799]::test_interleaved_sessions_entries::{closure#0} as core[a373ad73a504971]::ops::function::FnOnce<()>>::call_once
[INFO] [stdout]   14:     0x5a6cc2f76bdb - test[aada8e7e76ba119b]::__rust_begin_short_backtrace::<core[a373ad73a504971]::result::Result<(), alloc[2e1b2a31b91974c5]::string::String>, fn() -> core[a373ad73a504971]::result::Result<(), alloc[2e1b2a31b91974c5]::string::String>>
[INFO] [stdout]   15:     0x5a6cc2f83db5 - test[aada8e7e76ba119b]::run_test::{closure#0}
[INFO] [stdout]   16:     0x5a6cc2f7d6a4 - std[617be2ca0a6fd877]::sys::backtrace::__rust_begin_short_backtrace::<test[aada8e7e76ba119b]::run_test::{closure#1}, ()>
[INFO] [stdout]   17:     0x5a6cc2f86e42 - <std[617be2ca0a6fd877]::thread::lifecycle::spawn_unchecked<test[aada8e7e76ba119b]::run_test::{closure#1}, ()>::{closure#1} as core[a373ad73a504971]::ops::function::FnOnce<()>>::call_once::{shim:vtable#0}
[INFO] [stdout]   18:     0x5a6cc307ac7f - <std[617be2ca0a6fd877]::sys::thread::unix::Thread>::new::thread_start
[INFO] [stdout]   19:     0x7a2edd149dfa - <unknown>
[INFO] [stdout]   20:     0x7a2edd1dd3d4 - clone
[INFO] [stdout]   21:                0x0 - <unknown>
[INFO] [stdout] 
[INFO] [stdout] ---- test_agent_memory_lifecycle stdout ----
[INFO] [stdout] 
[INFO] [stdout] thread 'test_agent_memory_lifecycle' (1590) panicked at tests/e2e_tests.rs:97:27:
[INFO] [stdout] index out of bounds: the len is 0 but the index is 0
[INFO] [stdout] stack backtrace:
[INFO] [stdout]    0:     0x5a6cc307b6d1 - <<std[617be2ca0a6fd877]::sys::backtrace::BacktraceLock>::print::DisplayBacktrace as core[a373ad73a504971]::fmt::Display>::fmt
[INFO] [stdout]    1:     0x5a6cc30914fa - core[a373ad73a504971]::fmt::write
[INFO] [stdout]    2:     0x5a6cc307fcac - <alloc[2e1b2a31b91974c5]::vec::Vec<u8> as core[a373ad73a504971]::io::write::Write>::write_fmt
[INFO] [stdout]    3:     0x5a6cc3054f46 - std[617be2ca0a6fd877]::panicking::default_hook::{closure#0}
[INFO] [stdout]    4:     0x5a6cc30724b9 - std[617be2ca0a6fd877]::panicking::default_hook
[INFO] [stdout]    5:     0x5a6cc2f83790 - test[aada8e7e76ba119b]::test_main_inner::{closure#0}
[INFO] [stdout]    6:     0x5a6cc30727e2 - std[617be2ca0a6fd877]::panicking::panic_with_hook
[INFO] [stdout]    7:     0x5a6cc3054ff2 - std[617be2ca0a6fd877]::panicking::panic_handler::{closure#0}
[INFO] [stdout]    8:     0x5a6cc304db89 - std[617be2ca0a6fd877]::sys::backtrace::__rust_end_short_backtrace::<std[617be2ca0a6fd877]::panicking::panic_handler::{closure#0}, !>
[INFO] [stdout]    9:     0x5a6cc3055ced - __rustc[ea4f61d10b84890b]::rust_begin_unwind
[INFO] [stdout]   10:     0x5a6cc3091c2c - core[a373ad73a504971]::panicking::panic_fmt
[INFO] [stdout]   11:     0x5a6cc3091a7c - core[a373ad73a504971]::panicking::panic_bounds_check
[INFO] [stdout]   12:     0x5a6cc2f694ba - <e2e_tests[3338baae6ad2b799]::test_agent_memory_lifecycle::{closure#0} as core[a373ad73a504971]::ops::function::FnOnce<()>>::call_once
[INFO] [stdout]   13:     0x5a6cc2f76bdb - test[aada8e7e76ba119b]::__rust_begin_short_backtrace::<core[a373ad73a504971]::result::Result<(), alloc[2e1b2a31b91974c5]::string::String>, fn() -> core[a373ad73a504971]::result::Result<(), alloc[2e1b2a31b91974c5]::string::String>>
[INFO] [stdout]   14:     0x5a6cc2f83db5 - test[aada8e7e76ba119b]::run_test::{closure#0}
[INFO] [stdout]   15:     0x5a6cc2f7d6a4 - std[617be2ca0a6fd877]::sys::backtrace::__rust_begin_short_backtrace::<test[aada8e7e76ba119b]::run_test::{closure#1}, ()>
[INFO] [stdout]   16:     0x5a6cc2f86e42 - <std[617be2ca0a6fd877]::thread::lifecycle::spawn_unchecked<test[aada8e7e76ba119b]::run_test::{closure#1}, ()>::{closure#1} as core[a373ad73a504971]::ops::function::FnOnce<()>>::call_once::{shim:vtable#0}
[INFO] [stdout]   17:     0x5a6cc307ac7f - <std[617be2ca0a6fd877]::sys::thread::unix::Thread>::new::thread_start
[INFO] [stdout]   18:     0x7a2edd149dfa - <unknown>
[INFO] [stdout]   19:     0x7a2edd1dd3d4 - clone
[INFO] [stdout]   20:                0x0 - <unknown>
[INFO] [stdout] 
[INFO] [stdout] ---- test_overwrite_and_reopen stdout ----
[INFO] [stdout] 
[INFO] [stdout] thread 'test_overwrite_and_reopen' (1607) panicked at tests/e2e_tests.rs:876:5:
[INFO] [stdout] assertion `left == right` failed
[INFO] [stdout]   left: 11
[INFO] [stdout]  right: 10
[INFO] [stdout] stack backtrace:
[INFO] [stdout]    0:     0x5a6cc307b6d1 - <<std[617be2ca0a6fd877]::sys::backtrace::BacktraceLock>::print::DisplayBacktrace as core[a373ad73a504971]::fmt::Display>::fmt
[INFO] [stdout]    1:     0x5a6cc30914fa - core[a373ad73a504971]::fmt::write
[INFO] [stdout]    2:     0x5a6cc307fcac - <alloc[2e1b2a31b91974c5]::vec::Vec<u8> as core[a373ad73a504971]::io::write::Write>::write_fmt
[INFO] [stdout]    3:     0x5a6cc3054f46 - std[617be2ca0a6fd877]::panicking::default_hook::{closure#0}
[INFO] [stdout]    4:     0x5a6cc30724b9 - std[617be2ca0a6fd877]::panicking::default_hook
[INFO] [stdout]    5:     0x5a6cc2f83790 - test[aada8e7e76ba119b]::test_main_inner::{closure#0}
[INFO] [stdout]    6:     0x5a6cc30727e2 - std[617be2ca0a6fd877]::panicking::panic_with_hook
[INFO] [stdout]    7:     0x5a6cc3054ff2 - std[617be2ca0a6fd877]::panicking::panic_handler::{closure#0}
[INFO] [stdout]    8:     0x5a6cc304db89 - std[617be2ca0a6fd877]::sys::backtrace::__rust_end_short_backtrace::<std[617be2ca0a6fd877]::panicking::panic_handler::{closure#0}, !>
[INFO] [stdout]    9:     0x5a6cc3055ced - __rustc[ea4f61d10b84890b]::rust_begin_unwind
[INFO] [stdout]   10:     0x5a6cc3091c2c - core[a373ad73a504971]::panicking::panic_fmt
[INFO] [stdout]   11:     0x5a6cc3091b43 - core[a373ad73a504971]::panicking::assert_failed_inner
[INFO] [stdout]   12:     0x5a6cc308dbd8 - core[a373ad73a504971]::panicking::assert_failed::<usize, usize>
[INFO] [stdout]   13:     0x5a6cc2f67467 - <e2e_tests[3338baae6ad2b799]::test_overwrite_and_reopen::{closure#0} as core[a373ad73a504971]::ops::function::FnOnce<()>>::call_once
[INFO] [stdout]   14:     0x5a6cc2f76bdb - test[aada8e7e76ba119b]::__rust_begin_short_backtrace::<core[a373ad73a504971]::result::Result<(), alloc[2e1b2a31b91974c5]::string::String>, fn() -> core[a373ad73a504971]::result::Result<(), alloc[2e1b2a31b91974c5]::string::String>>
[INFO] [stdout]   15:     0x5a6cc2f83db5 - test[aada8e7e76ba119b]::run_test::{closure#0}
[INFO] [stdout]   16:     0x5a6cc2f7d6a4 - std[617be2ca0a6fd877]::sys::backtrace::__rust_begin_short_backtrace::<test[aada8e7e76ba119b]::run_test::{closure#1}, ()>
[INFO] [stdout]   17:     0x5a6cc2f86e42 - <std[617be2ca0a6fd877]::thread::lifecycle::spawn_unchecked<test[aada8e7e76ba119b]::run_test::{closure#1}, ()>::{closure#1} as core[a373ad73a504971]::ops::function::FnOnce<()>>::call_once::{shim:vtable#0}
[INFO] [stdout]   18:     0x5a6cc307ac7f - <std[617be2ca0a6fd877]::sys::thread::unix::Thread>::new::thread_start
[INFO] [stdout]   19:     0x7a2edd149dfa - <unknown>
[INFO] [stdout]   20:     0x7a2edd1dd3d4 - clone
[INFO] [stdout]   21:                0x0 - <unknown>
[INFO] [stdout] 
[INFO] [stdout] 
[INFO] [stderr] error: test failed, to rerun pass `--test e2e_tests`
[INFO] [stdout] failures:
[INFO] [stdout]     test_agent_memory_lifecycle
[INFO] [stdout]     test_interleaved_sessions_entries
[INFO] [stdout]     test_overwrite_and_reopen
[INFO] [stdout] 
[INFO] [stdout] test result: FAILED. 25 passed; 3 failed; 0 ignored; 0 measured; 0 filtered out; finished in 0.08s
[INFO] [stdout] 
[INFO] running `Command { std: "docker" "inspect" "b86c4045ca4d9ed0ac70112c38f823730700584b36cc26749479d9d5554d6dfe", kill_on_drop: false }`
[INFO] running `Command { std: "docker" "rm" "-f" "b86c4045ca4d9ed0ac70112c38f823730700584b36cc26749479d9d5554d6dfe", kill_on_drop: false }`
[INFO] [stdout] b86c4045ca4d9ed0ac70112c38f823730700584b36cc26749479d9d5554d6dfe
