[INFO] fetching crate edgefirst-codec 0.35.0...
[INFO] testing edgefirst-codec-0.35.0 against 1.100.0-beta.1+cargoflags=--release for beta-release-1.100-2
[INFO] extracting crate edgefirst-codec 0.35.0 into /workspace/builds/worker-7-tc2/source
[INFO] started tweaking crates.io crate edgefirst-codec 0.35.0
[INFO] removed 0 missing examples
[INFO] removed 0 missing tests
[INFO] finished tweaking crates.io crate edgefirst-codec 0.35.0
[INFO] tweaked toml for crates.io crate edgefirst-codec 0.35.0 written to /workspace/builds/worker-7-tc2/source/Cargo.toml
[INFO] validating manifest of crates.io crate edgefirst-codec 0.35.0 on toolchain 1.100.0-beta.1
[INFO] running `Command { std: CARGO_HOME="/workspace/cargo-home" RUSTUP_HOME="/workspace/rustup-home" "/workspace/cargo-home/bin/cargo" "+1.100.0-beta.1" "metadata" "--manifest-path" "Cargo.toml" "--no-deps", kill_on_drop: false }`
[INFO] crate crates.io crate edgefirst-codec 0.35.0 already has a lockfile, it will not be regenerated
[INFO] running `Command { std: CARGO_HOME="/workspace/cargo-home" RUSTUP_HOME="/workspace/rustup-home" "/workspace/cargo-home/bin/cargo" "+1.100.0-beta.1" "fetch" "--manifest-path" "Cargo.toml", kill_on_drop: false }`
[INFO] running `Command { std: "docker" "create" "-v" "/var/lib/crater-agent-workspace/builds/worker-7-tc2/source:/opt/rustwide/workdir:ro,Z" "-v" "/var/lib/crater-agent-workspace/builds/worker-7-tc2/target:/opt/rustwide/target:rw,Z" "-v" "/var/lib/crater-agent-workspace/cargo-home:/opt/rustwide/cargo-home:ro,Z" "-v" "/var/lib/crater-agent-workspace/rustup-home:/opt/rustwide/rustup-home:ro,Z" "-m" "1610612736" "--network" "none" "ghcr.io/rust-lang/crates-build-env/linux@sha256:77db811e55d90add9212f6832c23229e3de5f1c1f9905e8cb07319ea15df73ac" "sleep" "infinity", kill_on_drop: false }`
[INFO] [stdout] af3d379feb0763e2a7d3d5b10c11deeccc3ddf6681986f90878d021c8deaa9da
[INFO] running `Command { std: "docker" "start" "af3d379feb0763e2a7d3d5b10c11deeccc3ddf6681986f90878d021c8deaa9da", kill_on_drop: false }`
[INFO] running `Command { std: "docker" "inspect" "af3d379feb0763e2a7d3d5b10c11deeccc3ddf6681986f90878d021c8deaa9da", kill_on_drop: false }`
[INFO] running `Command { std: "docker" "exec" "-e" "SOURCE_DIR=/opt/rustwide/workdir" "-e" "CARGO_HOME=/opt/rustwide/cargo-home" "-e" "RUSTUP_HOME=/opt/rustwide/rustup-home" "-e" "CARGO_TARGET_DIR=/opt/rustwide/target" "-w" "/opt/rustwide/workdir" "--user" "0:0" "af3d379feb0763e2a7d3d5b10c11deeccc3ddf6681986f90878d021c8deaa9da" "/opt/rustwide/cargo-home/bin/cargo" "+1.100.0-beta.1" "metadata" "--no-deps" "--format-version=1", kill_on_drop: false }`
[INFO] running `Command { std: "docker" "inspect" "af3d379feb0763e2a7d3d5b10c11deeccc3ddf6681986f90878d021c8deaa9da", kill_on_drop: false }`
[INFO] running `Command { std: "docker" "exec" "-e" "SOURCE_DIR=/opt/rustwide/workdir" "-e" "CARGO_HOME=/opt/rustwide/cargo-home" "-e" "RUSTUP_HOME=/opt/rustwide/rustup-home" "-e" "CARGO_TARGET_DIR=/opt/rustwide/target" "-e" "CARGO_INCREMENTAL=0" "-e" "RUST_BACKTRACE=full" "-e" "RUSTFLAGS=--cap-lints=warn" "-e" "RUSTDOCFLAGS=--cap-lints=warn" "-w" "/opt/rustwide/workdir" "--user" "0:0" "af3d379feb0763e2a7d3d5b10c11deeccc3ddf6681986f90878d021c8deaa9da" "/opt/rustwide/cargo-home/bin/cargo" "+1.100.0-beta.1" "build" "--frozen" "--message-format=json" "--release", kill_on_drop: false }`
[INFO] [stderr]    Compiling unicode-ident v1.0.26
[INFO] [stderr]    Compiling libc v0.2.189
[INFO] [stderr]    Compiling cfg_aliases v0.2.2
[INFO] [stderr]    Compiling bitflags v2.13.2
[INFO] [stderr]    Compiling zerocopy v0.8.59
[INFO] [stderr]    Compiling rustix v1.1.5
[INFO] [stderr]    Compiling num-traits v0.2.19
[INFO] [stderr]    Compiling edgefirst-tensor v0.35.0
[INFO] [stderr]    Compiling simd-adler32 v0.3.10
[INFO] [stderr]    Compiling libloading v0.9.0
[INFO] [stderr]    Compiling edgefirst-tensor-abi v0.35.0
[INFO] [stderr]    Compiling zune-core v0.5.3
[INFO] [stderr]    Compiling mutate_once v0.1.2
[INFO] [stderr]    Compiling nix v0.31.3
[INFO] [stderr]    Compiling kamadak-exif v0.6.1
[INFO] [stderr]    Compiling proc-macro2 v1.0.107
[INFO] [stderr]    Compiling zune-inflate v0.2.54
[INFO] [stderr]    Compiling zune-png v0.5.2
[INFO] [stderr]    Compiling quote v1.0.47
[INFO] [stderr]    Compiling syn v2.0.119
[INFO] [stderr]    Compiling syn v3.0.6
[INFO] [stderr]    Compiling serde_derive v1.0.229
[INFO] [stderr]    Compiling getrandom v0.4.3
[INFO] [stderr]    Compiling uuid v1.26.1
[INFO] [stderr]    Compiling dma-heap v0.4.1
[INFO] [stderr]    Compiling edgefirst-v4l2 v0.2.1
[INFO] [stderr]    Compiling zerocopy-derive v0.8.59
[INFO] [stderr]    Compiling tracing-attributes v0.1.31
[INFO] [stderr]    Compiling serde v1.0.229
[INFO] [stderr]    Compiling tracing v0.1.44
[INFO] [stderr]    Compiling half v2.7.1
[INFO] [stderr]    Compiling edgefirst-codec v0.35.0 (/opt/rustwide/workdir)
[INFO] [stderr]     Finished `release` profile [optimized] target(s) in 39.81s
[INFO] running `Command { std: "docker" "inspect" "af3d379feb0763e2a7d3d5b10c11deeccc3ddf6681986f90878d021c8deaa9da", kill_on_drop: false }`
[INFO] running `Command { std: "docker" "exec" "-e" "SOURCE_DIR=/opt/rustwide/workdir" "-e" "CARGO_HOME=/opt/rustwide/cargo-home" "-e" "RUSTUP_HOME=/opt/rustwide/rustup-home" "-e" "CARGO_TARGET_DIR=/opt/rustwide/target" "-e" "CARGO_INCREMENTAL=0" "-e" "RUST_BACKTRACE=full" "-e" "RUSTFLAGS=--cap-lints=warn" "-e" "RUSTDOCFLAGS=--cap-lints=warn" "-w" "/opt/rustwide/workdir" "--user" "0:0" "af3d379feb0763e2a7d3d5b10c11deeccc3ddf6681986f90878d021c8deaa9da" "/opt/rustwide/cargo-home/bin/cargo" "+1.100.0-beta.1" "test" "--frozen" "--no-run" "--message-format=json" "--release", kill_on_drop: false }`
[INFO] [stderr]    Compiling simd-adler32 v0.3.10
[INFO] [stderr]    Compiling crc32fast v1.5.2
[INFO] [stderr]    Compiling jiff-core v0.1.1
[INFO] [stderr]    Compiling env_filter v2.0.0
[INFO] [stderr]    Compiling zune-jpeg v0.5.15
[INFO] [stderr]    Compiling bytemuck v1.25.2
[INFO] [stderr]    Compiling anstream v1.0.0
[INFO] [stderr]    Compiling moxcms v0.8.1
[INFO] [stderr]    Compiling miniz_oxide v0.9.1
[INFO] [stderr]    Compiling miniz_oxide v0.8.9
[INFO] [stderr]    Compiling zune-inflate v0.2.54
[INFO] [stderr]    Compiling fdeflate v0.3.7
[INFO] [stderr]    Compiling zune-png v0.5.2
[INFO] [stderr]    Compiling flate2 v1.1.10
[INFO] [stderr]    Compiling edgefirst-codec v0.35.0 (/opt/rustwide/workdir)
[INFO] [stderr]    Compiling png v0.18.1
[INFO] [stderr]    Compiling jiff v0.2.37
[INFO] [stderr]    Compiling env_logger v0.11.11
[INFO] [stderr]    Compiling image v0.25.10
[INFO] [stderr]     Finished `release` profile [optimized] target(s) in 56.75s
[INFO] running `Command { std: "docker" "inspect" "af3d379feb0763e2a7d3d5b10c11deeccc3ddf6681986f90878d021c8deaa9da", kill_on_drop: false }`
[INFO] running `Command { std: "docker" "exec" "-e" "SOURCE_DIR=/opt/rustwide/workdir" "-e" "CARGO_HOME=/opt/rustwide/cargo-home" "-e" "RUSTUP_HOME=/opt/rustwide/rustup-home" "-e" "CARGO_TARGET_DIR=/opt/rustwide/target" "-e" "CARGO_INCREMENTAL=0" "-e" "RUST_BACKTRACE=full" "-e" "RUSTFLAGS=--cap-lints=warn" "-e" "RUSTDOCFLAGS=--cap-lints=warn" "-w" "/opt/rustwide/workdir" "--user" "0:0" "af3d379feb0763e2a7d3d5b10c11deeccc3ddf6681986f90878d021c8deaa9da" "/opt/rustwide/cargo-home/bin/cargo" "+1.100.0-beta.1" "test" "--frozen" "--release", kill_on_drop: false }`
[INFO] [stderr]     Finished `release` profile [optimized] target(s) in 0.12s
[INFO] [stderr]      Running unittests src/lib.rs (/opt/rustwide/target/release/build/edgefirst-codec/e18c158b872634d4/out/edgefirst_codec-e18c158b872634d4)
[INFO] [stdout] 
[INFO] [stdout] running 91 tests
[INFO] [stdout] test exif::tests::exif_orientation_default ... ok
[INFO] [stdout] test exif::tests::orientation_tag_mapping ... ok
[INFO] [stdout] test jpeg::bitstream::tests::extend_negative ... ok
[INFO] [stdout] test jpeg::color::tests::grey_input_stays_grey ... ok
[INFO] [stdout] test jpeg::color::tests::mcu_blocks_match_row_kernel ... ok
[INFO] [stdout] test jpeg::bitstream::tests::byte_stuffing ... ok
[INFO] [stdout] test jpeg::bitstream::tests::swar_ff_detector ... ok
[INFO] [stdout] test jpeg::bitstream::tests::bulk_refill_aborts_on_ff_stuffing ... ok
[INFO] [stdout] test decoder::tests::invalid_data ... ok
[INFO] [stdout] test decoder::tests::magic_bytes_jpeg ... ok
[INFO] [stdout] test jpeg::bitstream::tests::read_bits_basic ... ok
[INFO] [stdout] test jpeg::bitstream::tests::refill_parity_random_reads ... ok
[INFO] [stdout] test jpeg::bitstream::tests::refill_parity_with_stuffing ... ok
[INFO] [stdout] test jpeg::color::tests::block16_sse41_matches_scalar ... ok
[INFO] [stdout] test jpeg::bitstream::tests::bulk_refill_allows_high_bit_non_ff ... ok
[INFO] [stdout] test jpeg::bitstream::tests::extend_positive ... ok
[INFO] [stdout] test jpeg::bitstream::tests::extend_one_bit ... ok
[INFO] [stdout] test decoder::tests::magic_bytes_png ... ok
[INFO] [stdout] test jpeg::color::tests::dispatch_matches_scalar_exactly ... ok
[INFO] [stdout] test jpeg::huffman::tests::build_rejects_truncated_values ... ok
[INFO] [stdout] test jpeg::huffman::tests::build_simple_table ... ok
[INFO] [stdout] test jpeg::color::tests::scalar_matches_float_reference_within_1 ... ok
[INFO] [stdout] test jpeg::color::tests::x86_kernels_match_scalar_exactly ... ok
[INFO] [stdout] test jpeg::idct::bench::idct_kernel_cost ... ignored, timing benchmark, not a correctness check
[INFO] [stdout] test jpeg::huffman::tests::fast_ac_bakes_size_zero_symbols ... ok
[INFO] [stdout] test jpeg::cpu::tests::probe_intel_returns_something_sane ... ok
[INFO] [stdout] test jpeg::huffman::tests::roundtrip_dc_values ... ok
[INFO] [stdout] test jpeg::cpu::tests::probe_neon_returns_something_sane ... ok
[INFO] [stdout] test jpeg::cpu::tests::entropy_helpers_are_stable ... ok
[INFO] [stdout] test jpeg::huffman::tests::build_rejects_oversubscribed_code_lengths ... ok
[INFO] [stdout] test jpeg::idct::scalar::tests::quant_table_applied ... ok
[INFO] [stdout] test jpeg::idct::scalar::tests::strided_output ... ok
[INFO] [stdout] test jpeg::huffman::tests::cache_hit_takes_and_restore_returns ... ok
[INFO] [stdout] test jpeg::idct::sse2::tests::parity_vs_scalar ... ok
[INFO] [stdout] test jpeg::huffman::tests::cache_rebuild_evicts_stale_table ... ok
[INFO] [stdout] test jpeg::idct::avx2::tests::idct_8x8_parity_random_strided ... ok
[INFO] [stdout] test jpeg::idct::fast::tests::aanscales_matches_closed_form ... ok
[INFO] [stdout] test jpeg::idct::scalar::tests::dc_only_block ... ok
[INFO] [stdout] test jpeg::idct::scalar::tests::zero_block_gives_128 ... ok
[INFO] [stdout] test jpeg::idct::fast::tests::dc_only_fast_matches_full_kernel ... ok
[INFO] [stdout] test jpeg::idct::sse2::tests::dc_only_parity_vs_scalar ... ok
[INFO] [stdout] test jpeg::huffman::tests::decode_block_roundtrip_pair_paths ... ok
[INFO] [stdout] test jpeg::idct::fast::tests::fast_scalar_close_to_accurate ... ok
[INFO] [stdout] test jpeg::markers::tests::reject_truncated ... ok
[INFO] [stdout] test jpeg::mcu::tests::avg_block_1x1_passthrough ... ok
[INFO] [stdout] test jpeg::idct::sse2::tests::zero_block_and_stride ... ok
[INFO] [stdout] test jpeg::mcu::tests::avg_block_2x2 ... ok
[INFO] [stdout] test jpeg::idct::tests::dc_only_shortcut_matches_the_full_kernel ... ok
[INFO] [stdout] test jpeg::mcu::tests::downsample_rows_match_avg_block ... ok
[INFO] [stdout] test jpeg::idct::tests::selected_dc_only_matches_scalar ... ok
[INFO] [stdout] test jpeg::markers::tests::parse_real_jpeg ... ok
[INFO] [stdout] test jpeg::markers::tests::huffman_cache_second_parse_takes_tables ... ok
[INFO] [stdout] test jpeg::mcu::tests::expand_row_2x_nearest_neighbour ... ok
[INFO] [stdout] test jpeg::markers::tests::reject_not_jpeg ... ok
[INFO] [stdout] test jpeg::mcu::tests::interleave_uv_row_matches_scalar ... ok
[INFO] [stdout] test jpeg::idct::tests::extreme_coefficients_do_not_panic_or_overrun ... ok
[INFO] [stdout] test jpeg::mcu::tests::truncated_scan_is_rejected ... FAILED
[INFO] [stdout] test jpeg::markers::tests::parse_minimal_jpeg ... ok
[INFO] [stdout] test jpeg::mcu::tests::write_rgb_rows_420_odd_dimensions ... ok
[INFO] [stdout] test jpeg::mcu::tests::fused_rgb_420_matches_nv12_plus_box_upsample ... FAILED
[INFO] [stdout] test jpeg::mcu::tests::fused_rgb_matches_nv24_plus_row_conversion ... FAILED
[INFO] [stdout] test jpeg::mcu::tests::undersized_row_stride_clips_padding_instead_of_panicking ... FAILED
[INFO] [stdout] test jpeg::mcu::tests::fused_rgb_rejects_non_420_subsampled_sources ... FAILED
[INFO] [stdout] test jpeg::mcu::tests::decode_padded_grid_matches_tight ... FAILED
[INFO] [stdout] test jpeg::mcu::tests::fused_nv12_from_444_averages_chroma ... FAILED
[INFO] [stderr] SKIPPED: testdata not found (set EDGEFIRST_TESTDATA_DIR)
[INFO] [stdout] test jpeg::mcu::tests::y_direct_edge_mcu_does_not_spill ... FAILED
[INFO] [stdout] test jpeg::nvjpeg::tests::mem_tensor_falls_through_untouched ... ok
[INFO] [stdout] test jpeg::nvjpeg::tests::unavailable_probe_returns_none_without_touching_tensor ... ok
[INFO] [stdout] test jpeg::nvjpeg::tests::circuit_breaker_threshold_constant_is_positive ... ok
[INFO] [stdout] test jpeg::v4l2::tests::copy_nv12_chroma_even_w_no_extra_byte ... ok
[INFO] [stdout] test jpeg::v4l2::format::tests::classify_maps_known_capture_formats ... ok
[INFO] [stdout] test jpeg::v4l2::tests::colorimetry_rejects_non_601_or_limited_range ... ok
[INFO] [stdout] test jpeg::v4l2::tests::probe_decode_throughput ... ignored, on-target hardware probe; run with --ignored --nocapture on a JPEG M2M device
[INFO] [stdout] test jpeg::v4l2::tests::colorimetry_accepts_jpeg_and_full_range_601 ... ok
[INFO] [stdout] test jpeg::v4l2::tests::copy_nv12_chroma_odd_w_preserves_last_cr ... ok
[INFO] [stdout] test jpeg::v4l2::tests::probe_dmabuf_reconfigure ... ignored, on-target hardware probe; run with --ignored --nocapture on a JPEG M2M device
[INFO] [stdout] test jpeg::v4l2::tests::stage_jpeg_falls_back_to_verbatim ... ok
[INFO] [stdout] test jpeg::nvjpeg::tests::unprobed_probe_degrades_to_unavailable_without_nvjpeg ... ok
[INFO] [stdout] test jpeg::v4l2::tests::deinterleave_yuv24_matches_reference ... ok
[INFO] [stdout] test jpeg::v4l2::tests::v4l2_recovers_from_partial_setup ... ok
[INFO] [stdout] test jpeg::v4l2::tests::stage_jpeg_strips_metadata_segments ... ok
[INFO] [stdout] test pixel::tests::dtype_matches ... ok
[INFO] [stdout] test pixel::tests::f32_from_u16_normalised ... ok
[INFO] [stdout] test pixel::tests::f32_normalised ... ok
[INFO] [stdout] test pixel::tests::i16_xor_trick ... ok
[INFO] [stdout] test pixel::tests::i8_xor_trick ... ok
[INFO] [stdout] test pixel::tests::u16_from_u8_scaling ... ok
[INFO] [stdout] test pixel::tests::u8_from_u16 ... ok
[INFO] [stdout] test pixel::tests::u16_identity ... ok
[INFO] [stdout] test png::tests::colorspace_mapping ... ok
[INFO] [stdout] test pixel::tests::u8_identity ... ok
[INFO] [stdout] 
[INFO] [stdout] failures:
[INFO] [stdout] 
[INFO] [stdout] ---- jpeg::mcu::tests::truncated_scan_is_rejected stdout ----
[INFO] [stdout] 
[INFO] [stdout] thread 'jpeg::mcu::tests::truncated_scan_is_rejected' (1687) panicked at src/jpeg/mcu.rs:1688:49:
[INFO] [stdout] read /opt/testdata/zidane.jpg: No such file or directory (os error 2)
[INFO] [stdout] stack backtrace:
[INFO] [stdout]    0:     0x5602d238ab41 - <<std[617be2ca0a6fd877]::sys::backtrace::BacktraceLock>::print::DisplayBacktrace as core[a373ad73a504971]::fmt::Display>::fmt
[INFO] [stdout]    1:     0x5602d23a078a - core[a373ad73a504971]::fmt::write
[INFO] [stdout]    2:     0x5602d238f1bc - <alloc[2e1b2a31b91974c5]::vec::Vec<u8> as core[a373ad73a504971]::io::write::Write>::write_fmt
[INFO] [stdout]    3:     0x5602d23660c6 - std[617be2ca0a6fd877]::panicking::default_hook::{closure#0}
[INFO] [stdout]    4:     0x5602d2382919 - std[617be2ca0a6fd877]::panicking::default_hook
[INFO] [stdout]    5:     0x5602d230a0a0 - test[aada8e7e76ba119b]::test_main_inner::{closure#0}
[INFO] [stdout]    6:     0x5602d2382c42 - std[617be2ca0a6fd877]::panicking::panic_with_hook
[INFO] [stdout]    7:     0x5602d2366172 - std[617be2ca0a6fd877]::panicking::panic_handler::{closure#0}
[INFO] [stdout]    8:     0x5602d235ec29 - std[617be2ca0a6fd877]::sys::backtrace::__rust_end_short_backtrace::<std[617be2ca0a6fd877]::panicking::panic_handler::{closure#0}, !>
[INFO] [stdout]    9:     0x5602d2366d7d - __rustc[ea4f61d10b84890b]::rust_begin_unwind
[INFO] [stdout]   10:     0x5602d23a0eec - core[a373ad73a504971]::panicking::panic_fmt
[INFO] [stdout]   11:     0x5602d22ec239 - edgefirst_codec[c77381e2efb1dfbe]::jpeg::mcu::tests::test_jpeg::{closure#2}
[INFO] [stdout]   12:     0x5602d22eccd5 - edgefirst_codec[c77381e2efb1dfbe]::jpeg::mcu::tests::test_jpeg
[INFO] [stdout]   13:     0x5602d22edb9c - <edgefirst_codec[c77381e2efb1dfbe]::jpeg::mcu::tests::truncated_scan_is_rejected::{closure#0} as core[a373ad73a504971]::ops::function::FnOnce<()>>::call_once
[INFO] [stdout]   14:     0x5602d22fd4eb - test[aada8e7e76ba119b]::__rust_begin_short_backtrace::<core[a373ad73a504971]::result::Result<(), alloc[2e1b2a31b91974c5]::string::String>, fn() -> core[a373ad73a504971]::result::Result<(), alloc[2e1b2a31b91974c5]::string::String>>
[INFO] [stdout]   15:     0x5602d230a6c5 - test[aada8e7e76ba119b]::run_test::{closure#0}
[INFO] [stdout]   16:     0x5602d2303fb4 - std[617be2ca0a6fd877]::sys::backtrace::__rust_begin_short_backtrace::<test[aada8e7e76ba119b]::run_test::{closure#1}, ()>
[INFO] [stdout]   17:     0x5602d230d752 - <std[617be2ca0a6fd877]::thread::lifecycle::spawn_unchecked<test[aada8e7e76ba119b]::run_test::{closure#1}, ()>::{closure#1} as core[a373ad73a504971]::ops::function::FnOnce<()>>::call_once::{shim:vtable#0}
[INFO] [stdout]   18:     0x5602d238a04f - <std[617be2ca0a6fd877]::sys::thread::unix::Thread>::new::thread_start
[INFO] [stdout]   19:     0x79de7b2c8dfa - <unknown>
[INFO] [stdout]   20:     0x79de7b35c3d4 - clone
[INFO] [stdout]   21:                0x0 - <unknown>
[INFO] [stdout] 
[INFO] [stdout] ---- jpeg::mcu::tests::fused_rgb_420_matches_nv12_plus_box_upsample stdout ----
[INFO] [stdout] 
[INFO] [stdout] thread 'jpeg::mcu::tests::fused_rgb_420_matches_nv12_plus_box_upsample' (1683) panicked at src/jpeg/mcu.rs:1688:49:
[INFO] [stdout] read /opt/testdata/zidane.jpg: No such file or directory (os error 2)
[INFO] [stdout] stack backtrace:
[INFO] [stdout]    0:     0x5602d238ab41 - <<std[617be2ca0a6fd877]::sys::backtrace::BacktraceLock>::print::DisplayBacktrace as core[a373ad73a504971]::fmt::Display>::fmt
[INFO] [stdout]    1:     0x5602d23a078a - core[a373ad73a504971]::fmt::write
[INFO] [stdout]    2:     0x5602d238f1bc - <alloc[2e1b2a31b91974c5]::vec::Vec<u8> as core[a373ad73a504971]::io::write::Write>::write_fmt
[INFO] [stdout]    3:     0x5602d23660c6 - std[617be2ca0a6fd877]::panicking::default_hook::{closure#0}
[INFO] [stdout]    4:     0x5602d2382919 - std[617be2ca0a6fd877]::panicking::default_hook
[INFO] [stdout]    5:     0x5602d230a0a0 - test[aada8e7e76ba119b]::test_main_inner::{closure#0}
[INFO] [stdout]    6:     0x5602d2382c42 - std[617be2ca0a6fd877]::panicking::panic_with_hook
[INFO] [stdout]    7:     0x5602d2366172 - std[617be2ca0a6fd877]::panicking::panic_handler::{closure#0}
[INFO] [stdout]    8:     0x5602d235ec29 - std[617be2ca0a6fd877]::sys::backtrace::__rust_end_short_backtrace::<std[617be2ca0a6fd877]::panicking::panic_handler::{closure#0}, !>
[INFO] [stdout]    9:     0x5602d2366d7d - __rustc[ea4f61d10b84890b]::rust_begin_unwind
[INFO] [stdout]   10:     0x5602d23a0eec - core[a373ad73a504971]::panicking::panic_fmt
[INFO] [stdout]   11:     0x5602d22ec239 - edgefirst_codec[c77381e2efb1dfbe]::jpeg::mcu::tests::test_jpeg::{closure#2}
[INFO] [stdout]   12:     0x5602d22eccd5 - edgefirst_codec[c77381e2efb1dfbe]::jpeg::mcu::tests::test_jpeg
[INFO] [stdout]   13:     0x5602d22f267c - <edgefirst_codec[c77381e2efb1dfbe]::jpeg::mcu::tests::fused_rgb_420_matches_nv12_plus_box_upsample::{closure#0} as core[a373ad73a504971]::ops::function::FnOnce<()>>::call_once
[INFO] [stdout]   14:     0x5602d22fd4eb - test[aada8e7e76ba119b]::__rust_begin_short_backtrace::<core[a373ad73a504971]::result::Result<(), alloc[2e1b2a31b91974c5]::string::String>, fn() -> core[a373ad73a504971]::result::Result<(), alloc[2e1b2a31b91974c5]::string::String>>
[INFO] [stdout]   15:     0x5602d230a6c5 - test[aada8e7e76ba119b]::run_test::{closure#0}
[INFO] [stdout]   16:     0x5602d2303fb4 - std[617be2ca0a6fd877]::sys::backtrace::__rust_begin_short_backtrace::<test[aada8e7e76ba119b]::run_test::{closure#1}, ()>
[INFO] [stdout]   17:     0x5602d230d752 - <std[617be2ca0a6fd877]::thread::lifecycle::spawn_unchecked<test[aada8e7e76ba119b]::run_test::{closure#1}, ()>::{closure#1} as core[a373ad73a504971]::ops::function::FnOnce<()>>::call_once::{shim:vtable#0}
[INFO] [stdout]   18:     0x5602d238a04f - <std[617be2ca0a6fd877]::sys::thread::unix::Thread>::new::thread_start
[INFO] [stdout]   19:     0x79de7b2c8dfa - <unknown>
[INFO] [stdout]   20:     0x79de7b35c3d4 - clone
[INFO] [stdout]   21:                0x0 - <unknown>
[INFO] [stdout] 
[INFO] [stdout] ---- jpeg::mcu::tests::fused_rgb_matches_nv24_plus_row_conversion stdout ----
[INFO] [stdout] 
[INFO] [stdout] thread 'jpeg::mcu::tests::fused_rgb_matches_nv24_plus_row_conversion' (1684) panicked at src/jpeg/mcu.rs:1688:49:
[INFO] [stdout] read /opt/testdata/zidane_444.jpg: No such file or directory (os error 2)
[INFO] [stdout] stack backtrace:
[INFO] [stdout]    0:     0x5602d238ab41 - <<std[617be2ca0a6fd877]::sys::backtrace::BacktraceLock>::print::DisplayBacktrace as core[a373ad73a504971]::fmt::Display>::fmt
[INFO] [stdout]    1:     0x5602d23a078a - core[a373ad73a504971]::fmt::write
[INFO] [stdout]    2:     0x5602d238f1bc - <alloc[2e1b2a31b91974c5]::vec::Vec<u8> as core[a373ad73a504971]::io::write::Write>::write_fmt
[INFO] [stdout]    3:     0x5602d23660c6 - std[617be2ca0a6fd877]::panicking::default_hook::{closure#0}
[INFO] [stdout]    4:     0x5602d2382919 - std[617be2ca0a6fd877]::panicking::default_hook
[INFO] [stdout]    5:     0x5602d230a0a0 - test[aada8e7e76ba119b]::test_main_inner::{closure#0}
[INFO] [stdout]    6:     0x5602d2382c42 - std[617be2ca0a6fd877]::panicking::panic_with_hook
[INFO] [stdout]    7:     0x5602d2366172 - std[617be2ca0a6fd877]::panicking::panic_handler::{closure#0}
[INFO] [stdout]    8:     0x5602d235ec29 - std[617be2ca0a6fd877]::sys::backtrace::__rust_end_short_backtrace::<std[617be2ca0a6fd877]::panicking::panic_handler::{closure#0}, !>
[INFO] [stdout]    9:     0x5602d2366d7d - __rustc[ea4f61d10b84890b]::rust_begin_unwind
[INFO] [stdout]   10:     0x5602d23a0eec - core[a373ad73a504971]::panicking::panic_fmt
[INFO] [stdout]   11:     0x5602d22ec239 - edgefirst_codec[c77381e2efb1dfbe]::jpeg::mcu::tests::test_jpeg::{closure#2}
[INFO] [stdout]   12:     0x5602d22eccd5 - edgefirst_codec[c77381e2efb1dfbe]::jpeg::mcu::tests::test_jpeg
[INFO] [stdout]   13:     0x5602d22f1683 - <edgefirst_codec[c77381e2efb1dfbe]::jpeg::mcu::tests::fused_rgb_matches_nv24_plus_row_conversion::{closure#0} as core[a373ad73a504971]::ops::function::FnOnce<()>>::call_once
[INFO] [stdout]   14:     0x5602d22fd4eb - test[aada8e7e76ba119b]::__rust_begin_short_backtrace::<core[a373ad73a504971]::result::Result<(), alloc[2e1b2a31b91974c5]::string::String>, fn() -> core[a373ad73a504971]::result::Result<(), alloc[2e1b2a31b91974c5]::string::String>>
[INFO] [stdout]   15:     0x5602d230a6c5 - test[aada8e7e76ba119b]::run_test::{closure#0}
[INFO] [stdout]   16:     0x5602d2303fb4 - std[617be2ca0a6fd877]::sys::backtrace::__rust_begin_short_backtrace::<test[aada8e7e76ba119b]::run_test::{closure#1}, ()>
[INFO] [stdout]   17:     0x5602d230d752 - <std[617be2ca0a6fd877]::thread::lifecycle::spawn_unchecked<test[aada8e7e76ba119b]::run_test::{closure#1}, ()>::{closure#1} as core[a373ad73a504971]::ops::function::FnOnce<()>>::call_once::{shim:vtable#0}
[INFO] [stdout]   18:     0x5602d238a04f - <std[617be2ca0a6fd877]::sys::thread::unix::Thread>::new::thread_start
[INFO] [stdout]   19:     0x79de7b2c8dfa - <unknown>
[INFO] [stdout]   20:     0x79de7b35c3d4 - clone
[INFO] [stdout]   21:                0x0 - <unknown>
[INFO] [stdout] 
[INFO] [stdout] ---- jpeg::mcu::tests::undersized_row_stride_clips_padding_instead_of_panicking stdout ----
[INFO] [stdout] 
[INFO] [stdout] thread 'jpeg::mcu::tests::undersized_row_stride_clips_padding_instead_of_panicking' (1688) panicked at src/jpeg/mcu.rs:1688:49:
[INFO] [stdout] read /opt/testdata/coco_420_odd.jpg: No such file or directory (os error 2)
[INFO] [stdout] stack backtrace:
[INFO] [stdout]    0:     0x5602d238ab41 - <<std[617be2ca0a6fd877]::sys::backtrace::BacktraceLock>::print::DisplayBacktrace as core[a373ad73a504971]::fmt::Display>::fmt
[INFO] [stdout]    1:     0x5602d23a078a - core[a373ad73a504971]::fmt::write
[INFO] [stdout]    2:     0x5602d238f1bc - <alloc[2e1b2a31b91974c5]::vec::Vec<u8> as core[a373ad73a504971]::io::write::Write>::write_fmt
[INFO] [stdout]    3:     0x5602d23660c6 - std[617be2ca0a6fd877]::panicking::default_hook::{closure#0}
[INFO] [stdout]    4:     0x5602d2382919 - std[617be2ca0a6fd877]::panicking::default_hook
[INFO] [stdout]    5:     0x5602d230a0a0 - test[aada8e7e76ba119b]::test_main_inner::{closure#0}
[INFO] [stdout]    6:     0x5602d2382c42 - std[617be2ca0a6fd877]::panicking::panic_with_hook
[INFO] [stdout]    7:     0x5602d2366172 - std[617be2ca0a6fd877]::panicking::panic_handler::{closure#0}
[INFO] [stdout]    8:     0x5602d235ec29 - std[617be2ca0a6fd877]::sys::backtrace::__rust_end_short_backtrace::<std[617be2ca0a6fd877]::panicking::panic_handler::{closure#0}, !>
[INFO] [stdout]    9:     0x5602d2366d7d - __rustc[ea4f61d10b84890b]::rust_begin_unwind
[INFO] [stdout]   10:     0x5602d23a0eec - core[a373ad73a504971]::panicking::panic_fmt
[INFO] [stdout]   11:     0x5602d22ec239 - edgefirst_codec[c77381e2efb1dfbe]::jpeg::mcu::tests::test_jpeg::{closure#2}
[INFO] [stdout]   12:     0x5602d22eccd5 - edgefirst_codec[c77381e2efb1dfbe]::jpeg::mcu::tests::test_jpeg
[INFO] [stdout]   13:     0x5602d22f376c - <edgefirst_codec[c77381e2efb1dfbe]::jpeg::mcu::tests::undersized_row_stride_clips_padding_instead_of_panicking::{closure#0} as core[a373ad73a504971]::ops::function::FnOnce<()>>::call_once
[INFO] [stdout]   14:     0x5602d22fd4eb - test[aada8e7e76ba119b]::__rust_begin_short_backtrace::<core[a373ad73a504971]::result::Result<(), alloc[2e1b2a31b91974c5]::string::String>, fn() -> core[a373ad73a504971]::result::Result<(), alloc[2e1b2a31b91974c5]::string::String>>
[INFO] [stdout]   15:     0x5602d230a6c5 - test[aada8e7e76ba119b]::run_test::{closure#0}
[INFO] [stdout]   16:     0x5602d2303fb4 - std[617be2ca0a6fd877]::sys::backtrace::__rust_begin_short_backtrace::<test[aada8e7e76ba119b]::run_test::{closure#1}, ()>
[INFO] [stdout]   17:     0x5602d230d752 - <std[617be2ca0a6fd877]::thread::lifecycle::spawn_unchecked<test[aada8e7e76ba119b]::run_test::{closure#1}, ()>::{closure#1} as core[a373ad73a504971]::ops::function::FnOnce<()>>::call_once::{shim:vtable#0}
[INFO] [stdout]   18:     0x5602d238a04f - <std[617be2ca0a6fd877]::sys::thread::unix::Thread>::new::thread_start
[INFO] [stdout]   19:     0x79de7b2c8dfa - <unknown>
[INFO] [stdout]   20:     0x79de7b35c3d4 - clone
[INFO] [stdout]   21:                0x0 - <unknown>
[INFO] [stdout] 
[INFO] [stdout] ---- jpeg::mcu::tests::fused_rgb_rejects_non_420_subsampled_sources stdout ----
[INFO] [stdout] 
[INFO] [stdout] thread 'jpeg::mcu::tests::fused_rgb_rejects_non_420_subsampled_sources' (1685) panicked at src/jpeg/mcu.rs:1688:49:
[INFO] [stdout] read /opt/testdata/jaguar_422.jpg: No such file or directory (os error 2)
[INFO] [stdout] stack backtrace:
[INFO] [stdout]    0:     0x5602d238ab41 - <<std[617be2ca0a6fd877]::sys::backtrace::BacktraceLock>::print::DisplayBacktrace as core[a373ad73a504971]::fmt::Display>::fmt
[INFO] [stdout]    1:     0x5602d23a078a - core[a373ad73a504971]::fmt::write
[INFO] [stdout]    2:     0x5602d238f1bc - <alloc[2e1b2a31b91974c5]::vec::Vec<u8> as core[a373ad73a504971]::io::write::Write>::write_fmt
[INFO] [stdout]    3:     0x5602d23660c6 - std[617be2ca0a6fd877]::panicking::default_hook::{closure#0}
[INFO] [stdout]    4:     0x5602d2382919 - std[617be2ca0a6fd877]::panicking::default_hook
[INFO] [stdout]    5:     0x5602d230a0a0 - test[aada8e7e76ba119b]::test_main_inner::{closure#0}
[INFO] [stdout]    6:     0x5602d2382c42 - std[617be2ca0a6fd877]::panicking::panic_with_hook
[INFO] [stdout]    7:     0x5602d2366172 - std[617be2ca0a6fd877]::panicking::panic_handler::{closure#0}
[INFO] [stdout]    8:     0x5602d235ec29 - std[617be2ca0a6fd877]::sys::backtrace::__rust_end_short_backtrace::<std[617be2ca0a6fd877]::panicking::panic_handler::{closure#0}, !>
[INFO] [stdout]    9:     0x5602d2366d7d - __rustc[ea4f61d10b84890b]::rust_begin_unwind
[INFO] [stdout]   10:     0x5602d23a0eec - core[a373ad73a504971]::panicking::panic_fmt
[INFO] [stdout]   11:     0x5602d22ec239 - edgefirst_codec[c77381e2efb1dfbe]::jpeg::mcu::tests::test_jpeg::{closure#2}
[INFO] [stdout]   12:     0x5602d22eccd5 - edgefirst_codec[c77381e2efb1dfbe]::jpeg::mcu::tests::test_jpeg
[INFO] [stdout]   13:     0x5602d22f3457 - <edgefirst_codec[c77381e2efb1dfbe]::jpeg::mcu::tests::fused_rgb_rejects_non_420_subsampled_sources::{closure#0} as core[a373ad73a504971]::ops::function::FnOnce<()>>::call_once
[INFO] [stdout]   14:     0x5602d22fd4eb - test[aada8e7e76ba119b]::__rust_begin_short_backtrace::<core[a373ad73a504971]::result::Result<(), alloc[2e1b2a31b91974c5]::string::String>, fn() -> core[a373ad73a504971]::result::Result<(), alloc[2e1b2a31b91974c5]::string::String>>
[INFO] [stdout]   15:     0x5602d230a6c5 - test[aada8e7e76ba119b]::run_test::{closure#0}
[INFO] [stdout]   16:     0x5602d2303fb4 - std[617be2ca0a6fd877]::sys::backtrace::__rust_begin_short_backtrace::<test[aada8e7e76ba119b]::run_test::{closure#1}, ()>
[INFO] [stdout]   17:     0x5602d230d752 - <std[617be2ca0a6fd877]::thread::lifecycle::spawn_unchecked<test[aada8e7e76ba119b]::run_test::{closure#1}, ()>::{closure#1} as core[a373ad73a504971]::ops::function::FnOnce<()>>::call_once::{shim:vtable#0}
[INFO] [stdout]   18:     0x5602d238a04f - <std[617be2ca0a6fd877]::sys::thread::unix::Thread>::new::thread_start
[INFO] [stdout]   19:     0x79de7b2c8dfa - <unknown>
[INFO] [stdout]   20:     0x79de7b35c3d4 - clone
[INFO] [stdout]   21:                0x0 - <unknown>
[INFO] [stdout] 
[INFO] [stdout] ---- jpeg::mcu::tests::decode_padded_grid_matches_tight stdout ----
[INFO] [stdout] 
[INFO] [stdout] thread 'jpeg::mcu::tests::decode_padded_grid_matches_tight' (1679) panicked at src/jpeg/mcu.rs:1688:49:
[INFO] [stdout] read /opt/testdata/zidane.jpg: No such file or directory (os error 2)
[INFO] [stdout] stack backtrace:
[INFO] [stdout]    0:     0x5602d238ab41 - <<std[617be2ca0a6fd877]::sys::backtrace::BacktraceLock>::print::DisplayBacktrace as core[a373ad73a504971]::fmt::Display>::fmt
[INFO] [stdout]    1:     0x5602d23a078a - core[a373ad73a504971]::fmt::write
[INFO] [stdout]    2:     0x5602d238f1bc - <alloc[2e1b2a31b91974c5]::vec::Vec<u8> as core[a373ad73a504971]::io::write::Write>::write_fmt
[INFO] [stdout]    3:     0x5602d23660c6 - std[617be2ca0a6fd877]::panicking::default_hook::{closure#0}
[INFO] [stdout]    4:     0x5602d2382919 - std[617be2ca0a6fd877]::panicking::default_hook
[INFO] [stdout]    5:     0x5602d230a0a0 - test[aada8e7e76ba119b]::test_main_inner::{closure#0}
[INFO] [stdout]    6:     0x5602d2382c42 - std[617be2ca0a6fd877]::panicking::panic_with_hook
[INFO] [stdout]    7:     0x5602d2366172 - std[617be2ca0a6fd877]::panicking::panic_handler::{closure#0}
[INFO] [stdout]    8:     0x5602d235ec29 - std[617be2ca0a6fd877]::sys::backtrace::__rust_end_short_backtrace::<std[617be2ca0a6fd877]::panicking::panic_handler::{closure#0}, !>
[INFO] [stdout]    9:     0x5602d2366d7d - __rustc[ea4f61d10b84890b]::rust_begin_unwind
[INFO] [stdout]   10:     0x5602d23a0eec - core[a373ad73a504971]::panicking::panic_fmt
[INFO] [stdout]   11:     0x5602d22ec239 - edgefirst_codec[c77381e2efb1dfbe]::jpeg::mcu::tests::test_jpeg::{closure#2}
[INFO] [stdout]   12:     0x5602d22eccd5 - edgefirst_codec[c77381e2efb1dfbe]::jpeg::mcu::tests::test_jpeg
[INFO] [stdout]   13:     0x5602d22eea7c - <edgefirst_codec[c77381e2efb1dfbe]::jpeg::mcu::tests::decode_padded_grid_matches_tight::{closure#0} as core[a373ad73a504971]::ops::function::FnOnce<()>>::call_once
[INFO] [stdout]   14:     0x5602d22fd4eb - test[aada8e7e76ba119b]::__rust_begin_short_backtrace::<core[a373ad73a504971]::result::Result<(), alloc[2e1b2a31b91974c5]::string::String>, fn() -> core[a373ad73a504971]::result::Result<(), alloc[2e1b2a31b91974c5]::string::String>>
[INFO] [stdout]   15:     0x5602d230a6c5 - test[aada8e7e76ba119b]::run_test::{closure#0}
[INFO] [stdout]   16:     0x5602d2303fb4 - std[617be2ca0a6fd877]::sys::backtrace::__rust_begin_short_backtrace::<test[aada8e7e76ba119b]::run_test::{closure#1}, ()>
[INFO] [stdout]   17:     0x5602d230d752 - <std[617be2ca0a6fd877]::thread::lifecycle::spawn_unchecked<test[aada8e7e76ba119b]::run_test::{closure#1}, ()>::{closure#1} as core[a373ad73a504971]::ops::function::FnOnce<()>>::call_once::{shim:vtable#0}
[INFO] [stdout]   18:     0x5602d238a04f - <std[617be2ca0a6fd877]::sys::thread::unix::Thread>::new::thread_start
[INFO] [stdout]   19:     0x79de7b2c8dfa - <unknown>
[INFO] [stdout]   20:     0x79de7b35c3d4 - clone
[INFO] [stdout]   21:                0x0 - <unknown>
[INFO] [stdout] 
[INFO] [stdout] ---- jpeg::mcu::tests::fused_nv12_from_444_averages_chroma stdout ----
[INFO] [stdout] 
[INFO] [stdout] thread 'jpeg::mcu::tests::fused_nv12_from_444_averages_chroma' (1682) panicked at src/jpeg/mcu.rs:1688:49:
[INFO] [stdout] read /opt/testdata/coco_444_odd.jpg: No such file or directory (os error 2)
[INFO] [stdout] stack backtrace:
[INFO] [stdout]    0:     0x5602d238ab41 - <<std[617be2ca0a6fd877]::sys::backtrace::BacktraceLock>::print::DisplayBacktrace as core[a373ad73a504971]::fmt::Display>::fmt
[INFO] [stdout]    1:     0x5602d23a078a - core[a373ad73a504971]::fmt::write
[INFO] [stdout]    2:     0x5602d238f1bc - <alloc[2e1b2a31b91974c5]::vec::Vec<u8> as core[a373ad73a504971]::io::write::Write>::write_fmt
[INFO] [stdout]    3:     0x5602d23660c6 - std[617be2ca0a6fd877]::panicking::default_hook::{closure#0}
[INFO] [stdout]    4:     0x5602d2382919 - std[617be2ca0a6fd877]::panicking::default_hook
[INFO] [stdout]    5:     0x5602d230a0a0 - test[aada8e7e76ba119b]::test_main_inner::{closure#0}
[INFO] [stdout]    6:     0x5602d2382c42 - std[617be2ca0a6fd877]::panicking::panic_with_hook
[INFO] [stdout]    7:     0x5602d2366172 - std[617be2ca0a6fd877]::panicking::panic_handler::{closure#0}
[INFO] [stdout]    8:     0x5602d235ec29 - std[617be2ca0a6fd877]::sys::backtrace::__rust_end_short_backtrace::<std[617be2ca0a6fd877]::panicking::panic_handler::{closure#0}, !>
[INFO] [stdout]    9:     0x5602d2366d7d - __rustc[ea4f61d10b84890b]::rust_begin_unwind
[INFO] [stdout]   10:     0x5602d23a0eec - core[a373ad73a504971]::panicking::panic_fmt
[INFO] [stdout]   11:     0x5602d22ec239 - edgefirst_codec[c77381e2efb1dfbe]::jpeg::mcu::tests::test_jpeg::{closure#2}
[INFO] [stdout]   12:     0x5602d22eccd5 - edgefirst_codec[c77381e2efb1dfbe]::jpeg::mcu::tests::test_jpeg
[INFO] [stdout]   13:     0x5602d22f0c8c - <edgefirst_codec[c77381e2efb1dfbe]::jpeg::mcu::tests::fused_nv12_from_444_averages_chroma::{closure#0} as core[a373ad73a504971]::ops::function::FnOnce<()>>::call_once
[INFO] [stdout]   14:     0x5602d22fd4eb - test[aada8e7e76ba119b]::__rust_begin_short_backtrace::<core[a373ad73a504971]::result::Result<(), alloc[2e1b2a31b91974c5]::string::String>, fn() -> core[a373ad73a504971]::result::Result<(), alloc[2e1b2a31b91974c5]::string::String>>
[INFO] [stdout]   15:     0x5602d230a6c5 - test[aada8e7e76ba119b]::run_test::{closure#0}
[INFO] [stdout]   16:     0x5602d2303fb4 - std[617be2ca0a6fd877]::sys::backtrace::__rust_begin_short_backtrace::<test[aada8e7e76ba119b]::run_test::{closure#1}, ()>
[INFO] [stdout]   17:     0x5602d230d752 - <std[617be2ca0a6fd877]::thread::lifecycle::spawn_unchecked<test[aada8e7e76ba119b]::run_test::{closure#1}, ()>::{closure#1} as core[a373ad73a504971]::ops::function::FnOnce<()>>::call_once::{shim:vtable#0}
[INFO] [stdout]   18:     0x5602d238a04f - <std[617be2ca0a6fd877]::sys::thread::unix::Thread>::new::thread_start
[INFO] [stdout]   19:     0x79de7b2c8dfa - <unknown>
[INFO] [stdout]   20:     0x79de7b35c3d4 - clone
[INFO] [stdout]   21:                0x0 - <unknown>
[INFO] [stdout] 
[INFO] [stdout] ---- jpeg::mcu::tests::y_direct_edge_mcu_does_not_spill stdout ----
[INFO] [stdout] 
[INFO] [stdout] thread 'jpeg::mcu::tests::y_direct_edge_mcu_does_not_spill' (1690) panicked at src/jpeg/mcu.rs:1688:49:
[INFO] [stdout] read /opt/testdata/coco_444_odd.jpg: No such file or directory (os error 2)
[INFO] [stdout] stack backtrace:
[INFO] [stdout]    0:     0x5602d238ab41 - <<std[617be2ca0a6fd877]::sys::backtrace::BacktraceLock>::print::DisplayBacktrace as core[a373ad73a504971]::fmt::Display>::fmt
[INFO] [stdout]    1:     0x5602d23a078a - core[a373ad73a504971]::fmt::write
[INFO] [stdout]    2:     0x5602d238f1bc - <alloc[2e1b2a31b91974c5]::vec::Vec<u8> as core[a373ad73a504971]::io::write::Write>::write_fmt
[INFO] [stdout]    3:     0x5602d23660c6 - std[617be2ca0a6fd877]::panicking::default_hook::{closure#0}
[INFO] [stdout]    4:     0x5602d2382919 - std[617be2ca0a6fd877]::panicking::default_hook
[INFO] [stdout]    5:     0x5602d230a0a0 - test[aada8e7e76ba119b]::test_main_inner::{closure#0}
[INFO] [stdout]    6:     0x5602d2382c42 - std[617be2ca0a6fd877]::panicking::panic_with_hook
[INFO] [stdout]    7:     0x5602d2366172 - std[617be2ca0a6fd877]::panicking::panic_handler::{closure#0}
[INFO] [stdout]    8:     0x5602d235ec29 - std[617be2ca0a6fd877]::sys::backtrace::__rust_end_short_backtrace::<std[617be2ca0a6fd877]::panicking::panic_handler::{closure#0}, !>
[INFO] [stdout]    9:     0x5602d2366d7d - __rustc[ea4f61d10b84890b]::rust_begin_unwind
[INFO] [stdout]   10:     0x5602d23a0eec - core[a373ad73a504971]::panicking::panic_fmt
[INFO] [stdout]   11:     0x5602d22ec239 - edgefirst_codec[c77381e2efb1dfbe]::jpeg::mcu::tests::test_jpeg::{closure#2}
[INFO] [stdout]   12:     0x5602d22eccd5 - edgefirst_codec[c77381e2efb1dfbe]::jpeg::mcu::tests::test_jpeg
[INFO] [stdout]   13:     0x5602d22ef669 - <edgefirst_codec[c77381e2efb1dfbe]::jpeg::mcu::tests::y_direct_edge_mcu_does_not_spill::{closure#0} as core[a373ad73a504971]::ops::function::FnOnce<()>>::call_once
[INFO] [stdout]   14:     0x5602d22fd4eb - test[aada8e7e76ba119b]::__rust_begin_short_backtrace::<core[a373ad73a504971]::result::Result<(), alloc[2e1b2a31b91974c5]::string::String>, fn() -> core[a373ad73a504971]::result::Result<(), alloc[2e1b2a31b91974c5]::string::String>>
[INFO] [stdout]   15:     0x5602d230a6c5 - test[aada8e7e76ba119b]::run_test::{closure#0}
[INFO] [stdout]   16:     0x5602d2303fb4 - std[617be2ca0a6fd877]::sys::backtrace::__rust_begin_short_backtrace::<test[aada8e7e76ba119b]::run_test::{closure#1}, ()>
[INFO] [stdout]   17:     0x5602d230d752 - <std[617be2ca0a6fd877]::thread::lifecycle::spawn_unchecked<test[aada8e7e76ba119b]::run_test::{closure#1}, ()>::{closure#1} as core[a373ad73a504971]::ops::function::FnOnce<()>>::call_once::{shim:vtable#0}
[INFO] [stdout]   18:     0x5602d238a04f - <std[617be2ca0a6fd877]::sys::thread::unix::Thread>::new::thread_start
[INFO] [stdout]   19:     0x79de7b2c8dfa - <unknown>
[INFO] [stdout]   20:     0x79de7b35c3d4 - clone
[INFO] [stdout]   21:                0x0 - <unknown>
[INFO] [stdout] 
[INFO] [stdout] 
[INFO] [stdout] failures:
[INFO] [stdout]     jpeg::mcu::tests::decode_padded_grid_matches_tight
[INFO] [stdout]     jpeg::mcu::tests::fused_nv12_from_444_averages_chroma
[INFO] [stdout]     jpeg::mcu::tests::fused_rgb_420_matches_nv12_plus_box_upsample
[INFO] [stdout]     jpeg::mcu::tests::fused_rgb_matches_nv24_plus_row_conversion
[INFO] [stdout]     jpeg::mcu::tests::fused_rgb_rejects_non_420_subsampled_sources
[INFO] [stdout]     jpeg::mcu::tests::truncated_scan_is_rejected
[INFO] [stdout]     jpeg::mcu::tests::undersized_row_stride_clips_padding_instead_of_panicking
[INFO] [stdout]     jpeg::mcu::tests::y_direct_edge_mcu_does_not_spill
[INFO] [stdout] 
[INFO] [stdout] test result: FAILED. 80 passed; 8 failed; 3 ignored; 0 measured; 0 filtered out; finished in 0.03s
[INFO] [stdout] 
[INFO] [stderr] error: test failed, to rerun pass `--lib`
[INFO] running `Command { std: "docker" "inspect" "af3d379feb0763e2a7d3d5b10c11deeccc3ddf6681986f90878d021c8deaa9da", kill_on_drop: false }`
[INFO] running `Command { std: "docker" "rm" "-f" "af3d379feb0763e2a7d3d5b10c11deeccc3ddf6681986f90878d021c8deaa9da", kill_on_drop: false }`
[INFO] [stdout] af3d379feb0763e2a7d3d5b10c11deeccc3ddf6681986f90878d021c8deaa9da
