[INFO] fetching crate edf-rs 0.2.0...
[INFO] testing edf-rs-0.2.0 against 1.99.0-beta.8+cargoflags=--release for beta-release-1.100-2
[INFO] extracting crate edf-rs 0.2.0 into /workspace/builds/worker-6-tc1/source
[INFO] started tweaking crates.io crate edf-rs 0.2.0
[INFO] finished tweaking crates.io crate edf-rs 0.2.0
[INFO] tweaked toml for crates.io crate edf-rs 0.2.0 written to /workspace/builds/worker-6-tc1/source/Cargo.toml
[INFO] validating manifest of crates.io crate edf-rs 0.2.0 on toolchain 1.99.0-beta.8
[INFO] running `Command { std: CARGO_HOME="/workspace/cargo-home" RUSTUP_HOME="/workspace/rustup-home" "/workspace/cargo-home/bin/cargo" "+1.99.0-beta.8" "metadata" "--manifest-path" "Cargo.toml" "--no-deps", kill_on_drop: false }`
[INFO] crate crates.io crate edf-rs 0.2.0 already has a lockfile, it will not be regenerated
[INFO] running `Command { std: CARGO_HOME="/workspace/cargo-home" RUSTUP_HOME="/workspace/rustup-home" "/workspace/cargo-home/bin/cargo" "+1.99.0-beta.8" "fetch" "--manifest-path" "Cargo.toml", kill_on_drop: false }`
[INFO] running `Command { std: "docker" "create" "-v" "/var/lib/crater-agent-workspace/builds/worker-6-tc1/source:/opt/rustwide/workdir:ro,Z" "-v" "/var/lib/crater-agent-workspace/builds/worker-6-tc1/target:/opt/rustwide/target:rw,Z" "-v" "/var/lib/crater-agent-workspace/cargo-home:/opt/rustwide/cargo-home:ro,Z" "-v" "/var/lib/crater-agent-workspace/rustup-home:/opt/rustwide/rustup-home:ro,Z" "-m" "1610612736" "--network" "none" "ghcr.io/rust-lang/crates-build-env/linux@sha256:77db811e55d90add9212f6832c23229e3de5f1c1f9905e8cb07319ea15df73ac" "sleep" "infinity", kill_on_drop: false }`
[INFO] [stdout] 8f739e53b5308e6e0dd13cc854e6f0276e41d1d2d586f755097e6dbc4f0d344d
[INFO] running `Command { std: "docker" "start" "8f739e53b5308e6e0dd13cc854e6f0276e41d1d2d586f755097e6dbc4f0d344d", kill_on_drop: false }`
[INFO] running `Command { std: "docker" "inspect" "8f739e53b5308e6e0dd13cc854e6f0276e41d1d2d586f755097e6dbc4f0d344d", kill_on_drop: false }`
[INFO] running `Command { std: "docker" "exec" "-e" "SOURCE_DIR=/opt/rustwide/workdir" "-e" "CARGO_HOME=/opt/rustwide/cargo-home" "-e" "RUSTUP_HOME=/opt/rustwide/rustup-home" "-e" "CARGO_TARGET_DIR=/opt/rustwide/target" "-w" "/opt/rustwide/workdir" "--user" "0:0" "8f739e53b5308e6e0dd13cc854e6f0276e41d1d2d586f755097e6dbc4f0d344d" "/opt/rustwide/cargo-home/bin/cargo" "+1.99.0-beta.8" "metadata" "--no-deps" "--format-version=1", kill_on_drop: false }`
[INFO] running `Command { std: "docker" "inspect" "8f739e53b5308e6e0dd13cc854e6f0276e41d1d2d586f755097e6dbc4f0d344d", kill_on_drop: false }`
[INFO] running `Command { std: "docker" "exec" "-e" "SOURCE_DIR=/opt/rustwide/workdir" "-e" "CARGO_HOME=/opt/rustwide/cargo-home" "-e" "RUSTUP_HOME=/opt/rustwide/rustup-home" "-e" "CARGO_TARGET_DIR=/opt/rustwide/target" "-e" "CARGO_INCREMENTAL=0" "-e" "RUST_BACKTRACE=full" "-e" "RUSTFLAGS=--cap-lints=warn" "-e" "RUSTDOCFLAGS=--cap-lints=warn" "-w" "/opt/rustwide/workdir" "--user" "0:0" "8f739e53b5308e6e0dd13cc854e6f0276e41d1d2d586f755097e6dbc4f0d344d" "/opt/rustwide/cargo-home/bin/cargo" "+1.99.0-beta.8" "build" "--frozen" "--message-format=json" "--release", kill_on_drop: false }`
[INFO] [stderr]    Compiling num-traits v0.2.19
[INFO] [stderr]    Compiling digest v0.10.7
[INFO] [stderr]    Compiling sha2 v0.10.9
[INFO] [stderr]    Compiling chrono v0.4.42
[INFO] [stderr]    Compiling edf-rs v0.2.0 (/opt/rustwide/workdir)
[INFO] [stderr]     Finished `release` profile [optimized] target(s) in 7.33s
[INFO] running `Command { std: "docker" "inspect" "8f739e53b5308e6e0dd13cc854e6f0276e41d1d2d586f755097e6dbc4f0d344d", kill_on_drop: false }`
[INFO] running `Command { std: "docker" "exec" "-e" "SOURCE_DIR=/opt/rustwide/workdir" "-e" "CARGO_HOME=/opt/rustwide/cargo-home" "-e" "RUSTUP_HOME=/opt/rustwide/rustup-home" "-e" "CARGO_TARGET_DIR=/opt/rustwide/target" "-e" "CARGO_INCREMENTAL=0" "-e" "RUST_BACKTRACE=full" "-e" "RUSTFLAGS=--cap-lints=warn" "-e" "RUSTDOCFLAGS=--cap-lints=warn" "-w" "/opt/rustwide/workdir" "--user" "0:0" "8f739e53b5308e6e0dd13cc854e6f0276e41d1d2d586f755097e6dbc4f0d344d" "/opt/rustwide/cargo-home/bin/cargo" "+1.99.0-beta.8" "test" "--frozen" "--no-run" "--message-format=json" "--release", kill_on_drop: false }`
[INFO] [stderr]    Compiling edf-rs v0.2.0 (/opt/rustwide/workdir)
[INFO] [stderr]     Finished `release` profile [optimized] target(s) in 5.25s
[INFO] running `Command { std: "docker" "inspect" "8f739e53b5308e6e0dd13cc854e6f0276e41d1d2d586f755097e6dbc4f0d344d", kill_on_drop: false }`
[INFO] running `Command { std: "docker" "exec" "-e" "SOURCE_DIR=/opt/rustwide/workdir" "-e" "CARGO_HOME=/opt/rustwide/cargo-home" "-e" "RUSTUP_HOME=/opt/rustwide/rustup-home" "-e" "CARGO_TARGET_DIR=/opt/rustwide/target" "-e" "CARGO_INCREMENTAL=0" "-e" "RUST_BACKTRACE=full" "-e" "RUSTFLAGS=--cap-lints=warn" "-e" "RUSTDOCFLAGS=--cap-lints=warn" "-w" "/opt/rustwide/workdir" "--user" "0:0" "8f739e53b5308e6e0dd13cc854e6f0276e41d1d2d586f755097e6dbc4f0d344d" "/opt/rustwide/cargo-home/bin/cargo" "+1.99.0-beta.8" "test" "--frozen" "--release", kill_on_drop: false }`
[INFO] [stderr]     Finished `release` profile [optimized] target(s) in 0.04s
[INFO] [stderr]      Running unittests src/lib.rs (/opt/rustwide/target/release/deps/edf_rs-f9e4c2ae1bfb4c2a)
[INFO] [stdout] 
[INFO] [stdout] running 24 tests
[INFO] [stdout] test headers::edf_header::tests::deserialize ... ok
[INFO] [stdout] test tests::file_edit_tests::test_insert_signal ... FAILED
[INFO] [stdout] test headers::edf_header::tests::serialize ... ok
[INFO] [stdout] test tests::file_edit_tests::test_downsample_add_signal ... FAILED
[INFO] [stdout] test tests::file_edit_tests::test_downsample_signal ... FAILED
[INFO] [stdout] test headers::annotation_list::tests::deserialize ... ok
[INFO] [stdout] test tests::file_edit_tests::test_insert_delete ... FAILED
[INFO] [stdout] test tests::file_edit_tests::test_update_file ... FAILED
[INFO] [stdout] test tests::file_edit_tests::test_upsample_add_signal ... FAILED
[INFO] [stdout] test tests::file_edit_tests::test_downsample_remove_signal ... FAILED
[INFO] [stdout] test tests::file_edit_tests::test_upsample_remove_signal ... FAILED
[INFO] [stdout] test tests::file_edit_tests::test_shrink_file ... FAILED
[INFO] [stdout] test tests::file_edit_tests::test_extend_file ... FAILED
[INFO] [stdout] test tests::file_edit_tests::test_upsample_update_add_signal ... FAILED
[INFO] [stdout] test tests::file_read_tests::test_normal_bdfp_read ... FAILED
[INFO] [stdout] test tests::file_edit_tests::test_update_record ... FAILED
[INFO] [stdout] test tests::file_edit_tests::test_upsample_signal ... FAILED
[INFO] [stdout] test tests::file_edit_tests::test_remove_all_signals ... FAILED
[INFO] [stdout] test tests::file_edit_tests::test_remove_signal ... FAILED
[INFO] [stdout] test tests::file_edit_tests::test_upsample_update_first_record ... FAILED
[INFO] [stdout] test tests::file_read_tests::test_normal_edfp_read ... FAILED
[INFO] [stdout] test tests::file_edit_tests::test_upsample_update_last_record ... FAILED
[INFO] [stdout] test tests::file_edit_tests::test_upsample_update_remove_signal ... FAILED
[INFO] [stdout] test tests::file_read_tests::test_normal_bdfp_range ... FAILED
[INFO] [stdout] 
[INFO] [stdout] failures:
[INFO] [stdout] 
[INFO] [stdout] ---- tests::file_edit_tests::test_insert_signal stdout ----
[INFO] [stdout] 
[INFO] [stdout] thread 'tests::file_edit_tests::test_insert_signal' (293) panicked at src/tests.rs:1804:43:
[INFO] [stdout] called `Result::unwrap()` on an `Err` value: FileWriteError(Os { code: 2, kind: NotFound, message: "No such file or directory" })
[INFO] [stdout] stack backtrace:
[INFO] [stdout]    0:     0x62fec9ce33c1 - <<std[70759c8f55707aa4]::sys::backtrace::BacktraceLock>::print::DisplayBacktrace as core[df12db4294e9bfd3]::fmt::Display>::fmt
[INFO] [stdout]    1:     0x62fec9cf911a - core[df12db4294e9bfd3]::fmt::write
[INFO] [stdout]    2:     0x62fec9ce79bc - <alloc[2182bb758b4b3781]::vec::Vec<u8> as core[df12db4294e9bfd3]::io::write::Write>::write_fmt
[INFO] [stdout]    3:     0x62fec9cbe466 - std[70759c8f55707aa4]::panicking::default_hook::{closure#0}
[INFO] [stdout]    4:     0x62fec9cda949 - std[70759c8f55707aa4]::panicking::default_hook
[INFO] [stdout]    5:     0x62fec9c6c430 - test[9d35eded1c95d3be]::test_main_inner::<test[9d35eded1c95d3be]::test_main_static::{closure#0}>::{closure#0}
[INFO] [stdout]    6:     0x62fec9cdab02 - std[70759c8f55707aa4]::panicking::panic_with_hook
[INFO] [stdout]    7:     0x62fec9cbe512 - std[70759c8f55707aa4]::panicking::panic_handler::{closure#0}
[INFO] [stdout]    8:     0x62fec9cb7059 - std[70759c8f55707aa4]::sys::backtrace::__rust_end_short_backtrace::<std[70759c8f55707aa4]::panicking::panic_handler::{closure#0}, !>
[INFO] [stdout]    9:     0x62fec9cbf10d - __rustc[8fa7c3cbc660c2b3]::rust_begin_unwind
[INFO] [stdout]   10:     0x62fec9cf984c - core[df12db4294e9bfd3]::panicking::panic_fmt
[INFO] [stdout]   11:     0x62fec9cf9622 - core[df12db4294e9bfd3]::result::unwrap_failed
[INFO] [stdout]   12:     0x62fec9c32d58 - edf_rs[441749b5d44edd8e]::tests::file_edit_tests::get_paths
[INFO] [stdout]   13:     0x62fec9c3696a - edf_rs[441749b5d44edd8e]::tests::file_edit_tests::test_insert_signal
[INFO] [stdout]   14:     0x62fec9c59f19 - <edf_rs[441749b5d44edd8e]::tests::file_edit_tests::test_insert_signal::{closure#0} as core[df12db4294e9bfd3]::ops::function::FnOnce<()>>::call_once
[INFO] [stdout]   15:     0x62fec9c5f71b - test[9d35eded1c95d3be]::__rust_begin_short_backtrace::<core[df12db4294e9bfd3]::result::Result<(), alloc[2182bb758b4b3781]::string::String>, fn() -> core[df12db4294e9bfd3]::result::Result<(), alloc[2182bb758b4b3781]::string::String>>
[INFO] [stdout]   16:     0x62fec9c6cd85 - test[9d35eded1c95d3be]::run_test::{closure#0}
[INFO] [stdout]   17:     0x62fec9c66644 - std[70759c8f55707aa4]::sys::backtrace::__rust_begin_short_backtrace::<test[9d35eded1c95d3be]::run_test::{closure#1}, ()>
[INFO] [stdout]   18:     0x62fec9c6fee2 - <std[70759c8f55707aa4]::thread::lifecycle::spawn_unchecked<test[9d35eded1c95d3be]::run_test::{closure#1}, ()>::{closure#1} as core[df12db4294e9bfd3]::ops::function::FnOnce<()>>::call_once::{shim:vtable#0}
[INFO] [stdout]   19:     0x62fec9ce2849 - <std[70759c8f55707aa4]::sys::thread::unix::Thread>::new::thread_start
[INFO] [stdout]   20:     0x71005bb07dfa - <unknown>
[INFO] [stdout]   21:     0x71005bb9b3d4 - clone
[INFO] [stdout]   22:                0x0 - <unknown>
[INFO] [stdout] 
[INFO] [stdout] ---- tests::file_edit_tests::test_downsample_add_signal stdout ----
[INFO] [stdout] 
[INFO] [stdout] thread 'tests::file_edit_tests::test_downsample_add_signal' (288) panicked at src/tests.rs:1804:43:
[INFO] [stdout] called `Result::unwrap()` on an `Err` value: FileWriteError(Os { code: 2, kind: NotFound, message: "No such file or directory" })
[INFO] [stdout] stack backtrace:
[INFO] [stdout]    0:     0x62fec9ce33c1 - <<std[70759c8f55707aa4]::sys::backtrace::BacktraceLock>::print::DisplayBacktrace as core[df12db4294e9bfd3]::fmt::Display>::fmt
[INFO] [stdout]    1:     0x62fec9cf911a - core[df12db4294e9bfd3]::fmt::write
[INFO] [stdout]    2:     0x62fec9ce79bc - <alloc[2182bb758b4b3781]::vec::Vec<u8> as core[df12db4294e9bfd3]::io::write::Write>::write_fmt
[INFO] [stdout]    3:     0x62fec9cbe466 - std[70759c8f55707aa4]::panicking::default_hook::{closure#0}
[INFO] [stdout]    4:     0x62fec9cda949 - std[70759c8f55707aa4]::panicking::default_hook
[INFO] [stdout]    5:     0x62fec9c6c430 - test[9d35eded1c95d3be]::test_main_inner::<test[9d35eded1c95d3be]::test_main_static::{closure#0}>::{closure#0}
[INFO] [stdout]    6:     0x62fec9cdab02 - std[70759c8f55707aa4]::panicking::panic_with_hook
[INFO] [stdout]    7:     0x62fec9cbe512 - std[70759c8f55707aa4]::panicking::panic_handler::{closure#0}
[INFO] [stdout]    8:     0x62fec9cb7059 - std[70759c8f55707aa4]::sys::backtrace::__rust_end_short_backtrace::<std[70759c8f55707aa4]::panicking::panic_handler::{closure#0}, !>
[INFO] [stdout]    9:     0x62fec9cbf10d - __rustc[8fa7c3cbc660c2b3]::rust_begin_unwind
[INFO] [stdout]   10:     0x62fec9cf984c - core[df12db4294e9bfd3]::panicking::panic_fmt
[INFO] [stdout]   11:     0x62fec9cf9622 - core[df12db4294e9bfd3]::result::unwrap_failed
[INFO] [stdout]   12:     0x62fec9c32d58 - edf_rs[441749b5d44edd8e]::tests::file_edit_tests::get_paths
[INFO] [stdout]   13:     0x62fec9c3d4ba - edf_rs[441749b5d44edd8e]::tests::file_edit_tests::test_downsample_add_signal
[INFO] [stdout]   14:     0x62fec9c59ff9 - <edf_rs[441749b5d44edd8e]::tests::file_edit_tests::test_downsample_add_signal::{closure#0} as core[df12db4294e9bfd3]::ops::function::FnOnce<()>>::call_once
[INFO] [stdout]   15:     0x62fec9c5f71b - test[9d35eded1c95d3be]::__rust_begin_short_backtrace::<core[df12db4294e9bfd3]::result::Result<(), alloc[2182bb758b4b3781]::string::String>, fn() -> core[df12db4294e9bfd3]::result::Result<(), alloc[2182bb758b4b3781]::string::String>>
[INFO] [stdout]   16:     0x62fec9c6cd85 - test[9d35eded1c95d3be]::run_test::{closure#0}
[INFO] [stdout]   17:     0x62fec9c66644 - std[70759c8f55707aa4]::sys::backtrace::__rust_begin_short_backtrace::<test[9d35eded1c95d3be]::run_test::{closure#1}, ()>
[INFO] [stdout]   18:     0x62fec9c6fee2 - <std[70759c8f55707aa4]::thread::lifecycle::spawn_unchecked<test[9d35eded1c95d3be]::run_test::{closure#1}, ()>::{closure#1} as core[df12db4294e9bfd3]::ops::function::FnOnce<()>>::call_once::{shim:vtable#0}
[INFO] [stdout]   19:     0x62fec9ce2849 - <std[70759c8f55707aa4]::sys::thread::unix::Thread>::new::thread_start
[INFO] [stdout]   20:     0x71005bb07dfa - <unknown>
[INFO] [stdout]   21:     0x71005bb9b3d4 - clone
[INFO] [stdout]   22:                0x0 - <unknown>
[INFO] [stdout] 
[INFO] [stdout] ---- tests::file_edit_tests::test_downsample_signal stdout ----
[INFO] [stdout] 
[INFO] [stdout] thread 'tests::file_edit_tests::test_downsample_signal' (290) panicked at src/tests.rs:1804:43:
[INFO] [stdout] called `Result::unwrap()` on an `Err` value: FileWriteError(Os { code: 2, kind: NotFound, message: "No such file or directory" })
[INFO] [stdout] stack backtrace:
[INFO] [stdout]    0:     0x62fec9ce33c1 - <<std[70759c8f55707aa4]::sys::backtrace::BacktraceLock>::print::DisplayBacktrace as core[df12db4294e9bfd3]::fmt::Display>::fmt
[INFO] [stdout]    1:     0x62fec9cf911a - core[df12db4294e9bfd3]::fmt::write
[INFO] [stdout]    2:     0x62fec9ce79bc - <alloc[2182bb758b4b3781]::vec::Vec<u8> as core[df12db4294e9bfd3]::io::write::Write>::write_fmt
[INFO] [stdout]    3:     0x62fec9cbe466 - std[70759c8f55707aa4]::panicking::default_hook::{closure#0}
[INFO] [stdout]    4:     0x62fec9cda949 - std[70759c8f55707aa4]::panicking::default_hook
[INFO] [stdout]    5:     0x62fec9c6c430 - test[9d35eded1c95d3be]::test_main_inner::<test[9d35eded1c95d3be]::test_main_static::{closure#0}>::{closure#0}
[INFO] [stdout]    6:     0x62fec9cdab02 - std[70759c8f55707aa4]::panicking::panic_with_hook
[INFO] [stdout]    7:     0x62fec9cbe512 - std[70759c8f55707aa4]::panicking::panic_handler::{closure#0}
[INFO] [stdout]    8:     0x62fec9cb7059 - std[70759c8f55707aa4]::sys::backtrace::__rust_end_short_backtrace::<std[70759c8f55707aa4]::panicking::panic_handler::{closure#0}, !>
[INFO] [stdout]    9:     0x62fec9cbf10d - __rustc[8fa7c3cbc660c2b3]::rust_begin_unwind
[INFO] [stdout]   10:     0x62fec9cf984c - core[df12db4294e9bfd3]::panicking::panic_fmt
[INFO] [stdout]   11:     0x62fec9cf9622 - core[df12db4294e9bfd3]::result::unwrap_failed
[INFO] [stdout]   12:     0x62fec9c32d58 - edf_rs[441749b5d44edd8e]::tests::file_edit_tests::get_paths
[INFO] [stdout]   13:     0x62fec9c3a78a - edf_rs[441749b5d44edd8e]::tests::file_edit_tests::test_downsample_signal
[INFO] [stdout]   14:     0x62fec9c59f99 - <edf_rs[441749b5d44edd8e]::tests::file_edit_tests::test_downsample_signal::{closure#0} as core[df12db4294e9bfd3]::ops::function::FnOnce<()>>::call_once
[INFO] [stdout]   15:     0x62fec9c5f71b - test[9d35eded1c95d3be]::__rust_begin_short_backtrace::<core[df12db4294e9bfd3]::result::Result<(), alloc[2182bb758b4b3781]::string::String>, fn() -> core[df12db4294e9bfd3]::result::Result<(), alloc[2182bb758b4b3781]::string::String>>
[INFO] [stdout]   16:     0x62fec9c6cd85 - test[9d35eded1c95d3be]::run_test::{closure#0}
[INFO] [stdout]   17:     0x62fec9c66644 - std[70759c8f55707aa4]::sys::backtrace::__rust_begin_short_backtrace::<test[9d35eded1c95d3be]::run_test::{closure#1}, ()>
[INFO] [stdout]   18:     0x62fec9c6fee2 - <std[70759c8f55707aa4]::thread::lifecycle::spawn_unchecked<test[9d35eded1c95d3be]::run_test::{closure#1}, ()>::{closure#1} as core[df12db4294e9bfd3]::ops::function::FnOnce<()>>::call_once::{shim:vtable#0}
[INFO] [stdout]   19:     0x62fec9ce2849 - <std[70759c8f55707aa4]::sys::thread::unix::Thread>::new::thread_start
[INFO] [stdout]   20:     0x71005bb07dfa - <unknown>
[INFO] [stdout]   21:     0x71005bb9b3d4 - clone
[INFO] [stdout]   22:                0x0 - <unknown>
[INFO] [stdout] 
[INFO] [stdout] ---- tests::file_edit_tests::test_insert_delete stdout ----
[INFO] [stdout] 
[INFO] [stdout] thread 'tests::file_edit_tests::test_insert_delete' (292) panicked at src/tests.rs:1804:43:
[INFO] [stdout] called `Result::unwrap()` on an `Err` value: FileWriteError(Os { code: 2, kind: NotFound, message: "No such file or directory" })
[INFO] [stdout] stack backtrace:
[INFO] [stdout]    0:     0x62fec9ce33c1 - <<std[70759c8f55707aa4]::sys::backtrace::BacktraceLock>::print::DisplayBacktrace as core[df12db4294e9bfd3]::fmt::Display>::fmt
[INFO] [stdout]    1:     0x62fec9cf911a - core[df12db4294e9bfd3]::fmt::write
[INFO] [stdout]    2:     0x62fec9ce79bc - <alloc[2182bb758b4b3781]::vec::Vec<u8> as core[df12db4294e9bfd3]::io::write::Write>::write_fmt
[INFO] [stdout]    3:     0x62fec9cbe466 - std[70759c8f55707aa4]::panicking::default_hook::{closure#0}
[INFO] [stdout]    4:     0x62fec9cda949 - std[70759c8f55707aa4]::panicking::default_hook
[INFO] [stdout]    5:     0x62fec9c6c430 - test[9d35eded1c95d3be]::test_main_inner::<test[9d35eded1c95d3be]::test_main_static::{closure#0}>::{closure#0}
[INFO] [stdout]    6:     0x62fec9cdab02 - std[70759c8f55707aa4]::panicking::panic_with_hook
[INFO] [stdout]    7:     0x62fec9cbe512 - std[70759c8f55707aa4]::panicking::panic_handler::{closure#0}
[INFO] [stdout]    8:     0x62fec9cb7059 - std[70759c8f55707aa4]::sys::backtrace::__rust_end_short_backtrace::<std[70759c8f55707aa4]::panicking::panic_handler::{closure#0}, !>
[INFO] [stdout]    9:     0x62fec9cbf10d - __rustc[8fa7c3cbc660c2b3]::rust_begin_unwind
[INFO] [stdout]   10:     0x62fec9cf984c - core[df12db4294e9bfd3]::panicking::panic_fmt
[INFO] [stdout]   11:     0x62fec9cf9622 - core[df12db4294e9bfd3]::result::unwrap_failed
[INFO] [stdout]   12:     0x62fec9c32d58 - edf_rs[441749b5d44edd8e]::tests::file_edit_tests::get_paths
[INFO] [stdout]   13:     0x62fec9c3595a - edf_rs[441749b5d44edd8e]::tests::file_edit_tests::test_insert_delete
[INFO] [stdout]   14:     0x62fec9c59ef9 - <edf_rs[441749b5d44edd8e]::tests::file_edit_tests::test_insert_delete::{closure#0} as core[df12db4294e9bfd3]::ops::function::FnOnce<()>>::call_once
[INFO] [stdout]   15:     0x62fec9c5f71b - test[9d35eded1c95d3be]::__rust_begin_short_backtrace::<core[df12db4294e9bfd3]::result::Result<(), alloc[2182bb758b4b3781]::string::String>, fn() -> core[df12db4294e9bfd3]::result::Result<(), alloc[2182bb758b4b3781]::string::String>>
[INFO] [stdout]   16:     0x62fec9c6cd85 - test[9d35eded1c95d3be]::run_test::{closure#0}
[INFO] [stdout]   17:     0x62fec9c66644 - std[70759c8f55707aa4]::sys::backtrace::__rust_begin_short_backtrace::<test[9d35eded1c95d3be]::run_test::{closure#1}, ()>
[INFO] [stdout]   18:     0x62fec9c6fee2 - <std[70759c8f55707aa4]::thread::lifecycle::spawn_unchecked<test[9d35eded1c95d3be]::run_test::{closure#1}, ()>::{closure#1} as core[df12db4294e9bfd3]::ops::function::FnOnce<()>>::call_once::{shim:vtable#0}
[INFO] [stdout]   19:     0x62fec9ce2849 - <std[70759c8f55707aa4]::sys::thread::unix::Thread>::new::thread_start
[INFO] [stdout]   20:     0x71005bb07dfa - <unknown>
[INFO] [stdout]   21:     0x71005bb9b3d4 - clone
[INFO] [stdout]   22:                0x0 - <unknown>
[INFO] [stdout] 
[INFO] [stdout] ---- tests::file_edit_tests::test_update_file stdout ----
[INFO] [stdout] 
[INFO] [stdout] thread 'tests::file_edit_tests::test_update_file' (297) panicked at src/tests.rs:1804:43:
[INFO] [stdout] called `Result::unwrap()` on an `Err` value: FileWriteError(Os { code: 2, kind: NotFound, message: "No such file or directory" })
[INFO] [stdout] stack backtrace:
[INFO] [stdout]    0:     0x62fec9ce33c1 - <<std[70759c8f55707aa4]::sys::backtrace::BacktraceLock>::print::DisplayBacktrace as core[df12db4294e9bfd3]::fmt::Display>::fmt
[INFO] [stdout]    1:     0x62fec9cf911a - core[df12db4294e9bfd3]::fmt::write
[INFO] [stdout]    2:     0x62fec9ce79bc - <alloc[2182bb758b4b3781]::vec::Vec<u8> as core[df12db4294e9bfd3]::io::write::Write>::write_fmt
[INFO] [stdout]    3:     0x62fec9cbe466 - std[70759c8f55707aa4]::panicking::default_hook::{closure#0}
[INFO] [stdout]    4:     0x62fec9cda949 - std[70759c8f55707aa4]::panicking::default_hook
[INFO] [stdout]    5:     0x62fec9c6c430 - test[9d35eded1c95d3be]::test_main_inner::<test[9d35eded1c95d3be]::test_main_static::{closure#0}>::{closure#0}
[INFO] [stdout]    6:     0x62fec9cdab02 - std[70759c8f55707aa4]::panicking::panic_with_hook
[INFO] [stdout]    7:     0x62fec9cbe512 - std[70759c8f55707aa4]::panicking::panic_handler::{closure#0}
[INFO] [stdout]    8:     0x62fec9cb7059 - std[70759c8f55707aa4]::sys::backtrace::__rust_end_short_backtrace::<std[70759c8f55707aa4]::panicking::panic_handler::{closure#0}, !>
[INFO] [stdout]    9:     0x62fec9cbf10d - __rustc[8fa7c3cbc660c2b3]::rust_begin_unwind
[INFO] [stdout]   10:     0x62fec9cf984c - core[df12db4294e9bfd3]::panicking::panic_fmt
[INFO] [stdout]   11:     0x62fec9cf9622 - core[df12db4294e9bfd3]::result::unwrap_failed
[INFO] [stdout]   12:     0x62fec9c32d58 - edf_rs[441749b5d44edd8e]::tests::file_edit_tests::get_paths
[INFO] [stdout]   13:     0x62fec9c34c7a - edf_rs[441749b5d44edd8e]::tests::file_edit_tests::test_update_file
[INFO] [stdout]   14:     0x62fec9c59ed9 - <edf_rs[441749b5d44edd8e]::tests::file_edit_tests::test_update_file::{closure#0} as core[df12db4294e9bfd3]::ops::function::FnOnce<()>>::call_once
[INFO] [stdout]   15:     0x62fec9c5f71b - test[9d35eded1c95d3be]::__rust_begin_short_backtrace::<core[df12db4294e9bfd3]::result::Result<(), alloc[2182bb758b4b3781]::string::String>, fn() -> core[df12db4294e9bfd3]::result::Result<(), alloc[2182bb758b4b3781]::string::String>>
[INFO] [stdout]   16:     0x62fec9c6cd85 - test[9d35eded1c95d3be]::run_test::{closure#0}
[INFO] [stdout]   17:     0x62fec9c66644 - std[70759c8f55707aa4]::sys::backtrace::__rust_begin_short_backtrace::<test[9d35eded1c95d3be]::run_test::{closure#1}, ()>
[INFO] [stdout]   18:     0x62fec9c6fee2 - <std[70759c8f55707aa4]::thread::lifecycle::spawn_unchecked<test[9d35eded1c95d3be]::run_test::{closure#1}, ()>::{closure#1} as core[df12db4294e9bfd3]::ops::function::FnOnce<()>>::call_once::{shim:vtable#0}
[INFO] [stdout]   19:     0x62fec9ce2849 - <std[70759c8f55707aa4]::sys::thread::unix::Thread>::new::thread_start
[INFO] [stdout]   20:     0x71005bb07dfa - <unknown>
[INFO] [stdout]   21:     0x71005bb9b3d4 - clone
[INFO] [stdout]   22:                0x0 - <unknown>
[INFO] [stdout] 
[INFO] [stdout] ---- tests::file_edit_tests::test_upsample_add_signal stdout ----
[INFO] [stdout] 
[INFO] [stdout] thread 'tests::file_edit_tests::test_upsample_add_signal' (299) panicked at src/tests.rs:1804:43:
[INFO] [stdout] called `Result::unwrap()` on an `Err` value: FileWriteError(Os { code: 2, kind: NotFound, message: "No such file or directory" })
[INFO] [stdout] stack backtrace:
[INFO] [stdout]    0:     0x62fec9ce33c1 - <<std[70759c8f55707aa4]::sys::backtrace::BacktraceLock>::print::DisplayBacktrace as core[df12db4294e9bfd3]::fmt::Display>::fmt
[INFO] [stdout]    1:     0x62fec9cf911a - core[df12db4294e9bfd3]::fmt::write
[INFO] [stdout]    2:     0x62fec9ce79bc - <alloc[2182bb758b4b3781]::vec::Vec<u8> as core[df12db4294e9bfd3]::io::write::Write>::write_fmt
[INFO] [stdout]    3:     0x62fec9cbe466 - std[70759c8f55707aa4]::panicking::default_hook::{closure#0}
[INFO] [stdout]    4:     0x62fec9cda949 - std[70759c8f55707aa4]::panicking::default_hook
[INFO] [stdout]    5:     0x62fec9c6c430 - test[9d35eded1c95d3be]::test_main_inner::<test[9d35eded1c95d3be]::test_main_static::{closure#0}>::{closure#0}
[INFO] [stdout]    6:     0x62fec9cdab02 - std[70759c8f55707aa4]::panicking::panic_with_hook
[INFO] [stdout]    7:     0x62fec9cbe512 - std[70759c8f55707aa4]::panicking::panic_handler::{closure#0}
[INFO] [stdout]    8:     0x62fec9cb7059 - std[70759c8f55707aa4]::sys::backtrace::__rust_end_short_backtrace::<std[70759c8f55707aa4]::panicking::panic_handler::{closure#0}, !>
[INFO] [stdout]    9:     0x62fec9cbf10d - __rustc[8fa7c3cbc660c2b3]::rust_begin_unwind
[INFO] [stdout]   10:     0x62fec9cf984c - core[df12db4294e9bfd3]::panicking::panic_fmt
[INFO] [stdout]   11:     0x62fec9cf9622 - core[df12db4294e9bfd3]::result::unwrap_failed
[INFO] [stdout]   12:     0x62fec9c32d58 - edf_rs[441749b5d44edd8e]::tests::file_edit_tests::get_paths
[INFO] [stdout]   13:     0x62fec9c3c17a - edf_rs[441749b5d44edd8e]::tests::file_edit_tests::test_upsample_add_signal
[INFO] [stdout]   14:     0x62fec9c59fd9 - <edf_rs[441749b5d44edd8e]::tests::file_edit_tests::test_upsample_add_signal::{closure#0} as core[df12db4294e9bfd3]::ops::function::FnOnce<()>>::call_once
[INFO] [stdout]   15:     0x62fec9c5f71b - test[9d35eded1c95d3be]::__rust_begin_short_backtrace::<core[df12db4294e9bfd3]::result::Result<(), alloc[2182bb758b4b3781]::string::String>, fn() -> core[df12db4294e9bfd3]::result::Result<(), alloc[2182bb758b4b3781]::string::String>>
[INFO] [stdout]   16:     0x62fec9c6cd85 - test[9d35eded1c95d3be]::run_test::{closure#0}
[INFO] [stdout]   17:     0x62fec9c66644 - std[70759c8f55707aa4]::sys::backtrace::__rust_begin_short_backtrace::<test[9d35eded1c95d3be]::run_test::{closure#1}, ()>
[INFO] [stdout]   18:     0x62fec9c6fee2 - <std[70759c8f55707aa4]::thread::lifecycle::spawn_unchecked<test[9d35eded1c95d3be]::run_test::{closure#1}, ()>::{closure#1} as core[df12db4294e9bfd3]::ops::function::FnOnce<()>>::call_once::{shim:vtable#0}
[INFO] [stdout]   19:     0x62fec9ce2849 - <std[70759c8f55707aa4]::sys::thread::unix::Thread>::new::thread_start
[INFO] [stdout]   20:     0x71005bb07dfa - <unknown>
[INFO] [stdout]   21:     0x71005bb9b3d4 - clone
[INFO] [stdout]   22:                0x0 - <unknown>
[INFO] [stdout] 
[INFO] [stdout] ---- tests::file_edit_tests::test_downsample_remove_signal stdout ----
[INFO] [stdout] 
[INFO] [stdout] thread 'tests::file_edit_tests::test_downsample_remove_signal' (289) panicked at src/tests.rs:1804:43:
[INFO] [stdout] called `Result::unwrap()` on an `Err` value: FileWriteError(Os { code: 2, kind: NotFound, message: "No such file or directory" })
[INFO] [stdout] stack backtrace:
[INFO] [stdout]    0:     0x62fec9ce33c1 - <<std[70759c8f55707aa4]::sys::backtrace::BacktraceLock>::print::DisplayBacktrace as core[df12db4294e9bfd3]::fmt::Display>::fmt
[INFO] [stdout]    1:     0x62fec9cf911a - core[df12db4294e9bfd3]::fmt::write
[INFO] [stdout]    2:     0x62fec9ce79bc - <alloc[2182bb758b4b3781]::vec::Vec<u8> as core[df12db4294e9bfd3]::io::write::Write>::write_fmt
[INFO] [stdout]    3:     0x62fec9cbe466 - std[70759c8f55707aa4]::panicking::default_hook::{closure#0}
[INFO] [stdout]    4:     0x62fec9cda949 - std[70759c8f55707aa4]::panicking::default_hook
[INFO] [stdout]    5:     0x62fec9c6c430 - test[9d35eded1c95d3be]::test_main_inner::<test[9d35eded1c95d3be]::test_main_static::{closure#0}>::{closure#0}
[INFO] [stdout]    6:     0x62fec9cdab02 - std[70759c8f55707aa4]::panicking::panic_with_hook
[INFO] [stdout]    7:     0x62fec9cbe512 - std[70759c8f55707aa4]::panicking::panic_handler::{closure#0}
[INFO] [stdout]    8:     0x62fec9cb7059 - std[70759c8f55707aa4]::sys::backtrace::__rust_end_short_backtrace::<std[70759c8f55707aa4]::panicking::panic_handler::{closure#0}, !>
[INFO] [stdout]    9:     0x62fec9cbf10d - __rustc[8fa7c3cbc660c2b3]::rust_begin_unwind
[INFO] [stdout]   10:     0x62fec9cf984c - core[df12db4294e9bfd3]::panicking::panic_fmt
[INFO] [stdout]   11:     0x62fec9cf9622 - core[df12db4294e9bfd3]::result::unwrap_failed
[INFO] [stdout]   12:     0x62fec9c32d58 - edf_rs[441749b5d44edd8e]::tests::file_edit_tests::get_paths
[INFO] [stdout]   13:     0x62fec9c3f7aa - edf_rs[441749b5d44edd8e]::tests::file_edit_tests::test_downsample_remove_signal
[INFO] [stdout]   14:     0x62fec9c5a039 - <edf_rs[441749b5d44edd8e]::tests::file_edit_tests::test_downsample_remove_signal::{closure#0} as core[df12db4294e9bfd3]::ops::function::FnOnce<()>>::call_once
[INFO] [stdout]   15:     0x62fec9c5f71b - test[9d35eded1c95d3be]::__rust_begin_short_backtrace::<core[df12db4294e9bfd3]::result::Result<(), alloc[2182bb758b4b3781]::string::String>, fn() -> core[df12db4294e9bfd3]::result::Result<(), alloc[2182bb758b4b3781]::string::String>>
[INFO] [stdout]   16:     0x62fec9c6cd85 - test[9d35eded1c95d3be]::run_test::{closure#0}
[INFO] [stdout]   17:     0x62fec9c66644 - std[70759c8f55707aa4]::sys::backtrace::__rust_begin_short_backtrace::<test[9d35eded1c95d3be]::run_test::{closure#1}, ()>
[INFO] [stdout]   18:     0x62fec9c6fee2 - <std[70759c8f55707aa4]::thread::lifecycle::spawn_unchecked<test[9d35eded1c95d3be]::run_test::{closure#1}, ()>::{closure#1} as core[df12db4294e9bfd3]::ops::function::FnOnce<()>>::call_once::{shim:vtable#0}
[INFO] [stdout]   19:     0x62fec9ce2849 - <std[70759c8f55707aa4]::sys::thread::unix::Thread>::new::thread_start
[INFO] [stdout]   20:     0x71005bb07dfa - <unknown>
[INFO] [stdout]   21:     0x71005bb9b3d4 - clone
[INFO] [stdout]   22:                0x0 - <unknown>
[INFO] [stdout] 
[INFO] [stdout] ---- tests::file_edit_tests::test_upsample_remove_signal stdout ----
[INFO] [stdout] 
[INFO] [stdout] thread 'tests::file_edit_tests::test_upsample_remove_signal' (300) panicked at src/tests.rs:1804:43:
[INFO] [stdout] called `Result::unwrap()` on an `Err` value: FileWriteError(Os { code: 2, kind: NotFound, message: "No such file or directory" })
[INFO] [stdout] stack backtrace:
[INFO] [stdout]    0:     0x62fec9ce33c1 - <<std[70759c8f55707aa4]::sys::backtrace::BacktraceLock>::print::DisplayBacktrace as core[df12db4294e9bfd3]::fmt::Display>::fmt
[INFO] [stdout]    1:     0x62fec9cf911a - core[df12db4294e9bfd3]::fmt::write
[INFO] [stdout]    2:     0x62fec9ce79bc - <alloc[2182bb758b4b3781]::vec::Vec<u8> as core[df12db4294e9bfd3]::io::write::Write>::write_fmt
[INFO] [stdout]    3:     0x62fec9cbe466 - std[70759c8f55707aa4]::panicking::default_hook::{closure#0}
[INFO] [stdout]    4:     0x62fec9cda949 - std[70759c8f55707aa4]::panicking::default_hook
[INFO] [stdout]    5:     0x62fec9c6c430 - test[9d35eded1c95d3be]::test_main_inner::<test[9d35eded1c95d3be]::test_main_static::{closure#0}>::{closure#0}
[INFO] [stdout]    6:     0x62fec9cdab02 - std[70759c8f55707aa4]::panicking::panic_with_hook
[INFO] [stdout]    7:     0x62fec9cbe512 - std[70759c8f55707aa4]::panicking::panic_handler::{closure#0}
[INFO] [stdout]    8:     0x62fec9cb7059 - std[70759c8f55707aa4]::sys::backtrace::__rust_end_short_backtrace::<std[70759c8f55707aa4]::panicking::panic_handler::{closure#0}, !>
[INFO] [stdout]    9:     0x62fec9cbf10d - __rustc[8fa7c3cbc660c2b3]::rust_begin_unwind
[INFO] [stdout]   10:     0x62fec9cf984c - core[df12db4294e9bfd3]::panicking::panic_fmt
[INFO] [stdout]   11:     0x62fec9cf9622 - core[df12db4294e9bfd3]::result::unwrap_failed
[INFO] [stdout]   12:     0x62fec9c32d58 - edf_rs[441749b5d44edd8e]::tests::file_edit_tests::get_paths
[INFO] [stdout]   13:     0x62fec9c3e7fa - edf_rs[441749b5d44edd8e]::tests::file_edit_tests::test_upsample_remove_signal
[INFO] [stdout]   14:     0x62fec9c5a019 - <edf_rs[441749b5d44edd8e]::tests::file_edit_tests::test_upsample_remove_signal::{closure#0} as core[df12db4294e9bfd3]::ops::function::FnOnce<()>>::call_once
[INFO] [stdout]   15:     0x62fec9c5f71b - test[9d35eded1c95d3be]::__rust_begin_short_backtrace::<core[df12db4294e9bfd3]::result::Result<(), alloc[2182bb758b4b3781]::string::String>, fn() -> core[df12db4294e9bfd3]::result::Result<(), alloc[2182bb758b4b3781]::string::String>>
[INFO] [stdout]   16:     0x62fec9c6cd85 - test[9d35eded1c95d3be]::run_test::{closure#0}
[INFO] [stdout]   17:     0x62fec9c66644 - std[70759c8f55707aa4]::sys::backtrace::__rust_begin_short_backtrace::<test[9d35eded1c95d3be]::run_test::{closure#1}, ()>
[INFO] [stdout]   18:     0x62fec9c6fee2 - <std[70759c8f55707aa4]::thread::lifecycle::spawn_unchecked<test[9d35eded1c95d3be]::run_test::{closure#1}, ()>::{closure#1} as core[df12db4294e9bfd3]::ops::function::FnOnce<()>>::call_once::{shim:vtable#0}
[INFO] [stdout]   19:     0x62fec9ce2849 - <std[70759c8f55707aa4]::sys::thread::unix::Thread>::new::thread_start
[INFO] [stdout]   20:     0x71005bb07dfa - <unknown>
[INFO] [stdout]   21:     0x71005bb9b3d4 - clone
[INFO] [stdout]   22:                0x0 - <unknown>
[INFO] [stdout] 
[INFO] [stdout] ---- tests::file_edit_tests::test_shrink_file stdout ----
[INFO] [stdout] 
[INFO] [stdout] thread 'tests::file_edit_tests::test_shrink_file' (296) panicked at src/tests.rs:1804:43:
[INFO] [stdout] called `Result::unwrap()` on an `Err` value: FileWriteError(Os { code: 2, kind: NotFound, message: "No such file or directory" })
[INFO] [stdout] stack backtrace:
[INFO] [stdout]    0:     0x62fec9ce33c1 - <<std[70759c8f55707aa4]::sys::backtrace::BacktraceLock>::print::DisplayBacktrace as core[df12db4294e9bfd3]::fmt::Display>::fmt
[INFO] [stdout]    1:     0x62fec9cf911a - core[df12db4294e9bfd3]::fmt::write
[INFO] [stdout]    2:     0x62fec9ce79bc - <alloc[2182bb758b4b3781]::vec::Vec<u8> as core[df12db4294e9bfd3]::io::write::Write>::write_fmt
[INFO] [stdout]    3:     0x62fec9cbe466 - std[70759c8f55707aa4]::panicking::default_hook::{closure#0}
[INFO] [stdout]    4:     0x62fec9cda949 - std[70759c8f55707aa4]::panicking::default_hook
[INFO] [stdout]    5:     0x62fec9c6c430 - test[9d35eded1c95d3be]::test_main_inner::<test[9d35eded1c95d3be]::test_main_static::{closure#0}>::{closure#0}
[INFO] [stdout]    6:     0x62fec9cdab02 - std[70759c8f55707aa4]::panicking::panic_with_hook
[INFO] [stdout]    7:     0x62fec9cbe512 - std[70759c8f55707aa4]::panicking::panic_handler::{closure#0}
[INFO] [stdout]    8:     0x62fec9cb7059 - std[70759c8f55707aa4]::sys::backtrace::__rust_end_short_backtrace::<std[70759c8f55707aa4]::panicking::panic_handler::{closure#0}, !>
[INFO] [stdout]    9:     0x62fec9cbf10d - __rustc[8fa7c3cbc660c2b3]::rust_begin_unwind
[INFO] [stdout]   10:     0x62fec9cf984c - core[df12db4294e9bfd3]::panicking::panic_fmt
[INFO] [stdout]   11:     0x62fec9cf9622 - core[df12db4294e9bfd3]::result::unwrap_failed
[INFO] [stdout]   12:     0x62fec9c32d58 - edf_rs[441749b5d44edd8e]::tests::file_edit_tests::get_paths
[INFO] [stdout]   13:     0x62fec9c3402a - edf_rs[441749b5d44edd8e]::tests::file_edit_tests::test_shrink_file
[INFO] [stdout]   14:     0x62fec9c59eb9 - <edf_rs[441749b5d44edd8e]::tests::file_edit_tests::test_shrink_file::{closure#0} as core[df12db4294e9bfd3]::ops::function::FnOnce<()>>::call_once
[INFO] [stdout]   15:     0x62fec9c5f71b - test[9d35eded1c95d3be]::__rust_begin_short_backtrace::<core[df12db4294e9bfd3]::result::Result<(), alloc[2182bb758b4b3781]::string::String>, fn() -> core[df12db4294e9bfd3]::result::Result<(), alloc[2182bb758b4b3781]::string::String>>
[INFO] [stdout]   16:     0x62fec9c6cd85 - test[9d35eded1c95d3be]::run_test::{closure#0}
[INFO] [stdout]   17:     0x62fec9c66644 - std[70759c8f55707aa4]::sys::backtrace::__rust_begin_short_backtrace::<test[9d35eded1c95d3be]::run_test::{closure#1}, ()>
[INFO] [stdout]   18:     0x62fec9c6fee2 - <std[70759c8f55707aa4]::thread::lifecycle::spawn_unchecked<test[9d35eded1c95d3be]::run_test::{closure#1}, ()>::{closure#1} as core[df12db4294e9bfd3]::ops::function::FnOnce<()>>::call_once::{shim:vtable#0}
[INFO] [stdout]   19:     0x62fec9ce2849 - <std[70759c8f55707aa4]::sys::thread::unix::Thread>::new::thread_start
[INFO] [stdout]   20:     0x71005bb07dfa - <unknown>
[INFO] [stdout]   21:     0x71005bb9b3d4 - clone
[INFO] [stdout]   22:                0x0 - <unknown>
[INFO] [stdout] 
[INFO] [stdout] ---- tests::file_edit_tests::test_extend_file stdout ----
[INFO] [stdout] 
[INFO] [stdout] thread 'tests::file_edit_tests::test_extend_file' (291) panicked at src/tests.rs:1804:43:
[INFO] [stdout] called `Result::unwrap()` on an `Err` value: FileWriteError(Os { code: 2, kind: NotFound, message: "No such file or directory" })
[INFO] [stdout] stack backtrace:
[INFO] [stdout]    0:     0x62fec9ce33c1 - <<std[70759c8f55707aa4]::sys::backtrace::BacktraceLock>::print::DisplayBacktrace as core[df12db4294e9bfd3]::fmt::Display>::fmt
[INFO] [stdout]    1:     0x62fec9cf911a - core[df12db4294e9bfd3]::fmt::write
[INFO] [stdout]    2:     0x62fec9ce79bc - <alloc[2182bb758b4b3781]::vec::Vec<u8> as core[df12db4294e9bfd3]::io::write::Write>::write_fmt
[INFO] [stdout]    3:     0x62fec9cbe466 - std[70759c8f55707aa4]::panicking::default_hook::{closure#0}
[INFO] [stdout]    4:     0x62fec9cda949 - std[70759c8f55707aa4]::panicking::default_hook
[INFO] [stdout]    5:     0x62fec9c6c430 - test[9d35eded1c95d3be]::test_main_inner::<test[9d35eded1c95d3be]::test_main_static::{closure#0}>::{closure#0}
[INFO] [stdout]    6:     0x62fec9cdab02 - std[70759c8f55707aa4]::panicking::panic_with_hook
[INFO] [stdout]    7:     0x62fec9cbe512 - std[70759c8f55707aa4]::panicking::panic_handler::{closure#0}
[INFO] [stdout]    8:     0x62fec9cb7059 - std[70759c8f55707aa4]::sys::backtrace::__rust_end_short_backtrace::<std[70759c8f55707aa4]::panicking::panic_handler::{closure#0}, !>
[INFO] [stdout]    9:     0x62fec9cbf10d - __rustc[8fa7c3cbc660c2b3]::rust_begin_unwind
[INFO] [stdout]   10:     0x62fec9cf984c - core[df12db4294e9bfd3]::panicking::panic_fmt
[INFO] [stdout]   11:     0x62fec9cf9622 - core[df12db4294e9bfd3]::result::unwrap_failed
[INFO] [stdout]   12:     0x62fec9c32d58 - edf_rs[441749b5d44edd8e]::tests::file_edit_tests::get_paths
[INFO] [stdout]   13:     0x62fec9c3325a - edf_rs[441749b5d44edd8e]::tests::file_edit_tests::test_extend_file
[INFO] [stdout]   14:     0x62fec9c59e99 - <edf_rs[441749b5d44edd8e]::tests::file_edit_tests::test_extend_file::{closure#0} as core[df12db4294e9bfd3]::ops::function::FnOnce<()>>::call_once
[INFO] [stdout]   15:     0x62fec9c5f71b - test[9d35eded1c95d3be]::__rust_begin_short_backtrace::<core[df12db4294e9bfd3]::result::Result<(), alloc[2182bb758b4b3781]::string::String>, fn() -> core[df12db4294e9bfd3]::result::Result<(), alloc[2182bb758b4b3781]::string::String>>
[INFO] [stdout]   16:     0x62fec9c6cd85 - test[9d35eded1c95d3be]::run_test::{closure#0}
[INFO] [stdout]   17:     0x62fec9c66644 - std[70759c8f55707aa4]::sys::backtrace::__rust_begin_short_backtrace::<test[9d35eded1c95d3be]::run_test::{closure#1}, ()>
[INFO] [stdout]   18:     0x62fec9c6fee2 - <std[70759c8f55707aa4]::thread::lifecycle::spawn_unchecked<test[9d35eded1c95d3be]::run_test::{closure#1}, ()>::{closure#1} as core[df12db4294e9bfd3]::ops::function::FnOnce<()>>::call_once::{shim:vtable#0}
[INFO] [stdout]   19:     0x62fec9ce2849 - <std[70759c8f55707aa4]::sys::thread::unix::Thread>::new::thread_start
[INFO] [stdout]   20:     0x71005bb07dfa - <unknown>
[INFO] [stdout]   21:     0x71005bb9b3d4 - clone
[INFO] [stdout]   22:                0x0 - <unknown>
[INFO] [stdout] 
[INFO] [stdout] ---- tests::file_edit_tests::test_upsample_update_add_signal stdout ----
[INFO] [stdout] 
[INFO] [stdout] thread 'tests::file_edit_tests::test_upsample_update_add_signal' (302) panicked at src/tests.rs:1804:43:
[INFO] [stdout] called `Result::unwrap()` on an `Err` value: FileWriteError(Os { code: 2, kind: NotFound, message: "No such file or directory" })
[INFO] [stdout] stack backtrace:
[INFO] [stdout]    0:     0x62fec9ce33c1 - <<std[70759c8f55707aa4]::sys::backtrace::BacktraceLock>::print::DisplayBacktrace as core[df12db4294e9bfd3]::fmt::Display>::fmt
[INFO] [stdout]    1:     0x62fec9cf911a - core[df12db4294e9bfd3]::fmt::write
[INFO] [stdout]    2:     0x62fec9ce79bc - <alloc[2182bb758b4b3781]::vec::Vec<u8> as core[df12db4294e9bfd3]::io::write::Write>::write_fmt
[INFO] [stdout]    3:     0x62fec9cbe466 - std[70759c8f55707aa4]::panicking::default_hook::{closure#0}
[INFO] [stdout]    4:     0x62fec9cda949 - std[70759c8f55707aa4]::panicking::default_hook
[INFO] [stdout]    5:     0x62fec9c6c430 - test[9d35eded1c95d3be]::test_main_inner::<test[9d35eded1c95d3be]::test_main_static::{closure#0}>::{closure#0}
[INFO] [stdout]    6:     0x62fec9cdab02 - std[70759c8f55707aa4]::panicking::panic_with_hook
[INFO] [stdout]    7:     0x62fec9cbe512 - std[70759c8f55707aa4]::panicking::panic_handler::{closure#0}
[INFO] [stdout]    8:     0x62fec9cb7059 - std[70759c8f55707aa4]::sys::backtrace::__rust_end_short_backtrace::<std[70759c8f55707aa4]::panicking::panic_handler::{closure#0}, !>
[INFO] [stdout]    9:     0x62fec9cbf10d - __rustc[8fa7c3cbc660c2b3]::rust_begin_unwind
[INFO] [stdout]   10:     0x62fec9cf984c - core[df12db4294e9bfd3]::panicking::panic_fmt
[INFO] [stdout]   11:     0x62fec9cf9622 - core[df12db4294e9bfd3]::result::unwrap_failed
[INFO] [stdout]   12:     0x62fec9c32d58 - edf_rs[441749b5d44edd8e]::tests::file_edit_tests::get_paths
[INFO] [stdout]   13:     0x62fec9c4075a - edf_rs[441749b5d44edd8e]::tests::file_edit_tests::test_upsample_update_add_signal
[INFO] [stdout]   14:     0x62fec9c5a059 - <edf_rs[441749b5d44edd8e]::tests::file_edit_tests::test_upsample_update_add_signal::{closure#0} as core[df12db4294e9bfd3]::ops::function::FnOnce<()>>::call_once
[INFO] [stdout]   15:     0x62fec9c5f71b - test[9d35eded1c95d3be]::__rust_begin_short_backtrace::<core[df12db4294e9bfd3]::result::Result<(), alloc[2182bb758b4b3781]::string::String>, fn() -> core[df12db4294e9bfd3]::result::Result<(), alloc[2182bb758b4b3781]::string::String>>
[INFO] [stdout]   16:     0x62fec9c6cd85 - test[9d35eded1c95d3be]::run_test::{closure#0}
[INFO] [stdout]   17:     0x62fec9c66644 - std[70759c8f55707aa4]::sys::backtrace::__rust_begin_short_backtrace::<test[9d35eded1c95d3be]::run_test::{closure#1}, ()>
[INFO] [stdout]   18:     0x62fec9c6fee2 - <std[70759c8f55707aa4]::thread::lifecycle::spawn_unchecked<test[9d35eded1c95d3be]::run_test::{closure#1}, ()>::{closure#1} as core[df12db4294e9bfd3]::ops::function::FnOnce<()>>::call_once::{shim:vtable#0}
[INFO] [stdout]   19:     0x62fec9ce2849 - <std[70759c8f55707aa4]::sys::thread::unix::Thread>::new::thread_start
[INFO] [stdout]   20:     0x71005bb07dfa - <unknown>
[INFO] [stdout]   21:     0x71005bb9b3d4 - clone
[INFO] [stdout]   22:                0x0 - <unknown>
[INFO] [stdout] 
[INFO] [stdout] ---- tests::file_read_tests::test_normal_bdfp_read stdout ----
[INFO] [stdout] Error: FileReadError(Os { code: 2, kind: NotFound, message: "No such file or directory" })
[INFO] [stdout] 
[INFO] [stdout] ---- tests::file_edit_tests::test_update_record stdout ----
[INFO] [stdout] 
[INFO] [stdout] thread 'tests::file_edit_tests::test_update_record' (298) panicked at src/tests.rs:1804:43:
[INFO] [stdout] called `Result::unwrap()` on an `Err` value: FileWriteError(Os { code: 2, kind: NotFound, message: "No such file or directory" })
[INFO] [stdout] stack backtrace:
[INFO] [stdout]    0:     0x62fec9ce33c1 - <<std[70759c8f55707aa4]::sys::backtrace::BacktraceLock>::print::DisplayBacktrace as core[df12db4294e9bfd3]::fmt::Display>::fmt
[INFO] [stdout]    1:     0x62fec9cf911a - core[df12db4294e9bfd3]::fmt::write
[INFO] [stdout]    2:     0x62fec9ce79bc - <alloc[2182bb758b4b3781]::vec::Vec<u8> as core[df12db4294e9bfd3]::io::write::Write>::write_fmt
[INFO] [stdout]    3:     0x62fec9cbe466 - std[70759c8f55707aa4]::panicking::default_hook::{closure#0}
[INFO] [stdout]    4:     0x62fec9cda949 - std[70759c8f55707aa4]::panicking::default_hook
[INFO] [stdout]    5:     0x62fec9c6c430 - test[9d35eded1c95d3be]::test_main_inner::<test[9d35eded1c95d3be]::test_main_static::{closure#0}>::{closure#0}
[INFO] [stdout]    6:     0x62fec9cdab02 - std[70759c8f55707aa4]::panicking::panic_with_hook
[INFO] [stdout]    7:     0x62fec9cbe512 - std[70759c8f55707aa4]::panicking::panic_handler::{closure#0}
[INFO] [stdout]    8:     0x62fec9cb7059 - std[70759c8f55707aa4]::sys::backtrace::__rust_end_short_backtrace::<std[70759c8f55707aa4]::panicking::panic_handler::{closure#0}, !>
[INFO] [stdout]    9:     0x62fec9cbf10d - __rustc[8fa7c3cbc660c2b3]::rust_begin_unwind
[INFO] [stdout]   10:     0x62fec9cf984c - core[df12db4294e9bfd3]::panicking::panic_fmt
[INFO] [stdout]   11:     0x62fec9cf9622 - core[df12db4294e9bfd3]::result::unwrap_failed
[INFO] [stdout]   12:     0x62fec9c32d58 - edf_rs[441749b5d44edd8e]::tests::file_edit_tests::get_paths
[INFO] [stdout]   13:     0x62fec9c38a6a - edf_rs[441749b5d44edd8e]::tests::file_edit_tests::test_update_record
[INFO] [stdout]   14:     0x62fec9c59f59 - <edf_rs[441749b5d44edd8e]::tests::file_edit_tests::test_update_record::{closure#0} as core[df12db4294e9bfd3]::ops::function::FnOnce<()>>::call_once
[INFO] [stderr] error: test failed, to rerun pass `--lib`
[INFO] [stdout]   15:     0x62fec9c5f71b - test[9d35eded1c95d3be]::__rust_begin_short_backtrace::<core[df12db4294e9bfd3]::result::Result<(), alloc[2182bb758b4b3781]::string::String>, fn() -> core[df12db4294e9bfd3]::result::Result<(), alloc[2182bb758b4b3781]::string::String>>
[INFO] [stdout]   16:     0x62fec9c6cd85 - test[9d35eded1c95d3be]::run_test::{closure#0}
[INFO] [stdout]   17:     0x62fec9c66644 - std[70759c8f55707aa4]::sys::backtrace::__rust_begin_short_backtrace::<test[9d35eded1c95d3be]::run_test::{closure#1}, ()>
[INFO] [stdout]   18:     0x62fec9c6fee2 - <std[70759c8f55707aa4]::thread::lifecycle::spawn_unchecked<test[9d35eded1c95d3be]::run_test::{closure#1}, ()>::{closure#1} as core[df12db4294e9bfd3]::ops::function::FnOnce<()>>::call_once::{shim:vtable#0}
[INFO] [stdout]   19:     0x62fec9ce2849 - <std[70759c8f55707aa4]::sys::thread::unix::Thread>::new::thread_start
[INFO] [stdout]   20:     0x71005bb07dfa - <unknown>
[INFO] [stdout]   21:     0x71005bb9b3d4 - clone
[INFO] [stdout]   22:                0x0 - <unknown>
[INFO] [stdout] 
[INFO] [stdout] ---- tests::file_edit_tests::test_upsample_signal stdout ----
[INFO] [stdout] 
[INFO] [stdout] thread 'tests::file_edit_tests::test_upsample_signal' (301) panicked at src/tests.rs:1804:43:
[INFO] [stdout] called `Result::unwrap()` on an `Err` value: FileWriteError(Os { code: 2, kind: NotFound, message: "No such file or directory" })
[INFO] [stdout] stack backtrace:
[INFO] [stdout]    0:     0x62fec9ce33c1 - <<std[70759c8f55707aa4]::sys::backtrace::BacktraceLock>::print::DisplayBacktrace as core[df12db4294e9bfd3]::fmt::Display>::fmt
[INFO] [stdout]    1:     0x62fec9cf911a - core[df12db4294e9bfd3]::fmt::write
[INFO] [stdout]    2:     0x62fec9ce79bc - <alloc[2182bb758b4b3781]::vec::Vec<u8> as core[df12db4294e9bfd3]::io::write::Write>::write_fmt
[INFO] [stdout]    3:     0x62fec9cbe466 - std[70759c8f55707aa4]::panicking::default_hook::{closure#0}
[INFO] [stdout]    4:     0x62fec9cda949 - std[70759c8f55707aa4]::panicking::default_hook
[INFO] [stdout]    5:     0x62fec9c6c430 - test[9d35eded1c95d3be]::test_main_inner::<test[9d35eded1c95d3be]::test_main_static::{closure#0}>::{closure#0}
[INFO] [stdout]    6:     0x62fec9cdab02 - std[70759c8f55707aa4]::panicking::panic_with_hook
[INFO] [stdout]    7:     0x62fec9cbe512 - std[70759c8f55707aa4]::panicking::panic_handler::{closure#0}
[INFO] [stdout]    8:     0x62fec9cb7059 - std[70759c8f55707aa4]::sys::backtrace::__rust_end_short_backtrace::<std[70759c8f55707aa4]::panicking::panic_handler::{closure#0}, !>
[INFO] [stdout]    9:     0x62fec9cbf10d - __rustc[8fa7c3cbc660c2b3]::rust_begin_unwind
[INFO] [stdout]   10:     0x62fec9cf984c - core[df12db4294e9bfd3]::panicking::panic_fmt
[INFO] [stdout]   11:     0x62fec9cf9622 - core[df12db4294e9bfd3]::result::unwrap_failed
[INFO] [stdout]   12:     0x62fec9c32d58 - edf_rs[441749b5d44edd8e]::tests::file_edit_tests::get_paths
[INFO] [stdout]   13:     0x62fec9c3968a - edf_rs[441749b5d44edd8e]::tests::file_edit_tests::test_upsample_signal
[INFO] [stdout]   14:     0x62fec9c59f79 - <edf_rs[441749b5d44edd8e]::tests::file_edit_tests::test_upsample_signal::{closure#0} as core[df12db4294e9bfd3]::ops::function::FnOnce<()>>::call_once
[INFO] [stdout]   15:     0x62fec9c5f71b - test[9d35eded1c95d3be]::__rust_begin_short_backtrace::<core[df12db4294e9bfd3]::result::Result<(), alloc[2182bb758b4b3781]::string::String>, fn() -> core[df12db4294e9bfd3]::result::Result<(), alloc[2182bb758b4b3781]::string::String>>
[INFO] [stdout]   16:     0x62fec9c6cd85 - test[9d35eded1c95d3be]::run_test::{closure#0}
[INFO] [stdout]   17:     0x62fec9c66644 - std[70759c8f55707aa4]::sys::backtrace::__rust_begin_short_backtrace::<test[9d35eded1c95d3be]::run_test::{closure#1}, ()>
[INFO] [stdout]   18:     0x62fec9c6fee2 - <std[70759c8f55707aa4]::thread::lifecycle::spawn_unchecked<test[9d35eded1c95d3be]::run_test::{closure#1}, ()>::{closure#1} as core[df12db4294e9bfd3]::ops::function::FnOnce<()>>::call_once::{shim:vtable#0}
[INFO] [stdout]   19:     0x62fec9ce2849 - <std[70759c8f55707aa4]::sys::thread::unix::Thread>::new::thread_start
[INFO] [stdout]   20:     0x71005bb07dfa - <unknown>
[INFO] [stdout]   21:     0x71005bb9b3d4 - clone
[INFO] [stdout]   22:                0x0 - <unknown>
[INFO] [stdout] 
[INFO] [stdout] ---- tests::file_edit_tests::test_remove_all_signals stdout ----
[INFO] [stdout] 
[INFO] [stdout] thread 'tests::file_edit_tests::test_remove_all_signals' (294) panicked at src/tests.rs:1804:43:
[INFO] [stdout] called `Result::unwrap()` on an `Err` value: FileWriteError(Os { code: 2, kind: NotFound, message: "No such file or directory" })
[INFO] [stdout] stack backtrace:
[INFO] [stdout]    0:     0x62fec9ce33c1 - <<std[70759c8f55707aa4]::sys::backtrace::BacktraceLock>::print::DisplayBacktrace as core[df12db4294e9bfd3]::fmt::Display>::fmt
[INFO] [stdout]    1:     0x62fec9cf911a - core[df12db4294e9bfd3]::fmt::write
[INFO] [stdout]    2:     0x62fec9ce79bc - <alloc[2182bb758b4b3781]::vec::Vec<u8> as core[df12db4294e9bfd3]::io::write::Write>::write_fmt
[INFO] [stdout]    3:     0x62fec9cbe466 - std[70759c8f55707aa4]::panicking::default_hook::{closure#0}
[INFO] [stdout]    4:     0x62fec9cda949 - std[70759c8f55707aa4]::panicking::default_hook
[INFO] [stdout]    5:     0x62fec9c6c430 - test[9d35eded1c95d3be]::test_main_inner::<test[9d35eded1c95d3be]::test_main_static::{closure#0}>::{closure#0}
[INFO] [stdout]    6:     0x62fec9cdab02 - std[70759c8f55707aa4]::panicking::panic_with_hook
[INFO] [stdout]    7:     0x62fec9cbe512 - std[70759c8f55707aa4]::panicking::panic_handler::{closure#0}
[INFO] [stdout]    8:     0x62fec9cb7059 - std[70759c8f55707aa4]::sys::backtrace::__rust_end_short_backtrace::<std[70759c8f55707aa4]::panicking::panic_handler::{closure#0}, !>
[INFO] [stdout]    9:     0x62fec9cbf10d - __rustc[8fa7c3cbc660c2b3]::rust_begin_unwind
[INFO] [stdout]   10:     0x62fec9cf984c - core[df12db4294e9bfd3]::panicking::panic_fmt
[INFO] [stdout]   11:     0x62fec9cf9622 - core[df12db4294e9bfd3]::result::unwrap_failed
[INFO] [stdout]   12:     0x62fec9c32d58 - edf_rs[441749b5d44edd8e]::tests::file_edit_tests::get_paths
[INFO] [stdout]   13:     0x62fec9c3b88a - edf_rs[441749b5d44edd8e]::tests::file_edit_tests::test_remove_all_signals
[INFO] [stdout]   14:     0x62fec9c59fb9 - <edf_rs[441749b5d44edd8e]::tests::file_edit_tests::test_remove_all_signals::{closure#0} as core[df12db4294e9bfd3]::ops::function::FnOnce<()>>::call_once
[INFO] [stdout]   15:     0x62fec9c5f71b - test[9d35eded1c95d3be]::__rust_begin_short_backtrace::<core[df12db4294e9bfd3]::result::Result<(), alloc[2182bb758b4b3781]::string::String>, fn() -> core[df12db4294e9bfd3]::result::Result<(), alloc[2182bb758b4b3781]::string::String>>
[INFO] [stdout]   16:     0x62fec9c6cd85 - test[9d35eded1c95d3be]::run_test::{closure#0}
[INFO] [stdout]   17:     0x62fec9c66644 - std[70759c8f55707aa4]::sys::backtrace::__rust_begin_short_backtrace::<test[9d35eded1c95d3be]::run_test::{closure#1}, ()>
[INFO] [stdout]   18:     0x62fec9c6fee2 - <std[70759c8f55707aa4]::thread::lifecycle::spawn_unchecked<test[9d35eded1c95d3be]::run_test::{closure#1}, ()>::{closure#1} as core[df12db4294e9bfd3]::ops::function::FnOnce<()>>::call_once::{shim:vtable#0}
[INFO] [stdout]   19:     0x62fec9ce2849 - <std[70759c8f55707aa4]::sys::thread::unix::Thread>::new::thread_start
[INFO] [stdout]   20:     0x71005bb07dfa - <unknown>
[INFO] [stdout]   21:     0x71005bb9b3d4 - clone
[INFO] [stdout]   22:                0x0 - <unknown>
[INFO] [stdout] 
[INFO] [stdout] ---- tests::file_edit_tests::test_remove_signal stdout ----
[INFO] [stdout] 
[INFO] [stdout] thread 'tests::file_edit_tests::test_remove_signal' (295) panicked at src/tests.rs:1804:43:
[INFO] [stdout] called `Result::unwrap()` on an `Err` value: FileWriteError(Os { code: 2, kind: NotFound, message: "No such file or directory" })
[INFO] [stdout] stack backtrace:
[INFO] [stdout]    0:     0x62fec9ce33c1 - <<std[70759c8f55707aa4]::sys::backtrace::BacktraceLock>::print::DisplayBacktrace as core[df12db4294e9bfd3]::fmt::Display>::fmt
[INFO] [stdout]    1:     0x62fec9cf911a - core[df12db4294e9bfd3]::fmt::write
[INFO] [stdout]    2:     0x62fec9ce79bc - <alloc[2182bb758b4b3781]::vec::Vec<u8> as core[df12db4294e9bfd3]::io::write::Write>::write_fmt
[INFO] [stdout]    3:     0x62fec9cbe466 - std[70759c8f55707aa4]::panicking::default_hook::{closure#0}
[INFO] [stdout]    4:     0x62fec9cda949 - std[70759c8f55707aa4]::panicking::default_hook
[INFO] [stdout]    5:     0x62fec9c6c430 - test[9d35eded1c95d3be]::test_main_inner::<test[9d35eded1c95d3be]::test_main_static::{closure#0}>::{closure#0}
[INFO] [stdout]    6:     0x62fec9cdab02 - std[70759c8f55707aa4]::panicking::panic_with_hook
[INFO] [stdout]    7:     0x62fec9cbe512 - std[70759c8f55707aa4]::panicking::panic_handler::{closure#0}
[INFO] [stdout]    8:     0x62fec9cb7059 - std[70759c8f55707aa4]::sys::backtrace::__rust_end_short_backtrace::<std[70759c8f55707aa4]::panicking::panic_handler::{closure#0}, !>
[INFO] [stdout]    9:     0x62fec9cbf10d - __rustc[8fa7c3cbc660c2b3]::rust_begin_unwind
[INFO] [stdout]   10:     0x62fec9cf984c - core[df12db4294e9bfd3]::panicking::panic_fmt
[INFO] [stdout]   11:     0x62fec9cf9622 - core[df12db4294e9bfd3]::result::unwrap_failed
[INFO] [stdout]   12:     0x62fec9c32d58 - edf_rs[441749b5d44edd8e]::tests::file_edit_tests::get_paths
[INFO] [stdout]   13:     0x62fec9c37baa - edf_rs[441749b5d44edd8e]::tests::file_edit_tests::test_remove_signal
[INFO] [stdout]   14:     0x62fec9c59f39 - <edf_rs[441749b5d44edd8e]::tests::file_edit_tests::test_remove_signal::{closure#0} as core[df12db4294e9bfd3]::ops::function::FnOnce<()>>::call_once
[INFO] [stdout]   15:     0x62fec9c5f71b - test[9d35eded1c95d3be]::__rust_begin_short_backtrace::<core[df12db4294e9bfd3]::result::Result<(), alloc[2182bb758b4b3781]::string::String>, fn() -> core[df12db4294e9bfd3]::result::Result<(), alloc[2182bb758b4b3781]::string::String>>
[INFO] [stdout]   16:     0x62fec9c6cd85 - test[9d35eded1c95d3be]::run_test::{closure#0}
[INFO] [stdout]   17:     0x62fec9c66644 - std[70759c8f55707aa4]::sys::backtrace::__rust_begin_short_backtrace::<test[9d35eded1c95d3be]::run_test::{closure#1}, ()>
[INFO] [stdout]   18:     0x62fec9c6fee2 - <std[70759c8f55707aa4]::thread::lifecycle::spawn_unchecked<test[9d35eded1c95d3be]::run_test::{closure#1}, ()>::{closure#1} as core[df12db4294e9bfd3]::ops::function::FnOnce<()>>::call_once::{shim:vtable#0}
[INFO] [stdout]   19:     0x62fec9ce2849 - <std[70759c8f55707aa4]::sys::thread::unix::Thread>::new::thread_start
[INFO] [stdout]   20:     0x71005bb07dfa - <unknown>
[INFO] [stdout]   21:     0x71005bb9b3d4 - clone
[INFO] [stdout]   22:                0x0 - <unknown>
[INFO] [stdout] 
[INFO] [stdout] ---- tests::file_edit_tests::test_upsample_update_first_record stdout ----
[INFO] [stdout] 
[INFO] [stdout] thread 'tests::file_edit_tests::test_upsample_update_first_record' (303) panicked at src/tests.rs:1804:43:
[INFO] [stdout] called `Result::unwrap()` on an `Err` value: FileWriteError(Os { code: 2, kind: NotFound, message: "No such file or directory" })
[INFO] [stdout] stack backtrace:
[INFO] [stdout]    0:     0x62fec9ce33c1 - <<std[70759c8f55707aa4]::sys::backtrace::BacktraceLock>::print::DisplayBacktrace as core[df12db4294e9bfd3]::fmt::Display>::fmt
[INFO] [stdout]    1:     0x62fec9cf911a - core[df12db4294e9bfd3]::fmt::write
[INFO] [stdout]    2:     0x62fec9ce79bc - <alloc[2182bb758b4b3781]::vec::Vec<u8> as core[df12db4294e9bfd3]::io::write::Write>::write_fmt
[INFO] [stdout]    3:     0x62fec9cbe466 - std[70759c8f55707aa4]::panicking::default_hook::{closure#0}
[INFO] [stdout]    4:     0x62fec9cda949 - std[70759c8f55707aa4]::panicking::default_hook
[INFO] [stdout]    5:     0x62fec9c6c430 - test[9d35eded1c95d3be]::test_main_inner::<test[9d35eded1c95d3be]::test_main_static::{closure#0}>::{closure#0}
[INFO] [stdout]    6:     0x62fec9cdab02 - std[70759c8f55707aa4]::panicking::panic_with_hook
[INFO] [stdout]    7:     0x62fec9cbe512 - std[70759c8f55707aa4]::panicking::panic_handler::{closure#0}
[INFO] [stdout]    8:     0x62fec9cb7059 - std[70759c8f55707aa4]::sys::backtrace::__rust_end_short_backtrace::<std[70759c8f55707aa4]::panicking::panic_handler::{closure#0}, !>
[INFO] [stdout]    9:     0x62fec9cbf10d - __rustc[8fa7c3cbc660c2b3]::rust_begin_unwind
[INFO] [stdout]   10:     0x62fec9cf984c - core[df12db4294e9bfd3]::panicking::panic_fmt
[INFO] [stdout]   11:     0x62fec9cf9622 - core[df12db4294e9bfd3]::result::unwrap_failed
[INFO] [stdout]   12:     0x62fec9c32d58 - edf_rs[441749b5d44edd8e]::tests::file_edit_tests::get_paths
[INFO] [stdout]   13:     0x62fec9c429ca - edf_rs[441749b5d44edd8e]::tests::file_edit_tests::test_upsample_update_first_record
[INFO] [stdout]   14:     0x62fec9c5a099 - <edf_rs[441749b5d44edd8e]::tests::file_edit_tests::test_upsample_update_first_record::{closure#0} as core[df12db4294e9bfd3]::ops::function::FnOnce<()>>::call_once
[INFO] [stdout]   15:     0x62fec9c5f71b - test[9d35eded1c95d3be]::__rust_begin_short_backtrace::<core[df12db4294e9bfd3]::result::Result<(), alloc[2182bb758b4b3781]::string::String>, fn() -> core[df12db4294e9bfd3]::result::Result<(), alloc[2182bb758b4b3781]::string::String>>
[INFO] [stdout]   16:     0x62fec9c6cd85 - test[9d35eded1c95d3be]::run_test::{closure#0}
[INFO] [stdout]   17:     0x62fec9c66644 - std[70759c8f55707aa4]::sys::backtrace::__rust_begin_short_backtrace::<test[9d35eded1c95d3be]::run_test::{closure#1}, ()>
[INFO] [stdout]   18:     0x62fec9c6fee2 - <std[70759c8f55707aa4]::thread::lifecycle::spawn_unchecked<test[9d35eded1c95d3be]::run_test::{closure#1}, ()>::{closure#1} as core[df12db4294e9bfd3]::ops::function::FnOnce<()>>::call_once::{shim:vtable#0}
[INFO] [stdout]   19:     0x62fec9ce2849 - <std[70759c8f55707aa4]::sys::thread::unix::Thread>::new::thread_start
[INFO] [stdout]   20:     0x71005bb07dfa - <unknown>
[INFO] [stdout]   21:     0x71005bb9b3d4 - clone
[INFO] [stdout]   22:                0x0 - <unknown>
[INFO] [stdout] 
[INFO] [stdout] ---- tests::file_read_tests::test_normal_edfp_read stdout ----
[INFO] [stdout] Error: FileReadError(Os { code: 2, kind: NotFound, message: "No such file or directory" })
[INFO] [stdout] 
[INFO] [stdout] ---- tests::file_edit_tests::test_upsample_update_last_record stdout ----
[INFO] [stdout] 
[INFO] [stdout] thread 'tests::file_edit_tests::test_upsample_update_last_record' (304) panicked at src/tests.rs:1804:43:
[INFO] [stdout] called `Result::unwrap()` on an `Err` value: FileWriteError(Os { code: 2, kind: NotFound, message: "No such file or directory" })
[INFO] [stdout] stack backtrace:
[INFO] [stdout]    0:     0x62fec9ce33c1 - <<std[70759c8f55707aa4]::sys::backtrace::BacktraceLock>::print::DisplayBacktrace as core[df12db4294e9bfd3]::fmt::Display>::fmt
[INFO] [stdout]    1:     0x62fec9cf911a - core[df12db4294e9bfd3]::fmt::write
[INFO] [stdout]    2:     0x62fec9ce79bc - <alloc[2182bb758b4b3781]::vec::Vec<u8> as core[df12db4294e9bfd3]::io::write::Write>::write_fmt
[INFO] [stdout]    3:     0x62fec9cbe466 - std[70759c8f55707aa4]::panicking::default_hook::{closure#0}
[INFO] [stdout]    4:     0x62fec9cda949 - std[70759c8f55707aa4]::panicking::default_hook
[INFO] [stdout]    5:     0x62fec9c6c430 - test[9d35eded1c95d3be]::test_main_inner::<test[9d35eded1c95d3be]::test_main_static::{closure#0}>::{closure#0}
[INFO] [stdout]    6:     0x62fec9cdab02 - std[70759c8f55707aa4]::panicking::panic_with_hook
[INFO] [stdout]    7:     0x62fec9cbe512 - std[70759c8f55707aa4]::panicking::panic_handler::{closure#0}
[INFO] [stdout]    8:     0x62fec9cb7059 - std[70759c8f55707aa4]::sys::backtrace::__rust_end_short_backtrace::<std[70759c8f55707aa4]::panicking::panic_handler::{closure#0}, !>
[INFO] [stdout]    9:     0x62fec9cbf10d - __rustc[8fa7c3cbc660c2b3]::rust_begin_unwind
[INFO] [stdout]   10:     0x62fec9cf984c - core[df12db4294e9bfd3]::panicking::panic_fmt
[INFO] [stdout]   11:     0x62fec9cf9622 - core[df12db4294e9bfd3]::result::unwrap_failed
[INFO] [stdout]   12:     0x62fec9c32d58 - edf_rs[441749b5d44edd8e]::tests::file_edit_tests::get_paths
[INFO] [stdout]   13:     0x62fec9c41a9a - edf_rs[441749b5d44edd8e]::tests::file_edit_tests::test_upsample_update_last_record
[INFO] [stdout]   14:     0x62fec9c5a079 - <edf_rs[441749b5d44edd8e]::tests::file_edit_tests::test_upsample_update_last_record::{closure#0} as core[df12db4294e9bfd3]::ops::function::FnOnce<()>>::call_once
[INFO] [stdout]   15:     0x62fec9c5f71b - test[9d35eded1c95d3be]::__rust_begin_short_backtrace::<core[df12db4294e9bfd3]::result::Result<(), alloc[2182bb758b4b3781]::string::String>, fn() -> core[df12db4294e9bfd3]::result::Result<(), alloc[2182bb758b4b3781]::string::String>>
[INFO] [stdout]   16:     0x62fec9c6cd85 - test[9d35eded1c95d3be]::run_test::{closure#0}
[INFO] [stdout]   17:     0x62fec9c66644 - std[70759c8f55707aa4]::sys::backtrace::__rust_begin_short_backtrace::<test[9d35eded1c95d3be]::run_test::{closure#1}, ()>
[INFO] [stdout]   18:     0x62fec9c6fee2 - <std[70759c8f55707aa4]::thread::lifecycle::spawn_unchecked<test[9d35eded1c95d3be]::run_test::{closure#1}, ()>::{closure#1} as core[df12db4294e9bfd3]::ops::function::FnOnce<()>>::call_once::{shim:vtable#0}
[INFO] [stdout]   19:     0x62fec9ce2849 - <std[70759c8f55707aa4]::sys::thread::unix::Thread>::new::thread_start
[INFO] [stdout]   20:     0x71005bb07dfa - <unknown>
[INFO] [stdout]   21:     0x71005bb9b3d4 - clone
[INFO] [stdout]   22:                0x0 - <unknown>
[INFO] [stdout] 
[INFO] [stdout] ---- tests::file_edit_tests::test_upsample_update_remove_signal stdout ----
[INFO] [stdout] 
[INFO] [stdout] thread 'tests::file_edit_tests::test_upsample_update_remove_signal' (305) panicked at src/tests.rs:1804:43:
[INFO] [stdout] called `Result::unwrap()` on an `Err` value: FileWriteError(Os { code: 2, kind: NotFound, message: "No such file or directory" })
[INFO] [stdout] stack backtrace:
[INFO] [stdout]    0:     0x62fec9ce33c1 - <<std[70759c8f55707aa4]::sys::backtrace::BacktraceLock>::print::DisplayBacktrace as core[df12db4294e9bfd3]::fmt::Display>::fmt
[INFO] [stdout]    1:     0x62fec9cf911a - core[df12db4294e9bfd3]::fmt::write
[INFO] [stdout]    2:     0x62fec9ce79bc - <alloc[2182bb758b4b3781]::vec::Vec<u8> as core[df12db4294e9bfd3]::io::write::Write>::write_fmt
[INFO] [stdout]    3:     0x62fec9cbe466 - std[70759c8f55707aa4]::panicking::default_hook::{closure#0}
[INFO] [stdout]    4:     0x62fec9cda949 - std[70759c8f55707aa4]::panicking::default_hook
[INFO] [stdout]    5:     0x62fec9c6c430 - test[9d35eded1c95d3be]::test_main_inner::<test[9d35eded1c95d3be]::test_main_static::{closure#0}>::{closure#0}
[INFO] [stdout]    6:     0x62fec9cdab02 - std[70759c8f55707aa4]::panicking::panic_with_hook
[INFO] [stdout]    7:     0x62fec9cbe512 - std[70759c8f55707aa4]::panicking::panic_handler::{closure#0}
[INFO] [stdout]    8:     0x62fec9cb7059 - std[70759c8f55707aa4]::sys::backtrace::__rust_end_short_backtrace::<std[70759c8f55707aa4]::panicking::panic_handler::{closure#0}, !>
[INFO] [stdout]    9:     0x62fec9cbf10d - __rustc[8fa7c3cbc660c2b3]::rust_begin_unwind
[INFO] [stdout]   10:     0x62fec9cf984c - core[df12db4294e9bfd3]::panicking::panic_fmt
[INFO] [stdout]   11:     0x62fec9cf9622 - core[df12db4294e9bfd3]::result::unwrap_failed
[INFO] [stdout]   12:     0x62fec9c32d58 - edf_rs[441749b5d44edd8e]::tests::file_edit_tests::get_paths
[INFO] [stdout]   13:     0x62fec9c438da - edf_rs[441749b5d44edd8e]::tests::file_edit_tests::test_upsample_update_remove_signal
[INFO] [stdout]   14:     0x62fec9c5a0b9 - <edf_rs[441749b5d44edd8e]::tests::file_edit_tests::test_upsample_update_remove_signal::{closure#0} as core[df12db4294e9bfd3]::ops::function::FnOnce<()>>::call_once
[INFO] [stdout]   15:     0x62fec9c5f71b - test[9d35eded1c95d3be]::__rust_begin_short_backtrace::<core[df12db4294e9bfd3]::result::Result<(), alloc[2182bb758b4b3781]::string::String>, fn() -> core[df12db4294e9bfd3]::result::Result<(), alloc[2182bb758b4b3781]::string::String>>
[INFO] [stdout]   16:     0x62fec9c6cd85 - test[9d35eded1c95d3be]::run_test::{closure#0}
[INFO] [stdout]   17:     0x62fec9c66644 - std[70759c8f55707aa4]::sys::backtrace::__rust_begin_short_backtrace::<test[9d35eded1c95d3be]::run_test::{closure#1}, ()>
[INFO] [stdout]   18:     0x62fec9c6fee2 - <std[70759c8f55707aa4]::thread::lifecycle::spawn_unchecked<test[9d35eded1c95d3be]::run_test::{closure#1}, ()>::{closure#1} as core[df12db4294e9bfd3]::ops::function::FnOnce<()>>::call_once::{shim:vtable#0}
[INFO] [stdout]   19:     0x62fec9ce2849 - <std[70759c8f55707aa4]::sys::thread::unix::Thread>::new::thread_start
[INFO] [stdout]   20:     0x71005bb07dfa - <unknown>
[INFO] [stdout]   21:     0x71005bb9b3d4 - clone
[INFO] [stdout]   22:                0x0 - <unknown>
[INFO] [stdout] 
[INFO] [stdout] ---- tests::file_read_tests::test_normal_bdfp_range stdout ----
[INFO] [stdout] Error: Os { code: 2, kind: NotFound, message: "No such file or directory" }
[INFO] [stdout] 
[INFO] [stdout] 
[INFO] [stdout] failures:
[INFO] [stdout]     tests::file_edit_tests::test_downsample_add_signal
[INFO] [stdout]     tests::file_edit_tests::test_downsample_remove_signal
[INFO] [stdout]     tests::file_edit_tests::test_downsample_signal
[INFO] [stdout]     tests::file_edit_tests::test_extend_file
[INFO] [stdout]     tests::file_edit_tests::test_insert_delete
[INFO] [stdout]     tests::file_edit_tests::test_insert_signal
[INFO] [stdout]     tests::file_edit_tests::test_remove_all_signals
[INFO] [stdout]     tests::file_edit_tests::test_remove_signal
[INFO] [stdout]     tests::file_edit_tests::test_shrink_file
[INFO] [stdout]     tests::file_edit_tests::test_update_file
[INFO] [stdout]     tests::file_edit_tests::test_update_record
[INFO] [stdout]     tests::file_edit_tests::test_upsample_add_signal
[INFO] [stdout]     tests::file_edit_tests::test_upsample_remove_signal
[INFO] [stdout]     tests::file_edit_tests::test_upsample_signal
[INFO] [stdout]     tests::file_edit_tests::test_upsample_update_add_signal
[INFO] [stdout]     tests::file_edit_tests::test_upsample_update_first_record
[INFO] [stdout]     tests::file_edit_tests::test_upsample_update_last_record
[INFO] [stdout]     tests::file_edit_tests::test_upsample_update_remove_signal
[INFO] [stdout]     tests::file_read_tests::test_normal_bdfp_range
[INFO] [stdout]     tests::file_read_tests::test_normal_bdfp_read
[INFO] [stdout]     tests::file_read_tests::test_normal_edfp_read
[INFO] [stdout] 
[INFO] [stdout] test result: FAILED. 3 passed; 21 failed; 0 ignored; 0 measured; 0 filtered out; finished in 0.02s
[INFO] [stdout] 
[INFO] running `Command { std: "docker" "inspect" "8f739e53b5308e6e0dd13cc854e6f0276e41d1d2d586f755097e6dbc4f0d344d", kill_on_drop: false }`
[INFO] running `Command { std: "docker" "rm" "-f" "8f739e53b5308e6e0dd13cc854e6f0276e41d1d2d586f755097e6dbc4f0d344d", kill_on_drop: false }`
[INFO] [stdout] 8f739e53b5308e6e0dd13cc854e6f0276e41d1d2d586f755097e6dbc4f0d344d
