[INFO] fetching crate eden-skills 0.2.3...
[INFO] testing eden-skills-0.2.3 against 1.99.0-beta.8+cargoflags=--release for beta-release-1.100-2
[INFO] extracting crate eden-skills 0.2.3 into /workspace/builds/worker-5-tc1/source
[INFO] started tweaking crates.io crate eden-skills 0.2.3
[INFO] removed 0 missing tests
[INFO] finished tweaking crates.io crate eden-skills 0.2.3
[INFO] tweaked toml for crates.io crate eden-skills 0.2.3 written to /workspace/builds/worker-5-tc1/source/Cargo.toml
[INFO] validating manifest of crates.io crate eden-skills 0.2.3 on toolchain 1.99.0-beta.8
[INFO] running `Command { std: CARGO_HOME="/workspace/cargo-home" RUSTUP_HOME="/workspace/rustup-home" "/workspace/cargo-home/bin/cargo" "+1.99.0-beta.8" "metadata" "--manifest-path" "Cargo.toml" "--no-deps", kill_on_drop: false }`
[INFO] crate crates.io crate eden-skills 0.2.3 already has a lockfile, it will not be regenerated
[INFO] running `Command { std: CARGO_HOME="/workspace/cargo-home" RUSTUP_HOME="/workspace/rustup-home" "/workspace/cargo-home/bin/cargo" "+1.99.0-beta.8" "fetch" "--manifest-path" "Cargo.toml", kill_on_drop: false }`
[INFO] [stderr]     Updating crates.io index
[INFO] [stderr]  Downloading crates ...
[INFO] [stderr]   Downloaded junction v1.4.2
[INFO] [stderr]   Downloaded enable-ansi-support v0.2.1
[INFO] [stderr]   Downloaded supports-color v2.1.0
[INFO] [stderr]   Downloaded eden-skills-core v0.2.3
[INFO] [stderr]   Downloaded ansitok v0.3.0
[INFO] [stderr]   Downloaded ansi-str v0.9.0
[INFO] [stderr]   Downloaded clap v4.5.58
[INFO] [stderr]   Downloaded clap_builder v4.5.58
[INFO] [stderr]   Downloaded nix v0.31.2
[INFO] running `Command { std: "docker" "create" "-v" "/var/lib/crater-agent-workspace/builds/worker-5-tc1/source:/opt/rustwide/workdir:ro,Z" "-v" "/var/lib/crater-agent-workspace/builds/worker-5-tc1/target:/opt/rustwide/target:rw,Z" "-v" "/var/lib/crater-agent-workspace/cargo-home:/opt/rustwide/cargo-home:ro,Z" "-v" "/var/lib/crater-agent-workspace/rustup-home:/opt/rustwide/rustup-home:ro,Z" "-m" "1610612736" "--network" "none" "ghcr.io/rust-lang/crates-build-env/linux@sha256:77db811e55d90add9212f6832c23229e3de5f1c1f9905e8cb07319ea15df73ac" "sleep" "infinity", kill_on_drop: false }`
[INFO] [stdout] af823073d2be174f9e6845af11b60ab531bb192eca6a986994e96e3a8ec66668
[INFO] running `Command { std: "docker" "start" "af823073d2be174f9e6845af11b60ab531bb192eca6a986994e96e3a8ec66668", kill_on_drop: false }`
[INFO] running `Command { std: "docker" "inspect" "af823073d2be174f9e6845af11b60ab531bb192eca6a986994e96e3a8ec66668", kill_on_drop: false }`
[INFO] running `Command { std: "docker" "exec" "-e" "SOURCE_DIR=/opt/rustwide/workdir" "-e" "CARGO_HOME=/opt/rustwide/cargo-home" "-e" "RUSTUP_HOME=/opt/rustwide/rustup-home" "-e" "CARGO_TARGET_DIR=/opt/rustwide/target" "-w" "/opt/rustwide/workdir" "--user" "0:0" "af823073d2be174f9e6845af11b60ab531bb192eca6a986994e96e3a8ec66668" "/opt/rustwide/cargo-home/bin/cargo" "+1.99.0-beta.8" "metadata" "--no-deps" "--format-version=1", kill_on_drop: false }`
[INFO] running `Command { std: "docker" "inspect" "af823073d2be174f9e6845af11b60ab531bb192eca6a986994e96e3a8ec66668", kill_on_drop: false }`
[INFO] running `Command { std: "docker" "exec" "-e" "SOURCE_DIR=/opt/rustwide/workdir" "-e" "CARGO_HOME=/opt/rustwide/cargo-home" "-e" "RUSTUP_HOME=/opt/rustwide/rustup-home" "-e" "CARGO_TARGET_DIR=/opt/rustwide/target" "-e" "CARGO_INCREMENTAL=0" "-e" "RUST_BACKTRACE=full" "-e" "RUSTFLAGS=--cap-lints=warn" "-e" "RUSTDOCFLAGS=--cap-lints=warn" "-w" "/opt/rustwide/workdir" "--user" "0:0" "af823073d2be174f9e6845af11b60ab531bb192eca6a986994e96e3a8ec66668" "/opt/rustwide/cargo-home/bin/cargo" "+1.99.0-beta.8" "build" "--frozen" "--message-format=json" "--release", kill_on_drop: false }`
[INFO] [stderr]    Compiling libc v0.2.181
[INFO] [stderr]    Compiling unicode-ident v1.0.23
[INFO] [stderr]    Compiling rustix v1.1.3
[INFO] [stderr]    Compiling cfg_aliases v0.2.1
[INFO] [stderr]    Compiling getrandom v0.4.1
[INFO] [stderr]    Compiling minimal-lexical v0.2.1
[INFO] [stderr]    Compiling indexmap v2.13.0
[INFO] [stderr]    Compiling vte v0.14.1
[INFO] [stderr]    Compiling nix v0.31.2
[INFO] [stderr]    Compiling anstyle-parse v0.2.7
[INFO] [stderr]    Compiling proc-macro2 v1.0.106
[INFO] [stderr]    Compiling is_ci v1.2.0
[INFO] [stderr]    Compiling anstyle v1.0.13
[INFO] [stderr]    Compiling colorchoice v1.0.4
[INFO] [stderr]    Compiling nom v7.1.3
[INFO] [stderr]    Compiling portable-atomic v1.13.1
[INFO] [stderr]    Compiling winnow v0.7.14
[INFO] [stderr]    Compiling anstream v0.6.21
[INFO] [stderr]    Compiling quote v1.0.44
[INFO] [stderr]    Compiling owo-colors v4.3.0
[INFO] [stderr]    Compiling syn v2.0.115
[INFO] [stderr]    Compiling clap_lex v1.0.0
[INFO] [stderr]    Compiling serde_json v1.0.149
[INFO] [stderr]    Compiling clap_builder v4.5.58
[INFO] [stderr]    Compiling supports-color v3.0.2
[INFO] [stderr]    Compiling parking_lot_core v0.9.12
[INFO] [stderr]    Compiling errno v0.3.14
[INFO] [stderr]    Compiling signal-hook-registry v1.4.8
[INFO] [stderr]    Compiling parking_lot v0.12.5
[INFO] [stderr]    Compiling console v0.16.2
[INFO] [stderr]    Compiling mio v1.1.1
[INFO] [stderr]    Compiling socket2 v0.6.2
[INFO] [stderr]    Compiling ansitok v0.3.0
[INFO] [stderr]    Compiling is-terminal v0.4.17
[INFO] [stderr]    Compiling tempfile v3.25.0
[INFO] [stderr]    Compiling ansi-str v0.9.0
[INFO] [stderr]    Compiling supports-color v2.1.0
[INFO] [stderr]    Compiling crossterm v0.29.0
[INFO] [stderr]    Compiling shell-words v1.1.1
[INFO] [stderr]    Compiling unit-prefix v0.5.2
[INFO] [stderr]    Compiling semver v1.0.27
[INFO] [stderr]    Compiling comfy-table v7.2.2
[INFO] [stderr]    Compiling ctrlc v3.5.2
[INFO] [stderr]    Compiling dialoguer v0.12.0
[INFO] [stderr]    Compiling indicatif v0.18.4
[INFO] [stderr]    Compiling serde_derive v1.0.228
[INFO] [stderr]    Compiling futures-macro v0.3.32
[INFO] [stderr]    Compiling tokio-macros v2.6.0
[INFO] [stderr]    Compiling thiserror-impl v2.0.18
[INFO] [stderr]    Compiling futures-util v0.3.32
[INFO] [stderr]    Compiling tokio v1.49.0
[INFO] [stderr]    Compiling thiserror v2.0.18
[INFO] [stderr]    Compiling clap_derive v4.5.55
[INFO] [stderr]    Compiling async-trait v0.1.89
[INFO] [stderr]    Compiling enable-ansi-support v0.2.1
[INFO] [stderr]    Compiling serde v1.0.228
[INFO] [stderr]    Compiling clap v4.5.58
[INFO] [stderr]    Compiling toml_datetime v0.6.11
[INFO] [stderr]    Compiling serde_spanned v0.6.9
[INFO] [stderr]    Compiling toml_edit v0.22.27
[INFO] [stderr]    Compiling toml v0.8.23
[INFO] [stderr]    Compiling tokio-util v0.7.18
[INFO] [stderr]    Compiling eden-skills-core v0.2.3
[INFO] [stderr]    Compiling eden-skills v0.2.3 (/opt/rustwide/workdir)
[INFO] [stderr]     Finished `release` profile [optimized] target(s) in 3m 08s
[INFO] running `Command { std: "docker" "inspect" "af823073d2be174f9e6845af11b60ab531bb192eca6a986994e96e3a8ec66668", kill_on_drop: false }`
[INFO] running `Command { std: "docker" "exec" "-e" "SOURCE_DIR=/opt/rustwide/workdir" "-e" "CARGO_HOME=/opt/rustwide/cargo-home" "-e" "RUSTUP_HOME=/opt/rustwide/rustup-home" "-e" "CARGO_TARGET_DIR=/opt/rustwide/target" "-e" "CARGO_INCREMENTAL=0" "-e" "RUST_BACKTRACE=full" "-e" "RUSTFLAGS=--cap-lints=warn" "-e" "RUSTDOCFLAGS=--cap-lints=warn" "-w" "/opt/rustwide/workdir" "--user" "0:0" "af823073d2be174f9e6845af11b60ab531bb192eca6a986994e96e3a8ec66668" "/opt/rustwide/cargo-home/bin/cargo" "+1.99.0-beta.8" "test" "--frozen" "--no-run" "--message-format=json" "--release", kill_on_drop: false }`
[INFO] [stderr]    Compiling eden-skills v0.2.3 (/opt/rustwide/workdir)
[INFO] [stderr]     Finished `release` profile [optimized] target(s) in 1m 46s
[INFO] running `Command { std: "docker" "inspect" "af823073d2be174f9e6845af11b60ab531bb192eca6a986994e96e3a8ec66668", kill_on_drop: false }`
[INFO] running `Command { std: "docker" "exec" "-e" "SOURCE_DIR=/opt/rustwide/workdir" "-e" "CARGO_HOME=/opt/rustwide/cargo-home" "-e" "RUSTUP_HOME=/opt/rustwide/rustup-home" "-e" "CARGO_TARGET_DIR=/opt/rustwide/target" "-e" "CARGO_INCREMENTAL=0" "-e" "RUST_BACKTRACE=full" "-e" "RUSTFLAGS=--cap-lints=warn" "-e" "RUSTDOCFLAGS=--cap-lints=warn" "-w" "/opt/rustwide/workdir" "--user" "0:0" "af823073d2be174f9e6845af11b60ab531bb192eca6a986994e96e3a8ec66668" "/opt/rustwide/cargo-home/bin/cargo" "+1.99.0-beta.8" "test" "--frozen" "--release", kill_on_drop: false }`
[INFO] [stderr]     Finished `release` profile [optimized] target(s) in 0.15s
[INFO] [stderr]      Running unittests src/lib.rs (/opt/rustwide/target/release/deps/eden_skills_cli-52e1cdfd9bf563c6)
[INFO] [stdout] 
[INFO] [stdout] running 2 tests
[INFO] [stdout] test commands::remove::tests::remove_confirmation_prompt_counts_prompted_multi_select_items ... ok
[INFO] [stdout] test commands::remove::tests::remove_confirmation_prompt_lists_explicit_skill_ids ... ok
[INFO] [stdout] 
[INFO] [stdout] test result: ok. 2 passed; 0 failed; 0 ignored; 0 measured; 0 filtered out; finished in 0.00s
[INFO] [stdout] 
[INFO] [stderr]      Running unittests src/main.rs (/opt/rustwide/target/release/deps/eden_skills-f1253f60ac38983d)
[INFO] [stderr]      Running tests/apply_repair.rs (/opt/rustwide/target/release/deps/apply_repair-2cc85df227b97748)
[INFO] [stdout] 
[INFO] [stdout] running 0 tests
[INFO] [stdout] 
[INFO] [stdout] test result: ok. 0 passed; 0 failed; 0 ignored; 0 measured; 0 filtered out; finished in 0.00s
[INFO] [stdout] 
[INFO] [stdout] 
[INFO] [stdout] running 4 tests
[INFO] [stdout] test apply_fails_on_permission_denied_target_path ... FAILED
[INFO] [stdout] test fresh_and_repeated_apply_symlink ... ok
[INFO] [stdout] test apply_updates_misaligned_symlink_target ... ok
[INFO] [stdout] test repair_recovers_broken_symlink ... ok
[INFO] [stdout] 
[INFO] [stdout] failures:
[INFO] [stdout] 
[INFO] [stdout] ---- apply_fails_on_permission_denied_target_path stdout ----
[INFO] [stdout]  Syncing  1 cloned, 0 updated, 0 skipped, 0 failed
[INFO] [stdout]   Safety  0 permissive, 0 risk flags, 0 no-exec
[INFO] [stderr] error: test failed, to rerun pass `--test apply_repair`
[INFO] [stdout]  Install  ✓ demo-skill
[INFO] [stdout]              └─ /tmp/.tmpLYN4Tw/restricted/agent-skills/demo-skill (symlink)
[INFO] [stdout]  Summary  ✓ 1 created, 0 updated, 0 noop, 0 conflicts, 0 removed
[INFO] [stdout]   ✓ Verification passed
[INFO] [stdout] 
[INFO] [stdout] thread 'apply_fails_on_permission_denied_target_path' (2723) panicked at tests/apply_repair.rs:161:22:
[INFO] [stdout] apply should fail for permission denied target: ()
[INFO] [stdout] stack backtrace:
[INFO] [stdout]    0:     0x5f3580fc0641 - <<std[70759c8f55707aa4]::sys::backtrace::BacktraceLock>::print::DisplayBacktrace as core[df12db4294e9bfd3]::fmt::Display>::fmt
[INFO] [stdout]    1:     0x5f3580fd7b6a - core[df12db4294e9bfd3]::fmt::write
[INFO] [stdout]    2:     0x5f3580fc516c - <alloc[2182bb758b4b3781]::vec::Vec<u8> as core[df12db4294e9bfd3]::io::write::Write>::write_fmt
[INFO] [stdout]    3:     0x5f3580f987b6 - std[70759c8f55707aa4]::panicking::default_hook::{closure#0}
[INFO] [stdout]    4:     0x5f3580fb69a9 - std[70759c8f55707aa4]::panicking::default_hook
[INFO] [stdout]    5:     0x5f3580dd1f80 - test[9d35eded1c95d3be]::test_main_inner::<test[9d35eded1c95d3be]::test_main_static::{closure#0}>::{closure#0}
[INFO] [stdout]    6:     0x5f3580fb6cd2 - std[70759c8f55707aa4]::panicking::panic_with_hook
[INFO] [stdout]    7:     0x5f3580f98862 - std[70759c8f55707aa4]::panicking::panic_handler::{closure#0}
[INFO] [stdout]    8:     0x5f3580f91239 - std[70759c8f55707aa4]::sys::backtrace::__rust_end_short_backtrace::<std[70759c8f55707aa4]::panicking::panic_handler::{closure#0}, !>
[INFO] [stdout]    9:     0x5f3580f9960d - __rustc[8fa7c3cbc660c2b3]::rust_begin_unwind
[INFO] [stdout]   10:     0x5f3580fd82cc - core[df12db4294e9bfd3]::panicking::panic_fmt
[INFO] [stdout]   11:     0x5f3580fd80a2 - core[df12db4294e9bfd3]::result::unwrap_failed
[INFO] [stdout]   12:     0x5f3580dc459a - <apply_repair[f696e45cf5ea29cc]::apply_fails_on_permission_denied_target_path::{closure#0} as core[df12db4294e9bfd3]::ops::function::FnOnce<()>>::call_once
[INFO] [stdout]   13:     0x5f3580dc526b - test[9d35eded1c95d3be]::__rust_begin_short_backtrace::<core[df12db4294e9bfd3]::result::Result<(), alloc[2182bb758b4b3781]::string::String>, fn() -> core[df12db4294e9bfd3]::result::Result<(), alloc[2182bb758b4b3781]::string::String>>
[INFO] [stdout]   14:     0x5f3580dd28d5 - test[9d35eded1c95d3be]::run_test::{closure#0}
[INFO] [stdout]   15:     0x5f3580dcc194 - std[70759c8f55707aa4]::sys::backtrace::__rust_begin_short_backtrace::<test[9d35eded1c95d3be]::run_test::{closure#1}, ()>
[INFO] [stdout]   16:     0x5f3580dd5a32 - <std[70759c8f55707aa4]::thread::lifecycle::spawn_unchecked<test[9d35eded1c95d3be]::run_test::{closure#1}, ()>::{closure#1} as core[df12db4294e9bfd3]::ops::function::FnOnce<()>>::call_once::{shim:vtable#0}
[INFO] [stdout]   17:     0x5f3580fbf8e9 - <std[70759c8f55707aa4]::sys::thread::unix::Thread>::new::thread_start
[INFO] [stdout]   18:     0x7a2baeac0dfa - <unknown>
[INFO] [stdout]   19:     0x7a2baeb543d4 - clone
[INFO] [stdout]   20:                0x0 - <unknown>
[INFO] [stdout] 
[INFO] [stdout] 
[INFO] [stdout] failures:
[INFO] [stdout]     apply_fails_on_permission_denied_target_path
[INFO] [stdout] 
[INFO] [stdout] test result: FAILED. 3 passed; 1 failed; 0 ignored; 0 measured; 0 filtered out; finished in 0.31s
[INFO] [stdout] 
[INFO] running `Command { std: "docker" "inspect" "af823073d2be174f9e6845af11b60ab531bb192eca6a986994e96e3a8ec66668", kill_on_drop: false }`
[INFO] running `Command { std: "docker" "rm" "-f" "af823073d2be174f9e6845af11b60ab531bb192eca6a986994e96e3a8ec66668", kill_on_drop: false }`
[INFO] [stdout] af823073d2be174f9e6845af11b60ab531bb192eca6a986994e96e3a8ec66668
