[INFO] fetching crate eden-skills-core 0.2.3...
[INFO] testing eden-skills-core-0.2.3 against 1.99.0-beta.8+cargoflags=--release for beta-release-1.100-2
[INFO] extracting crate eden-skills-core 0.2.3 into /workspace/builds/worker-6-tc1/source
[INFO] started tweaking crates.io crate eden-skills-core 0.2.3
[INFO] removed 0 missing tests
[INFO] finished tweaking crates.io crate eden-skills-core 0.2.3
[INFO] tweaked toml for crates.io crate eden-skills-core 0.2.3 written to /workspace/builds/worker-6-tc1/source/Cargo.toml
[INFO] validating manifest of crates.io crate eden-skills-core 0.2.3 on toolchain 1.99.0-beta.8
[INFO] running `Command { std: CARGO_HOME="/workspace/cargo-home" RUSTUP_HOME="/workspace/rustup-home" "/workspace/cargo-home/bin/cargo" "+1.99.0-beta.8" "metadata" "--manifest-path" "Cargo.toml" "--no-deps", kill_on_drop: false }`
[INFO] crate crates.io crate eden-skills-core 0.2.3 already has a lockfile, it will not be regenerated
[INFO] running `Command { std: CARGO_HOME="/workspace/cargo-home" RUSTUP_HOME="/workspace/rustup-home" "/workspace/cargo-home/bin/cargo" "+1.99.0-beta.8" "fetch" "--manifest-path" "Cargo.toml", kill_on_drop: false }`
[INFO] [stderr]     Updating crates.io index
[INFO] [stderr]  Downloading crates ...
[INFO] [stderr]   Downloaded unicode-ident v1.0.23
[INFO] [stderr]   Downloaded junction v1.4.2
[INFO] [stderr]   Downloaded syn v2.0.115
[INFO] [stderr]   Downloaded libc v0.2.181
[INFO] running `Command { std: "docker" "create" "-v" "/var/lib/crater-agent-workspace/builds/worker-6-tc1/source:/opt/rustwide/workdir:ro,Z" "-v" "/var/lib/crater-agent-workspace/builds/worker-6-tc1/target:/opt/rustwide/target:rw,Z" "-v" "/var/lib/crater-agent-workspace/cargo-home:/opt/rustwide/cargo-home:ro,Z" "-v" "/var/lib/crater-agent-workspace/rustup-home:/opt/rustwide/rustup-home:ro,Z" "-m" "1610612736" "--network" "none" "ghcr.io/rust-lang/crates-build-env/linux@sha256:77db811e55d90add9212f6832c23229e3de5f1c1f9905e8cb07319ea15df73ac" "sleep" "infinity", kill_on_drop: false }`
[INFO] [stdout] 51a38e9e589ecd9b35cdc6478353931443c0a9142f9b1d623c174342f885f4bc
[INFO] running `Command { std: "docker" "start" "51a38e9e589ecd9b35cdc6478353931443c0a9142f9b1d623c174342f885f4bc", kill_on_drop: false }`
[INFO] running `Command { std: "docker" "inspect" "51a38e9e589ecd9b35cdc6478353931443c0a9142f9b1d623c174342f885f4bc", kill_on_drop: false }`
[INFO] running `Command { std: "docker" "exec" "-e" "SOURCE_DIR=/opt/rustwide/workdir" "-e" "CARGO_HOME=/opt/rustwide/cargo-home" "-e" "RUSTUP_HOME=/opt/rustwide/rustup-home" "-e" "CARGO_TARGET_DIR=/opt/rustwide/target" "-w" "/opt/rustwide/workdir" "--user" "0:0" "51a38e9e589ecd9b35cdc6478353931443c0a9142f9b1d623c174342f885f4bc" "/opt/rustwide/cargo-home/bin/cargo" "+1.99.0-beta.8" "metadata" "--no-deps" "--format-version=1", kill_on_drop: false }`
[INFO] running `Command { std: "docker" "inspect" "51a38e9e589ecd9b35cdc6478353931443c0a9142f9b1d623c174342f885f4bc", kill_on_drop: false }`
[INFO] running `Command { std: "docker" "exec" "-e" "SOURCE_DIR=/opt/rustwide/workdir" "-e" "CARGO_HOME=/opt/rustwide/cargo-home" "-e" "RUSTUP_HOME=/opt/rustwide/rustup-home" "-e" "CARGO_TARGET_DIR=/opt/rustwide/target" "-e" "CARGO_INCREMENTAL=0" "-e" "RUST_BACKTRACE=full" "-e" "RUSTFLAGS=--cap-lints=warn" "-e" "RUSTDOCFLAGS=--cap-lints=warn" "-w" "/opt/rustwide/workdir" "--user" "0:0" "51a38e9e589ecd9b35cdc6478353931443c0a9142f9b1d623c174342f885f4bc" "/opt/rustwide/cargo-home/bin/cargo" "+1.99.0-beta.8" "build" "--frozen" "--message-format=json" "--release", kill_on_drop: false }`
[INFO] [stderr]    Compiling unicode-ident v1.0.23
[INFO] [stderr]    Compiling quote v1.0.44
[INFO] [stderr]    Compiling libc v0.2.181
[INFO] [stderr]    Compiling smallvec v1.15.1
[INFO] [stderr]    Compiling hashbrown v0.16.1
[INFO] [stderr]    Compiling winnow v0.7.14
[INFO] [stderr]    Compiling toml_write v0.1.2
[INFO] [stderr]    Compiling serde_json v1.0.149
[INFO] [stderr]    Compiling memchr v2.8.0
[INFO] [stderr]    Compiling itoa v1.0.17
[INFO] [stderr]    Compiling semver v1.0.27
[INFO] [stderr]    Compiling proc-macro2 v1.0.106
[INFO] [stderr]    Compiling syn v2.0.115
[INFO] [stderr]    Compiling indexmap v2.13.0
[INFO] [stderr]    Compiling errno v0.3.14
[INFO] [stderr]    Compiling parking_lot_core v0.9.12
[INFO] [stderr]    Compiling mio v1.1.1
[INFO] [stderr]    Compiling socket2 v0.6.2
[INFO] [stderr]    Compiling signal-hook-registry v1.4.8
[INFO] [stderr]    Compiling parking_lot v0.12.5
[INFO] [stderr]    Compiling serde_derive v1.0.228
[INFO] [stderr]    Compiling futures-macro v0.3.32
[INFO] [stderr]    Compiling tokio-macros v2.6.0
[INFO] [stderr]    Compiling thiserror-impl v2.0.18
[INFO] [stderr]    Compiling async-trait v0.1.89
[INFO] [stderr]    Compiling tokio v1.49.0
[INFO] [stderr]    Compiling futures-util v0.3.32
[INFO] [stderr]    Compiling thiserror v2.0.18
[INFO] [stderr]    Compiling serde v1.0.228
[INFO] [stderr]    Compiling toml_datetime v0.6.11
[INFO] [stderr]    Compiling serde_spanned v0.6.9
[INFO] [stderr]    Compiling toml_edit v0.22.27
[INFO] [stderr]    Compiling tokio-util v0.7.18
[INFO] [stderr]    Compiling toml v0.8.23
[INFO] [stderr]    Compiling eden-skills-core v0.2.3 (/opt/rustwide/workdir)
[INFO] [stderr]     Finished `release` profile [optimized] target(s) in 51.35s
[INFO] running `Command { std: "docker" "inspect" "51a38e9e589ecd9b35cdc6478353931443c0a9142f9b1d623c174342f885f4bc", kill_on_drop: false }`
[INFO] running `Command { std: "docker" "exec" "-e" "SOURCE_DIR=/opt/rustwide/workdir" "-e" "CARGO_HOME=/opt/rustwide/cargo-home" "-e" "RUSTUP_HOME=/opt/rustwide/rustup-home" "-e" "CARGO_TARGET_DIR=/opt/rustwide/target" "-e" "CARGO_INCREMENTAL=0" "-e" "RUST_BACKTRACE=full" "-e" "RUSTFLAGS=--cap-lints=warn" "-e" "RUSTDOCFLAGS=--cap-lints=warn" "-w" "/opt/rustwide/workdir" "--user" "0:0" "51a38e9e589ecd9b35cdc6478353931443c0a9142f9b1d623c174342f885f4bc" "/opt/rustwide/cargo-home/bin/cargo" "+1.99.0-beta.8" "test" "--frozen" "--no-run" "--message-format=json" "--release", kill_on_drop: false }`
[INFO] [stderr]    Compiling getrandom v0.4.1
[INFO] [stderr]    Compiling rustix v1.1.3
[INFO] [stderr]    Compiling bitflags v2.10.0
[INFO] [stderr]    Compiling fastrand v2.3.0
[INFO] [stderr]    Compiling once_cell v1.21.3
[INFO] [stderr]    Compiling tempfile v3.25.0
[INFO] [stderr]    Compiling eden-skills-core v0.2.3 (/opt/rustwide/workdir)
[INFO] [stderr]     Finished `release` profile [optimized] target(s) in 15.43s
[INFO] running `Command { std: "docker" "inspect" "51a38e9e589ecd9b35cdc6478353931443c0a9142f9b1d623c174342f885f4bc", kill_on_drop: false }`
[INFO] running `Command { std: "docker" "exec" "-e" "SOURCE_DIR=/opt/rustwide/workdir" "-e" "CARGO_HOME=/opt/rustwide/cargo-home" "-e" "RUSTUP_HOME=/opt/rustwide/rustup-home" "-e" "CARGO_TARGET_DIR=/opt/rustwide/target" "-e" "CARGO_INCREMENTAL=0" "-e" "RUST_BACKTRACE=full" "-e" "RUSTFLAGS=--cap-lints=warn" "-e" "RUSTDOCFLAGS=--cap-lints=warn" "-w" "/opt/rustwide/workdir" "--user" "0:0" "51a38e9e589ecd9b35cdc6478353931443c0a9142f9b1d623c174342f885f4bc" "/opt/rustwide/cargo-home/bin/cargo" "+1.99.0-beta.8" "test" "--frozen" "--release", kill_on_drop: false }`
[INFO] [stderr]     Finished `release` profile [optimized] target(s) in 0.09s
[INFO] [stderr]      Running unittests src/lib.rs (/opt/rustwide/target/release/deps/eden_skills_core-0af6888022f2aa4c)
[INFO] [stdout] 
[INFO] [stdout] running 5 tests
[INFO] [stdout] test source::tests::repo_is_fresh_returns_false_after_window ... ok
[INFO] [stdout] test source::tests::repo_is_fresh_returns_true_within_window ... ok
[INFO] [stdout] test source::tests::repo_is_fresh_returns_false_for_corrupted_file ... ok
[INFO] [stdout] test source::tests::write_fetched_at_creates_parseable_timestamp ... ok
[INFO] [stdout] test source::tests::repo_is_fresh_returns_false_when_no_timestamp_file ... ok
[INFO] [stdout] 
[INFO] [stdout] test result: ok. 5 passed; 0 failed; 0 ignored; 0 measured; 0 filtered out; finished in 0.00s
[INFO] [stdout] 
[INFO] [stderr]      Running tests/adapter_tests.rs (/opt/rustwide/target/release/deps/adapter_tests-f1072c3e2b40f7de)
[INFO] [stdout] 
[INFO] [stdout] running 16 tests
[INFO] [stdout] test docker_adapter_reports_missing_binary_at_construction ... ok
[INFO] [stdout] test local_adapter_symlink_supports_directory_and_file_sources ... ok
[INFO] [stdout] test create_adapter_rejects_invalid_environment ... ok
[INFO] [stdout] test docker_adapter_health_check_fails_when_container_not_running ... ok
[INFO] [stdout] test local_adapter_install_copy_and_path_exists_work ... ok
[INFO] [stdout] test parse_environment_is_deterministic ... ok
[INFO] [stdout] test docker_adapter_bind_mount_for_path_resolves_matching_host_path ... ok
[INFO] [stdout] test target_adapter_trait_object_can_be_spawned_via_joinset ... ok
[INFO] [stdout] test local_adapter_uninstall_removes_existing_target ... ok
[INFO] [stdout] test local_adapter_exec_runs_command ... ok
[INFO] [stdout] test docker_adapter_install_checks_mounts_before_falling_back_to_docker_cp ... ok
[INFO] [stdout] test docker_adapter_uninstall_removes_host_bind_mount_without_docker_exec_rm ... ok
[INFO] [stdout] test docker_adapter_install_uses_host_bind_mount_instead_of_docker_cp ... ok
[INFO] [stdout] test docker_adapter_install_permission_failure_includes_container_and_target_path ... ok
[INFO] [stdout] test docker_adapter_symlink_mode_emits_warning_and_falls_back_to_copy ... ok
[INFO] [stdout] test docker_adapter_uses_docker_cli_for_health_install_and_exec ... ok
[INFO] [stdout] 
[INFO] [stdout] test result: ok. 16 passed; 0 failed; 0 ignored; 0 measured; 0 filtered out; finished in 0.06s
[INFO] [stdout] 
[INFO] [stderr]      Running tests/agent_detect_tests.rs (/opt/rustwide/target/release/deps/agent_detect_tests-178fa1db48ff1bb9)
[INFO] [stdout] 
[INFO] [stdout] running 5 tests
[INFO] [stdout] test detects_agent_when_global_parent_exists_without_skills_dir ... ok
[INFO] [stderr]      Running tests/config_tests.rs (/opt/rustwide/target/release/deps/config_tests-0c9d66d941a15fc2)
[INFO] [stdout] test returns_empty_when_no_known_agent_dirs_exist ... ok
[INFO] [stdout] test does_not_auto_detect_shared_config_agents_path ... ok
[INFO] [stdout] test detects_global_agent_skill_directories ... ok
[INFO] [stdout] test detects_all_documented_agent_directories ... ok
[INFO] [stdout] 
[INFO] [stdout] test result: ok. 5 passed; 0 failed; 0 ignored; 0 measured; 0 filtered out; finished in 0.01s
[INFO] [stdout] 
[INFO] [stdout] 
[INFO] [stdout] running 9 tests
[INFO] [stdout] test load_valid_config_when_skills_array_is_explicitly_empty ... ok
[INFO] [stdout] test auto_detect_eligibility_excludes_shared_config_agents_aliases ... ok
[INFO] [stdout] test load_valid_config_with_defaults ... ok
[INFO] [stdout] test load_valid_config_with_extended_agent_aliases ... ok
[INFO] [stdout] test repo_url_rejects_non_git_schemes ... ok
[INFO] [stdout] test repo_url_allows_https_ssh_scp_like_and_file ... ok
[INFO] [stdout] test load_valid_config_when_skills_array_is_missing ... ok
[INFO] [stdout] test reject_custom_target_without_path ... ok
[INFO] [stdout] test load_phase1_style_config_with_five_skills_for_backward_compatibility ... ok
[INFO] [stdout] 
[INFO] [stdout] test result: ok. 9 passed; 0 failed; 0 ignored; 0 measured; 0 filtered out; finished in 0.01s
[INFO] [stdout] 
[INFO] [stderr]      Running tests/discovery_tests.rs (/opt/rustwide/target/release/deps/discovery_tests-2dd79505314fd78d)
[INFO] [stdout] 
[INFO] [stdout] running 9 tests
[INFO] [stdout] test discovers_multiple_skills_under_skills_directory ... ok
[INFO] [stdout] test discovers_single_root_skill_markdown ... ok
[INFO] [stdout] test discovers_skills_from_claude_plugin_marketplace_manifest ... ok
[INFO] [stdout] test falls_back_to_recursive_search_when_standard_locations_have_no_skills ... ok
[INFO] [stdout] test discovers_multiple_skills_under_packages_directory ... ok
[INFO] [stdout] test project_scope_parent_dirs_do_not_include_global_only_roots ... ok
[INFO] [stderr]      Running tests/junction_tests.rs (/opt/rustwide/target/release/deps/junction_tests-d72cad92e8948b50)
[INFO] [stdout] test discovers_skills_from_claude_plugin_manifest ... ok
[INFO] [stdout] test returns_empty_when_no_skill_markdown_exists ... ok
[INFO] [stdout] test discovers_skills_under_agent_convention_directories ... ok
[INFO] [stdout] 
[INFO] [stdout] test result: ok. 9 passed; 0 failed; 0 ignored; 0 measured; 0 filtered out; finished in 0.01s
[INFO] [stdout] 
[INFO] [stdout] 
[INFO] [stdout] running 1 test
[INFO] [stdout] test junction_support_is_cfg_gated_on_non_windows ... ok
[INFO] [stdout] 
[INFO] [stdout] test result: ok. 1 passed; 0 failed; 0 ignored; 0 measured; 0 filtered out; finished in 0.00s
[INFO] [stdout] 
[INFO] [stderr]      Running tests/lock_diff_tests.rs (/opt/rustwide/target/release/deps/lock_diff_tests-8d59d30f30a8efc5)
[INFO] [stdout] 
[INFO] [stdout] running 8 tests
[INFO] [stdout] test no_lock_classifies_all_as_added ... ok
[INFO] [stdout] test changed_install_mode_classified_as_changed ... ok
[INFO] [stdout] test changed_ref_classified_as_changed ... ok
[INFO] [stdout] test changed_repo_classified_as_changed ... ok
[INFO] [stdout] test unchanged_skill_classified_correctly ... ok
[INFO] [stdout] test mixed_diff_scenario ... ok
[INFO] [stderr]      Running tests/lock_tests.rs (/opt/rustwide/target/release/deps/lock_tests-d46b1de3749af02d)
[INFO] [stdout] test new_skill_in_toml_is_added ... ok
[INFO] [stdout] test skill_removed_from_toml_is_in_removed_set ... ok
[INFO] [stdout] 
[INFO] [stdout] test result: ok. 8 passed; 0 failed; 0 ignored; 0 measured; 0 filtered out; finished in 0.20s
[INFO] [stdout] 
[INFO] [stdout] 
[INFO] [stdout] running 14 tests
[INFO] [stdout] test lock_path_replaces_toml_extension ... ok
[INFO] [stdout] test missing_lock_file_returns_none ... ok
[INFO] [stdout] test lock_path_appends_lock_for_yaml_extension ... ok
[INFO] [stdout] test lock_path_replaces_custom_name_toml ... ok
[INFO] [stdout] test lock_path_appends_lock_when_no_toml_extension ... ok
[INFO] [stdout] test lock_file_round_trip_serialization ... ok
[INFO] [stdout] test lock_file_omits_resolved_version_when_none ... ok
[INFO] [stdout] test lock_entries_sorted_alphabetically_by_id ... ok
[INFO] [stdout] test lock_file_contains_all_required_fields ... ok
[INFO] [stdout] test empty_lock_file_round_trip ... ok
[INFO] [stdout] test unsupported_version_returns_none ... ok
[INFO] [stderr]      Running tests/paths_tests.rs (/opt/rustwide/target/release/deps/paths_tests-b98f50614b28cc7a)
[INFO] [stdout] test corrupted_lock_file_returns_none ... ok
[INFO] [stdout] test lock_targets_sorted_alphabetically_by_agent ... ok
[INFO] [stdout] test timestamp_format_is_iso8601 ... ok
[INFO] [stdout] 
[INFO] [stdout] test result: ok. 14 passed; 0 failed; 0 ignored; 0 measured; 0 filtered out; finished in 0.01s
[INFO] [stdout] 
[INFO] [stdout] 
[INFO] [stdout] running 12 tests
[INFO] [stdout] test default_agent_project_path_matches_supported_agent_project_scope ... ok
[INFO] [stdout] test resolve_target_path_fails_for_custom_without_paths ... ok
[INFO] [stdout] test resolve_path_string_rejects_unsupported_tilde_forms ... ok
[INFO] [stdout] test resolve_target_path_uses_expected_path_when_path_missing ... ok
[INFO] [stdout] test resolve_path_string_resolves_relative_against_config_dir_and_normalizes ... ok
[INFO] [stdout] test resolve_target_path_prefers_explicit_path_over_expected_path ... ok
[INFO] [stdout] test resolve_target_path_supports_extended_agent_default_paths ... ok
[INFO] [stdout] test normalize_lexical_collapses_dot_and_dotdot ... ok
[INFO] [stdout] test resolve_target_path_uses_default_agent_path_when_no_explicit_paths ... ok
[INFO] [stdout] test resolve_path_string_expands_tilde_and_normalizes ... ok
[INFO] [stdout] test resolve_path_string_uses_userprofile_when_home_is_unset ... ok
[INFO] [stdout] test resolve_path_string_prefers_home_when_home_and_userprofile_exist ... ok
[INFO] [stdout] 
[INFO] [stdout] test result: ok. 12 passed; 0 failed; 0 ignored; 0 measured; 0 filtered out; finished in 0.01s
[INFO] [stdout] 
[INFO] [stderr]      Running tests/perf_sync_tests.rs (/opt/rustwide/target/release/deps/perf_sync_tests-fabfe7e659a45727)
[INFO] [stdout] 
[INFO] [stdout] running 9 tests
[INFO] [stdout] test resolve_skill_source_path_keeps_local_sources_under_per_skill_storage ... ok
[INFO] [stdout] test normalize_repo_url_matches_phase_295_spec_examples ... ok
[INFO] [stdout] test resolve_skill_source_path_uses_repo_cache_for_remote_sources ... ok
[INFO] [stdout] test sanitize_ref_matches_phase_295_spec_examples ... ok
[INFO] [stdout] test build_plan_uses_repo_cache_source_path_for_remote_skills ... ok
[INFO] [stdout] test legacy_per_skill_directories_do_not_block_repo_cache_sync ... ok
[INFO] [stdout] test sync_sources_separates_cache_directories_by_ref ... ok
[INFO] [stdout] test sync_sources_creates_repo_cache_directory_on_first_sync ... ok
[INFO] [stdout] test sync_sources_groups_same_repo_and_ref_into_one_clone ... ok
[INFO] [stdout] 
[INFO] [stdout] test result: ok. 9 passed; 0 failed; 0 ignored; 0 measured; 0 filtered out; finished in 0.28s
[INFO] [stdout] 
[INFO] [stderr]      Running tests/phase2_schema_tests.rs (/opt/rustwide/target/release/deps/phase2_schema_tests-ec3de4454d5575b3)
[INFO] [stdout] 
[INFO] [stdout] running 11 tests
[INFO] [stdout] test reactor_concurrency_above_range_returns_invalid_concurrency_code ... ok
[INFO] [stdout] test invalid_target_environment_returns_invalid_environment_code ... ok
[INFO] [stdout] test reactor_concurrency_is_loaded_when_valid ... ok
[INFO] [stdout] test mixed_mode_fields_return_invalid_skill_mode_code ... ok
[INFO] [stdout] test mode_b_skill_with_registries_is_accepted ... ok
[INFO] [stdout] test mode_a_mode_b_identifier_collision_returns_duplicate_skill_id_code ... ok
[INFO] [stdout] test invalid_semver_constraint_returns_invalid_semver_code ... ok
[INFO] [stdout] test mode_b_without_registries_returns_missing_registries_code ... ok
[INFO] [stdout] test reactor_concurrency_zero_returns_invalid_concurrency_code ... ok
[INFO] [stdout] test unknown_registry_reference_returns_unknown_registry_code ... ok
[INFO] [stderr]      Running tests/plan_copy_edge_tests.rs (/opt/rustwide/target/release/deps/plan_copy_edge_tests-02f5526dae430e8e)
[INFO] [stdout] test phase1_config_remains_valid_in_phase2_loader ... ok
[INFO] [stdout] 
[INFO] [stdout] test result: ok. 11 passed; 0 failed; 0 ignored; 0 measured; 0 filtered out; finished in 0.00s
[INFO] [stdout] 
[INFO] [stdout] 
[INFO] [stdout] running 4 tests
[INFO] [stdout] test copy_mode_plan_conflict_on_symlink_in_tree ... ok
[INFO] [stdout] test copy_mode_plan_conflict_on_unreadable_target_file ... FAILED
[INFO] [stdout] test tm_p295_037_copy_mode_mtime_and_size_fast_path_avoids_byte_comparison ... ok
[INFO] [stdout] test copy_mode_plan_noop_streams_large_file ... ok
[INFO] [stdout] 
[INFO] [stdout] failures:
[INFO] [stdout] 
[INFO] [stdout] ---- copy_mode_plan_conflict_on_unreadable_target_file stdout ----
[INFO] [stdout] 
[INFO] [stdout] thread 'copy_mode_plan_conflict_on_unreadable_target_file' (1792) panicked at tests/plan_copy_edge_tests.rs:176:5:
[INFO] [stdout] assertion `left == right` failed
[INFO] [stdout]   left: Noop
[INFO] [stdout]  right: Conflict
[INFO] [stdout] stack backtrace:
[INFO] [stdout]    0:     0x5bd83a4baaa1 - <<std[70759c8f55707aa4]::sys::backtrace::BacktraceLock>::print::DisplayBacktrace as core[df12db4294e9bfd3]::fmt::Display>::fmt
[INFO] [stdout]    1:     0x5bd83a4cf1fa - core[df12db4294e9bfd3]::fmt::write
[INFO] [stdout]    2:     0x5bd83a4bf27c - <alloc[2182bb758b4b3781]::vec::Vec<u8> as core[df12db4294e9bfd3]::io::write::Write>::write_fmt
[INFO] [stdout]    3:     0x5bd83a494e16 - std[70759c8f55707aa4]::panicking::default_hook::{closure#0}
[INFO] [stdout]    4:     0x5bd83a4b2199 - std[70759c8f55707aa4]::panicking::default_hook
[INFO] [stdout]    5:     0x5bd83a445040 - test[9d35eded1c95d3be]::test_main_inner::<test[9d35eded1c95d3be]::test_main_static::{closure#0}>::{closure#0}
[INFO] [stdout]    6:     0x5bd83a4b2352 - std[70759c8f55707aa4]::panicking::panic_with_hook
[INFO] [stdout]    7:     0x5bd83a494ec2 - std[70759c8f55707aa4]::panicking::panic_handler::{closure#0}
[INFO] [stdout]    8:     0x5bd83a48da29 - std[70759c8f55707aa4]::sys::backtrace::__rust_end_short_backtrace::<std[70759c8f55707aa4]::panicking::panic_handler::{closure#0}, !>
[INFO] [stdout]    9:     0x5bd83a495c6d - __rustc[8fa7c3cbc660c2b3]::rust_begin_unwind
[INFO] [stdout]   10:     0x5bd83a4cf92c - core[df12db4294e9bfd3]::panicking::panic_fmt
[INFO] [stdout]   11:     0x5bd83a4cf843 - core[df12db4294e9bfd3]::panicking::assert_failed_inner
[INFO] [stdout]   12:     0x5bd83a434b9b - core[df12db4294e9bfd3]::panicking::assert_failed::<eden_skills_core[1471b36dac199186]::plan::Action, eden_skills_core[1471b36dac199186]::plan::Action>
[INFO] [stdout]   13:     0x5bd83a437442 - <plan_copy_edge_tests[6f4cbcbeee1e4a25]::copy_mode_plan_conflict_on_unreadable_target_file::{closure#0} as core[df12db4294e9bfd3]::ops::function::FnOnce<()>>::call_once
[INFO] [stdout]   14:     0x5bd83a43832b - test[9d35eded1c95d3be]::__rust_begin_short_backtrace::<core[df12db4294e9bfd3]::result::Result<(), alloc[2182bb758b4b3781]::string::String>, fn() -> core[df12db4294e9bfd3]::result::Result<(), alloc[2182bb758b4b3781]::string::String>>
[INFO] [stdout]   15:     0x5bd83a445995 - test[9d35eded1c95d3be]::run_test::{closure#0}
[INFO] [stdout]   16:     0x5bd83a43f254 - std[70759c8f55707aa4]::sys::backtrace::__rust_begin_short_backtrace::<test[9d35eded1c95d3be]::run_test::{closure#1}, ()>
[INFO] [stdout]   17:     0x5bd83a448af2 - <std[70759c8f55707aa4]::thread::lifecycle::spawn_unchecked<test[9d35eded1c95d3be]::run_test::{closure#1}, ()>::{closure#1} as core[df12db4294e9bfd3]::ops::function::FnOnce<()>>::call_once::{shim:vtable#0}
[INFO] [stdout]   18:     0x5bd83a4ba189 - <std[70759c8f55707aa4]::sys::thread::unix::Thread>::new::thread_start
[INFO] [stdout]   19:     0x72acb661adfa - <unknown>
[INFO] [stdout]   20:     0x72acb66ae3d4 - clone
[INFO] [stdout]   21:                0x0 - <unknown>
[INFO] [stdout] 
[INFO] [stdout] 
[INFO] [stdout] failures:
[INFO] [stdout]     copy_mode_plan_conflict_on_unreadable_target_file
[INFO] [stdout] 
[INFO] [stdout] test result: FAILED. 3 passed; 1 failed; 0 ignored; 0 measured; 0 filtered out; finished in 0.05s
[INFO] [stdout] 
[INFO] [stderr] error: test failed, to rerun pass `--test plan_copy_edge_tests`
[INFO] running `Command { std: "docker" "inspect" "51a38e9e589ecd9b35cdc6478353931443c0a9142f9b1d623c174342f885f4bc", kill_on_drop: false }`
[INFO] running `Command { std: "docker" "rm" "-f" "51a38e9e589ecd9b35cdc6478353931443c0a9142f9b1d623c174342f885f4bc", kill_on_drop: false }`
[INFO] [stdout] 51a38e9e589ecd9b35cdc6478353931443c0a9142f9b1d623c174342f885f4bc
