[INFO] fetching crate ecsact_macro 0.1.0...
[INFO] testing ecsact_macro-0.1.0 against 1.100.0-beta.1+cargoflags=--release for beta-release-1.100-2
[INFO] extracting crate ecsact_macro 0.1.0 into /workspace/builds/worker-6-tc2/source
[INFO] started tweaking crates.io crate ecsact_macro 0.1.0
[INFO] finished tweaking crates.io crate ecsact_macro 0.1.0
[INFO] tweaked toml for crates.io crate ecsact_macro 0.1.0 written to /workspace/builds/worker-6-tc2/source/Cargo.toml
[INFO] validating manifest of crates.io crate ecsact_macro 0.1.0 on toolchain 1.100.0-beta.1
[INFO] running `Command { std: CARGO_HOME="/workspace/cargo-home" RUSTUP_HOME="/workspace/rustup-home" "/workspace/cargo-home/bin/cargo" "+1.100.0-beta.1" "metadata" "--manifest-path" "Cargo.toml" "--no-deps", kill_on_drop: false }`
[INFO] running `Command { std: CARGO_HOME="/workspace/cargo-home" RUSTUP_HOME="/workspace/rustup-home" "/workspace/cargo-home/bin/cargo" "+1.100.0-beta.1" "generate-lockfile" "--manifest-path" "Cargo.toml", kill_on_drop: false }`
[INFO] [stderr]     Updating crates.io index
[INFO] [stderr]      Locking 5 packages to highest compatible versions
[INFO] [stderr]       Adding syn v1.0.109 (available: v3.0.9)
[INFO] running `Command { std: CARGO_HOME="/workspace/cargo-home" RUSTUP_HOME="/workspace/rustup-home" "/workspace/cargo-home/bin/cargo" "+1.100.0-beta.1" "fetch" "--manifest-path" "Cargo.toml", kill_on_drop: false }`
[INFO] running `Command { std: "docker" "create" "-v" "/var/lib/crater-agent-workspace/builds/worker-6-tc2/source:/opt/rustwide/workdir:ro,Z" "-v" "/var/lib/crater-agent-workspace/builds/worker-6-tc2/target:/opt/rustwide/target:rw,Z" "-v" "/var/lib/crater-agent-workspace/cargo-home:/opt/rustwide/cargo-home:ro,Z" "-v" "/var/lib/crater-agent-workspace/rustup-home:/opt/rustwide/rustup-home:ro,Z" "-m" "1610612736" "--network" "none" "ghcr.io/rust-lang/crates-build-env/linux@sha256:77db811e55d90add9212f6832c23229e3de5f1c1f9905e8cb07319ea15df73ac" "sleep" "infinity", kill_on_drop: false }`
[INFO] [stdout] c30c66f90a192d903c6dd683cfe51ed496414f496f46dffff6727ab5c13c8bce
[INFO] running `Command { std: "docker" "start" "c30c66f90a192d903c6dd683cfe51ed496414f496f46dffff6727ab5c13c8bce", kill_on_drop: false }`
[INFO] running `Command { std: "docker" "inspect" "c30c66f90a192d903c6dd683cfe51ed496414f496f46dffff6727ab5c13c8bce", kill_on_drop: false }`
[INFO] running `Command { std: "docker" "exec" "-e" "SOURCE_DIR=/opt/rustwide/workdir" "-e" "CARGO_HOME=/opt/rustwide/cargo-home" "-e" "RUSTUP_HOME=/opt/rustwide/rustup-home" "-e" "CARGO_TARGET_DIR=/opt/rustwide/target" "-w" "/opt/rustwide/workdir" "--user" "0:0" "c30c66f90a192d903c6dd683cfe51ed496414f496f46dffff6727ab5c13c8bce" "/opt/rustwide/cargo-home/bin/cargo" "+1.100.0-beta.1" "metadata" "--no-deps" "--format-version=1", kill_on_drop: false }`
[INFO] running `Command { std: "docker" "inspect" "c30c66f90a192d903c6dd683cfe51ed496414f496f46dffff6727ab5c13c8bce", kill_on_drop: false }`
[INFO] running `Command { std: "docker" "exec" "-e" "SOURCE_DIR=/opt/rustwide/workdir" "-e" "CARGO_HOME=/opt/rustwide/cargo-home" "-e" "RUSTUP_HOME=/opt/rustwide/rustup-home" "-e" "CARGO_TARGET_DIR=/opt/rustwide/target" "-e" "CARGO_INCREMENTAL=0" "-e" "RUST_BACKTRACE=full" "-e" "RUSTFLAGS=--cap-lints=warn" "-e" "RUSTDOCFLAGS=--cap-lints=warn" "-w" "/opt/rustwide/workdir" "--user" "0:0" "c30c66f90a192d903c6dd683cfe51ed496414f496f46dffff6727ab5c13c8bce" "/opt/rustwide/cargo-home/bin/cargo" "+1.100.0-beta.1" "build" "--frozen" "--message-format=json" "--release", kill_on_drop: false }`
[INFO] [stderr]    Compiling syn v1.0.109
[INFO] [stderr]    Compiling ecsact v0.1.0
[INFO] [stderr]    Compiling ecsact_macro v0.1.0 (/opt/rustwide/workdir)
[INFO] [stderr] warning: unused dependency `ecsact`
[INFO] [stderr]  --> Cargo.toml:3:15
[INFO] [stderr]   |
[INFO] [stderr] 3 | [dependencies.ecsact]
[INFO] [stderr]   |               ^^^^^^^
[INFO] [stderr]   |
[INFO] [stderr]   = note: `cargo::unused_dependencies` is set to `warn` by default
[INFO] [stderr] help: consider removing the dependency on `ecsact`
[INFO] [stderr] warning: `ecsact_macro` (manifest) generated 1 warning
[INFO] [stderr]     Finished `release` profile [optimized] target(s) in 6.39s
[INFO] running `Command { std: "docker" "inspect" "c30c66f90a192d903c6dd683cfe51ed496414f496f46dffff6727ab5c13c8bce", kill_on_drop: false }`
[INFO] running `Command { std: "docker" "exec" "-e" "SOURCE_DIR=/opt/rustwide/workdir" "-e" "CARGO_HOME=/opt/rustwide/cargo-home" "-e" "RUSTUP_HOME=/opt/rustwide/rustup-home" "-e" "CARGO_TARGET_DIR=/opt/rustwide/target" "-e" "CARGO_INCREMENTAL=0" "-e" "RUST_BACKTRACE=full" "-e" "RUSTFLAGS=--cap-lints=warn" "-e" "RUSTDOCFLAGS=--cap-lints=warn" "-w" "/opt/rustwide/workdir" "--user" "0:0" "c30c66f90a192d903c6dd683cfe51ed496414f496f46dffff6727ab5c13c8bce" "/opt/rustwide/cargo-home/bin/cargo" "+1.100.0-beta.1" "test" "--frozen" "--no-run" "--message-format=json" "--release", kill_on_drop: false }`
[INFO] [stderr]    Compiling ecsact_macro v0.1.0 (/opt/rustwide/workdir)
[INFO] [stderr] warning: unused dependency `ecsact`
[INFO] [stderr]  --> Cargo.toml:3:15
[INFO] [stderr]   |
[INFO] [stderr] 3 | [dependencies.ecsact]
[INFO] [stderr]   |               ^^^^^^^
[INFO] [stderr]   |
[INFO] [stderr]   = note: `cargo::unused_dependencies` is set to `warn` by default
[INFO] [stderr] help: consider removing the dependency on `ecsact`
[INFO] [stderr] warning: `ecsact_macro` (manifest) generated 1 warning
[INFO] [stderr]     Finished `release` profile [optimized] target(s) in 0.42s
[INFO] running `Command { std: "docker" "inspect" "c30c66f90a192d903c6dd683cfe51ed496414f496f46dffff6727ab5c13c8bce", kill_on_drop: false }`
[INFO] running `Command { std: "docker" "exec" "-e" "SOURCE_DIR=/opt/rustwide/workdir" "-e" "CARGO_HOME=/opt/rustwide/cargo-home" "-e" "RUSTUP_HOME=/opt/rustwide/rustup-home" "-e" "CARGO_TARGET_DIR=/opt/rustwide/target" "-e" "CARGO_INCREMENTAL=0" "-e" "RUST_BACKTRACE=full" "-e" "RUSTFLAGS=--cap-lints=warn" "-e" "RUSTDOCFLAGS=--cap-lints=warn" "-w" "/opt/rustwide/workdir" "--user" "0:0" "c30c66f90a192d903c6dd683cfe51ed496414f496f46dffff6727ab5c13c8bce" "/opt/rustwide/cargo-home/bin/cargo" "+1.100.0-beta.1" "test" "--frozen" "--release", kill_on_drop: false }`
[INFO] [stderr] warning: unused dependency `ecsact`
[INFO] [stderr]  --> Cargo.toml:3:15
[INFO] [stderr]   |
[INFO] [stderr] 3 | [dependencies.ecsact]
[INFO] [stderr]   |               ^^^^^^^
[INFO] [stderr]   |
[INFO] [stderr]   = note: `cargo::unused_dependencies` is set to `warn` by default
[INFO] [stderr] help: consider removing the dependency on `ecsact`
[INFO] [stderr] warning: `ecsact_macro` (manifest) generated 1 warning
[INFO] [stderr]     Finished `release` profile [optimized] target(s) in 0.05s
[INFO] [stderr]      Running unittests src/lib.rs (/opt/rustwide/target/release/build/ecsact_macro/59d1400bcdc03a0a/out/ecsact_macro-59d1400bcdc03a0a)
[INFO] [stdout] 
[INFO] [stderr]    Doc-tests ecsact_macro
[INFO] [stdout] running 0 tests
[INFO] [stdout] 
[INFO] [stdout] test result: ok. 0 passed; 0 failed; 0 ignored; 0 measured; 0 filtered out; finished in 0.00s
[INFO] [stdout] 
[INFO] [stdout] 
[INFO] [stdout] running 2 tests
[INFO] [stdout] test src/lib.rs - system_impl (line 24) ... FAILED
[INFO] [stdout] test src/lib.rs - plugin_entry (line 51) ... FAILED
[INFO] [stdout] 
[INFO] [stdout] failures:
[INFO] [stdout] 
[INFO] [stdout] ---- src/lib.rs - system_impl (line 24) stdout ----
[INFO] [stdout] error[E0433]: cannot find module or crate `example` in this scope
[INFO] [stdout]   --> src/lib.rs:27:22
[INFO] [stdout]    |
[INFO] [stdout] 27 | fn gravity(ctx: &mut example::Gravity::Context) {
[INFO] [stdout]    |                      ^^^^^^^ use of unresolved module or unlinked crate `example`
[INFO] [stdout]    |
[INFO] [stdout]    = help: if you wanted to use a crate named `example`, use `cargo add example` to add it to your `Cargo.toml`
[INFO] [stdout] 
[INFO] [stdout] error: aborting due to 1 previous error
[INFO] [stdout] 
[INFO] [stdout] For more information about this error, try `rustc --explain E0433`.
[INFO] [stdout] Couldn't compile the test.
[INFO] [stdout] ---- src/lib.rs - plugin_entry (line 51) stdout ----
[INFO] [stdout] error[E0433]: cannot find module or crate `ecsact_codegen` in this scope
[INFO] [stdout]   --> src/lib.rs:52:3
[INFO] [stdout]    |
[INFO] [stdout] 52 | #[ecsact_codegen::plugin_entry("txt")]
[INFO] [stdout]    |   ^^^^^^^^^^^^^^ use of unresolved module or unlinked crate `ecsact_codegen`
[INFO] [stdout] 
[INFO] [stdout] error[E0433]: cannot find `meta` in `ecsact`
[INFO] [stdout]   --> src/lib.rs:54:28
[INFO] [stdout]    |
[INFO] [stdout] 54 |     let pkg_name = ecsact::meta::package_name(ctx.package_id());
[INFO] [stdout]    |                            ^^^^ could not find `meta` in `ecsact`
[INFO] [stdout] 
[INFO] [stdout] error[E0599]: cannot write into `&mut CodegenPluginContext`
[INFO] [stdout]   --> src/lib.rs:55:14
[INFO] [stdout]    |
[INFO] [stdout] 55 |     writeln!(ctx, "{pkg_name}").unwrap()
[INFO] [stdout]    |              ^^^
[INFO] [stdout]    |
[INFO] [stdout] note: must implement `io::Write`, `fmt::Write`, or have a `write_fmt` method
[INFO] [stdout]   --> src/lib.rs:55:14
[INFO] [stdout]    |
[INFO] [stdout] 55 |     writeln!(ctx, "{pkg_name}").unwrap()
[INFO] [stdout]    |              ^^^
[INFO] [stdout]    = help: items from traits can only be used if the trait is in scope
[INFO] [stdout] help: trait `Write` which provides `write_fmt` is implemented but not in scope; perhaps you want to import it
[INFO] [stdout]    |
[INFO] [stdout] 51 + use std::fmt::Write;
[INFO] [stdout]    |
[INFO] [stdout] 
[INFO] [stdout] error: aborting due to 3 previous errors
[INFO] [stdout] 
[INFO] [stdout] Some errors have detailed explanations: E0433, E0599.
[INFO] [stdout] For more information about an error, try `rustc --explain E0433`.
[INFO] [stdout] Couldn't compile the test.
[INFO] [stdout] 
[INFO] [stdout] failures:
[INFO] [stdout]     src/lib.rs - plugin_entry (line 51)
[INFO] [stdout]     src/lib.rs - system_impl (line 24)
[INFO] [stdout] 
[INFO] [stdout] test result: FAILED. 0 passed; 2 failed; 0 ignored; 0 measured; 0 filtered out; finished in 0.14s
[INFO] [stdout] 
[INFO] [stderr] error: doctest failed, to rerun pass `--doc`
[INFO] running `Command { std: "docker" "inspect" "c30c66f90a192d903c6dd683cfe51ed496414f496f46dffff6727ab5c13c8bce", kill_on_drop: false }`
[INFO] running `Command { std: "docker" "rm" "-f" "c30c66f90a192d903c6dd683cfe51ed496414f496f46dffff6727ab5c13c8bce", kill_on_drop: false }`
[INFO] [stdout] c30c66f90a192d903c6dd683cfe51ed496414f496f46dffff6727ab5c13c8bce
