[INFO] fetching crate ecore 0.10.0...
[INFO] testing ecore-0.10.0 against 1.100.0-beta.1+cargoflags=--release for beta-release-1.100-2
[INFO] extracting crate ecore 0.10.0 into /workspace/builds/worker-2-tc2/source
[INFO] started tweaking crates.io crate ecore 0.10.0
[INFO] removed 0 missing tests
[INFO] finished tweaking crates.io crate ecore 0.10.0
[INFO] tweaked toml for crates.io crate ecore 0.10.0 written to /workspace/builds/worker-2-tc2/source/Cargo.toml
[INFO] validating manifest of crates.io crate ecore 0.10.0 on toolchain 1.100.0-beta.1
[INFO] running `Command { std: CARGO_HOME="/workspace/cargo-home" RUSTUP_HOME="/workspace/rustup-home" "/workspace/cargo-home/bin/cargo" "+1.100.0-beta.1" "metadata" "--manifest-path" "Cargo.toml" "--no-deps", kill_on_drop: false }`
[INFO] crate crates.io crate ecore 0.10.0 already has a lockfile, it will not be regenerated
[INFO] running `Command { std: CARGO_HOME="/workspace/cargo-home" RUSTUP_HOME="/workspace/rustup-home" "/workspace/cargo-home/bin/cargo" "+1.100.0-beta.1" "fetch" "--manifest-path" "Cargo.toml", kill_on_drop: false }`
[INFO] running `Command { std: "docker" "create" "-v" "/var/lib/crater-agent-workspace/builds/worker-2-tc2/source:/opt/rustwide/workdir:ro,Z" "-v" "/var/lib/crater-agent-workspace/builds/worker-2-tc2/target:/opt/rustwide/target:rw,Z" "-v" "/var/lib/crater-agent-workspace/cargo-home:/opt/rustwide/cargo-home:ro,Z" "-v" "/var/lib/crater-agent-workspace/rustup-home:/opt/rustwide/rustup-home:ro,Z" "-m" "1610612736" "--network" "none" "ghcr.io/rust-lang/crates-build-env/linux@sha256:77db811e55d90add9212f6832c23229e3de5f1c1f9905e8cb07319ea15df73ac" "sleep" "infinity", kill_on_drop: false }`
[INFO] [stdout] 70dc9970d73373bec41c560677a0467aa1a97133190fcf5b1a7654c379c30fa6
[INFO] running `Command { std: "docker" "start" "70dc9970d73373bec41c560677a0467aa1a97133190fcf5b1a7654c379c30fa6", kill_on_drop: false }`
[INFO] running `Command { std: "docker" "inspect" "70dc9970d73373bec41c560677a0467aa1a97133190fcf5b1a7654c379c30fa6", kill_on_drop: false }`
[INFO] running `Command { std: "docker" "exec" "-e" "SOURCE_DIR=/opt/rustwide/workdir" "-e" "CARGO_HOME=/opt/rustwide/cargo-home" "-e" "RUSTUP_HOME=/opt/rustwide/rustup-home" "-e" "CARGO_TARGET_DIR=/opt/rustwide/target" "-w" "/opt/rustwide/workdir" "--user" "0:0" "70dc9970d73373bec41c560677a0467aa1a97133190fcf5b1a7654c379c30fa6" "/opt/rustwide/cargo-home/bin/cargo" "+1.100.0-beta.1" "metadata" "--no-deps" "--format-version=1", kill_on_drop: false }`
[INFO] running `Command { std: "docker" "inspect" "70dc9970d73373bec41c560677a0467aa1a97133190fcf5b1a7654c379c30fa6", kill_on_drop: false }`
[INFO] running `Command { std: "docker" "exec" "-e" "SOURCE_DIR=/opt/rustwide/workdir" "-e" "CARGO_HOME=/opt/rustwide/cargo-home" "-e" "RUSTUP_HOME=/opt/rustwide/rustup-home" "-e" "CARGO_TARGET_DIR=/opt/rustwide/target" "-e" "CARGO_INCREMENTAL=0" "-e" "RUST_BACKTRACE=full" "-e" "RUSTFLAGS=--cap-lints=warn" "-e" "RUSTDOCFLAGS=--cap-lints=warn" "-w" "/opt/rustwide/workdir" "--user" "0:0" "70dc9970d73373bec41c560677a0467aa1a97133190fcf5b1a7654c379c30fa6" "/opt/rustwide/cargo-home/bin/cargo" "+1.100.0-beta.1" "build" "--frozen" "--message-format=json" "--release", kill_on_drop: false }`
[INFO] [stderr]    Compiling quote v1.0.46
[INFO] [stderr]    Compiling winnow v0.5.40
[INFO] [stderr]    Compiling syn v1.0.109
[INFO] [stderr]    Compiling toml_datetime v0.6.11
[INFO] [stderr]    Compiling once_cell v1.21.4
[INFO] [stderr]    Compiling syn v2.0.118
[INFO] [stderr]    Compiling toml_edit v0.19.15
[INFO] [stderr]    Compiling bytemuck_derive v1.10.2
[INFO] [stderr]    Compiling ecore-macro v0.10.0
[INFO] [stderr]    Compiling proc-macro-crate v1.3.1
[INFO] [stderr]    Compiling const-default-derive v0.2.0
[INFO] [stderr]    Compiling const-default v1.0.0
[INFO] [stderr]    Compiling bytemuck v1.25.0
[INFO] [stderr]    Compiling ecore v0.10.0 (/opt/rustwide/workdir)
[INFO] [stderr]     Finished `release` profile [optimized] target(s) in 8.55s
[INFO] running `Command { std: "docker" "inspect" "70dc9970d73373bec41c560677a0467aa1a97133190fcf5b1a7654c379c30fa6", kill_on_drop: false }`
[INFO] running `Command { std: "docker" "exec" "-e" "SOURCE_DIR=/opt/rustwide/workdir" "-e" "CARGO_HOME=/opt/rustwide/cargo-home" "-e" "RUSTUP_HOME=/opt/rustwide/rustup-home" "-e" "CARGO_TARGET_DIR=/opt/rustwide/target" "-e" "CARGO_INCREMENTAL=0" "-e" "RUST_BACKTRACE=full" "-e" "RUSTFLAGS=--cap-lints=warn" "-e" "RUSTDOCFLAGS=--cap-lints=warn" "-w" "/opt/rustwide/workdir" "--user" "0:0" "70dc9970d73373bec41c560677a0467aa1a97133190fcf5b1a7654c379c30fa6" "/opt/rustwide/cargo-home/bin/cargo" "+1.100.0-beta.1" "test" "--frozen" "--no-run" "--message-format=json" "--release", kill_on_drop: false }`
[INFO] [stderr]    Compiling libc v0.2.186
[INFO] [stderr]    Compiling getrandom v0.4.3
[INFO] [stderr]    Compiling rand_core v0.10.1
[INFO] [stderr]    Compiling cpufeatures v0.3.0
[INFO] [stderr]    Compiling chacha20 v0.10.1
[INFO] [stderr]    Compiling rand v0.10.2
[INFO] [stderr]    Compiling ecore v0.10.0 (/opt/rustwide/workdir)
[INFO] [stderr]     Finished `release` profile [optimized] target(s) in 8.35s
[INFO] running `Command { std: "docker" "inspect" "70dc9970d73373bec41c560677a0467aa1a97133190fcf5b1a7654c379c30fa6", kill_on_drop: false }`
[INFO] running `Command { std: "docker" "exec" "-e" "SOURCE_DIR=/opt/rustwide/workdir" "-e" "CARGO_HOME=/opt/rustwide/cargo-home" "-e" "RUSTUP_HOME=/opt/rustwide/rustup-home" "-e" "CARGO_TARGET_DIR=/opt/rustwide/target" "-e" "CARGO_INCREMENTAL=0" "-e" "RUST_BACKTRACE=full" "-e" "RUSTFLAGS=--cap-lints=warn" "-e" "RUSTDOCFLAGS=--cap-lints=warn" "-w" "/opt/rustwide/workdir" "--user" "0:0" "70dc9970d73373bec41c560677a0467aa1a97133190fcf5b1a7654c379c30fa6" "/opt/rustwide/cargo-home/bin/cargo" "+1.100.0-beta.1" "test" "--frozen" "--release", kill_on_drop: false }`
[INFO] [stderr]     Finished `release` profile [optimized] target(s) in 0.04s
[INFO] [stderr]      Running unittests src/lib.rs (/opt/rustwide/target/release/build/ecore/65dbc89eba1173ee/out/ecore-65dbc89eba1173ee)
[INFO] [stdout] 
[INFO] [stdout] running 14 tests
[INFO] [stderr]      Running tests/bitfld.rs (/opt/rustwide/target/release/build/ecore/879d5422628face6/out/bitfld-879d5422628face6)
[INFO] [stdout] test int::ranged::test::step_u16 ... ok
[INFO] [stdout] test int::ranged::test::step_i16 ... ok
[INFO] [stdout] test int::bits_op::test_u32 ... ok
[INFO] [stdout] test map_enum::test::nature ... ok
[INFO] [stdout] test int::ranged::test::i7_value ... ok
[INFO] [stdout] test int::ranged::test::u7_value ... ok
[INFO] [stdout] test map_enum::test::alter ... ok
[INFO] [stdout] test int::ranged::test::u8_value ... ok
[INFO] [stdout] test map_enum::test::generic ... ok
[INFO] [stdout] test map_enum::test::discriminant ... ok
[INFO] [stdout] test int::ranged::test::i8_value ... ok
[INFO] [stdout] test int::ranged::test::u7_value_ex ... ok
[INFO] [stdout] test int::ranged::test::i7_value_ex ... ok
[INFO] [stdout] test map_enum::test::generic_where ... ok
[INFO] [stdout] 
[INFO] [stdout] test result: ok. 14 passed; 0 failed; 0 ignored; 0 measured; 0 filtered out; finished in 0.00s
[INFO] [stdout] 
[INFO] [stdout] 
[INFO] [stdout] running 2 tests
[INFO] [stdout] test enum_re_layout ... ok
[INFO] [stdout] test rw ... ok
[INFO] [stdout] 
[INFO] [stdout] test result: ok. 2 passed; 0 failed; 0 ignored; 0 measured; 0 filtered out; finished in 0.00s
[INFO] [stdout] 
[INFO] [stderr]      Running tests/bitint.rs (/opt/rustwide/target/release/build/ecore/841a581fa278b3ab/out/bitint-841a581fa278b3ab)
[INFO] [stdout] 
[INFO] [stdout] running 38 tests
[INFO] [stdout] test abs_diff ... ok
[INFO] [stdout] test bitand ... ok
[INFO] [stdout] test bitor ... ok
[INFO] [stdout] test div ... FAILED
[INFO] [stdout] test bitxor ... ok
[INFO] [stdout] test count_zeros ... ok
[INFO] [stdout] test add ... FAILED
[INFO] [stdout] test add_signed ... ok
[INFO] [stdout] test add_unsigned ... ok
[INFO] [stdout] test abs ... FAILED
[INFO] [stdout] test count_ones ... ok
[INFO] [stdout] test is_negative ... ok
[INFO] [stdout] test is_positive ... ok
[INFO] [stdout] test leading_zeros ... ok
[INFO] [stdout] test midpoint ... ok
[INFO] [stdout] test mul ... FAILED
[INFO] [stdout] test ilog2 ... ok
[INFO] [stdout] test neg ... FAILED
[INFO] [stdout] test next_power_of_two ... FAILED
[INFO] [stdout] test next_multiple_of ... FAILED
[INFO] [stdout] test reverse_bits ... ok
[INFO] [stdout] test not ... ok
[INFO] [stdout] test is_power_of_two ... ok
[INFO] [stdout] test leading_ones ... ok
[INFO] [stdout] test pow ... FAILED
[INFO] [stdout] test rotate_left ... ok
[INFO] [stdout] test signum ... ok
[INFO] [stdout] test trailing_ones ... ok
[INFO] [stdout] test value ... ok
[INFO] [stdout] test sub_unsigned ... ok
[INFO] [stdout] test ilog10 ... ok
[INFO] [stdout] test trailing_zeros ... ok
[INFO] [stdout] test shr ... FAILED
[INFO] [stdout] test sub ... FAILED
[INFO] [stdout] test rotate_right ... ok
[INFO] [stdout] test shl ... FAILED
[INFO] [stdout] test rem ... ok
[INFO] [stdout] test ilog ... ok
[INFO] [stdout] 
[INFO] [stdout] failures:
[INFO] [stdout] 
[INFO] [stdout] ---- div stdout ----
[INFO] [stdout] 
[INFO] [stdout] thread 'div' (706) panicked at tests/bitint.rs:300:5:
[INFO] [stdout] expr should panic but it's not
[INFO] [stdout] stack backtrace:
[INFO] [stdout]    0:     0x589c463954d1 - <<std[617be2ca0a6fd877]::sys::backtrace::BacktraceLock>::print::DisplayBacktrace as core[a373ad73a504971]::fmt::Display>::fmt
[INFO] [stdout]    1:     0x589c463a95da - core[a373ad73a504971]::fmt::write
[INFO] [stdout]    2:     0x589c463996ec - <alloc[2e1b2a31b91974c5]::vec::Vec<u8> as core[a373ad73a504971]::io::write::Write>::write_fmt
[INFO] [stdout]    3:     0x589c46371936 - std[617be2ca0a6fd877]::panicking::default_hook::{closure#0}
[INFO] [stdout]    4:     0x589c4638db69 - std[617be2ca0a6fd877]::panicking::default_hook
[INFO] [stdout]    5:     0x589c4632a210 - test[aada8e7e76ba119b]::test_main_inner::{closure#0}
[INFO] [stdout]    6:     0x589c4638dd22 - std[617be2ca0a6fd877]::panicking::panic_with_hook
[INFO] [stdout]    7:     0x589c46371a14 - std[617be2ca0a6fd877]::panicking::panic_handler::{closure#0}
[INFO] [stdout]    8:     0x589c4636a6f9 - std[617be2ca0a6fd877]::sys::backtrace::__rust_end_short_backtrace::<std[617be2ca0a6fd877]::panicking::panic_handler::{closure#0}, !>
[INFO] [stdout]    9:     0x589c463725ed - __rustc[ea4f61d10b84890b]::rust_begin_unwind
[INFO] [stdout]   10:     0x589c463a9d0c - core[a373ad73a504971]::panicking::panic_fmt
[INFO] [stdout]   11:     0x589c463192d9 - bitint[be6d387348105cf]::div
[INFO] [stdout]   12:     0x589c4631c85e - <bitint[be6d387348105cf]::div::{closure#0} as core[a373ad73a504971]::ops::function::FnOnce<()>>::call_once
[INFO] [stdout]   13:     0x589c4631d65b - test[aada8e7e76ba119b]::__rust_begin_short_backtrace::<core[a373ad73a504971]::result::Result<(), alloc[2e1b2a31b91974c5]::string::String>, fn() -> core[a373ad73a504971]::result::Result<(), alloc[2e1b2a31b91974c5]::string::String>>
[INFO] [stdout]   14:     0x589c4632a835 - test[aada8e7e76ba119b]::run_test::{closure#0}
[INFO] [stdout]   15:     0x589c46324124 - std[617be2ca0a6fd877]::sys::backtrace::__rust_begin_short_backtrace::<test[aada8e7e76ba119b]::run_test::{closure#1}, ()>
[INFO] [stdout]   16:     0x589c4632d8c2 - <std[617be2ca0a6fd877]::thread::lifecycle::spawn_unchecked<test[aada8e7e76ba119b]::run_test::{closure#1}, ()>::{closure#1} as core[a373ad73a504971]::ops::function::FnOnce<()>>::call_once::{shim:vtable#0}
[INFO] [stdout]   17:     0x589c46394d2f - <std[617be2ca0a6fd877]::sys::thread::unix::Thread>::new::thread_start
[INFO] [stdout]   18:     0x7c8700a33dfa - <unknown>
[INFO] [stdout]   19:     0x7c8700ac73d4 - clone
[INFO] [stdout]   20:                0x0 - <unknown>
[INFO] [stdout] 
[INFO] [stdout] ---- add stdout ----
[INFO] [stdout] 
[INFO] [stdout] thread 'add' (698) panicked at tests/bitint.rs:127:5:
[INFO] [stdout] expr should panic but it's not
[INFO] [stdout] stack backtrace:
[INFO] [stdout]    0:     0x589c463954d1 - <<std[617be2ca0a6fd877]::sys::backtrace::BacktraceLock>::print::DisplayBacktrace as core[a373ad73a504971]::fmt::Display>::fmt
[INFO] [stdout]    1:     0x589c463a95da - core[a373ad73a504971]::fmt::write
[INFO] [stdout]    2:     0x589c463996ec - <alloc[2e1b2a31b91974c5]::vec::Vec<u8> as core[a373ad73a504971]::io::write::Write>::write_fmt
[INFO] [stdout]    3:     0x589c46371936 - std[617be2ca0a6fd877]::panicking::default_hook::{closure#0}
[INFO] [stdout]    4:     0x589c4638db69 - std[617be2ca0a6fd877]::panicking::default_hook
[INFO] [stdout]    5:     0x589c4632a210 - test[aada8e7e76ba119b]::test_main_inner::{closure#0}
[INFO] [stdout]    6:     0x589c4638dd22 - std[617be2ca0a6fd877]::panicking::panic_with_hook
[INFO] [stdout]    7:     0x589c46371a14 - std[617be2ca0a6fd877]::panicking::panic_handler::{closure#0}
[INFO] [stdout]    8:     0x589c4636a6f9 - std[617be2ca0a6fd877]::sys::backtrace::__rust_end_short_backtrace::<std[617be2ca0a6fd877]::panicking::panic_handler::{closure#0}, !>
[INFO] [stdout]    9:     0x589c463725ed - __rustc[ea4f61d10b84890b]::rust_begin_unwind
[INFO] [stdout]   10:     0x589c463a9d0c - core[a373ad73a504971]::panicking::panic_fmt
[INFO] [stdout]   11:     0x589c4631c821 - <bitint[be6d387348105cf]::add::{closure#0} as core[a373ad73a504971]::ops::function::FnOnce<()>>::call_once
[INFO] [stdout]   12:     0x589c4631d65b - test[aada8e7e76ba119b]::__rust_begin_short_backtrace::<core[a373ad73a504971]::result::Result<(), alloc[2e1b2a31b91974c5]::string::String>, fn() -> core[a373ad73a504971]::result::Result<(), alloc[2e1b2a31b91974c5]::string::String>>
[INFO] [stdout]   13:     0x589c4632a835 - test[aada8e7e76ba119b]::run_test::{closure#0}
[INFO] [stdout]   14:     0x589c46324124 - std[617be2ca0a6fd877]::sys::backtrace::__rust_begin_short_backtrace::<test[aada8e7e76ba119b]::run_test::{closure#1}, ()>
[INFO] [stdout]   15:     0x589c4632d8c2 - <std[617be2ca0a6fd877]::thread::lifecycle::spawn_unchecked<test[aada8e7e76ba119b]::run_test::{closure#1}, ()>::{closure#1} as core[a373ad73a504971]::ops::function::FnOnce<()>>::call_once::{shim:vtable#0}
[INFO] [stdout]   16:     0x589c46394d2f - <std[617be2ca0a6fd877]::sys::thread::unix::Thread>::new::thread_start
[INFO] [stdout]   17:     0x7c8700a33dfa - <unknown>
[INFO] [stdout]   18:     0x7c8700ac73d4 - clone
[INFO] [stdout]   19:                0x0 - <unknown>
[INFO] [stdout] 
[INFO] [stdout] ---- abs stdout ----
[INFO] [stdout] 
[INFO] [stdout] thread 'abs' (696) panicked at tests/bitint.rs:1554:5:
[INFO] [stdout] expr should panic but it's not
[INFO] [stdout] stack backtrace:
[INFO] [stdout]    0:     0x589c463954d1 - <<std[617be2ca0a6fd877]::sys::backtrace::BacktraceLock>::print::DisplayBacktrace as core[a373ad73a504971]::fmt::Display>::fmt
[INFO] [stdout]    1:     0x589c463a95da - core[a373ad73a504971]::fmt::write
[INFO] [stdout]    2:     0x589c463996ec - <alloc[2e1b2a31b91974c5]::vec::Vec<u8> as core[a373ad73a504971]::io::write::Write>::write_fmt
[INFO] [stdout]    3:     0x589c46371936 - std[617be2ca0a6fd877]::panicking::default_hook::{closure#0}
[INFO] [stdout]    4:     0x589c4638db69 - std[617be2ca0a6fd877]::panicking::default_hook
[INFO] [stdout]    5:     0x589c4632a210 - test[aada8e7e76ba119b]::test_main_inner::{closure#0}
[INFO] [stdout]    6:     0x589c4638dd22 - std[617be2ca0a6fd877]::panicking::panic_with_hook
[INFO] [stdout]    7:     0x589c46371a14 - std[617be2ca0a6fd877]::panicking::panic_handler::{closure#0}
[INFO] [stdout]    8:     0x589c4636a6f9 - std[617be2ca0a6fd877]::sys::backtrace::__rust_end_short_backtrace::<std[617be2ca0a6fd877]::panicking::panic_handler::{closure#0}, !>
[INFO] [stdout]    9:     0x589c463725ed - __rustc[ea4f61d10b84890b]::rust_begin_unwind
[INFO] [stdout]   10:     0x589c463a9d0c - core[a373ad73a504971]::panicking::panic_fmt
[INFO] [stdout]   11:     0x589c4631c78b - <bitint[be6d387348105cf]::abs::{closure#0} as core[a373ad73a504971]::ops::function::FnOnce<()>>::call_once
[INFO] [stdout]   12:     0x589c4631d65b - test[aada8e7e76ba119b]::__rust_begin_short_backtrace::<core[a373ad73a504971]::result::Result<(), alloc[2e1b2a31b91974c5]::string::String>, fn() -> core[a373ad73a504971]::result::Result<(), alloc[2e1b2a31b91974c5]::string::String>>
[INFO] [stdout]   13:     0x589c4632a835 - test[aada8e7e76ba119b]::run_test::{closure#0}
[INFO] [stdout]   14:     0x589c46324124 - std[617be2ca0a6fd877]::sys::backtrace::__rust_begin_short_backtrace::<test[aada8e7e76ba119b]::run_test::{closure#1}, ()>
[INFO] [stdout]   15:     0x589c4632d8c2 - <std[617be2ca0a6fd877]::thread::lifecycle::spawn_unchecked<test[aada8e7e76ba119b]::run_test::{closure#1}, ()>::{closure#1} as core[a373ad73a504971]::ops::function::FnOnce<()>>::call_once::{shim:vtable#0}
[INFO] [stdout]   16:     0x589c46394d2f - <std[617be2ca0a6fd877]::sys::thread::unix::Thread>::new::thread_start
[INFO] [stdout]   17:     0x7c8700a33dfa - <unknown>
[INFO] [stdout]   18:     0x7c8700ac73d4 - clone
[INFO] [stdout]   19:                0x0 - <unknown>
[INFO] [stdout] 
[INFO] [stdout] ---- mul stdout ----
[INFO] [stdout] 
[INFO] [stdout] thread 'mul' (716) panicked at tests/bitint.rs:551:5:
[INFO] [stdout] expr should panic but it's not
[INFO] [stdout] stack backtrace:
[INFO] [stdout]    0:     0x589c463954d1 - <<std[617be2ca0a6fd877]::sys::backtrace::BacktraceLock>::print::DisplayBacktrace as core[a373ad73a504971]::fmt::Display>::fmt
[INFO] [stdout]    1:     0x589c463a95da - core[a373ad73a504971]::fmt::write
[INFO] [stdout]    2:     0x589c463996ec - <alloc[2e1b2a31b91974c5]::vec::Vec<u8> as core[a373ad73a504971]::io::write::Write>::write_fmt
[INFO] [stdout]    3:     0x589c46371936 - std[617be2ca0a6fd877]::panicking::default_hook::{closure#0}
[INFO] [stdout]    4:     0x589c4638db69 - std[617be2ca0a6fd877]::panicking::default_hook
[INFO] [stdout]    5:     0x589c4632a210 - test[aada8e7e76ba119b]::test_main_inner::{closure#0}
[INFO] [stdout]    6:     0x589c4638dd22 - std[617be2ca0a6fd877]::panicking::panic_with_hook
[INFO] [stdout]    7:     0x589c46371a14 - std[617be2ca0a6fd877]::panicking::panic_handler::{closure#0}
[INFO] [stdout]    8:     0x589c4636a6f9 - std[617be2ca0a6fd877]::sys::backtrace::__rust_end_short_backtrace::<std[617be2ca0a6fd877]::panicking::panic_handler::{closure#0}, !>
[INFO] [stdout]    9:     0x589c463725ed - __rustc[ea4f61d10b84890b]::rust_begin_unwind
[INFO] [stdout]   10:     0x589c463a9d0c - core[a373ad73a504971]::panicking::panic_fmt
[INFO] [stdout]   11:     0x589c4631c8a1 - <bitint[be6d387348105cf]::mul::{closure#0} as core[a373ad73a504971]::ops::function::FnOnce<()>>::call_once
[INFO] [stdout]   12:     0x589c4631d65b - test[aada8e7e76ba119b]::__rust_begin_short_backtrace::<core[a373ad73a504971]::result::Result<(), alloc[2e1b2a31b91974c5]::string::String>, fn() -> core[a373ad73a504971]::result::Result<(), alloc[2e1b2a31b91974c5]::string::String>>
[INFO] [stdout]   13:     0x589c4632a835 - test[aada8e7e76ba119b]::run_test::{closure#0}
[INFO] [stdout]   14:     0x589c46324124 - std[617be2ca0a6fd877]::sys::backtrace::__rust_begin_short_backtrace::<test[aada8e7e76ba119b]::run_test::{closure#1}, ()>
[INFO] [stdout]   15:     0x589c4632d8c2 - <std[617be2ca0a6fd877]::thread::lifecycle::spawn_unchecked<test[aada8e7e76ba119b]::run_test::{closure#1}, ()>::{closure#1} as core[a373ad73a504971]::ops::function::FnOnce<()>>::call_once::{shim:vtable#0}
[INFO] [stdout]   16:     0x589c46394d2f - <std[617be2ca0a6fd877]::sys::thread::unix::Thread>::new::thread_start
[INFO] [stdout]   17:     0x7c8700a33dfa - <unknown>
[INFO] [stdout]   18:     0x7c8700ac73d4 - clone
[INFO] [stdout]   19:                0x0 - <unknown>
[INFO] [stdout] 
[INFO] [stdout] ---- neg stdout ----
[INFO] [stdout] 
[INFO] [stdout] thread 'neg' (717) panicked at tests/bitint.rs:1047:5:
[INFO] [stdout] expr should panic but it's not
[INFO] [stdout] stack backtrace:
[INFO] [stdout]    0:     0x589c463954d1 - <<std[617be2ca0a6fd877]::sys::backtrace::BacktraceLock>::print::DisplayBacktrace as core[a373ad73a504971]::fmt::Display>::fmt
[INFO] [stdout]    1:     0x589c463a95da - core[a373ad73a504971]::fmt::write
[INFO] [stdout]    2:     0x589c463996ec - <alloc[2e1b2a31b91974c5]::vec::Vec<u8> as core[a373ad73a504971]::io::write::Write>::write_fmt
[INFO] [stdout]    3:     0x589c46371936 - std[617be2ca0a6fd877]::panicking::default_hook::{closure#0}
[INFO] [stdout]    4:     0x589c4638db69 - std[617be2ca0a6fd877]::panicking::default_hook
[INFO] [stdout]    5:     0x589c4632a210 - test[aada8e7e76ba119b]::test_main_inner::{closure#0}
[INFO] [stdout]    6:     0x589c4638dd22 - std[617be2ca0a6fd877]::panicking::panic_with_hook
[INFO] [stdout]    7:     0x589c46371a14 - std[617be2ca0a6fd877]::panicking::panic_handler::{closure#0}
[INFO] [stdout]    8:     0x589c4636a6f9 - std[617be2ca0a6fd877]::sys::backtrace::__rust_end_short_backtrace::<std[617be2ca0a6fd877]::panicking::panic_handler::{closure#0}, !>
[INFO] [stdout]    9:     0x589c463725ed - __rustc[ea4f61d10b84890b]::rust_begin_unwind
[INFO] [stdout]   10:     0x589c463a9d0c - core[a373ad73a504971]::panicking::panic_fmt
[INFO] [stdout]   11:     0x589c4631c91b - <bitint[be6d387348105cf]::neg::{closure#0} as core[a373ad73a504971]::ops::function::FnOnce<()>>::call_once
[INFO] [stdout]   12:     0x589c4631d65b - test[aada8e7e76ba119b]::__rust_begin_short_backtrace::<core[a373ad73a504971]::result::Result<(), alloc[2e1b2a31b91974c5]::string::String>, fn() -> core[a373ad73a504971]::result::Result<(), alloc[2e1b2a31b91974c5]::string::String>>
[INFO] [stdout]   13:     0x589c4632a835 - test[aada8e7e76ba119b]::run_test::{closure#0}
[INFO] [stdout]   14:     0x589c46324124 - std[617be2ca0a6fd877]::sys::backtrace::__rust_begin_short_backtrace::<test[aada8e7e76ba119b]::run_test::{closure#1}, ()>
[INFO] [stdout]   15:     0x589c4632d8c2 - <std[617be2ca0a6fd877]::thread::lifecycle::spawn_unchecked<test[aada8e7e76ba119b]::run_test::{closure#1}, ()>::{closure#1} as core[a373ad73a504971]::ops::function::FnOnce<()>>::call_once::{shim:vtable#0}
[INFO] [stdout]   16:     0x589c46394d2f - <std[617be2ca0a6fd877]::sys::thread::unix::Thread>::new::thread_start
[INFO] [stdout]   17:     0x7c8700a33dfa - <unknown>
[INFO] [stdout]   18:     0x7c8700ac73d4 - clone
[INFO] [stdout]   19:                0x0 - <unknown>
[INFO] [stdout] 
[INFO] [stdout] ---- next_power_of_two stdout ----
[INFO] [stdout] 
[INFO] [stdout] thread 'next_power_of_two' (719) panicked at tests/bitint.rs:1817:5:
[INFO] [stdout] expr should panic but it's not
[INFO] [stdout] stack backtrace:
[INFO] [stdout]    0:     0x589c463954d1 - <<std[617be2ca0a6fd877]::sys::backtrace::BacktraceLock>::print::DisplayBacktrace as core[a373ad73a504971]::fmt::Display>::fmt
[INFO] [stdout]    1:     0x589c463a95da - core[a373ad73a504971]::fmt::write
[INFO] [stdout]    2:     0x589c463996ec - <alloc[2e1b2a31b91974c5]::vec::Vec<u8> as core[a373ad73a504971]::io::write::Write>::write_fmt
[INFO] [stdout]    3:     0x589c46371936 - std[617be2ca0a6fd877]::panicking::default_hook::{closure#0}
[INFO] [stdout]    4:     0x589c4638db69 - std[617be2ca0a6fd877]::panicking::default_hook
[INFO] [stdout]    5:     0x589c4632a210 - test[aada8e7e76ba119b]::test_main_inner::{closure#0}
[INFO] [stdout]    6:     0x589c4638dd22 - std[617be2ca0a6fd877]::panicking::panic_with_hook
[INFO] [stdout]    7:     0x589c46371a14 - std[617be2ca0a6fd877]::panicking::panic_handler::{closure#0}
[INFO] [stdout]    8:     0x589c4636a6f9 - std[617be2ca0a6fd877]::sys::backtrace::__rust_end_short_backtrace::<std[617be2ca0a6fd877]::panicking::panic_handler::{closure#0}, !>
[INFO] [stdout]    9:     0x589c463725ed - __rustc[ea4f61d10b84890b]::rust_begin_unwind
[INFO] [stdout]   10:     0x589c463a9d0c - core[a373ad73a504971]::panicking::panic_fmt
[INFO] [stdout]   11:     0x589c4631c6fb - <bitint[be6d387348105cf]::next_power_of_two::{closure#0} as core[a373ad73a504971]::ops::function::FnOnce<()>>::call_once
[INFO] [stdout]   12:     0x589c4631d65b - test[aada8e7e76ba119b]::__rust_begin_short_backtrace::<core[a373ad73a504971]::result::Result<(), alloc[2e1b2a31b91974c5]::string::String>, fn() -> core[a373ad73a504971]::result::Result<(), alloc[2e1b2a31b91974c5]::string::String>>
[INFO] [stdout]   13:     0x589c4632a835 - test[aada8e7e76ba119b]::run_test::{closure#0}
[INFO] [stdout]   14:     0x589c46324124 - std[617be2ca0a6fd877]::sys::backtrace::__rust_begin_short_backtrace::<test[aada8e7e76ba119b]::run_test::{closure#1}, ()>
[INFO] [stdout]   15:     0x589c4632d8c2 - <std[617be2ca0a6fd877]::thread::lifecycle::spawn_unchecked<test[aada8e7e76ba119b]::run_test::{closure#1}, ()>::{closure#1} as core[a373ad73a504971]::ops::function::FnOnce<()>>::call_once::{shim:vtable#0}
[INFO] [stdout]   16:     0x589c46394d2f - <std[617be2ca0a6fd877]::sys::thread::unix::Thread>::new::thread_start
[INFO] [stdout]   17:     0x7c8700a33dfa - <unknown>
[INFO] [stdout]   18:     0x7c8700ac73d4 - clone
[INFO] [stdout]   19:                0x0 - <unknown>
[INFO] [stdout] 
[INFO] [stdout] ---- next_multiple_of stdout ----
[INFO] [stdout] 
[INFO] [stdout] thread 'next_multiple_of' (718) panicked at tests/bitint.rs:1808:17:
[INFO] [stdout] expr should panic but it's not
[INFO] [stdout] stack backtrace:
[INFO] [stdout]    0:     0x589c463954d1 - <<std[617be2ca0a6fd877]::sys::backtrace::BacktraceLock>::print::DisplayBacktrace as core[a373ad73a504971]::fmt::Display>::fmt
[INFO] [stdout]    1:     0x589c463a95da - core[a373ad73a504971]::fmt::write
[INFO] [stdout]    2:     0x589c463996ec - <alloc[2e1b2a31b91974c5]::vec::Vec<u8> as core[a373ad73a504971]::io::write::Write>::write_fmt
[INFO] [stdout]    3:     0x589c46371936 - std[617be2ca0a6fd877]::panicking::default_hook::{closure#0}
[INFO] [stdout]    4:     0x589c4638db69 - std[617be2ca0a6fd877]::panicking::default_hook
[INFO] [stdout]    5:     0x589c4632a210 - test[aada8e7e76ba119b]::test_main_inner::{closure#0}
[INFO] [stdout]    6:     0x589c4638dd22 - std[617be2ca0a6fd877]::panicking::panic_with_hook
[INFO] [stdout]    7:     0x589c46371a14 - std[617be2ca0a6fd877]::panicking::panic_handler::{closure#0}
[INFO] [stdout]    8:     0x589c4636a6f9 - std[617be2ca0a6fd877]::sys::backtrace::__rust_end_short_backtrace::<std[617be2ca0a6fd877]::panicking::panic_handler::{closure#0}, !>
[INFO] [stdout]    9:     0x589c463725ed - __rustc[ea4f61d10b84890b]::rust_begin_unwind
[INFO] [stdout]   10:     0x589c463a9d0c - core[a373ad73a504971]::panicking::panic_fmt
[INFO] [stdout]   11:     0x589c46319236 - bitint[be6d387348105cf]::next_multiple_of
[INFO] [stdout]   12:     0x589c4631c6a9 - <bitint[be6d387348105cf]::next_multiple_of::{closure#0} as core[a373ad73a504971]::ops::function::FnOnce<()>>::call_once
[INFO] [stdout]   13:     0x589c4631d65b - test[aada8e7e76ba119b]::__rust_begin_short_backtrace::<core[a373ad73a504971]::result::Result<(), alloc[2e1b2a31b91974c5]::string::String>, fn() -> core[a373ad73a504971]::result::Result<(), alloc[2e1b2a31b91974c5]::string::String>>
[INFO] [stdout]   14:     0x589c4632a835 - test[aada8e7e76ba119b]::run_test::{closure#0}
[INFO] [stdout]   15:     0x589c46324124 - std[617be2ca0a6fd877]::sys::backtrace::__rust_begin_short_backtrace::<test[aada8e7e76ba119b]::run_test::{closure#1}, ()>
[INFO] [stdout]   16:     0x589c4632d8c2 - <std[617be2ca0a6fd877]::thread::lifecycle::spawn_unchecked<test[aada8e7e76ba119b]::run_test::{closure#1}, ()>::{closure#1} as core[a373ad73a504971]::ops::function::FnOnce<()>>::call_once::{shim:vtable#0}
[INFO] [stdout]   17:     0x589c46394d2f - <std[617be2ca0a6fd877]::sys::thread::unix::Thread>::new::thread_start
[INFO] [stdout]   18:     0x7c8700a33dfa - <unknown>
[INFO] [stdout]   19:     0x7c8700ac73d4 - clone
[INFO] [stdout]   20:                0x0 - <unknown>
[INFO] [stdout] 
[INFO] [stdout] ---- pow stdout ----
[INFO] [stdout] 
[INFO] [stdout] thread 'pow' (721) panicked at tests/bitint.rs:1113:5:
[INFO] [stdout] expr should panic but it's not
[INFO] [stdout] stack backtrace:
[INFO] [stdout]    0:     0x589c463954d1 - <<std[617be2ca0a6fd877]::sys::backtrace::BacktraceLock>::print::DisplayBacktrace as core[a373ad73a504971]::fmt::Display>::fmt
[INFO] [stdout]    1:     0x589c463a95da - core[a373ad73a504971]::fmt::write
[INFO] [stdout]    2:     0x589c463996ec - <alloc[2e1b2a31b91974c5]::vec::Vec<u8> as core[a373ad73a504971]::io::write::Write>::write_fmt
[INFO] [stdout]    3:     0x589c46371936 - std[617be2ca0a6fd877]::panicking::default_hook::{closure#0}
[INFO] [stdout]    4:     0x589c4638db69 - std[617be2ca0a6fd877]::panicking::default_hook
[INFO] [stdout]    5:     0x589c4632a210 - test[aada8e7e76ba119b]::test_main_inner::{closure#0}
[INFO] [stdout]    6:     0x589c4638dd22 - std[617be2ca0a6fd877]::panicking::panic_with_hook
[INFO] [stdout]    7:     0x589c46371a14 - std[617be2ca0a6fd877]::panicking::panic_handler::{closure#0}
[INFO] [stdout]    8:     0x589c4636a6f9 - std[617be2ca0a6fd877]::sys::backtrace::__rust_end_short_backtrace::<std[617be2ca0a6fd877]::panicking::panic_handler::{closure#0}, !>
[INFO] [stdout]    9:     0x589c463725ed - __rustc[ea4f61d10b84890b]::rust_begin_unwind
[INFO] [stdout]   10:     0x589c463a9d0c - core[a373ad73a504971]::panicking::panic_fmt
[INFO] [stdout]   11:     0x589c4631c9ab - <bitint[be6d387348105cf]::pow::{closure#0} as core[a373ad73a504971]::ops::function::FnOnce<()>>::call_once
[INFO] [stdout]   12:     0x589c4631d65b - test[aada8e7e76ba119b]::__rust_begin_short_backtrace::<core[a373ad73a504971]::result::Result<(), alloc[2e1b2a31b91974c5]::string::String>, fn() -> core[a373ad73a504971]::result::Result<(), alloc[2e1b2a31b91974c5]::string::String>>
[INFO] [stdout]   13:     0x589c4632a835 - test[aada8e7e76ba119b]::run_test::{closure#0}
[INFO] [stdout]   14:     0x589c46324124 - std[617be2ca0a6fd877]::sys::backtrace::__rust_begin_short_backtrace::<test[aada8e7e76ba119b]::run_test::{closure#1}, ()>
[INFO] [stdout]   15:     0x589c4632d8c2 - <std[617be2ca0a6fd877]::thread::lifecycle::spawn_unchecked<test[aada8e7e76ba119b]::run_test::{closure#1}, ()>::{closure#1} as core[a373ad73a504971]::ops::function::FnOnce<()>>::call_once::{shim:vtable#0}
[INFO] [stdout]   16:     0x589c46394d2f - <std[617be2ca0a6fd877]::sys::thread::unix::Thread>::new::thread_start
[INFO] [stdout]   17:     0x7c8700a33dfa - <unknown>
[INFO] [stdout]   18:     0x7c8700ac73d4 - clone
[INFO] [stdout]   19:                0x0 - <unknown>
[INFO] [stdout] 
[INFO] [stdout] ---- shr stdout ----
[INFO] [stdout] 
[INFO] [stdout] thread 'shr' (727) panicked at tests/bitint.rs:844:5:
[INFO] [stdout] expr should panic but it's not
[INFO] [stdout] stack backtrace:
[INFO] [stdout]    0:     0x589c463954d1 - <<std[617be2ca0a6fd877]::sys::backtrace::BacktraceLock>::print::DisplayBacktrace as core[a373ad73a504971]::fmt::Display>::fmt
[INFO] [stdout]    1:     0x589c463a95da - core[a373ad73a504971]::fmt::write
[INFO] [stdout]    2:     0x589c463996ec - <alloc[2e1b2a31b91974c5]::vec::Vec<u8> as core[a373ad73a504971]::io::write::Write>::write_fmt
[INFO] [stdout]    3:     0x589c46371936 - std[617be2ca0a6fd877]::panicking::default_hook::{closure#0}
[INFO] [stdout]    4:     0x589c4638db69 - std[617be2ca0a6fd877]::panicking::default_hook
[INFO] [stdout]    5:     0x589c4632a210 - test[aada8e7e76ba119b]::test_main_inner::{closure#0}
[INFO] [stdout]    6:     0x589c4638dd22 - std[617be2ca0a6fd877]::panicking::panic_with_hook
[INFO] [stdout]    7:     0x589c46371a14 - std[617be2ca0a6fd877]::panicking::panic_handler::{closure#0}
[INFO] [stdout]    8:     0x589c4636a6f9 - std[617be2ca0a6fd877]::sys::backtrace::__rust_end_short_backtrace::<std[617be2ca0a6fd877]::panicking::panic_handler::{closure#0}, !>
[INFO] [stdout]    9:     0x589c463725ed - __rustc[ea4f61d10b84890b]::rust_begin_unwind
[INFO] [stdout]   10:     0x589c463a9d0c - core[a373ad73a504971]::panicking::panic_fmt
[INFO] [stdout]   11:     0x589c463132fb - bitint[be6d387348105cf]::should_panic::<ecore[f0296a8fa7a7ac10]::bitint::BitInt<u8, 0u32>, bitint[be6d387348105cf]::shr::{closure#0}>
[INFO] [stdout]   12:     0x589c4631ca26 - <bitint[be6d387348105cf]::shr::{closure#0} as core[a373ad73a504971]::ops::function::FnOnce<()>>::call_once
[INFO] [stdout]   13:     0x589c4631d65b - test[aada8e7e76ba119b]::__rust_begin_short_backtrace::<core[a373ad73a504971]::result::Result<(), alloc[2e1b2a31b91974c5]::string::String>, fn() -> core[a373ad73a504971]::result::Result<(), alloc[2e1b2a31b91974c5]::string::String>>
[INFO] [stdout]   14:     0x589c4632a835 - test[aada8e7e76ba119b]::run_test::{closure#0}
[INFO] [stdout]   15:     0x589c46324124 - std[617be2ca0a6fd877]::sys::backtrace::__rust_begin_short_backtrace::<test[aada8e7e76ba119b]::run_test::{closure#1}, ()>
[INFO] [stdout]   16:     0x589c4632d8c2 - <std[617be2ca0a6fd877]::thread::lifecycle::spawn_unchecked<test[aada8e7e76ba119b]::run_test::{closure#1}, ()>::{closure#1} as core[a373ad73a504971]::ops::function::FnOnce<()>>::call_once::{shim:vtable#0}
[INFO] [stdout]   17:     0x589c46394d2f - <std[617be2ca0a6fd877]::sys::thread::unix::Thread>::new::thread_start
[INFO] [stdout]   18:     0x7c8700a33dfa - <unknown>
[INFO] [stdout]   19:     0x7c8700ac73d4 - clone
[INFO] [stdout]   20:                0x0 - <unknown>
[INFO] [stdout] 
[INFO] [stdout] ---- sub stdout ----
[INFO] [stdout] 
[INFO] [stdout] thread 'sub' (729) panicked at tests/bitint.rs:949:5:
[INFO] [stdout] expr should panic but it's not
[INFO] [stdout] stack backtrace:
[INFO] [stdout]    0:     0x589c463954d1 - <<std[617be2ca0a6fd877]::sys::backtrace::BacktraceLock>::print::DisplayBacktrace as core[a373ad73a504971]::fmt::Display>::fmt
[INFO] [stdout]    1:     0x589c463a95da - core[a373ad73a504971]::fmt::write
[INFO] [stdout]    2:     0x589c463996ec - <alloc[2e1b2a31b91974c5]::vec::Vec<u8> as core[a373ad73a504971]::io::write::Write>::write_fmt
[INFO] [stdout]    3:     0x589c46371936 - std[617be2ca0a6fd877]::panicking::default_hook::{closure#0}
[INFO] [stdout]    4:     0x589c4638db69 - std[617be2ca0a6fd877]::panicking::default_hook
[INFO] [stdout]    5:     0x589c4632a210 - test[aada8e7e76ba119b]::test_main_inner::{closure#0}
[INFO] [stdout]    6:     0x589c4638dd22 - std[617be2ca0a6fd877]::panicking::panic_with_hook
[INFO] [stdout]    7:     0x589c46371a14 - std[617be2ca0a6fd877]::panicking::panic_handler::{closure#0}
[INFO] [stdout]    8:     0x589c4636a6f9 - std[617be2ca0a6fd877]::sys::backtrace::__rust_end_short_backtrace::<std[617be2ca0a6fd877]::panicking::panic_handler::{closure#0}, !>
[INFO] [stdout]    9:     0x589c463725ed - __rustc[ea4f61d10b84890b]::rust_begin_unwind
[INFO] [stdout]   10:     0x589c463a9d0c - core[a373ad73a504971]::panicking::panic_fmt
[INFO] [stdout]   11:     0x589c4631ca71 - <bitint[be6d387348105cf]::sub::{closure#0} as core[a373ad73a504971]::ops::function::FnOnce<()>>::call_once
[INFO] [stdout]   12:     0x589c4631d65b - test[aada8e7e76ba119b]::__rust_begin_short_backtrace::<core[a373ad73a504971]::result::Result<(), alloc[2e1b2a31b91974c5]::string::String>, fn() -> core[a373ad73a504971]::result::Result<(), alloc[2e1b2a31b91974c5]::string::String>>
[INFO] [stdout]   13:     0x589c4632a835 - test[aada8e7e76ba119b]::run_test::{closure#0}
[INFO] [stdout]   14:     0x589c46324124 - std[617be2ca0a6fd877]::sys::backtrace::__rust_begin_short_backtrace::<test[aada8e7e76ba119b]::run_test::{closure#1}, ()>
[INFO] [stdout]   15:     0x589c4632d8c2 - <std[617be2ca0a6fd877]::thread::lifecycle::spawn_unchecked<test[aada8e7e76ba119b]::run_test::{closure#1}, ()>::{closure#1} as core[a373ad73a504971]::ops::function::FnOnce<()>>::call_once::{shim:vtable#0}
[INFO] [stdout]   16:     0x589c46394d2f - <std[617be2ca0a6fd877]::sys::thread::unix::Thread>::new::thread_start
[INFO] [stdout]   17:     0x7c8700a33dfa - <unknown>
[INFO] [stdout]   18:     0x7c8700ac73d4 - clone
[INFO] [stdout]   19:                0x0 - <unknown>
[INFO] [stdout] 
[INFO] [stdout] ---- shl stdout ----
[INFO] [stdout] 
[INFO] [stdout] thread 'shl' (726) panicked at tests/bitint.rs:758:5:
[INFO] [stdout] expr should panic but it's not
[INFO] [stdout] stack backtrace:
[INFO] [stdout]    0:     0x589c463954d1 - <<std[617be2ca0a6fd877]::sys::backtrace::BacktraceLock>::print::DisplayBacktrace as core[a373ad73a504971]::fmt::Display>::fmt
[INFO] [stdout]    1:     0x589c463a95da - core[a373ad73a504971]::fmt::write
[INFO] [stdout]    2:     0x589c463996ec - <alloc[2e1b2a31b91974c5]::vec::Vec<u8> as core[a373ad73a504971]::io::write::Write>::write_fmt
[INFO] [stdout]    3:     0x589c46371936 - std[617be2ca0a6fd877]::panicking::default_hook::{closure#0}
[INFO] [stdout]    4:     0x589c4638db69 - std[617be2ca0a6fd877]::panicking::default_hook
[INFO] [stdout]    5:     0x589c4632a210 - test[aada8e7e76ba119b]::test_main_inner::{closure#0}
[INFO] [stdout]    6:     0x589c4638dd22 - std[617be2ca0a6fd877]::panicking::panic_with_hook
[INFO] [stdout]    7:     0x589c46371a14 - std[617be2ca0a6fd877]::panicking::panic_handler::{closure#0}
[INFO] [stdout]    8:     0x589c4636a6f9 - std[617be2ca0a6fd877]::sys::backtrace::__rust_end_short_backtrace::<std[617be2ca0a6fd877]::panicking::panic_handler::{closure#0}, !>
[INFO] [stdout]    9:     0x589c463725ed - __rustc[ea4f61d10b84890b]::rust_begin_unwind
[INFO] [stdout]   10:     0x589c463a9d0c - core[a373ad73a504971]::panicking::panic_fmt
[INFO] [stdout]   11:     0x589c4631326b - bitint[be6d387348105cf]::should_panic::<ecore[f0296a8fa7a7ac10]::bitint::BitInt<u8, 0u32>, bitint[be6d387348105cf]::shl::{closure#0}>
[INFO] [stdout]   12:     0x589c4631ca1e - <bitint[be6d387348105cf]::shl::{closure#0} as core[a373ad73a504971]::ops::function::FnOnce<()>>::call_once
[INFO] [stdout]   13:     0x589c4631d65b - test[aada8e7e76ba119b]::__rust_begin_short_backtrace::<core[a373ad73a504971]::result::Result<(), alloc[2e1b2a31b91974c5]::string::String>, fn() -> core[a373ad73a504971]::result::Result<(), alloc[2e1b2a31b91974c5]::string::String>>
[INFO] [stdout]   14:     0x589c4632a835 - test[aada8e7e76ba119b]::run_test::{closure#0}
[INFO] [stdout]   15:     0x589c46324124 - std[617be2ca0a6fd877]::sys::backtrace::__rust_begin_short_backtrace::<test[aada8e7e76ba119b]::run_test::{closure#1}, ()>
[INFO] [stdout]   16:     0x589c4632d8c2 - <std[617be2ca0a6fd877]::thread::lifecycle::spawn_unchecked<test[aada8e7e76ba119b]::run_test::{closure#1}, ()>::{closure#1} as core[a373ad73a504971]::ops::function::FnOnce<()>>::call_once::{shim:vtable#0}
[INFO] [stdout]   17:     0x589c46394d2f - <std[617be2ca0a6fd877]::sys::thread::unix::Thread>::new::thread_start
[INFO] [stdout]   18:     0x7c8700a33dfa - <unknown>
[INFO] [stdout]   19:     0x7c8700ac73d4 - clone
[INFO] [stdout]   20:                0x0 - <unknown>
[INFO] [stdout] 
[INFO] [stdout] 
[INFO] [stdout] failures:
[INFO] [stdout]     abs
[INFO] [stdout]     add
[INFO] [stdout]     div
[INFO] [stdout]     mul
[INFO] [stdout]     neg
[INFO] [stdout]     next_multiple_of
[INFO] [stdout]     next_power_of_two
[INFO] [stdout]     pow
[INFO] [stdout]     shl
[INFO] [stdout]     shr
[INFO] [stdout]     sub
[INFO] [stdout] 
[INFO] [stdout] test result: FAILED. 27 passed; 11 failed; 0 ignored; 0 measured; 0 filtered out; finished in 0.10s
[INFO] [stdout] 
[INFO] [stderr] error: test failed, to rerun pass `--test bitint`
[INFO] running `Command { std: "docker" "inspect" "70dc9970d73373bec41c560677a0467aa1a97133190fcf5b1a7654c379c30fa6", kill_on_drop: false }`
[INFO] running `Command { std: "docker" "rm" "-f" "70dc9970d73373bec41c560677a0467aa1a97133190fcf5b1a7654c379c30fa6", kill_on_drop: false }`
[INFO] [stdout] 70dc9970d73373bec41c560677a0467aa1a97133190fcf5b1a7654c379c30fa6
