[INFO] fetching crate eclipse_luau 0.1.1...
[INFO] testing eclipse_luau-0.1.1 against 1.100.0-beta.1+cargoflags=--release for beta-release-1.100-2
[INFO] extracting crate eclipse_luau 0.1.1 into /workspace/builds/worker-4-tc2/source
[INFO] started tweaking crates.io crate eclipse_luau 0.1.1
[INFO] removed 0 missing tests
[INFO] finished tweaking crates.io crate eclipse_luau 0.1.1
[INFO] tweaked toml for crates.io crate eclipse_luau 0.1.1 written to /workspace/builds/worker-4-tc2/source/Cargo.toml
[INFO] validating manifest of crates.io crate eclipse_luau 0.1.1 on toolchain 1.100.0-beta.1
[INFO] running `Command { std: CARGO_HOME="/workspace/cargo-home" RUSTUP_HOME="/workspace/rustup-home" "/workspace/cargo-home/bin/cargo" "+1.100.0-beta.1" "metadata" "--manifest-path" "Cargo.toml" "--no-deps", kill_on_drop: false }`
[INFO] crate crates.io crate eclipse_luau 0.1.1 already has a lockfile, it will not be regenerated
[INFO] running `Command { std: CARGO_HOME="/workspace/cargo-home" RUSTUP_HOME="/workspace/rustup-home" "/workspace/cargo-home/bin/cargo" "+1.100.0-beta.1" "fetch" "--manifest-path" "Cargo.toml", kill_on_drop: false }`
[INFO] [stderr] warning: `package.homepage` is redundant with `package.repository`
[INFO] [stderr]   --> Cargo.toml:39:12
[INFO] [stderr]    |
[INFO] [stderr] 39 | homepage = "https://github.com/larvae-luau/larvae"
[INFO] [stderr]    |            ^^^^^^^^^^^^^^^^^^^^^^^^^^^^^^^^^^^^^^^
[INFO] [stderr] ...
[INFO] [stderr] 43 | repository = "https://github.com/larvae-luau/larvae"
[INFO] [stderr]    |              ---------------------------------------
[INFO] [stderr]    |
[INFO] [stderr]    = note: `cargo::redundant_homepage` is set to `warn` by default
[INFO] [stderr] help: consider removing `package.homepage`
[INFO] [stderr] warning: `eclipse_luau` (manifest) generated 1 warning
[INFO] running `Command { std: "docker" "create" "-v" "/var/lib/crater-agent-workspace/builds/worker-4-tc2/source:/opt/rustwide/workdir:ro,Z" "-v" "/var/lib/crater-agent-workspace/builds/worker-4-tc2/target:/opt/rustwide/target:rw,Z" "-v" "/var/lib/crater-agent-workspace/cargo-home:/opt/rustwide/cargo-home:ro,Z" "-v" "/var/lib/crater-agent-workspace/rustup-home:/opt/rustwide/rustup-home:ro,Z" "-m" "1610612736" "--network" "none" "ghcr.io/rust-lang/crates-build-env/linux@sha256:77db811e55d90add9212f6832c23229e3de5f1c1f9905e8cb07319ea15df73ac" "sleep" "infinity", kill_on_drop: false }`
[INFO] [stdout] f861ef4f77bbc14a1fad8fe5fc75dfcf6dd2e569a43d681ff77668a2e3224e46
[INFO] running `Command { std: "docker" "start" "f861ef4f77bbc14a1fad8fe5fc75dfcf6dd2e569a43d681ff77668a2e3224e46", kill_on_drop: false }`
[INFO] running `Command { std: "docker" "inspect" "f861ef4f77bbc14a1fad8fe5fc75dfcf6dd2e569a43d681ff77668a2e3224e46", kill_on_drop: false }`
[INFO] running `Command { std: "docker" "exec" "-e" "SOURCE_DIR=/opt/rustwide/workdir" "-e" "CARGO_HOME=/opt/rustwide/cargo-home" "-e" "RUSTUP_HOME=/opt/rustwide/rustup-home" "-e" "CARGO_TARGET_DIR=/opt/rustwide/target" "-w" "/opt/rustwide/workdir" "--user" "0:0" "f861ef4f77bbc14a1fad8fe5fc75dfcf6dd2e569a43d681ff77668a2e3224e46" "/opt/rustwide/cargo-home/bin/cargo" "+1.100.0-beta.1" "metadata" "--no-deps" "--format-version=1", kill_on_drop: false }`
[INFO] running `Command { std: "docker" "inspect" "f861ef4f77bbc14a1fad8fe5fc75dfcf6dd2e569a43d681ff77668a2e3224e46", kill_on_drop: false }`
[INFO] running `Command { std: "docker" "exec" "-e" "SOURCE_DIR=/opt/rustwide/workdir" "-e" "CARGO_HOME=/opt/rustwide/cargo-home" "-e" "RUSTUP_HOME=/opt/rustwide/rustup-home" "-e" "CARGO_TARGET_DIR=/opt/rustwide/target" "-e" "CARGO_INCREMENTAL=0" "-e" "RUST_BACKTRACE=full" "-e" "RUSTFLAGS=--cap-lints=warn" "-e" "RUSTDOCFLAGS=--cap-lints=warn" "-w" "/opt/rustwide/workdir" "--user" "0:0" "f861ef4f77bbc14a1fad8fe5fc75dfcf6dd2e569a43d681ff77668a2e3224e46" "/opt/rustwide/cargo-home/bin/cargo" "+1.100.0-beta.1" "build" "--frozen" "--message-format=json" "--release", kill_on_drop: false }`
[INFO] [stderr] warning: `package.homepage` is redundant with `package.repository`
[INFO] [stderr]   --> Cargo.toml:39:12
[INFO] [stderr]    |
[INFO] [stderr] 39 | homepage = "https://github.com/larvae-luau/larvae"
[INFO] [stderr]    |            ^^^^^^^^^^^^^^^^^^^^^^^^^^^^^^^^^^^^^^^
[INFO] [stderr] ...
[INFO] [stderr] 43 | repository = "https://github.com/larvae-luau/larvae"
[INFO] [stderr]    |              ---------------------------------------
[INFO] [stderr]    |
[INFO] [stderr]    = note: `cargo::redundant_homepage` is set to `warn` by default
[INFO] [stderr] help: consider removing `package.homepage`
[INFO] [stderr] warning: `eclipse_luau` (manifest) generated 1 warning
[INFO] [stderr]    Compiling crossbeam-utils v0.8.22
[INFO] [stderr]    Compiling crossbeam-epoch v0.9.20
[INFO] [stderr]    Compiling crossbeam-deque v0.8.7
[INFO] [stderr]    Compiling either v1.17.0
[INFO] [stderr]    Compiling rayon-core v1.13.0
[INFO] [stderr]    Compiling rayon v1.12.0
[INFO] [stderr]    Compiling eclipse_luau v0.1.1 (/opt/rustwide/workdir)
[INFO] [stderr]     Finished `release` profile [optimized] target(s) in 8.85s
[INFO] running `Command { std: "docker" "inspect" "f861ef4f77bbc14a1fad8fe5fc75dfcf6dd2e569a43d681ff77668a2e3224e46", kill_on_drop: false }`
[INFO] running `Command { std: "docker" "exec" "-e" "SOURCE_DIR=/opt/rustwide/workdir" "-e" "CARGO_HOME=/opt/rustwide/cargo-home" "-e" "RUSTUP_HOME=/opt/rustwide/rustup-home" "-e" "CARGO_TARGET_DIR=/opt/rustwide/target" "-e" "CARGO_INCREMENTAL=0" "-e" "RUST_BACKTRACE=full" "-e" "RUSTFLAGS=--cap-lints=warn" "-e" "RUSTDOCFLAGS=--cap-lints=warn" "-w" "/opt/rustwide/workdir" "--user" "0:0" "f861ef4f77bbc14a1fad8fe5fc75dfcf6dd2e569a43d681ff77668a2e3224e46" "/opt/rustwide/cargo-home/bin/cargo" "+1.100.0-beta.1" "test" "--frozen" "--no-run" "--message-format=json" "--release", kill_on_drop: false }`
[INFO] [stderr] warning: `package.homepage` is redundant with `package.repository`
[INFO] [stderr]   --> Cargo.toml:39:12
[INFO] [stderr]    |
[INFO] [stderr] 39 | homepage = "https://github.com/larvae-luau/larvae"
[INFO] [stderr]    |            ^^^^^^^^^^^^^^^^^^^^^^^^^^^^^^^^^^^^^^^
[INFO] [stderr] ...
[INFO] [stderr] 43 | repository = "https://github.com/larvae-luau/larvae"
[INFO] [stderr]    |              ---------------------------------------
[INFO] [stderr]    |
[INFO] [stderr]    = note: `cargo::redundant_homepage` is set to `warn` by default
[INFO] [stderr] help: consider removing `package.homepage`
[INFO] [stderr] warning: `eclipse_luau` (manifest) generated 1 warning
[INFO] [stderr]    Compiling proc-macro2 v1.0.107
[INFO] [stderr]    Compiling serde_core v1.0.229
[INFO] [stderr]    Compiling zerocopy v0.8.56
[INFO] [stderr]    Compiling serde v1.0.229
[INFO] [stderr]    Compiling either v1.17.0
[INFO] [stderr]    Compiling libc v0.2.189
[INFO] [stderr]    Compiling serde_json v1.0.151
[INFO] [stderr]    Compiling anstyle v1.0.14
[INFO] [stderr]    Compiling num-traits v0.2.19
[INFO] [stderr]    Compiling clap_lex v1.1.0
[INFO] [stderr]    Compiling ciborium-io v0.2.2
[INFO] [stderr]    Compiling regex-automata v0.4.16
[INFO] [stderr]    Compiling walkdir v2.5.0
[INFO] [stderr]    Compiling anes v0.1.6
[INFO] [stderr]    Compiling once_cell v1.21.4
[INFO] [stderr]    Compiling oorandom v11.1.5
[INFO] [stderr]    Compiling clap_builder v4.6.2
[INFO] [stderr]    Compiling itertools v0.10.5
[INFO] [stderr]    Compiling rayon v1.12.0
[INFO] [stderr]    Compiling quote v1.0.47
[INFO] [stderr]    Compiling syn v2.0.119
[INFO] [stderr]    Compiling syn v3.0.3
[INFO] [stderr]    Compiling is-terminal v0.4.17
[INFO] [stderr]    Compiling clap v4.6.4
[INFO] [stderr]    Compiling zerocopy-derive v0.8.56
[INFO] [stderr]    Compiling criterion-plot v0.5.0
[INFO] [stderr]    Compiling regex v1.13.1
[INFO] [stderr]    Compiling serde_derive v1.0.229
[INFO] [stderr]    Compiling eclipse_luau v0.1.1 (/opt/rustwide/workdir)
[INFO] [stderr]    Compiling tinytemplate v1.2.1
[INFO] [stderr]    Compiling half v2.7.1
[INFO] [stderr]    Compiling ciborium-ll v0.2.2
[INFO] [stderr]    Compiling ciborium v0.2.2
[INFO] [stderr]    Compiling criterion v0.5.1
[INFO] [stderr]     Finished `release` profile [optimized] target(s) in 49.22s
[INFO] running `Command { std: "docker" "inspect" "f861ef4f77bbc14a1fad8fe5fc75dfcf6dd2e569a43d681ff77668a2e3224e46", kill_on_drop: false }`
[INFO] running `Command { std: "docker" "exec" "-e" "SOURCE_DIR=/opt/rustwide/workdir" "-e" "CARGO_HOME=/opt/rustwide/cargo-home" "-e" "RUSTUP_HOME=/opt/rustwide/rustup-home" "-e" "CARGO_TARGET_DIR=/opt/rustwide/target" "-e" "CARGO_INCREMENTAL=0" "-e" "RUST_BACKTRACE=full" "-e" "RUSTFLAGS=--cap-lints=warn" "-e" "RUSTDOCFLAGS=--cap-lints=warn" "-w" "/opt/rustwide/workdir" "--user" "0:0" "f861ef4f77bbc14a1fad8fe5fc75dfcf6dd2e569a43d681ff77668a2e3224e46" "/opt/rustwide/cargo-home/bin/cargo" "+1.100.0-beta.1" "test" "--frozen" "--release", kill_on_drop: false }`
[INFO] [stderr] warning: `package.homepage` is redundant with `package.repository`
[INFO] [stderr]   --> Cargo.toml:39:12
[INFO] [stderr]    |
[INFO] [stderr] 39 | homepage = "https://github.com/larvae-luau/larvae"
[INFO] [stderr]    |            ^^^^^^^^^^^^^^^^^^^^^^^^^^^^^^^^^^^^^^^
[INFO] [stderr] ...
[INFO] [stderr] 43 | repository = "https://github.com/larvae-luau/larvae"
[INFO] [stderr]    |              ---------------------------------------
[INFO] [stderr]    |
[INFO] [stderr]    = note: `cargo::redundant_homepage` is set to `warn` by default
[INFO] [stderr] help: consider removing `package.homepage`
[INFO] [stderr] warning: `eclipse_luau` (manifest) generated 1 warning
[INFO] [stderr]     Finished `release` profile [optimized] target(s) in 0.07s
[INFO] [stderr]      Running unittests src/lib.rs (/opt/rustwide/target/release/build/eclipse_luau/6bc65312d633b016/out/eclipse_luau-6bc65312d633b016)
[INFO] [stdout] 
[INFO] [stdout] running 30 tests
[INFO] [stdout] test dense::tests::a_bracket_pair_does_not_become_a_long_string ... ok
[INFO] [stdout] test dense::tests::a_token_wider_than_the_span_stays_whole ... ok
[INFO] [stdout] test dense::tests::an_interpolated_string_is_one_token_and_passes_through ... ok
[INFO] [stdout] test dense::tests::dense_output_is_a_fixed_point ... ok
[INFO] [stdout] test dense::tests::empty_input_stays_empty ... ok
[INFO] [stdout] test dense::tests::lines_break_near_the_column_span ... ok
[INFO] [stdout] test dense::tests::two_minus_signs_do_not_become_a_comment ... ok
[INFO] [stdout] test dense::tests::whitespace_shrinks_and_the_tokens_survive ... ok
[INFO] [stdout] test dense::tests::words_keep_a_space_and_operators_do_not ... ok
[INFO] [stdout] test lexer::tests::basics ... ok
[INFO] [stdout] test lexer::tests::comments_are_skipped ... ok
[INFO] [stdout] test dense::tests::comments_are_trivia_and_do_not_survive ... ok
[INFO] [stdout] test dense::tests::a_paren_statement_keeps_its_line_break ... ok
[INFO] [stdout] test lexer::tests::escaped_quotes ... ok
[INFO] [stdout] test lexer::tests::numbers_dont_eat_concat ... ok
[INFO] [stdout] test dense::tests::a_number_before_a_dot_keeps_its_space ... ok
[INFO] [stdout] test scan::tests::counts_dynamic ... ok
[INFO] [stdout] test lexer::tests::string_inner_span ... ok
[INFO] [stdout] test scan::tests::skips_members_comments_dynamic ... ok
[INFO] [stdout] test stand_in::stand_in_tests::invalid_bytes_swap_one_for_one ... ok
[INFO] [stdout] test stand_in::stand_in_tests::a_truncated_tail_is_replaced ... ok
[INFO] [stdout] test stand_in::stand_in_tests::valid_text_passes_through_untouched ... ok
[INFO] [stdout] test dense::tests::a_long_string_keeps_its_newlines_and_the_column_recovers ... ok
[INFO] [stdout] test scan::tests::multiple_sites ... ok
[INFO] [stdout] test lexer::tests::integer_suffixes_join_their_number ... ok
[INFO] [stdout] test scan::tests::finds_plain_requires ... ok
[INFO] [stdout] test lexer::tests::long_strings ... ok
[INFO] [stdout] test dense::tests::a_generic_close_does_not_eat_the_equals ... ok
[INFO] [stdout] test lexer::tests::string_continuations_survive_crlf_endings ... ok
[INFO] [stdout] test lexer::tests::interp_strings_with_braces ... ok
[INFO] [stdout] 
[INFO] [stdout] test result: ok. 30 passed; 0 failed; 0 ignored; 0 measured; 0 filtered out; finished in 0.01s
[INFO] [stdout] 
[INFO] [stderr]      Running tests/luau_conformance.rs (/opt/rustwide/target/release/build/eclipse_luau/2dce0fc1e1d07602/out/luau_conformance-2dce0fc1e1d07602)
[INFO] [stdout] 
[INFO] [stdout] running 1 test
[INFO] [stderr]      Running tests/parser.rs (/opt/rustwide/target/release/build/eclipse_luau/e60f5e47db770605/out/parser-e60f5e47db770605)
[INFO] [stdout] test every_conformance_file_round_trips ... ok
[INFO] [stdout] 
[INFO] [stdout] test result: ok. 1 passed; 0 failed; 0 ignored; 0 measured; 0 filtered out; finished in 0.05s
[INFO] [stdout] 
[INFO] [stdout] 
[INFO] [stdout] running 21 tests
[INFO] [stdout] test a_class_with_fields_and_methods_parses ... ok
[INFO] [stdout] test comparisons_are_not_turbofish ... ok
[INFO] [stdout] test escaped_quote_strings ... ok
[INFO] [stdout] test corpus_round_trips ... ok
[INFO] [stdout] test declarations_parse_in_definitions_mode ... ok
[INFO] [stdout] test the_file_name_selects_the_mode ... ok
[INFO] [stdout] test class_and_open_stay_contextual ... ok
[INFO] [stdout] test class_forms_all_parse ... ok
[INFO] [stdout] test rejects_broken_input ... ok
[INFO] [stdout] test a_turbofish_without_a_call_is_rejected ... ok
[INFO] [stdout] test the_vendored_global_types_parse_and_round_trip ... FAILED
[INFO] [stdout] test declarations_stay_an_error_in_ordinary_source ... ok
[INFO] [stdout] test export_by_value_forms_parse ... ok
[INFO] [stdout] test a_class_rejects_what_the_rfc_rejects ... ok
[INFO] [stdout] test export_stays_contextual ... ok
[INFO] [stdout] test integer_literals_parse ... ok
[INFO] [stdout] test deep_nesting_errors_instead_of_crashing ... ok
[INFO] [stdout] test max_depth_follows_the_option ... ok
[INFO] [stdout] test truncations_never_panic ... ok
[INFO] [stdout] test turbofish_type_arguments ... ok
[INFO] [stdout] test mutations_never_panic ... ok
[INFO] [stdout] 
[INFO] [stdout] failures:
[INFO] [stdout] 
[INFO] [stdout] ---- the_vendored_global_types_parse_and_round_trip stdout ----
[INFO] [stdout] 
[INFO] [stdout] thread 'the_vendored_global_types_parse_and_round_trip' (1143) panicked at tests/parser.rs:486:45:
[INFO] [stdout] the vendored types exist: Os { code: 2, kind: NotFound, message: "No such file or directory" }
[INFO] [stdout] stack backtrace:
[INFO] [stdout]    0:     0x611b450742c1 - <<std[617be2ca0a6fd877]::sys::backtrace::BacktraceLock>::print::DisplayBacktrace as core[a373ad73a504971]::fmt::Display>::fmt
[INFO] [stdout]    1:     0x611b4508832a - core[a373ad73a504971]::fmt::write
[INFO] [stdout]    2:     0x611b450784dc - <alloc[2e1b2a31b91974c5]::vec::Vec<u8> as core[a373ad73a504971]::io::write::Write>::write_fmt
[INFO] [stdout]    3:     0x611b45050346 - std[617be2ca0a6fd877]::panicking::default_hook::{closure#0}
[INFO] [stdout]    4:     0x611b4506c5f9 - std[617be2ca0a6fd877]::panicking::default_hook
[INFO] [stdout]    5:     0x611b44ff6690 - test[aada8e7e76ba119b]::test_main_inner::{closure#0}
[INFO] [stdout]    6:     0x611b4506c7b2 - std[617be2ca0a6fd877]::panicking::panic_with_hook
[INFO] [stdout]    7:     0x611b450503f2 - std[617be2ca0a6fd877]::panicking::panic_handler::{closure#0}
[INFO] [stdout]    8:     0x611b45048f79 - std[617be2ca0a6fd877]::sys::backtrace::__rust_end_short_backtrace::<std[617be2ca0a6fd877]::panicking::panic_handler::{closure#0}, !>
[INFO] [stdout]    9:     0x611b45050ffd - __rustc[ea4f61d10b84890b]::rust_begin_unwind
[INFO] [stdout]   10:     0x611b45088a5c - core[a373ad73a504971]::panicking::panic_fmt
[INFO] [stdout]   11:     0x611b45088832 - core[a373ad73a504971]::result::unwrap_failed
[INFO] [stdout]   12:     0x611b44fe6e57 - <parser[e77c75b324c7ec70]::the_vendored_global_types_parse_and_round_trip::{closure#0} as core[a373ad73a504971]::ops::function::FnOnce<()>>::call_once
[INFO] [stdout]   13:     0x611b44fe9adb - test[aada8e7e76ba119b]::__rust_begin_short_backtrace::<core[a373ad73a504971]::result::Result<(), alloc[2e1b2a31b91974c5]::string::String>, fn() -> core[a373ad73a504971]::result::Result<(), alloc[2e1b2a31b91974c5]::string::String>>
[INFO] [stdout]   14:     0x611b44ff6cb5 - test[aada8e7e76ba119b]::run_test::{closure#0}
[INFO] [stdout]   15:     0x611b44ff05a4 - std[617be2ca0a6fd877]::sys::backtrace::__rust_begin_short_backtrace::<test[aada8e7e76ba119b]::run_test::{closure#1}, ()>
[INFO] [stdout]   16:     0x611b44ff9d42 - <std[617be2ca0a6fd877]::thread::lifecycle::spawn_unchecked<test[aada8e7e76ba119b]::run_test::{closure#1}, ()>::{closure#1} as core[a373ad73a504971]::ops::function::FnOnce<()>>::call_once::{shim:vtable#0}
[INFO] [stdout]   17:     0x611b450737bf - <std[617be2ca0a6fd877]::sys::thread::unix::Thread>::new::thread_start
[INFO] [stdout]   18:     0x76c750feddfa - <unknown>
[INFO] [stdout]   19:     0x76c7510813d4 - clone
[INFO] [stdout]   20:                0x0 - <unknown>
[INFO] [stdout] 
[INFO] [stdout] 
[INFO] [stdout] failures:
[INFO] [stdout]     the_vendored_global_types_parse_and_round_trip
[INFO] [stdout] 
[INFO] [stdout] test result: FAILED. 20 passed; 1 failed; 0 ignored; 0 measured; 0 filtered out; finished in 0.07s
[INFO] [stdout] 
[INFO] [stderr] error: test failed, to rerun pass `--test parser`
[INFO] running `Command { std: "docker" "inspect" "f861ef4f77bbc14a1fad8fe5fc75dfcf6dd2e569a43d681ff77668a2e3224e46", kill_on_drop: false }`
[INFO] running `Command { std: "docker" "rm" "-f" "f861ef4f77bbc14a1fad8fe5fc75dfcf6dd2e569a43d681ff77668a2e3224e46", kill_on_drop: false }`
[INFO] [stdout] f861ef4f77bbc14a1fad8fe5fc75dfcf6dd2e569a43d681ff77668a2e3224e46
