[INFO] fetching crate ecitygml 0.0.2-alpha.7...
[INFO] testing ecitygml-0.0.2-alpha.7 against 1.100.0-beta.1+cargoflags=--release for beta-release-1.100-2
[INFO] extracting crate ecitygml 0.0.2-alpha.7 into /workspace/builds/worker-7-tc2/source
[INFO] started tweaking crates.io crate ecitygml 0.0.2-alpha.7
[INFO] removed 0 missing examples
[INFO] removed 0 missing tests
[INFO] finished tweaking crates.io crate ecitygml 0.0.2-alpha.7
[INFO] tweaked toml for crates.io crate ecitygml 0.0.2-alpha.7 written to /workspace/builds/worker-7-tc2/source/Cargo.toml
[INFO] validating manifest of crates.io crate ecitygml 0.0.2-alpha.7 on toolchain 1.100.0-beta.1
[INFO] running `Command { std: CARGO_HOME="/workspace/cargo-home" RUSTUP_HOME="/workspace/rustup-home" "/workspace/cargo-home/bin/cargo" "+1.100.0-beta.1" "metadata" "--manifest-path" "Cargo.toml" "--no-deps", kill_on_drop: false }`
[INFO] crate crates.io crate ecitygml 0.0.2-alpha.7 already has a lockfile, it will not be regenerated
[INFO] running `Command { std: CARGO_HOME="/workspace/cargo-home" RUSTUP_HOME="/workspace/rustup-home" "/workspace/cargo-home/bin/cargo" "+1.100.0-beta.1" "fetch" "--manifest-path" "Cargo.toml", kill_on_drop: false }`
[INFO] running `Command { std: "docker" "create" "-v" "/var/lib/crater-agent-workspace/builds/worker-7-tc2/source:/opt/rustwide/workdir:ro,Z" "-v" "/var/lib/crater-agent-workspace/builds/worker-7-tc2/target:/opt/rustwide/target:rw,Z" "-v" "/var/lib/crater-agent-workspace/cargo-home:/opt/rustwide/cargo-home:ro,Z" "-v" "/var/lib/crater-agent-workspace/rustup-home:/opt/rustwide/rustup-home:ro,Z" "-m" "1610612736" "--network" "none" "ghcr.io/rust-lang/crates-build-env/linux@sha256:77db811e55d90add9212f6832c23229e3de5f1c1f9905e8cb07319ea15df73ac" "sleep" "infinity", kill_on_drop: false }`
[INFO] [stdout] 4c2d0b62728cb22f480563d452967626c51d76860765c667f75134115a68cef7
[INFO] running `Command { std: "docker" "start" "4c2d0b62728cb22f480563d452967626c51d76860765c667f75134115a68cef7", kill_on_drop: false }`
[INFO] running `Command { std: "docker" "inspect" "4c2d0b62728cb22f480563d452967626c51d76860765c667f75134115a68cef7", kill_on_drop: false }`
[INFO] running `Command { std: "docker" "exec" "-e" "SOURCE_DIR=/opt/rustwide/workdir" "-e" "CARGO_HOME=/opt/rustwide/cargo-home" "-e" "RUSTUP_HOME=/opt/rustwide/rustup-home" "-e" "CARGO_TARGET_DIR=/opt/rustwide/target" "-w" "/opt/rustwide/workdir" "--user" "0:0" "4c2d0b62728cb22f480563d452967626c51d76860765c667f75134115a68cef7" "/opt/rustwide/cargo-home/bin/cargo" "+1.100.0-beta.1" "metadata" "--no-deps" "--format-version=1", kill_on_drop: false }`
[INFO] running `Command { std: "docker" "inspect" "4c2d0b62728cb22f480563d452967626c51d76860765c667f75134115a68cef7", kill_on_drop: false }`
[INFO] running `Command { std: "docker" "exec" "-e" "SOURCE_DIR=/opt/rustwide/workdir" "-e" "CARGO_HOME=/opt/rustwide/cargo-home" "-e" "RUSTUP_HOME=/opt/rustwide/rustup-home" "-e" "CARGO_TARGET_DIR=/opt/rustwide/target" "-e" "CARGO_INCREMENTAL=0" "-e" "RUST_BACKTRACE=full" "-e" "RUSTFLAGS=--cap-lints=warn" "-e" "RUSTDOCFLAGS=--cap-lints=warn" "-w" "/opt/rustwide/workdir" "--user" "0:0" "4c2d0b62728cb22f480563d452967626c51d76860765c667f75134115a68cef7" "/opt/rustwide/cargo-home/bin/cargo" "+1.100.0-beta.1" "build" "--frozen" "--message-format=json" "--release", kill_on_drop: false }`
[INFO] [stderr]    Compiling bytemuck v1.25.2
[INFO] [stderr]    Compiling libc v0.2.190
[INFO] [stderr]    Compiling byteorder v1.5.0
[INFO] [stderr]    Compiling heapless v0.8.0
[INFO] [stderr]    Compiling matrixmultiply v0.3.11
[INFO] [stderr]    Compiling hybrid-array v0.4.15
[INFO] [stderr]    Compiling either v1.19.0
[INFO] [stderr]    Compiling smallvec v1.16.3
[INFO] [stderr]    Compiling syn v3.0.9
[INFO] [stderr]    Compiling syn v2.0.119
[INFO] [stderr]    Compiling thiserror v2.0.21
[INFO] [stderr]    Compiling approx v0.5.1
[INFO] [stderr]    Compiling num-rational v0.4.2
[INFO] [stderr]    Compiling robust v1.2.0
[INFO] [stderr]    Compiling const-oid v0.10.2
[INFO] [stderr]    Compiling ena v0.14.4
[INFO] [stderr]    Compiling hash32 v0.3.1
[INFO] [stderr]    Compiling ordered-float v5.5.0
[INFO] [stderr]    Compiling glam v0.33.12
[INFO] [stderr]    Compiling safe_arch v1.2.0
[INFO] [stderr]    Compiling rayon v1.12.0
[INFO] [stderr]    Compiling hashbrown v0.17.1
[INFO] [stderr]    Compiling cpufeatures v0.3.1
[INFO] [stderr]    Compiling bitflags v2.13.2
[INFO] [stderr]    Compiling slab v0.4.12
[INFO] [stderr]    Compiling downcast-rs v2.0.2
[INFO] [stderr]    Compiling find-msvc-tools v0.1.14
[INFO] [stderr]    Compiling spade v2.15.1
[INFO] [stderr]    Compiling arrayvec v0.7.8
[INFO] [stderr]    Compiling rstar v0.13.0
[INFO] [stderr]    Compiling uuid v1.28.0
[INFO] [stderr]    Compiling itertools v0.15.0
[INFO] [stderr]    Compiling wide v1.7.1
[INFO] [stderr]    Compiling crypto-common v0.2.2
[INFO] [stderr]    Compiling block-buffer v0.12.1
[INFO] [stderr]    Compiling safe_arch v0.7.4
[INFO] [stderr]    Compiling earcut v0.4.11
[INFO] [stderr]    Compiling chrono v0.4.45
[INFO] [stderr]    Compiling slotmap v1.1.1
[INFO] [stderr]    Compiling zstd-safe v8.1.0
[INFO] [stderr]    Compiling crc32fast v1.5.2
[INFO] [stderr]    Compiling wide v0.7.33
[INFO] [stderr]    Compiling flate2 v1.1.10
[INFO] [stderr]    Compiling jobserver v0.1.35
[INFO] [stderr]    Compiling digest v0.11.3
[INFO] [stderr]    Compiling cc v1.8.0
[INFO] [stderr]    Compiling sha2 v0.11.1
[INFO] [stderr]    Compiling derive_utils v0.16.0
[INFO] [stderr]    Compiling zstd-sys v2.1.1+zstd.1.5.7
[INFO] [stderr]    Compiling serde_derive v1.0.229
[INFO] [stderr]    Compiling thiserror-impl v2.0.21
[INFO] [stderr]    Compiling num-derive v0.5.1
[INFO] [stderr]    Compiling auto_enums v0.8.10
[INFO] [stderr]    Compiling nalgebra-macros v0.3.0
[INFO] [stderr]    Compiling strum_macros v0.28.0
[INFO] [stderr]    Compiling serde v1.0.229
[INFO] [stderr]    Compiling tracing-attributes v0.1.31
[INFO] [stderr]    Compiling strum v0.28.0
[INFO] [stderr]    Compiling num-complex v0.4.6
[INFO] [stderr]    Compiling quick-xml v0.42.0
[INFO] [stderr]    Compiling tracing v0.1.44
[INFO] [stderr]    Compiling simba v0.9.1
[INFO] [stderr]    Compiling simba v0.10.2
[INFO] [stderr]    Compiling glamx v0.3.1
[INFO] [stderr]    Compiling nalgebra v0.35.0
[INFO] [stderr]    Compiling parry3d-f64 v0.31.1
[INFO] [stderr]    Compiling nalgebra v0.34.2
[INFO] [stderr]    Compiling zstd v0.14.2
[INFO] [stderr]    Compiling egml-core v0.0.2-alpha.7
[INFO] [stderr]    Compiling egml-io v0.0.2-alpha.7
[INFO] [stderr]    Compiling egml-transform v0.0.2-alpha.7
[INFO] [stderr]    Compiling egml v0.0.2-alpha.7
[INFO] [stderr]    Compiling bvh v0.12.0
[INFO] [stderr]    Compiling ecitygml-core v0.0.2-alpha.7
[INFO] [stderr]    Compiling ecitygml-transform v0.0.2-alpha.7
[INFO] [stderr]    Compiling ecitygml-io v0.0.2-alpha.7
[INFO] [stderr]    Compiling ecitygml v0.0.2-alpha.7 (/opt/rustwide/workdir)
[INFO] [stderr]     Finished `release` profile [optimized] target(s) in 2m 32s
[INFO] running `Command { std: "docker" "inspect" "4c2d0b62728cb22f480563d452967626c51d76860765c667f75134115a68cef7", kill_on_drop: false }`
[INFO] running `Command { std: "docker" "exec" "-e" "SOURCE_DIR=/opt/rustwide/workdir" "-e" "CARGO_HOME=/opt/rustwide/cargo-home" "-e" "RUSTUP_HOME=/opt/rustwide/rustup-home" "-e" "CARGO_TARGET_DIR=/opt/rustwide/target" "-e" "CARGO_INCREMENTAL=0" "-e" "RUST_BACKTRACE=full" "-e" "RUSTFLAGS=--cap-lints=warn" "-e" "RUSTDOCFLAGS=--cap-lints=warn" "-w" "/opt/rustwide/workdir" "--user" "0:0" "4c2d0b62728cb22f480563d452967626c51d76860765c667f75134115a68cef7" "/opt/rustwide/cargo-home/bin/cargo" "+1.100.0-beta.1" "test" "--frozen" "--no-run" "--message-format=json" "--release", kill_on_drop: false }`
[INFO] [stderr]    Compiling ecitygml v0.0.2-alpha.7 (/opt/rustwide/workdir)
[INFO] [stderr]     Finished `release` profile [optimized] target(s) in 11.27s
[INFO] running `Command { std: "docker" "inspect" "4c2d0b62728cb22f480563d452967626c51d76860765c667f75134115a68cef7", kill_on_drop: false }`
[INFO] running `Command { std: "docker" "exec" "-e" "SOURCE_DIR=/opt/rustwide/workdir" "-e" "CARGO_HOME=/opt/rustwide/cargo-home" "-e" "RUSTUP_HOME=/opt/rustwide/rustup-home" "-e" "CARGO_TARGET_DIR=/opt/rustwide/target" "-e" "CARGO_INCREMENTAL=0" "-e" "RUST_BACKTRACE=full" "-e" "RUSTFLAGS=--cap-lints=warn" "-e" "RUSTDOCFLAGS=--cap-lints=warn" "-w" "/opt/rustwide/workdir" "--user" "0:0" "4c2d0b62728cb22f480563d452967626c51d76860765c667f75134115a68cef7" "/opt/rustwide/cargo-home/bin/cargo" "+1.100.0-beta.1" "test" "--frozen" "--release", kill_on_drop: false }`
[INFO] [stderr]     Finished `release` profile [optimized] target(s) in 0.16s
[INFO] [stderr]      Running unittests src/lib.rs (/opt/rustwide/target/release/build/ecitygml/539855a461f8b202/out/ecitygml-539855a461f8b202)
[INFO] [stdout] 
[INFO] [stdout] running 0 tests
[INFO] [stderr]      Running tests/examples.rs (/opt/rustwide/target/release/build/ecitygml/c2573178266ac2f0/out/examples-c2573178266ac2f0)
[INFO] [stdout] 
[INFO] [stderr] error: test failed, to rerun pass `--test examples`
[INFO] [stdout] test result: ok. 0 passed; 0 failed; 0 ignored; 0 measured; 0 filtered out; finished in 0.00s
[INFO] [stdout] 
[INFO] [stdout] 
[INFO] [stdout] running 5 tests
[INFO] [stdout] test usage ... FAILED
[INFO] [stdout] test missing_file ... FAILED
[INFO] [stdout] test snippets_print_expected_output ... FAILED
[INFO] [stdout] test examples_print_expected_output ... FAILED
[INFO] [stdout] test every_example_and_snippet_has_expected_output ... FAILED
[INFO] [stdout] 
[INFO] [stdout] failures:
[INFO] [stdout] 
[INFO] [stdout] ---- usage stdout ----
[INFO] [stdout] 
[INFO] [stdout] thread 'usage' (2051) panicked at tests/examples.rs:37:5:
[INFO] [stdout] /opt/rustwide/target/release/build/ecitygml/c2573178266ac2f0/examples/01_read_city_model is missing: build the examples (`cargo build --examples`)
[INFO] [stdout] stack backtrace:
[INFO] [stdout]    0:     0x64680221a531 - <<std[617be2ca0a6fd877]::sys::backtrace::BacktraceLock>::print::DisplayBacktrace as core[a373ad73a504971]::fmt::Display>::fmt
[INFO] [stdout]    1:     0x64680222e9da - core[a373ad73a504971]::fmt::write
[INFO] [stdout]    2:     0x64680221ec2c - <alloc[2e1b2a31b91974c5]::vec::Vec<u8> as core[a373ad73a504971]::io::write::Write>::write_fmt
[INFO] [stdout]    3:     0x6468021f5376 - std[617be2ca0a6fd877]::panicking::default_hook::{closure#0}
[INFO] [stdout]    4:     0x646802212269 - std[617be2ca0a6fd877]::panicking::default_hook
[INFO] [stdout]    5:     0x6468021ad550 - test[aada8e7e76ba119b]::test_main_inner::{closure#0}
[INFO] [stdout]    6:     0x646802212422 - std[617be2ca0a6fd877]::panicking::panic_with_hook
[INFO] [stdout]    7:     0x6468021f5422 - std[617be2ca0a6fd877]::panicking::panic_handler::{closure#0}
[INFO] [stdout]    8:     0x6468021ede59 - std[617be2ca0a6fd877]::sys::backtrace::__rust_end_short_backtrace::<std[617be2ca0a6fd877]::panicking::panic_handler::{closure#0}, !>
[INFO] [stdout]    9:     0x6468021f602d - __rustc[ea4f61d10b84890b]::rust_begin_unwind
[INFO] [stdout]   10:     0x64680222f10c - core[a373ad73a504971]::panicking::panic_fmt
[INFO] [stdout]   11:     0x6468021992a3 - examples[f2b05b0048644cdd]::run
[INFO] [stdout]   12:     0x64680219c26b - <examples[f2b05b0048644cdd]::usage::{closure#0} as core[a373ad73a504971]::ops::function::FnOnce<()>>::call_once
[INFO] [stdout]   13:     0x6468021a099b - test[aada8e7e76ba119b]::__rust_begin_short_backtrace::<core[a373ad73a504971]::result::Result<(), alloc[2e1b2a31b91974c5]::string::String>, fn() -> core[a373ad73a504971]::result::Result<(), alloc[2e1b2a31b91974c5]::string::String>>
[INFO] [stdout]   14:     0x6468021adb75 - test[aada8e7e76ba119b]::run_test::{closure#0}
[INFO] [stdout]   15:     0x6468021a7464 - std[617be2ca0a6fd877]::sys::backtrace::__rust_begin_short_backtrace::<test[aada8e7e76ba119b]::run_test::{closure#1}, ()>
[INFO] [stdout]   16:     0x6468021b0c02 - <std[617be2ca0a6fd877]::thread::lifecycle::spawn_unchecked<test[aada8e7e76ba119b]::run_test::{closure#1}, ()>::{closure#1} as core[a373ad73a504971]::ops::function::FnOnce<()>>::call_once::{shim:vtable#0}
[INFO] [stdout]   17:     0x64680221971f - <std[617be2ca0a6fd877]::sys::thread::unix::Thread>::new::thread_start
[INFO] [stdout]   18:     0x706b9996fdfa - <unknown>
[INFO] [stdout]   19:     0x706b99a033d4 - clone
[INFO] [stdout]   20:                0x0 - <unknown>
[INFO] [stdout] 
[INFO] [stdout] ---- missing_file stdout ----
[INFO] [stdout] 
[INFO] [stdout] thread 'missing_file' (2049) panicked at tests/examples.rs:37:5:
[INFO] [stdout] /opt/rustwide/target/release/build/ecitygml/c2573178266ac2f0/examples/01_read_city_model is missing: build the examples (`cargo build --examples`)
[INFO] [stdout] stack backtrace:
[INFO] [stdout]    0:     0x64680221a531 - <<std[617be2ca0a6fd877]::sys::backtrace::BacktraceLock>::print::DisplayBacktrace as core[a373ad73a504971]::fmt::Display>::fmt
[INFO] [stdout]    1:     0x64680222e9da - core[a373ad73a504971]::fmt::write
[INFO] [stdout]    2:     0x64680221ec2c - <alloc[2e1b2a31b91974c5]::vec::Vec<u8> as core[a373ad73a504971]::io::write::Write>::write_fmt
[INFO] [stdout]    3:     0x6468021f5376 - std[617be2ca0a6fd877]::panicking::default_hook::{closure#0}
[INFO] [stdout]    4:     0x646802212269 - std[617be2ca0a6fd877]::panicking::default_hook
[INFO] [stdout]    5:     0x6468021ad550 - test[aada8e7e76ba119b]::test_main_inner::{closure#0}
[INFO] [stdout]    6:     0x646802212422 - std[617be2ca0a6fd877]::panicking::panic_with_hook
[INFO] [stdout]    7:     0x6468021f5422 - std[617be2ca0a6fd877]::panicking::panic_handler::{closure#0}
[INFO] [stdout]    8:     0x6468021ede59 - std[617be2ca0a6fd877]::sys::backtrace::__rust_end_short_backtrace::<std[617be2ca0a6fd877]::panicking::panic_handler::{closure#0}, !>
[INFO] [stdout]    9:     0x6468021f602d - __rustc[ea4f61d10b84890b]::rust_begin_unwind
[INFO] [stdout]   10:     0x64680222f10c - core[a373ad73a504971]::panicking::panic_fmt
[INFO] [stdout]   11:     0x6468021992a3 - examples[f2b05b0048644cdd]::run
[INFO] [stdout]   12:     0x64680219b41d - <examples[f2b05b0048644cdd]::missing_file::{closure#0} as core[a373ad73a504971]::ops::function::FnOnce<()>>::call_once
[INFO] [stdout]   13:     0x6468021a099b - test[aada8e7e76ba119b]::__rust_begin_short_backtrace::<core[a373ad73a504971]::result::Result<(), alloc[2e1b2a31b91974c5]::string::String>, fn() -> core[a373ad73a504971]::result::Result<(), alloc[2e1b2a31b91974c5]::string::String>>
[INFO] [stdout]   14:     0x6468021adb75 - test[aada8e7e76ba119b]::run_test::{closure#0}
[INFO] [stdout]   15:     0x6468021a7464 - std[617be2ca0a6fd877]::sys::backtrace::__rust_begin_short_backtrace::<test[aada8e7e76ba119b]::run_test::{closure#1}, ()>
[INFO] [stdout]   16:     0x6468021b0c02 - <std[617be2ca0a6fd877]::thread::lifecycle::spawn_unchecked<test[aada8e7e76ba119b]::run_test::{closure#1}, ()>::{closure#1} as core[a373ad73a504971]::ops::function::FnOnce<()>>::call_once::{shim:vtable#0}
[INFO] [stdout]   17:     0x64680221971f - <std[617be2ca0a6fd877]::sys::thread::unix::Thread>::new::thread_start
[INFO] [stdout]   18:     0x706b9996fdfa - <unknown>
[INFO] [stdout]   19:     0x706b99a033d4 - clone
[INFO] [stdout]   20:                0x0 - <unknown>
[INFO] [stdout] 
[INFO] [stdout] ---- snippets_print_expected_output stdout ----
[INFO] [stdout] 
[INFO] [stdout] thread 'snippets_print_expected_output' (2050) panicked at tests/examples.rs:53:10:
[INFO] [stdout] the expected outputs should exist: Os { code: 2, kind: NotFound, message: "No such file or directory" }
[INFO] [stdout] stack backtrace:
[INFO] [stdout]    0:     0x64680221a531 - <<std[617be2ca0a6fd877]::sys::backtrace::BacktraceLock>::print::DisplayBacktrace as core[a373ad73a504971]::fmt::Display>::fmt
[INFO] [stdout]    1:     0x64680222e9da - core[a373ad73a504971]::fmt::write
[INFO] [stdout]    2:     0x64680221ec2c - <alloc[2e1b2a31b91974c5]::vec::Vec<u8> as core[a373ad73a504971]::io::write::Write>::write_fmt
[INFO] [stdout]    3:     0x6468021f5376 - std[617be2ca0a6fd877]::panicking::default_hook::{closure#0}
[INFO] [stdout]    4:     0x646802212269 - std[617be2ca0a6fd877]::panicking::default_hook
[INFO] [stdout]    5:     0x6468021ad550 - test[aada8e7e76ba119b]::test_main_inner::{closure#0}
[INFO] [stdout]    6:     0x646802212422 - std[617be2ca0a6fd877]::panicking::panic_with_hook
[INFO] [stdout]    7:     0x6468021f5422 - std[617be2ca0a6fd877]::panicking::panic_handler::{closure#0}
[INFO] [stdout]    8:     0x6468021ede59 - std[617be2ca0a6fd877]::sys::backtrace::__rust_end_short_backtrace::<std[617be2ca0a6fd877]::panicking::panic_handler::{closure#0}, !>
[INFO] [stdout]    9:     0x6468021f602d - __rustc[ea4f61d10b84890b]::rust_begin_unwind
[INFO] [stdout]   10:     0x64680222f10c - core[a373ad73a504971]::panicking::panic_fmt
[INFO] [stdout]   11:     0x64680222eee2 - core[a373ad73a504971]::result::unwrap_failed
[INFO] [stdout]   12:     0x646802199ca2 - examples[f2b05b0048644cdd]::cases
[INFO] [stdout]   13:     0x64680219a121 - examples[f2b05b0048644cdd]::failures
[INFO] [stdout]   14:     0x64680219baa7 - <examples[f2b05b0048644cdd]::snippets_print_expected_output::{closure#0} as core[a373ad73a504971]::ops::function::FnOnce<()>>::call_once
[INFO] [stdout]   15:     0x6468021a099b - test[aada8e7e76ba119b]::__rust_begin_short_backtrace::<core[a373ad73a504971]::result::Result<(), alloc[2e1b2a31b91974c5]::string::String>, fn() -> core[a373ad73a504971]::result::Result<(), alloc[2e1b2a31b91974c5]::string::String>>
[INFO] [stdout]   16:     0x6468021adb75 - test[aada8e7e76ba119b]::run_test::{closure#0}
[INFO] [stdout]   17:     0x6468021a7464 - std[617be2ca0a6fd877]::sys::backtrace::__rust_begin_short_backtrace::<test[aada8e7e76ba119b]::run_test::{closure#1}, ()>
[INFO] [stdout]   18:     0x6468021b0c02 - <std[617be2ca0a6fd877]::thread::lifecycle::spawn_unchecked<test[aada8e7e76ba119b]::run_test::{closure#1}, ()>::{closure#1} as core[a373ad73a504971]::ops::function::FnOnce<()>>::call_once::{shim:vtable#0}
[INFO] [stdout]   19:     0x64680221971f - <std[617be2ca0a6fd877]::sys::thread::unix::Thread>::new::thread_start
[INFO] [stdout]   20:     0x706b9996fdfa - <unknown>
[INFO] [stdout]   21:     0x706b99a033d4 - clone
[INFO] [stdout]   22:                0x0 - <unknown>
[INFO] [stdout] 
[INFO] [stdout] ---- examples_print_expected_output stdout ----
[INFO] [stdout] 
[INFO] [stdout] thread 'examples_print_expected_output' (2048) panicked at tests/examples.rs:53:10:
[INFO] [stdout] the expected outputs should exist: Os { code: 2, kind: NotFound, message: "No such file or directory" }
[INFO] [stdout] stack backtrace:
[INFO] [stdout]    0:     0x64680221a531 - <<std[617be2ca0a6fd877]::sys::backtrace::BacktraceLock>::print::DisplayBacktrace as core[a373ad73a504971]::fmt::Display>::fmt
[INFO] [stdout]    1:     0x64680222e9da - core[a373ad73a504971]::fmt::write
[INFO] [stdout]    2:     0x64680221ec2c - <alloc[2e1b2a31b91974c5]::vec::Vec<u8> as core[a373ad73a504971]::io::write::Write>::write_fmt
[INFO] [stdout]    3:     0x6468021f5376 - std[617be2ca0a6fd877]::panicking::default_hook::{closure#0}
[INFO] [stdout]    4:     0x646802212269 - std[617be2ca0a6fd877]::panicking::default_hook
[INFO] [stdout]    5:     0x6468021ad550 - test[aada8e7e76ba119b]::test_main_inner::{closure#0}
[INFO] [stdout]    6:     0x646802212422 - std[617be2ca0a6fd877]::panicking::panic_with_hook
[INFO] [stdout]    7:     0x6468021f5422 - std[617be2ca0a6fd877]::panicking::panic_handler::{closure#0}
[INFO] [stdout]    8:     0x6468021ede59 - std[617be2ca0a6fd877]::sys::backtrace::__rust_end_short_backtrace::<std[617be2ca0a6fd877]::panicking::panic_handler::{closure#0}, !>
[INFO] [stdout]    9:     0x6468021f602d - __rustc[ea4f61d10b84890b]::rust_begin_unwind
[INFO] [stdout]   10:     0x64680222f10c - core[a373ad73a504971]::panicking::panic_fmt
[INFO] [stdout]   11:     0x64680222eee2 - core[a373ad73a504971]::result::unwrap_failed
[INFO] [stdout]   12:     0x646802199ca2 - examples[f2b05b0048644cdd]::cases
[INFO] [stdout]   13:     0x64680219a121 - examples[f2b05b0048644cdd]::failures
[INFO] [stdout]   14:     0x64680219b9a7 - <examples[f2b05b0048644cdd]::examples_print_expected_output::{closure#0} as core[a373ad73a504971]::ops::function::FnOnce<()>>::call_once
[INFO] [stdout]   15:     0x6468021a099b - test[aada8e7e76ba119b]::__rust_begin_short_backtrace::<core[a373ad73a504971]::result::Result<(), alloc[2e1b2a31b91974c5]::string::String>, fn() -> core[a373ad73a504971]::result::Result<(), alloc[2e1b2a31b91974c5]::string::String>>
[INFO] [stdout]   16:     0x6468021adb75 - test[aada8e7e76ba119b]::run_test::{closure#0}
[INFO] [stdout]   17:     0x6468021a7464 - std[617be2ca0a6fd877]::sys::backtrace::__rust_begin_short_backtrace::<test[aada8e7e76ba119b]::run_test::{closure#1}, ()>
[INFO] [stdout]   18:     0x6468021b0c02 - <std[617be2ca0a6fd877]::thread::lifecycle::spawn_unchecked<test[aada8e7e76ba119b]::run_test::{closure#1}, ()>::{closure#1} as core[a373ad73a504971]::ops::function::FnOnce<()>>::call_once::{shim:vtable#0}
[INFO] [stdout]   19:     0x64680221971f - <std[617be2ca0a6fd877]::sys::thread::unix::Thread>::new::thread_start
[INFO] [stdout]   20:     0x706b9996fdfa - <unknown>
[INFO] [stdout]   21:     0x706b99a033d4 - clone
[INFO] [stdout]   22:                0x0 - <unknown>
[INFO] [stdout] 
[INFO] [stdout] ---- every_example_and_snippet_has_expected_output stdout ----
[INFO] [stdout] 
[INFO] [stdout] thread 'every_example_and_snippet_has_expected_output' (2047) panicked at tests/examples.rs:53:10:
[INFO] [stdout] the expected outputs should exist: Os { code: 2, kind: NotFound, message: "No such file or directory" }
[INFO] [stdout] stack backtrace:
[INFO] [stdout]    0:     0x64680221a531 - <<std[617be2ca0a6fd877]::sys::backtrace::BacktraceLock>::print::DisplayBacktrace as core[a373ad73a504971]::fmt::Display>::fmt
[INFO] [stdout]    1:     0x64680222e9da - core[a373ad73a504971]::fmt::write
[INFO] [stdout]    2:     0x64680221ec2c - <alloc[2e1b2a31b91974c5]::vec::Vec<u8> as core[a373ad73a504971]::io::write::Write>::write_fmt
[INFO] [stdout]    3:     0x6468021f5376 - std[617be2ca0a6fd877]::panicking::default_hook::{closure#0}
[INFO] [stdout]    4:     0x646802212269 - std[617be2ca0a6fd877]::panicking::default_hook
[INFO] [stdout]    5:     0x6468021ad550 - test[aada8e7e76ba119b]::test_main_inner::{closure#0}
[INFO] [stdout]    6:     0x646802212422 - std[617be2ca0a6fd877]::panicking::panic_with_hook
[INFO] [stdout]    7:     0x6468021f5422 - std[617be2ca0a6fd877]::panicking::panic_handler::{closure#0}
[INFO] [stdout]    8:     0x6468021ede59 - std[617be2ca0a6fd877]::sys::backtrace::__rust_end_short_backtrace::<std[617be2ca0a6fd877]::panicking::panic_handler::{closure#0}, !>
[INFO] [stdout]    9:     0x6468021f602d - __rustc[ea4f61d10b84890b]::rust_begin_unwind
[INFO] [stdout]   10:     0x64680222f10c - core[a373ad73a504971]::panicking::panic_fmt
[INFO] [stdout]   11:     0x64680222eee2 - core[a373ad73a504971]::result::unwrap_failed
[INFO] [stdout]   12:     0x646802199ca2 - examples[f2b05b0048644cdd]::cases
[INFO] [stdout]   13:     0x64680219bd2a - <examples[f2b05b0048644cdd]::every_example_and_snippet_has_expected_output::{closure#0} as core[a373ad73a504971]::ops::function::FnOnce<()>>::call_once
[INFO] [stdout]   14:     0x6468021a099b - test[aada8e7e76ba119b]::__rust_begin_short_backtrace::<core[a373ad73a504971]::result::Result<(), alloc[2e1b2a31b91974c5]::string::String>, fn() -> core[a373ad73a504971]::result::Result<(), alloc[2e1b2a31b91974c5]::string::String>>
[INFO] [stdout]   15:     0x6468021adb75 - test[aada8e7e76ba119b]::run_test::{closure#0}
[INFO] [stdout]   16:     0x6468021a7464 - std[617be2ca0a6fd877]::sys::backtrace::__rust_begin_short_backtrace::<test[aada8e7e76ba119b]::run_test::{closure#1}, ()>
[INFO] [stdout]   17:     0x6468021b0c02 - <std[617be2ca0a6fd877]::thread::lifecycle::spawn_unchecked<test[aada8e7e76ba119b]::run_test::{closure#1}, ()>::{closure#1} as core[a373ad73a504971]::ops::function::FnOnce<()>>::call_once::{shim:vtable#0}
[INFO] [stdout]   18:     0x64680221971f - <std[617be2ca0a6fd877]::sys::thread::unix::Thread>::new::thread_start
[INFO] [stdout]   19:     0x706b9996fdfa - <unknown>
[INFO] [stdout]   20:     0x706b99a033d4 - clone
[INFO] [stdout]   21:                0x0 - <unknown>
[INFO] [stdout] 
[INFO] [stdout] 
[INFO] [stdout] failures:
[INFO] [stdout]     every_example_and_snippet_has_expected_output
[INFO] [stdout]     examples_print_expected_output
[INFO] [stdout]     missing_file
[INFO] [stdout]     snippets_print_expected_output
[INFO] [stdout]     usage
[INFO] [stdout] 
[INFO] [stdout] test result: FAILED. 0 passed; 5 failed; 0 ignored; 0 measured; 0 filtered out; finished in 0.00s
[INFO] [stdout] 
[INFO] running `Command { std: "docker" "inspect" "4c2d0b62728cb22f480563d452967626c51d76860765c667f75134115a68cef7", kill_on_drop: false }`
[INFO] running `Command { std: "docker" "rm" "-f" "4c2d0b62728cb22f480563d452967626c51d76860765c667f75134115a68cef7", kill_on_drop: false }`
[INFO] [stdout] 4c2d0b62728cb22f480563d452967626c51d76860765c667f75134115a68cef7
