[INFO] fetching crate ecitygml-io 0.0.2-alpha.7...
[INFO] testing ecitygml-io-0.0.2-alpha.7 against 1.99.0-beta.8+cargoflags=--release for beta-release-1.100-2
[INFO] extracting crate ecitygml-io 0.0.2-alpha.7 into /workspace/builds/worker-6-tc1/source
[INFO] started tweaking crates.io crate ecitygml-io 0.0.2-alpha.7
[INFO] removed 0 missing tests
[INFO] finished tweaking crates.io crate ecitygml-io 0.0.2-alpha.7
[INFO] tweaked toml for crates.io crate ecitygml-io 0.0.2-alpha.7 written to /workspace/builds/worker-6-tc1/source/Cargo.toml
[INFO] validating manifest of crates.io crate ecitygml-io 0.0.2-alpha.7 on toolchain 1.99.0-beta.8
[INFO] running `Command { std: CARGO_HOME="/workspace/cargo-home" RUSTUP_HOME="/workspace/rustup-home" "/workspace/cargo-home/bin/cargo" "+1.99.0-beta.8" "metadata" "--manifest-path" "Cargo.toml" "--no-deps", kill_on_drop: false }`
[INFO] crate crates.io crate ecitygml-io 0.0.2-alpha.7 already has a lockfile, it will not be regenerated
[INFO] running `Command { std: CARGO_HOME="/workspace/cargo-home" RUSTUP_HOME="/workspace/rustup-home" "/workspace/cargo-home/bin/cargo" "+1.99.0-beta.8" "fetch" "--manifest-path" "Cargo.toml", kill_on_drop: false }`
[INFO] [stderr]     Updating crates.io index
[INFO] [stderr]     Blocking waiting for file lock on package cache
[INFO] [stderr]  Downloading crates ...
[INFO] [stderr]   Downloaded zstd v0.14.2
[INFO] [stderr]   Downloaded zstd-safe v8.1.0
[INFO] [stderr]   Downloaded egml v0.0.2-alpha.7
[INFO] [stderr]   Downloaded egml-transform v0.0.2-alpha.7
[INFO] [stderr]   Downloaded egml-core v0.0.2-alpha.7
[INFO] [stderr]   Downloaded ruzstd v0.9.1
[INFO] [stderr]   Downloaded glamx v0.3.1
[INFO] [stderr]   Downloaded num-derive v0.5.1
[INFO] [stderr]   Downloaded derive_utils v0.16.0
[INFO] [stderr]   Downloaded auto_enums v0.8.10
[INFO] [stderr]   Downloaded earcut v0.4.11
[INFO] [stderr]   Downloaded egml-io v0.0.2-alpha.7
[INFO] [stderr]   Downloaded zstd-sys v2.1.1+zstd.1.5.7
[INFO] [stderr]   Downloaded ecitygml-core v0.0.2-alpha.7
[INFO] [stderr]   Downloaded parry3d-f64 v0.31.1
[INFO] [stderr]   Downloaded bvh v0.12.0
[INFO] running `Command { std: "docker" "create" "-v" "/var/lib/crater-agent-workspace/builds/worker-6-tc1/source:/opt/rustwide/workdir:ro,Z" "-v" "/var/lib/crater-agent-workspace/builds/worker-6-tc1/target:/opt/rustwide/target:rw,Z" "-v" "/var/lib/crater-agent-workspace/cargo-home:/opt/rustwide/cargo-home:ro,Z" "-v" "/var/lib/crater-agent-workspace/rustup-home:/opt/rustwide/rustup-home:ro,Z" "-m" "1610612736" "--network" "none" "ghcr.io/rust-lang/crates-build-env/linux@sha256:77db811e55d90add9212f6832c23229e3de5f1c1f9905e8cb07319ea15df73ac" "sleep" "infinity", kill_on_drop: false }`
[INFO] [stdout] 758c8b2429a514f170dbc99a258adae48e547ee78fdd9893c4f5b07a7b2cee30
[INFO] running `Command { std: "docker" "start" "758c8b2429a514f170dbc99a258adae48e547ee78fdd9893c4f5b07a7b2cee30", kill_on_drop: false }`
[INFO] running `Command { std: "docker" "inspect" "758c8b2429a514f170dbc99a258adae48e547ee78fdd9893c4f5b07a7b2cee30", kill_on_drop: false }`
[INFO] running `Command { std: "docker" "exec" "-e" "SOURCE_DIR=/opt/rustwide/workdir" "-e" "CARGO_HOME=/opt/rustwide/cargo-home" "-e" "RUSTUP_HOME=/opt/rustwide/rustup-home" "-e" "CARGO_TARGET_DIR=/opt/rustwide/target" "-w" "/opt/rustwide/workdir" "--user" "0:0" "758c8b2429a514f170dbc99a258adae48e547ee78fdd9893c4f5b07a7b2cee30" "/opt/rustwide/cargo-home/bin/cargo" "+1.99.0-beta.8" "metadata" "--no-deps" "--format-version=1", kill_on_drop: false }`
[INFO] running `Command { std: "docker" "inspect" "758c8b2429a514f170dbc99a258adae48e547ee78fdd9893c4f5b07a7b2cee30", kill_on_drop: false }`
[INFO] running `Command { std: "docker" "exec" "-e" "SOURCE_DIR=/opt/rustwide/workdir" "-e" "CARGO_HOME=/opt/rustwide/cargo-home" "-e" "RUSTUP_HOME=/opt/rustwide/rustup-home" "-e" "CARGO_TARGET_DIR=/opt/rustwide/target" "-e" "CARGO_INCREMENTAL=0" "-e" "RUST_BACKTRACE=full" "-e" "RUSTFLAGS=--cap-lints=warn" "-e" "RUSTDOCFLAGS=--cap-lints=warn" "-w" "/opt/rustwide/workdir" "--user" "0:0" "758c8b2429a514f170dbc99a258adae48e547ee78fdd9893c4f5b07a7b2cee30" "/opt/rustwide/cargo-home/bin/cargo" "+1.99.0-beta.8" "build" "--frozen" "--message-format=json" "--release", kill_on_drop: false }`
[INFO] [stderr]    Compiling bytemuck v1.25.2
[INFO] [stderr]    Compiling num-traits v0.2.19
[INFO] [stderr]    Compiling matrixmultiply v0.3.11
[INFO] [stderr]    Compiling syn v3.0.9
[INFO] [stderr]    Compiling syn v2.0.119
[INFO] [stderr]    Compiling libc v0.2.190
[INFO] [stderr]    Compiling hybrid-array v0.4.15
[INFO] [stderr]    Compiling heapless v0.8.0
[INFO] [stderr]    Compiling rawpointer v0.2.1
[INFO] [stderr]    Compiling hash32 v0.3.1
[INFO] [stderr]    Compiling safe_arch v1.2.0
[INFO] [stderr]    Compiling smallvec v1.16.3
[INFO] [stderr]    Compiling hashbrown v0.16.1
[INFO] [stderr]    Compiling block-buffer v0.12.1
[INFO] [stderr]    Compiling wide v1.7.1
[INFO] [stderr]    Compiling crypto-common v0.2.2
[INFO] [stderr]    Compiling approx v0.5.1
[INFO] [stderr]    Compiling num-integer v0.1.47
[INFO] [stderr]    Compiling glam v0.33.12
[INFO] [stderr]    Compiling num-rational v0.4.2
[INFO] [stderr]    Compiling jobserver v0.1.35
[INFO] [stderr]    Compiling const-oid v0.10.2
[INFO] [stderr]    Compiling robust v1.2.0
[INFO] [stderr]    Compiling find-msvc-tools v0.1.14
[INFO] [stderr]    Compiling ena v0.14.4
[INFO] [stderr]    Compiling derive_utils v0.16.0
[INFO] [stderr]    Compiling cc v1.8.0
[INFO] [stderr]    Compiling rstar v0.13.0
[INFO] [stderr]    Compiling digest v0.11.3
[INFO] [stderr]    Compiling spade v2.15.1
[INFO] [stderr]    Compiling ordered-float v5.5.0
[INFO] [stderr]    Compiling hashbrown v0.17.1
[INFO] [stderr]    Compiling cpufeatures v0.3.1
[INFO] [stderr]    Compiling arrayvec v0.7.8
[INFO] [stderr]    Compiling downcast-rs v2.0.2
[INFO] [stderr]    Compiling bitflags v2.13.2
[INFO] [stderr]    Compiling pkg-config v0.3.34
[INFO] [stderr]    Compiling serde_derive v1.0.229
[INFO] [stderr]    Compiling thiserror-impl v2.0.21
[INFO] [stderr]    Compiling num-derive v0.5.1
[INFO] [stderr]    Compiling uuid v1.28.0
[INFO] [stderr]    Compiling zstd-sys v2.1.1+zstd.1.5.7
[INFO] [stderr]    Compiling auto_enums v0.8.10
[INFO] [stderr]    Compiling nalgebra-macros v0.3.0
[INFO] [stderr]    Compiling strum_macros v0.28.0
[INFO] [stderr]    Compiling sha2 v0.11.1
[INFO] [stderr]    Compiling thiserror v2.0.21
[INFO] [stderr]    Compiling chrono v0.4.45
[INFO] [stderr]    Compiling earcut v0.4.11
[INFO] [stderr]    Compiling safe_arch v0.7.4
[INFO] [stderr]    Compiling itertools v0.15.0
[INFO] [stderr]    Compiling wide v0.7.33
[INFO] [stderr]    Compiling serde v1.0.229
[INFO] [stderr]    Compiling strum v0.28.0
[INFO] [stderr]    Compiling tracing-attributes v0.1.31
[INFO] [stderr]    Compiling memchr v2.8.3
[INFO] [stderr]    Compiling num-complex v0.4.6
[INFO] [stderr]    Compiling quick-xml v0.42.0
[INFO] [stderr]    Compiling slotmap v1.1.1
[INFO] [stderr]    Compiling zstd-safe v8.1.0
[INFO] [stderr]    Compiling crc32fast v1.5.2
[INFO] [stderr]    Compiling tracing v0.1.44
[INFO] [stderr]    Compiling simba v0.9.1
[INFO] [stderr]    Compiling simd-adler32 v0.3.10
[INFO] [stderr]    Compiling miniz_oxide v0.9.1
[INFO] [stderr]    Compiling flate2 v1.1.10
[INFO] [stderr]    Compiling simba v0.10.2
[INFO] [stderr]    Compiling glamx v0.3.1
[INFO] [stderr]    Compiling parry3d-f64 v0.31.1
[INFO] [stderr]    Compiling nalgebra v0.35.0
[INFO] [stderr]    Compiling nalgebra v0.34.2
[INFO] [stderr]    Compiling zstd v0.14.2
[INFO] [stderr]    Compiling egml-core v0.0.2-alpha.7
[INFO] [stderr]    Compiling egml-io v0.0.2-alpha.7
[INFO] [stderr]    Compiling egml-transform v0.0.2-alpha.7
[INFO] [stderr]    Compiling egml v0.0.2-alpha.7
[INFO] [stderr]    Compiling bvh v0.12.0
[INFO] [stderr]    Compiling ecitygml-core v0.0.2-alpha.7
[INFO] [stderr]    Compiling ecitygml-io v0.0.2-alpha.7 (/opt/rustwide/workdir)
[INFO] [stderr]     Finished `release` profile [optimized] target(s) in 5m 37s
[INFO] running `Command { std: "docker" "inspect" "758c8b2429a514f170dbc99a258adae48e547ee78fdd9893c4f5b07a7b2cee30", kill_on_drop: false }`
[INFO] running `Command { std: "docker" "exec" "-e" "SOURCE_DIR=/opt/rustwide/workdir" "-e" "CARGO_HOME=/opt/rustwide/cargo-home" "-e" "RUSTUP_HOME=/opt/rustwide/rustup-home" "-e" "CARGO_TARGET_DIR=/opt/rustwide/target" "-e" "CARGO_INCREMENTAL=0" "-e" "RUST_BACKTRACE=full" "-e" "RUSTFLAGS=--cap-lints=warn" "-e" "RUSTDOCFLAGS=--cap-lints=warn" "-w" "/opt/rustwide/workdir" "--user" "0:0" "758c8b2429a514f170dbc99a258adae48e547ee78fdd9893c4f5b07a7b2cee30" "/opt/rustwide/cargo-home/bin/cargo" "+1.99.0-beta.8" "test" "--frozen" "--no-run" "--message-format=json" "--release", kill_on_drop: false }`
[INFO] [stderr]    Compiling ecitygml-io v0.0.2-alpha.7 (/opt/rustwide/workdir)
[INFO] [stderr]     Finished `release` profile [optimized] target(s) in 1m 09s
[INFO] running `Command { std: "docker" "inspect" "758c8b2429a514f170dbc99a258adae48e547ee78fdd9893c4f5b07a7b2cee30", kill_on_drop: false }`
[INFO] running `Command { std: "docker" "exec" "-e" "SOURCE_DIR=/opt/rustwide/workdir" "-e" "CARGO_HOME=/opt/rustwide/cargo-home" "-e" "RUSTUP_HOME=/opt/rustwide/rustup-home" "-e" "CARGO_TARGET_DIR=/opt/rustwide/target" "-e" "CARGO_INCREMENTAL=0" "-e" "RUST_BACKTRACE=full" "-e" "RUSTFLAGS=--cap-lints=warn" "-e" "RUSTDOCFLAGS=--cap-lints=warn" "-w" "/opt/rustwide/workdir" "--user" "0:0" "758c8b2429a514f170dbc99a258adae48e547ee78fdd9893c4f5b07a7b2cee30" "/opt/rustwide/cargo-home/bin/cargo" "+1.99.0-beta.8" "test" "--frozen" "--release", kill_on_drop: false }`
[INFO] [stderr]     Finished `release` profile [optimized] target(s) in 0.13s
[INFO] [stderr]      Running unittests src/lib.rs (/opt/rustwide/target/release/deps/ecitygml_io-e6bc0fac00431ae4)
[INFO] [stdout] 
[INFO] [stdout] running 279 tests
[INFO] [stdout] test gml::codec::appearance::appearance::tests::test_round_trip_appearance_with_theme ... ok
[INFO] [stdout] test gml::codec::appearance::basic_types::color::tests::test_deserialize_color_rejects_wrong_number_of_values ... ok
[INFO] [stdout] test gml::codec::appearance::appearance::tests::test_deserialize_appearance_with_theme ... ok
[INFO] [stdout] test gml::codec::appearance::basic_types::color::tests::test_round_trip_color ... ok
[INFO] [stdout] test gml::codec::appearance::basic_types::color::tests::test_deserialize_color ... ok
[INFO] [stdout] test gml::codec::appearance::basic_types::color_plus_opacity::tests::test_deserialize_color_plus_opacity ... ok
[INFO] [stdout] test gml::codec::appearance::basic_types::color_plus_opacity::tests::test_deserialize_color_plus_opacity_rejects_wrong_number_of_values ... ok
[INFO] [stdout] test gml::codec::appearance::basic_types::color_plus_opacity::tests::test_round_trip_color_plus_opacity ... ok
[INFO] [stdout] test gml::codec::appearance::basic_types::geometry_reference::tests::test_round_trip_geometry_reference ... ok
[INFO] [stdout] test gml::codec::appearance::basic_types::geometry_reference::tests::test_deserialize_geometry_reference ... ok
[INFO] [stdout] test gml::codec::appearance::enums::texture_type::tests::test_deserialize_texture_type ... ok
[INFO] [stdout] test gml::codec::appearance::enums::texture_type::tests::test_deserialize_texture_type_rejects_unknown_value ... ok
[INFO] [stdout] test gml::codec::appearance::enums::texture_type::tests::test_round_trip_texture_type ... ok
[INFO] [stdout] test gml::codec::appearance::basic_types::color::tests::test_serialize_color ... ok
[INFO] [stdout] test gml::codec::appearance::basic_types::color_plus_opacity::tests::test_serialize_color_plus_opacity ... ok
[INFO] [stdout] test gml::codec::appearance::basic_types::geometry_reference::tests::test_serialize_geometry_reference ... ok
[INFO] [stdout] test gml::codec::appearance::enums::texture_type::tests::test_serialize_texture_type ... ok
[INFO] [stdout] test gml::codec::appearance::enums::wrap_mode::tests::test_deserialize_wrap_mode ... ok
[INFO] [stdout] test gml::codec::appearance::enums::wrap_mode::tests::test_deserialize_wrap_mode_rejects_unknown_value ... ok
[INFO] [stdout] test gml::codec::appearance::enums::wrap_mode::tests::test_round_trip_wrap_mode ... ok
[INFO] [stdout] test gml::codec::appearance::georeferenced_texture::tests::test_deserialize_georeferenced_texture_with_prefer_world_file ... ok
[INFO] [stdout] test gml::codec::appearance::georeferenced_texture::tests::test_round_trip_georeferenced_texture_with_prefer_world_file ... ok
[INFO] [stdout] test gml::codec::appearance::x3d_material::tests::test_round_trip_x3d_material ... ok
[INFO] [stdout] test gml::codec::bridge::abstract_bridge::tests::test_deserialize_abstract_bridge_with_is_movable ... ok
[INFO] [stdout] test gml::codec::bridge::abstract_bridge::tests::test_round_trip_abstract_bridge_with_is_movable ... ok
[INFO] [stdout] test gml::codec::bridge::bridge::tests::test_round_trip_bridge ... ok
[INFO] [stdout] test gml::codec::appearance::enums::wrap_mode::tests::test_serialize_wrap_mode ... ok
[INFO] [stdout] test gml::codec::bridge::bridge::tests::test_round_trip_bridge_installation ... ok
[INFO] [stdout] test gml::codec::bridge::bridge::tests::test_round_trip_bridge_constructive_element ... ok
[INFO] [stdout] test gml::codec::building::abstract_building::tests::test_round_trip_abstract_building_with_address ... ok
[INFO] [stdout] test gml::codec::building::abstract_building::tests::test_deserialize_basic_abstract_building ... ok
[INFO] [stdout] test gml::codec::building::abstract_building_subdivision_property::tests::test_deserialize_basic_href_boundary ... ok
[INFO] [stdout] test gml::codec::building::abstract_building::tests::test_round_trip_abstract_building_with_roof_type_and_storeys ... ok
[INFO] [stdout] test gml::codec::building::building::tests::test_deserialize_basic_building_2 ... ok
[INFO] [stdout] test gml::codec::building::building::tests::test_serialize_basic_building ... ok
[INFO] [stdout] test gml::codec::building::building::tests::test_deserialize_basic_building ... ok
[INFO] [stdout] test gml::codec::building::storey::tests::test_deserialize_storey_with_building_constructive_element ... ok
[INFO] [stdout] test gml::codec::appearance::x3d_material::tests::test_deserialize_x3d_material ... ok
[INFO] [stdout] test gml::codec::appearance::abstract_texture::tests::test_deserialize_abstract_texture ... ok
[INFO] [stdout] test gml::codec::city_furniture::city_furniture::tests::test_deserialize_basic_city_furniture ... ok
[INFO] [stdout] test gml::codec::city_object_group::city_object_group::tests::test_deserialize_basic_city_object_group ... ok
[INFO] [stdout] test gml::codec::appearance::abstract_surface_data::tests::test_round_trip_abstract_surface_data_with_is_front ... ok
[INFO] [stdout] test gml::codec::appearance::abstract_texture::tests::test_round_trip_abstract_texture ... ok
[INFO] [stdout] test gml::codec::building::building_constructive_element::tests::test_deserialize_building_constructive_element ... ok
[INFO] [stdout] test gml::codec::bridge::bridge::tests::test_deserialize_basic_bridge ... ok
[INFO] [stdout] test gml::codec::city_object_group::city_object_group::tests::test_round_trip_city_object_group_with_group_members ... ok
[INFO] [stdout] test gml::codec::city_object_group::role::tests::test_deserialize_role_with_role_value ... ok
[INFO] [stdout] test gml::codec::city_object_group::role::tests::test_round_trip_role ... ok
[INFO] [stdout] test gml::codec::city_object_group::role::tests::test_deserialize_role_property ... ok
[INFO] [stdout] test gml::codec::city_object_group::role::tests::test_deserialize_role_without_role_value ... ok
[INFO] [stdout] test gml::codec::common::string::tests::test_serialize_string ... ok
[INFO] [stdout] test gml::codec::appearance::abstract_surface_data::tests::test_deserialize_abstract_surface_data_with_is_front ... ok
[INFO] [stdout] test gml::codec::common::boolean::tests::test_deserialize_bool ... ok
[INFO] [stdout] test gml::codec::common::boolean::tests::test_round_trip_bool ... ok
[INFO] [stdout] test gml::codec::common::boolean::tests::test_serialize_bool ... ok
[INFO] [stdout] test gml::codec::common::string::tests::test_deserialize_string ... ok
[INFO] [stdout] test gml::codec::common::string::tests::test_round_trip_string ... ok
[INFO] [stdout] test gml::codec::construction::abstract_construction::tests::test_round_trip_abstract_construction_with_date_of_construction_and_demolition ... ok
[INFO] [stdout] test gml::codec::construction::abstract_filling_surface_property::tests::test_deserialize_basic_href_boundary ... ok
[INFO] [stdout] test gml::codec::construction::abstract_construction::tests::test_deserialize_basic_abstract_construction ... ok
[INFO] [stdout] test gml::codec::construction::abstract_construction::tests::test_deserialize_abstract_construction_with_occupancy ... ok
[INFO] [stdout] test gml::codec::construction::abstract_constructive_element::tests::test_round_trip_abstract_constructive_element_with_is_structural_element ... ok
[INFO] [stdout] test gml::codec::construction::abstract_construction::tests::test_serialize_abstract_construction_with_occupancy ... ok
[INFO] [stdout] test gml::codec::construction::height::tests::test_round_trip_height ... ok
[INFO] [stdout] test gml::codec::construction::height_property::tests::test_deserialize_height_property ... ok
[INFO] [stdout] test gml::codec::construction::height_property::tests::test_serialize_height_property ... ok
[INFO] [stdout] test gml::codec::construction::height::tests::test_deserialize_height ... ok
[INFO] [stdout] test gml::codec::construction::height::tests::test_serialize_height ... ok
[INFO] [stdout] test gml::codec::construction::height_property::tests::test_round_trip_height_property ... ok
[INFO] [stdout] test gml::codec::construction::window::tests::test_deserialize_basic_window ... ok
[INFO] [stdout] test gml::codec::construction::window_surface::tests::test_serialize_round_trip ... ok
[INFO] [stdout] test gml::codec::construction::window_surface::tests::test_deserialize_with_lod3_multi_surface ... ok
[INFO] [stdout] test gml::codec::construction::wall_surface::tests::test_deserialize_basic_abstract_thematic_surface ... ok
[INFO] [stdout] test gml::codec::core::abstract_city_object::tests::test_deserialize_with_external_references ... ok
[INFO] [stdout] test gml::codec::core::abstract_city_object::tests::test_deserialize_with_measure_generic_attribute ... ok
[INFO] [stdout] test gml::codec::core::abstract_city_object::tests::test_deserialize_with_multiple_generic_attribute_types ... ok
[INFO] [stdout] test gml::codec::core::abstract_city_object::tests::test_round_trip_with_external_references ... ok
[INFO] [stdout] test gml::codec::core::abstract_city_object::tests::test_deserialize_with_related_to ... ok
[INFO] [stdout] test gml::codec::core::abstract_city_object::tests::test_deserialize_with_name_and_generic_attributes ... ok
[INFO] [stdout] test gml::codec::construction::window_surface::tests::test_serialize_with_generic_attributes ... ok
[INFO] [stdout] test gml::codec::core::abstract_city_object::tests::test_serialize_round_trip_related_to ... ok
[INFO] [stdout] test gml::codec::core::abstract_city_object_property::tests::test_deserialize_basic_href_boundary ... ok
[INFO] [stdout] test gml::codec::core::abstract_occupied_space::tests::test_deserialize_abstract_occupied_space ... ok
[INFO] [stdout] test gml::codec::core::abstract_logical_space_kind::tests::test_deserialize_city_object_group_as_abstract_logical_space_kind ... ok
[INFO] [stdout] test gml::codec::core::abstract_space::tests::test_deserialize_abstract_space_with_lod0_point ... ok
[INFO] [stdout] test gml::codec::core::abstract_space::tests::test_deserialize_basic_abstract_space ... ok
[INFO] [stdout] test gml::codec::core::abstract_space::tests::test_deserialize_abstract_space_with_area ... ok
[INFO] [stdout] test gml::codec::core::abstract_space::tests::test_round_trip_abstract_space_with_lod0_point ... ok
[INFO] [stdout] test gml::codec::core::abstract_space::tests::test_deserialize_abstract_space_with_solid_with_links ... ok
[INFO] [stdout] test gml::codec::core::abstract_space::tests::test_round_trip_abstract_space_with_area ... ok
[INFO] [stdout] test gml::codec::core::abstract_space::tests::test_serialize_abstract_space_with_volume ... ok
[INFO] [stdout] test gml::codec::core::abstract_space::tests::test_round_trip_abstract_space_with_volume ... ok
[INFO] [stdout] test gml::codec::core::abstract_space::tests::test_deserialize_abstract_space_with_volume ... ok
[INFO] [stdout] test gml::codec::core::abstract_space_boundary_property::tests::test_deserialize_basic_href_boundary ... ok
[INFO] [stdout] test gml::codec::core::abstract_space::tests::test_serialize_abstract_space_with_area ... ok
[INFO] [stdout] test gml::codec::core::abstract_thematic_surface::tests::test_deserialize_with_lod2_multi_surface ... ok
[INFO] [stdout] test gml::codec::core::abstract_thematic_surface::tests::test_round_trip_abstract_thematic_surface_with_area ... ok
[INFO] [stdout] test gml::codec::core::abstract_thematic_surface::tests::test_serialize_abstract_thematic_surface_with_area ... ok
[INFO] [stdout] test gml::codec::core::address::tests::test_deserialize_address ... ok
[INFO] [stdout] test gml::codec::core::address::tests::test_serialize_address ... ok
[INFO] [stdout] test gml::codec::core::address_property::tests::test_deserialize_address_property ... ok
[INFO] [stdout] test gml::codec::core::address::tests::test_round_trip_address ... ok
[INFO] [stdout] test gml::codec::core::abstract_thematic_surface::tests::test_deserialize_abstract_thematic_surface_with_area ... ok
[INFO] [stdout] test gml::codec::core::address_property::tests::test_round_trip_address_property ... ok
[INFO] [stdout] test gml::codec::core::basic_types::double_between_0_and_1::tests::test_deserialize_double_between_0_and_1_rejects_out_of_range ... ok
[INFO] [stdout] test gml::codec::core::basic_types::double_between_0_and_1::tests::test_round_trip_double_between_0_and_1 ... ok
[INFO] [stdout] test gml::codec::core::basic_types::double_between_0_and_1::tests::test_deserialize_double_between_0_and_1 ... ok
[INFO] [stdout] test gml::codec::core::basic_types::integer_between_0_and_3::tests::test_deserialize_lod_rejects_unknown_value ... ok
[INFO] [stdout] test gml::codec::core::basic_types::integer_between_0_and_3::tests::test_round_trip_lod ... ok
[INFO] [stdout] test gml::codec::core::basic_types::integer_between_0_and_3::tests::test_serialize_lod ... ok
[INFO] [stdout] test gml::codec::core::city_object_relation::tests::test_convert_to_city_object_relation ... ok
[INFO] [stdout] test gml::codec::core::city_object_relation::tests::test_deserialize_without_generic_attributes ... ok
[INFO] [stdout] test gml::codec::core::city_object_relation::tests::test_generic_attribute_names ... ok
[INFO] [stdout] test gml::codec::core::basic_types::double_between_0_and_1::tests::test_serialize_double_between_0_and_1 ... ok
[INFO] [stdout] test gml::codec::core::abstract_space_boundary_property::tests::test_deserialize_empty_closure_surface ... ok
[INFO] [stdout] test gml::codec::core::abstract_space_boundary_kind::tests::test_deserialize_basic_wall_surface_kind ... ok
[INFO] [stdout] test gml::codec::core::basic_types::integer_between_0_and_3::tests::test_deserialize_lod ... ok
[INFO] [stdout] test gml::codec::core::enums::relative_to_terrain::tests::test_deserialize_relative_to_terrain ... ok
[INFO] [stdout] test gml::codec::core::closure_surface::tests::test_deserialize_empty_closure_surface ... ok
[INFO] [stdout] test gml::codec::core::enums::relative_to_terrain::tests::test_deserialize_relative_to_terrain_rejects_unknown_value ... ok
[INFO] [stdout] test gml::codec::core::enums::relative_to_terrain::tests::test_round_trip_relative_to_terrain ... ok
[INFO] [stdout] test gml::codec::core::enums::relative_to_terrain::tests::test_serialize_relative_to_terrain ... ok
[INFO] [stdout] test gml::codec::core::enums::relative_to_water::tests::test_deserialize_relative_to_water ... ok
[INFO] [stdout] test gml::codec::core::enums::relative_to_water::tests::test_deserialize_relative_to_water_rejects_unknown_value ... ok
[INFO] [stdout] test gml::codec::core::city_object_relation::tests::test_missing_related_to_returns_error ... ok
[INFO] [stdout] test gml::codec::core::city_object_relation::tests::test_round_trip ... ok
[INFO] [stdout] test gml::codec::core::enums::relative_to_water::tests::test_round_trip_relative_to_water ... ok
[INFO] [stdout] test gml::codec::construction::abstract_constructive_element::tests::test_deserialize_abstract_constructive_element_with_is_structural_element ... ok
[INFO] [stdout] test gml::codec::core::enums::relative_to_water::tests::test_serialize_relative_to_water ... ok
[INFO] [stdout] test gml::codec::core::enums::space_type::tests::test_serialize_space_type_value ... ok
[INFO] [stdout] test gml::codec::core::enums::space_type::tests::test_deserialize_space_type_rejects_unknown_value ... ok
[INFO] [stdout] test gml::codec::core::enums::space_type::tests::test_deserialize_space_type_value ... ok
[INFO] [stdout] test gml::codec::core::enums::space_type::tests::test_round_trip_space_type_value ... ok
[INFO] [stdout] test gml::codec::core::external_reference_property::tests::test_round_trip_external_reference_property ... ok
[INFO] [stdout] test gml::codec::core::external_reference::tests::test_round_trip_external_reference ... ok
[INFO] [stdout] test gml::codec::core::external_reference::tests::test_deserialize_external_reference_basic ... ok
[INFO] [stdout] test gml::codec::core::implicit_geometry::tests::test_deserialize_implicit_geometry_reads_gml_id ... ok
[INFO] [stdout] test gml::codec::core::city_object_relation::tests::test_missing_relation_type_returns_error ... ok
[INFO] [stdout] test gml::codec::core::implicit_geometry::tests::test_deserialize_implicit_geometry_without_gml_id_generates_one ... ok
[INFO] [stdout] test gml::codec::construction::abstract_construction::tests::test_round_trip_abstract_construction_with_occupancy ... ok
[INFO] [stdout] test gml::codec::construction::abstract_construction::tests::test_round_trip_abstract_construction_with_height ... ok
[INFO] [stdout] test gml::codec::core::implicit_geometry::tests::test_implicit_geometry_id_round_trip ... ok
[INFO] [stdout] test gml::codec::core::implicit_geometry::tests::test_serialize_implicit_geometry_writes_gml_id_attribute ... ok
[INFO] [stdout] test gml::codec::core::occupancy::tests::test_deserialize_occupancy ... ok
[INFO] [stdout] test gml::codec::core::occupancy::tests::test_deserialize_occupancy_without_optional_fields ... ok
[INFO] [stdout] test gml::codec::core::external_reference::tests::test_serialize_external_reference ... ok
[INFO] [stdout] test gml::codec::core::occupancy::tests::test_round_trip_occupancy ... ok
[INFO] [stdout] test gml::codec::core::implicit_geometry::tests::test_serialize_implicit_geometry_reference_point ... ok
[INFO] [stdout] test gml::codec::core::occupancy_property::tests::test_deserialize_occupancy_property ... ok
[INFO] [stdout] test gml::codec::core::occupancy_property::tests::test_round_trip_occupancy_property ... ok
[INFO] [stdout] test gml::codec::core::occupancy_property::tests::test_serialize_occupancy_property ... ok
[INFO] [stdout] test gml::codec::core::qualified_area::tests::test_deserialize_qualified_area ... ok
[INFO] [stdout] test gml::codec::core::qualified_area::tests::test_deserialize_qualified_area_with_reversed_field_order ... ok
[INFO] [stdout] test gml::codec::core::external_reference_property::tests::test_deserialize_external_reference_property ... ok
[INFO] [stdout] test gml::codec::core::qualified_area::tests::test_round_trip_qualified_area ... ok
[INFO] [stdout] test gml::codec::core::qualified_area::tests::test_serialize_qualified_area ... ok
[INFO] [stdout] test gml::codec::core::qualified_area_property::tests::test_serialize_area_property ... ok
[INFO] [stdout] test gml::codec::core::occupancy::tests::test_serialize_occupancy ... ok
[INFO] [stdout] test gml::codec::core::external_reference_property::tests::test_serialize_external_reference_property ... ok
[INFO] [stdout] test gml::codec::core::qualified_area_property::tests::test_deserialize_area_property ... ok
[INFO] [stdout] test gml::codec::core::implicit_geometry::tests::test_deserialize_implicit_geometry_basic ... ok
[INFO] [stdout] test gml::codec::core::qualified_area_property::tests::test_round_trip_area_property ... ok
[INFO] [stdout] test gml::codec::core::qualified_volume::tests::test_deserialize_qualified_volume ... ok
[INFO] [stdout] test gml::codec::core::implicit_geometry::tests::test_deserialize_implicit_geometry_with_relative_geometry ... ok
[INFO] [stdout] test gml::codec::core::qualified_volume::tests::test_round_trip_qualified_volume ... ok
[INFO] [stdout] test gml::codec::core::qualified_volume::tests::test_serialize_qualified_volume ... ok
[INFO] [stdout] test gml::codec::core::qualified_volume_property::tests::test_round_trip_volume_property ... ok
[INFO] [stdout] test gml::codec::core::qualified_volume_property::tests::test_deserialize_volume_property ... ok
[INFO] [stdout] test gml::codec::core::transformation_matrix_4x4::tests::test_deserialize_transformation_matrix_4x4_rejects_wrong_count ... ok
[INFO] [stdout] test gml::codec::generics::abstract_generic_attribute::tests::test_deserialize_double_attribute ... ok
[INFO] [stdout] test gml::codec::core::qualified_volume::tests::test_deserialize_qualified_volume_with_reversed_field_order ... ok
[INFO] [stdout] test gml::codec::core::transformation_matrix_4x4::tests::test_round_trip_transformation_matrix_4x4 ... ok
[INFO] [stdout] test gml::codec::generics::abstract_generic_attribute::tests::test_deserialize_generic_attribute_set ... ok
[INFO] [stdout] test gml::codec::core::transformation_matrix_4x4::tests::test_serialize_transformation_matrix_4x4 ... ok
[INFO] [stdout] test gml::codec::core::implicit_geometry::tests::test_serialize_implicit_geometry_with_relative_geometry ... ok
[INFO] [stdout] test gml::codec::generics::abstract_generic_attribute::tests::test_deserialize_int_attribute ... ok
[INFO] [stdout] test gml::codec::generics::abstract_generic_attribute::tests::test_deserialize_string_attribute ... ok
[INFO] [stdout] test gml::codec::generics::abstract_generic_attribute::tests::test_deserialize_string_attribute_via_generic_kind ... ok
[INFO] [stdout] test gml::codec::generics::abstract_generic_attribute::tests::test_serialize_double_attribute ... ok
[INFO] [stdout] test gml::codec::generics::abstract_generic_attribute::tests::test_serialize_int_attribute ... ok
[INFO] [stdout] test gml::codec::generics::abstract_generic_attribute::tests::test_serialize_int_attribute_round_trip ... ok
[INFO] [stdout] test gml::codec::generics::abstract_generic_attribute::tests::test_serialize_measure_attribute ... ok
[INFO] [stdout] test gml::codec::generics::abstract_generic_attribute::tests::test_serialize_measure_attribute_round_trip ... ok
[INFO] [stdout] test gml::codec::generics::abstract_generic_attribute::tests::test_serialize_string_attribute ... ok
[INFO] [stdout] test gml::codec::generics::abstract_generic_attribute::tests::test_serialize_string_attribute_round_trip ... ok
[INFO] [stdout] test gml::codec::generics::double_attribute::tests::test_deserialize_double_attribute_rejects_empty_name ... ok
[INFO] [stdout] test gml::codec::generics::double_attribute::tests::test_deserialize_double_attribute ... ok
[INFO] [stdout] test gml::codec::generics::double_attribute::tests::test_round_trip_double_attribute ... ok
[INFO] [stdout] test gml::codec::generics::double_attribute::tests::test_serialize_double_attribute ... ok
[INFO] [stdout] test gml::codec::generics::generic_attribute_property::tests::test_deserialize_generic_attribute_property ... ok
[INFO] [stdout] test gml::codec::generics::generic_attribute_property::tests::test_round_trip_generic_attribute_property ... ok
[INFO] [stdout] test gml::codec::generics::generic_attribute_property::tests::test_serialize_generic_attribute_property ... ok
[INFO] [stdout] test gml::codec::generics::generic_attribute_set::tests::test_deserialize_generic_attribute_set ... ok
[INFO] [stdout] test gml::codec::generics::generic_attribute_set::tests::test_round_trip_generic_attribute_set ... ok
[INFO] [stdout] test gml::codec::generics::generic_attribute_set::tests::test_serialize_generic_attribute_set ... ok
[INFO] [stdout] test gml::codec::generics::int_attribute::tests::test_deserialize_int_attribute ... ok
[INFO] [stdout] test gml::codec::generics::int_attribute::tests::test_deserialize_int_attribute_rejects_empty_name ... ok
[INFO] [stdout] test gml::codec::generics::int_attribute::tests::test_round_trip_int_attribute ... ok
[INFO] [stdout] test gml::codec::generics::int_attribute::tests::test_serialize_int_attribute ... ok
[INFO] [stdout] test gml::codec::generics::abstract_generic_attribute::tests::test_serialize_generic_attribute_set ... ok
[INFO] [stdout] test gml::codec::generics::abstract_generic_attribute::tests::test_serialize_double_attribute_round_trip ... ok
[INFO] [stdout] test gml::codec::generics::measure_attribute::tests::test_round_trip_measure_attribute ... ok
[INFO] [stdout] test gml::codec::generics::measure_attribute::tests::test_deserialize_measure_attribute ... ok
[INFO] [stdout] test gml::codec::generics::measure_attribute::tests::test_deserialize_measure_attribute_rejects_empty_name ... ok
[INFO] [stdout] test gml::codec::generics::measure_attribute::tests::test_serialize_measure_attribute ... ok
[INFO] [stdout] test gml::codec::generics::string_attribute::tests::test_deserialize_string_attribute ... ok
[INFO] [stdout] test gml::codec::generics::string_attribute::tests::test_deserialize_string_attribute_rejects_empty_name ... ok
[INFO] [stdout] test gml::codec::point_cloud::point_cloud::tests::test_deserialize_point_cloud_id_and_file_metadata ... ok
[INFO] [stdout] test gml::codec::relief::abstract_relief_component::tests::test_deserialize_tin_relief ... ok
[INFO] [stdout] test gml::codec::relief::abstract_relief_component::tests::test_round_trip_abstract_relief_component ... ok
[INFO] [stdout] test gml::codec::relief::relief_feature::tests::test_deserialize_tin_relief ... ok
[INFO] [stdout] test gml::codec::relief::relief_feature::tests::test_round_trip_relief_feature ... ok
[INFO] [stdout] test gml::codec::generics::string_attribute::tests::test_round_trip_string_attribute ... ok
[INFO] [stdout] test gml::codec::relief::tin_relief::tests::test_deserialize_tin_relief_basic ... ok
[INFO] [stdout] test gml::codec::transportation::abstract_transportation_space::tests::test_deserialize_abstract_transportation_space_with_occupancy ... ok
[INFO] [stdout] test gml::codec::transportation::abstract_transportation_space::tests::test_round_trip_abstract_transportation_space_with_occupancy ... ok
[INFO] [stdout] test gml::codec::transportation::abstract_transportation_space::tests::test_serialize_abstract_transportation_space_with_occupancy ... ok
[INFO] [stdout] test gml::codec::transportation::auxiliary_traffic_area::tests::test_deserialize_basic_traffic_area ... ok
[INFO] [stdout] test gml::codec::transportation::auxiliary_traffic_space::tests::test_deserialize_auxiliary_traffic_space_without_granularity_returns_error ... ok
[INFO] [stdout] test gml::codec::transportation::auxiliary_traffic_space::tests::test_deserialize_basic_traffic_area ... ok
[INFO] [stdout] test gml::codec::transportation::auxiliary_traffic_space::tests::test_round_trip_auxiliary_traffic_space_with_granularity ... ok
[INFO] [stdout] test gml::codec::transportation::enums::granularity_value::tests::test_deserialize_granularity_value ... ok
[INFO] [stdout] test gml::codec::transportation::enums::granularity_value::tests::test_deserialize_granularity_value_rejects_unknown_value ... ok
[INFO] [stdout] test gml::codec::transportation::enums::granularity_value::tests::test_round_trip_granularity_value ... ok
[INFO] [stdout] test gml::codec::core::qualified_volume_property::tests::test_serialize_volume_property ... ok
[INFO] [stdout] test gml::codec::transportation::enums::granularity_value::tests::test_serialize_granularity_value ... ok
[INFO] [stdout] test gml::codec::point_cloud::point_cloud::tests::test_deserialize_point_cloud_point_member ... ok
[INFO] [stdout] test gml::codec::core::transformation_matrix_4x4::tests::test_deserialize_transformation_matrix_4x4 ... ok
[INFO] [stdout] test gml::codec::transportation::enums::traffic_direction_value::tests::test_deserialize_traffic_direction_value ... ok
[INFO] [stdout] test gml::codec::generics::string_attribute::tests::test_serialize_string_attribute ... ok
[INFO] [stdout] test gml::codec::point_cloud::point_cloud::tests::test_deserialize_point_cloud_point_members ... ok
[INFO] [stdout] test gml::codec::relief::tin_relief::tests::test_deserialize_tin_relief ... ok
[INFO] [stdout] test gml::codec::point_cloud::point_cloud::tests::test_round_trip_point_cloud_with_mime_type_and_file_metadata ... ok
[INFO] [stdout] test gml::codec::transportation::enums::traffic_direction_value::tests::test_round_trip_traffic_direction_value ... ok
[INFO] [stdout] test gml::codec::transportation::hole_property::tests::test_deserialize_basic_href_marking_property ... ok
[INFO] [stdout] test gml::codec::transportation::enums::traffic_direction_value::tests::test_deserialize_traffic_direction_value_rejects_unknown_value ... ok
[INFO] [stdout] test gml::codec::transportation::marking_property::tests::test_deserialize_basic_href_marking_property ... ok
[INFO] [stdout] test gml::codec::transportation::intersection::tests::test_deserialize_basic_intersection ... ok
[INFO] [stdout] test gml::codec::transportation::enums::traffic_direction_value::tests::test_serialize_traffic_direction_value ... ok
[INFO] [stdout] test gml::codec::transportation::hole_property::tests::test_deserialize_basic_hole_property ... ok
[INFO] [stdout] test gml::codec::transportation::section::tests::test_deserialize_basic_traffic_area ... ok
[INFO] [stdout] test gml::codec::transportation::railway::tests::test_deserialize_basic_railway ... ok
[INFO] [stdout] test gml::codec::transportation::marking_property::tests::test_deserialize_basic_marking_property ... ok
[INFO] [stdout] test gml::codec::transportation::track::tests::test_deserialize_basic_track ... ok
[INFO] [stdout] test gml::codec::transportation::traffic_area::tests::test_deserialize_basic_traffic_area ... ok
[INFO] [stdout] test gml::codec::transportation::square::tests::test_deserialize_basic_square ... ok
[INFO] [stdout] test gml::codec::transportation::marking::tests::test_deserialize_basic_traffic_area ... ok
[INFO] [stdout] test gml::codec::transportation::section::tests::test_deserialize_section_class_is_independent_of_intersection ... ok
[INFO] [stdout] test gml::codec::transportation::section::tests::test_deserialize_basic_marking ... ok
[INFO] [stdout] test gml::codec::transportation::road::tests::test_deserialize_basic_road ... ok
[INFO] [stdout] test gml::codec::transportation::traffic_space::tests::test_deserialize_basic_section ... ok
[INFO] [stdout] test gml::codec::transportation::traffic_space::tests::test_deserialize_traffic_space_without_granularity_returns_error ... ok
[INFO] [stdout] test gml::codec::transportation::traffic_space::tests::test_serialize_traffic_space_with_occupancy ... ok
[INFO] [stdout] test gml::codec::transportation::waterway::tests::test_deserialize_basic_waterway ... ok
[INFO] [stdout] test gml::codec::tunnel::tunnel::tests::test_deserialize_basic_tunnel ... ok
[INFO] [stdout] test gml::codec::transportation::traffic_space::tests::test_round_trip_traffic_space_with_occupancy ... ok
[INFO] [stdout] test gml::codec::vegetation::plant_cover::tests::test_deserialize_plant_cover_with_heights ... ok
[INFO] [stdout] test gml::codec::transportation::traffic_space::tests::test_deserialize_traffic_space_with_occupancy ... ok
[INFO] [stdout] test gml::codec::transportation::traffic_space::tests::test_round_trip_traffic_space_with_successor ... ok
[INFO] [stdout] test gml::codec::vegetation::plant_cover::tests::test_round_trip_plant_cover_with_heights ... ok
[INFO] [stdout] test gml::codec::vegetation::solitary_vegetation_object::tests::test_deserialize_basic_solitary_vegetation_object ... ok
[INFO] [stdout] test gml::codec::water_body::water_surface::tests::test_deserialize_water_surface_with_water_level ... ok
[INFO] [stdout] test gml::util::citygml_element::tests::test_deserialize_basic ... ok
[INFO] [stdout] test gml::util::citygml_element::tests::test_deserialize_basic_abstract_thematic_surface ... ok
[INFO] [stdout] test gml::util::citygml_element::tests::test_deserialize_with_tw ... ok
[INFO] [stdout] test gml::util::citygml_element::tests::test_terrain_intersection_curve_names_follow_schema ... ok
[INFO] [stdout] test gml::codec::water_body::water_surface::tests::test_round_trip_water_surface_with_water_level ... ok
[INFO] [stdout] test gml::util::version::tests::test_detects_v1_0 ... ok
[INFO] [stdout] test gml::util::version::tests::test_detects_v2_0_prefixed_namespace ... ok
[INFO] [stdout] test gml::util::version::tests::test_detects_v3_0_default_namespace ... ok
[INFO] [stdout] test gml::util::version::tests::test_ignores_non_core_citygml_namespaces ... ok
[INFO] [stdout] test gml::util::version::tests::test_unknown_when_no_citygml_namespace_declared ... ok
[INFO] [stdout] test gml::codec::transportation::traffic_space::tests::test_round_trip_traffic_space_with_granularity_and_traffic_direction ... ok
[INFO] [stdout] test gml::codec::transportation::traffic_space::tests::test_round_trip_traffic_space_with_predecessor ... ok
[INFO] [stdout] test gml::util::version::tests::test_unknown_for_garbage_input ... ok
[INFO] [stdout] test gml::codec::tunnel::tunnel::tests::test_round_trip_tunnel ... ok
[INFO] [stdout] test gml::codec::tunnel::tunnel::tests::test_round_trip_tunnel_constructive_element ... ok
[INFO] [stdout] test gml::codec::tunnel::tunnel::tests::test_round_trip_tunnel_installation ... ok
[INFO] [stdout] test gml::codec::vegetation::solitary_vegetation_object::tests::test_round_trip_solitary_vegetation_object_with_measures_and_species ... ok
[INFO] [stdout] 
[INFO] [stdout] test result: ok. 279 passed; 0 failed; 0 ignored; 0 measured; 0 filtered out; finished in 0.16s
[INFO] [stdout] 
[INFO] [stderr]      Running tests/collector_test.rs (/opt/rustwide/target/release/deps/collector_test-41370435e10439dc)
[INFO] [stdout] 
[INFO] [stdout] running 1 test
[INFO] [stdout] test test_lod2_building_model_fzk ... FAILED
[INFO] [stdout] 
[INFO] [stdout] failures:
[INFO] [stdout] 
[INFO] [stdout] ---- test_lod2_building_model_fzk stdout ----
[INFO] [stdout] 
[INFO] [stdout] thread 'test_lod2_building_model_fzk' (2008) panicked at tests/collector_test.rs:10:14:
[INFO] [stdout] should work: StdIo(Os { code: 2, kind: NotFound, message: "No such file or directory" })
[INFO] [stdout] stack backtrace:
[INFO] [stdout]    0:     0x59403d727e91 - <<std[70759c8f55707aa4]::sys::backtrace::BacktraceLock>::print::DisplayBacktrace as core[df12db4294e9bfd3]::fmt::Display>::fmt
[INFO] [stdout]    1:     0x59403d73e34a - core[df12db4294e9bfd3]::fmt::write
[INFO] [stdout]    2:     0x59403d72c42c - <alloc[2182bb758b4b3781]::vec::Vec<u8> as core[df12db4294e9bfd3]::io::write::Write>::write_fmt
[INFO] [stdout]    3:     0x59403d703f26 - std[70759c8f55707aa4]::panicking::default_hook::{closure#0}
[INFO] [stdout]    4:     0x59403d7202f9 - std[70759c8f55707aa4]::panicking::default_hook
[INFO] [stdout]    5:     0x59403d466d90 - test[9d35eded1c95d3be]::test_main_inner::<test[9d35eded1c95d3be]::test_main_static::{closure#0}>::{closure#0}
[INFO] [stdout]    6:     0x59403d720622 - std[70759c8f55707aa4]::panicking::panic_with_hook
[INFO] [stdout]    7:     0x59403d703fd2 - std[70759c8f55707aa4]::panicking::panic_handler::{closure#0}
[INFO] [stdout]    8:     0x59403d6fcd29 - std[70759c8f55707aa4]::sys::backtrace::__rust_end_short_backtrace::<std[70759c8f55707aa4]::panicking::panic_handler::{closure#0}, !>
[INFO] [stdout]    9:     0x59403d704bcd - __rustc[8fa7c3cbc660c2b3]::rust_begin_unwind
[INFO] [stdout]   10:     0x59403d73eaac - core[df12db4294e9bfd3]::panicking::panic_fmt
[INFO] [stdout]   11:     0x59403d73e882 - core[df12db4294e9bfd3]::result::unwrap_failed
[INFO] [stdout]   12:     0x59403d44e13a - <collector_test[efaa8deda2409e04]::test_lod2_building_model_fzk::{closure#0} as core[df12db4294e9bfd3]::ops::function::FnOnce<()>>::call_once
[INFO] [stdout]   13:     0x59403d45a07b - test[9d35eded1c95d3be]::__rust_begin_short_backtrace::<core[df12db4294e9bfd3]::result::Result<(), alloc[2182bb758b4b3781]::string::String>, fn() -> core[df12db4294e9bfd3]::result::Result<(), alloc[2182bb758b4b3781]::string::String>>
[INFO] [stdout]   14:     0x59403d4676e5 - test[9d35eded1c95d3be]::run_test::{closure#0}
[INFO] [stdout]   15:     0x59403d460fa4 - std[70759c8f55707aa4]::sys::backtrace::__rust_begin_short_backtrace::<test[9d35eded1c95d3be]::run_test::{closure#1}, ()>
[INFO] [stdout]   16:     0x59403d46a842 - <std[70759c8f55707aa4]::thread::lifecycle::spawn_unchecked<test[9d35eded1c95d3be]::run_test::{closure#1}, ()>::{closure#1} as core[df12db4294e9bfd3]::ops::function::FnOnce<()>>::call_once::{shim:vtable#0}
[INFO] [stdout]   17:     0x59403d727729 - <std[70759c8f55707aa4]::sys::thread::unix::Thread>::new::thread_start
[INFO] [stdout]   18:     0x7f6b3a621dfa - <unknown>
[INFO] [stdout]   19:     0x7f6b3a6b53d4 - clone
[INFO] [stdout]   20:                0x0 - <unknown>
[INFO] [stdout] 
[INFO] [stdout] 
[INFO] [stdout] failures:
[INFO] [stdout]     test_lod2_building_model_fzk
[INFO] [stdout] 
[INFO] [stdout] test result: FAILED. 0 passed; 1 failed; 0 ignored; 0 measured; 0 filtered out; finished in 0.00s
[INFO] [stdout] 
[INFO] [stderr] error: test failed, to rerun pass `--test collector_test`
[INFO] running `Command { std: "docker" "inspect" "758c8b2429a514f170dbc99a258adae48e547ee78fdd9893c4f5b07a7b2cee30", kill_on_drop: false }`
[INFO] running `Command { std: "docker" "rm" "-f" "758c8b2429a514f170dbc99a258adae48e547ee78fdd9893c4f5b07a7b2cee30", kill_on_drop: false }`
[INFO] [stdout] 758c8b2429a514f170dbc99a258adae48e547ee78fdd9893c4f5b07a7b2cee30
