[INFO] fetching crate echo_http 0.1.2...
[INFO] testing echo_http-0.1.2 against 1.99.0-beta.8+cargoflags=--release for beta-release-1.100-2
[INFO] extracting crate echo_http 0.1.2 into /workspace/builds/worker-7-tc1/source
[INFO] started tweaking crates.io crate echo_http 0.1.2
[INFO] removed 0 missing tests
[INFO] finished tweaking crates.io crate echo_http 0.1.2
[INFO] tweaked toml for crates.io crate echo_http 0.1.2 written to /workspace/builds/worker-7-tc1/source/Cargo.toml
[INFO] validating manifest of crates.io crate echo_http 0.1.2 on toolchain 1.99.0-beta.8
[INFO] running `Command { std: CARGO_HOME="/workspace/cargo-home" RUSTUP_HOME="/workspace/rustup-home" "/workspace/cargo-home/bin/cargo" "+1.99.0-beta.8" "metadata" "--manifest-path" "Cargo.toml" "--no-deps", kill_on_drop: false }`
[INFO] running `Command { std: CARGO_HOME="/workspace/cargo-home" RUSTUP_HOME="/workspace/rustup-home" "/workspace/cargo-home/bin/cargo" "+1.99.0-beta.8" "generate-lockfile" "--manifest-path" "Cargo.toml", kill_on_drop: false }`
[INFO] [stderr]     Updating crates.io index
[INFO] [stderr]      Locking 162 packages to highest compatible versions
[INFO] [stderr]       Adding reqwest v0.12.28 (available: v0.13.5)
[INFO] running `Command { std: CARGO_HOME="/workspace/cargo-home" RUSTUP_HOME="/workspace/rustup-home" "/workspace/cargo-home/bin/cargo" "+1.99.0-beta.8" "fetch" "--manifest-path" "Cargo.toml", kill_on_drop: false }`
[INFO] running `Command { std: "docker" "create" "-v" "/var/lib/crater-agent-workspace/builds/worker-7-tc1/source:/opt/rustwide/workdir:ro,Z" "-v" "/var/lib/crater-agent-workspace/builds/worker-7-tc1/target:/opt/rustwide/target:rw,Z" "-v" "/var/lib/crater-agent-workspace/cargo-home:/opt/rustwide/cargo-home:ro,Z" "-v" "/var/lib/crater-agent-workspace/rustup-home:/opt/rustwide/rustup-home:ro,Z" "-m" "1610612736" "--network" "none" "ghcr.io/rust-lang/crates-build-env/linux@sha256:77db811e55d90add9212f6832c23229e3de5f1c1f9905e8cb07319ea15df73ac" "sleep" "infinity", kill_on_drop: false }`
[INFO] [stdout] 4724137f1aa595fdcdc866ea6f9a473e199ca767bea6912d961d961a7a607680
[INFO] running `Command { std: "docker" "start" "4724137f1aa595fdcdc866ea6f9a473e199ca767bea6912d961d961a7a607680", kill_on_drop: false }`
[INFO] running `Command { std: "docker" "inspect" "4724137f1aa595fdcdc866ea6f9a473e199ca767bea6912d961d961a7a607680", kill_on_drop: false }`
[INFO] running `Command { std: "docker" "exec" "-e" "SOURCE_DIR=/opt/rustwide/workdir" "-e" "CARGO_HOME=/opt/rustwide/cargo-home" "-e" "RUSTUP_HOME=/opt/rustwide/rustup-home" "-e" "CARGO_TARGET_DIR=/opt/rustwide/target" "-w" "/opt/rustwide/workdir" "--user" "0:0" "4724137f1aa595fdcdc866ea6f9a473e199ca767bea6912d961d961a7a607680" "/opt/rustwide/cargo-home/bin/cargo" "+1.99.0-beta.8" "metadata" "--no-deps" "--format-version=1", kill_on_drop: false }`
[INFO] running `Command { std: "docker" "inspect" "4724137f1aa595fdcdc866ea6f9a473e199ca767bea6912d961d961a7a607680", kill_on_drop: false }`
[INFO] running `Command { std: "docker" "exec" "-e" "SOURCE_DIR=/opt/rustwide/workdir" "-e" "CARGO_HOME=/opt/rustwide/cargo-home" "-e" "RUSTUP_HOME=/opt/rustwide/rustup-home" "-e" "CARGO_TARGET_DIR=/opt/rustwide/target" "-e" "CARGO_INCREMENTAL=0" "-e" "RUST_BACKTRACE=full" "-e" "RUSTFLAGS=--cap-lints=warn" "-e" "RUSTDOCFLAGS=--cap-lints=warn" "-w" "/opt/rustwide/workdir" "--user" "0:0" "4724137f1aa595fdcdc866ea6f9a473e199ca767bea6912d961d961a7a607680" "/opt/rustwide/cargo-home/bin/cargo" "+1.99.0-beta.8" "build" "--frozen" "--message-format=json" "--release", kill_on_drop: false }`
[INFO] [stderr]    Compiling syn v3.0.9
[INFO] [stderr]    Compiling stable_deref_trait v1.2.1
[INFO] [stderr]    Compiling bytes v1.12.1
[INFO] [stderr]    Compiling futures-core v0.3.34
[INFO] [stderr]    Compiling smallvec v1.16.3
[INFO] [stderr]    Compiling litemap v0.8.3
[INFO] [stderr]    Compiling writeable v0.6.4
[INFO] [stderr]    Compiling icu_properties_data v2.3.0
[INFO] [stderr]    Compiling icu_normalizer_data v2.3.0
[INFO] [stderr]    Compiling syn v2.0.119
[INFO] [stderr]    Compiling mio v1.2.4
[INFO] [stderr]    Compiling socket2 v0.6.5
[INFO] [stderr]    Compiling futures-sink v0.3.34
[INFO] [stderr]    Compiling futures-task v0.3.34
[INFO] [stderr]    Compiling tracing v0.1.44
[INFO] [stderr]    Compiling native-tls v0.2.18
[INFO] [stderr]    Compiling want v0.3.2
[INFO] [stderr]    Compiling futures-channel v0.3.34
[INFO] [stderr]    Compiling form_urlencoded v1.2.2
[INFO] [stderr]    Compiling openssl-probe v0.2.1
[INFO] [stderr]    Compiling encoding_rs v0.8.42
[INFO] [stderr]    Compiling futures-util v0.3.34
[INFO] [stderr]    Compiling sync_wrapper v1.0.2
[INFO] [stderr]    Compiling ipnet v2.12.2
[INFO] [stderr]    Compiling base64 v0.23.1
[INFO] [stderr]    Compiling thiserror v2.0.21
[INFO] [stderr]    Compiling zeroize v1.9.1
[INFO] [stderr]    Compiling core_detect v1.0.0
[INFO] [stderr]    Compiling simdutf8 v0.1.5
[INFO] [stderr]    Compiling multiversion_no_op v1.0.0
[INFO] [stderr]    Compiling serde_json v1.0.154
[INFO] [stderr]    Compiling rustls-pki-types v1.15.1
[INFO] [stderr]    Compiling tokio v1.53.3
[INFO] [stderr]    Compiling http v1.5.0
[INFO] [stderr]    Compiling http-body v1.1.0
[INFO] [stderr]    Compiling http-body-util v0.1.5
[INFO] [stderr]    Compiling synstructure v0.14.0
[INFO] [stderr]    Compiling zerovec-derive v0.11.6
[INFO] [stderr]    Compiling displaydoc v0.2.7
[INFO] [stderr]    Compiling serde_derive v1.0.229
[INFO] [stderr]    Compiling thiserror-impl v2.0.21
[INFO] [stderr]    Compiling zerofrom-derive v0.1.8
[INFO] [stderr]    Compiling yoke-derive v0.8.4
[INFO] [stderr]    Compiling openssl-macros v0.1.1
[INFO] [stderr]    Compiling openssl v0.10.81
[INFO] [stderr]    Compiling zerofrom v0.1.8
[INFO] [stderr]    Compiling yoke v0.8.3
[INFO] [stderr]    Compiling zerovec v0.11.8
[INFO] [stderr]    Compiling zerotrie v0.2.5
[INFO] [stderr]    Compiling tinystr v0.8.4
[INFO] [stderr]    Compiling potential_utf v0.1.6
[INFO] [stderr]    Compiling icu_collections v2.3.0
[INFO] [stderr]    Compiling icu_locale_core v2.3.0
[INFO] [stderr]    Compiling serde v1.0.229
[INFO] [stderr]    Compiling tokio-util v0.7.20
[INFO] [stderr]    Compiling tower v0.5.3
[INFO] [stderr]    Compiling icu_provider v2.3.1
[INFO] [stderr]    Compiling serde_urlencoded v0.7.1
[INFO] [stderr]    Compiling h2 v0.4.20
[INFO] [stderr]    Compiling icu_properties v2.3.0
[INFO] [stderr]    Compiling icu_normalizer v2.3.0
[INFO] [stderr]    Compiling idna_adapter v1.2.2
[INFO] [stderr]    Compiling idna v1.1.0
[INFO] [stderr]    Compiling url v2.5.8
[INFO] [stderr]    Compiling tokio-native-tls v0.3.1
[INFO] [stderr]    Compiling tower-http v0.6.11
[INFO] [stderr]    Compiling hyper v1.12.0
[INFO] [stderr]    Compiling hyper-util v0.1.21
[INFO] [stderr]    Compiling hyper-tls v0.6.0
[INFO] [stderr]    Compiling reqwest v0.12.28
[INFO] [stderr]    Compiling echo_http v0.1.2 (/opt/rustwide/workdir)
[INFO] [stdout] warning: hiding a lifetime that's elided elsewhere is confusing
[INFO] [stdout]   --> src/echo_http/echo_http.rs:42:30
[INFO] [stdout]    |
[INFO] [stdout] 42 |     pub async fn get_unknown(&self, url: &str) -> Result<ResponseUnknown, EchoError> {
[INFO] [stdout]    |                              ^^^^^                       ^^^^^^^^^^^^^^^ the same lifetime is hidden here
[INFO] [stdout]    |                              |
[INFO] [stdout]    |                              the lifetime is elided here
[INFO] [stdout]    |
[INFO] [stdout]    = help: the same lifetime is referred to in inconsistent ways, making the signature confusing
[INFO] [stdout]    = note: `#[warn(mismatched_lifetime_syntaxes)]` on by default
[INFO] [stdout] help: use `'_` for type paths
[INFO] [stdout]    |
[INFO] [stdout] 42 |     pub async fn get_unknown(&self, url: &str) -> Result<ResponseUnknown<'_>, EchoError> {
[INFO] [stdout]    |                                                                         ++++
[INFO] [stdout] 
[INFO] [stdout] 
[INFO] [stdout] warning: hiding a lifetime that's elided elsewhere is confusing
[INFO] [stdout]   --> src/echo_http/echo_http.rs:53:25
[INFO] [stdout]    |
[INFO] [stdout] 53 |     pub async fn get<T>(&self, url: &str) -> Result<Response<T>, EchoError>
[INFO] [stdout]    |                         ^^^^^                       ^^^^^^^^^^^ the same lifetime is hidden here
[INFO] [stdout]    |                         |
[INFO] [stdout]    |                         the lifetime is elided here
[INFO] [stdout]    |
[INFO] [stdout]    = help: the same lifetime is referred to in inconsistent ways, making the signature confusing
[INFO] [stdout] help: use `'_` for type paths
[INFO] [stdout]    |
[INFO] [stdout] 53 |     pub async fn get<T>(&self, url: &str) -> Result<Response<'_, T>, EchoError>
[INFO] [stdout]    |                                                              +++
[INFO] [stdout] 
[INFO] [stdout] 
[INFO] [stdout] warning: hiding a lifetime that's elided elsewhere is confusing
[INFO] [stdout]   --> src/echo_http/echo_http.rs:68:26
[INFO] [stdout]    |
[INFO] [stdout] 68 |     pub async fn post<T>(&self, url: &str, data: Option<T>) -> Result<Response<T>, EchoError>
[INFO] [stdout]    |                          ^^^^^ the lifetime is elided here            ^^^^^^^^^^^ the same lifetime is hidden here
[INFO] [stdout]    |
[INFO] [stdout]    = help: the same lifetime is referred to in inconsistent ways, making the signature confusing
[INFO] [stdout] help: use `'_` for type paths
[INFO] [stdout]    |
[INFO] [stdout] 68 |     pub async fn post<T>(&self, url: &str, data: Option<T>) -> Result<Response<'_, T>, EchoError>
[INFO] [stdout]    |                                                                                +++
[INFO] [stdout] 
[INFO] [stdout] 
[INFO] [stdout] warning: hiding a lifetime that's elided elsewhere is confusing
[INFO] [stdout]   --> src/echo_http/echo_http.rs:84:26
[INFO] [stdout]    |
[INFO] [stdout] 84 |     pub async fn post_no(&self, url: &str) -> Result<ResponseUnknown, EchoError> {
[INFO] [stdout]    |                          ^^^^^                       ^^^^^^^^^^^^^^^ the same lifetime is hidden here
[INFO] [stdout]    |                          |
[INFO] [stdout]    |                          the lifetime is elided here
[INFO] [stdout]    |
[INFO] [stdout]    = help: the same lifetime is referred to in inconsistent ways, making the signature confusing
[INFO] [stdout] help: use `'_` for type paths
[INFO] [stdout]    |
[INFO] [stdout] 84 |     pub async fn post_no(&self, url: &str) -> Result<ResponseUnknown<'_>, EchoError> {
[INFO] [stdout]    |                                                                     ++++
[INFO] [stdout] 
[INFO] [stdout] 
[INFO] [stdout] warning: hiding a lifetime that's elided elsewhere is confusing
[INFO] [stdout]    --> src/echo_http/echo_http.rs:112:25
[INFO] [stdout]     |
[INFO] [stdout] 112 |     pub async fn put<T>(&self, url: &str, data: Option<T>) -> Result<Response<T>, EchoError>
[INFO] [stdout]     |                         ^^^^^ the lifetime is elided here            ^^^^^^^^^^^ the same lifetime is hidden here
[INFO] [stdout]     |
[INFO] [stdout]     = help: the same lifetime is referred to in inconsistent ways, making the signature confusing
[INFO] [stdout] help: use `'_` for type paths
[INFO] [stdout]     |
[INFO] [stdout] 112 |     pub async fn put<T>(&self, url: &str, data: Option<T>) -> Result<Response<'_, T>, EchoError>
[INFO] [stdout]     |                                                                               +++
[INFO] [stdout] 
[INFO] [stdout] 
[INFO] [stdout] warning: hiding a lifetime that's elided elsewhere is confusing
[INFO] [stdout]    --> src/echo_http/echo_http.rs:127:25
[INFO] [stdout]     |
[INFO] [stdout] 127 |     pub async fn delete(&self, url: &str) -> Result<ResponseUnknown, EchoError> {
[INFO] [stdout]     |                         ^^^^^                       ^^^^^^^^^^^^^^^ the same lifetime is hidden here
[INFO] [stdout]     |                         |
[INFO] [stdout]     |                         the lifetime is elided here
[INFO] [stdout]     |
[INFO] [stdout]     = help: the same lifetime is referred to in inconsistent ways, making the signature confusing
[INFO] [stdout] help: use `'_` for type paths
[INFO] [stdout]     |
[INFO] [stdout] 127 |     pub async fn delete(&self, url: &str) -> Result<ResponseUnknown<'_>, EchoError> {
[INFO] [stdout]     |                                                                    ++++
[INFO] [stdout] 
[INFO] [stdout] 
[INFO] [stdout] warning: hiding a lifetime that's elided elsewhere is confusing
[INFO] [stdout]   --> src/echo_http/echo_internal.rs:85:9
[INFO] [stdout]    |
[INFO] [stdout] 85 |         &self,
[INFO] [stdout]    |         ^^^^^ the lifetime is elided here
[INFO] [stdout] ...
[INFO] [stdout] 88 |     ) -> Result<Response<T>, EchoError>
[INFO] [stdout]    |                 ^^^^^^^^^^^ the same lifetime is hidden here
[INFO] [stdout]    |
[INFO] [stdout]    = help: the same lifetime is referred to in inconsistent ways, making the signature confusing
[INFO] [stdout] help: use `'_` for type paths
[INFO] [stdout]    |
[INFO] [stdout] 88 |     ) -> Result<Response<'_, T>, EchoError>
[INFO] [stdout]    |                          +++
[INFO] [stdout] 
[INFO] [stdout] 
[INFO] [stdout] warning: hiding a lifetime that's elided elsewhere is confusing
[INFO] [stdout]    --> src/echo_http/echo_internal.rs:118:9
[INFO] [stdout]     |
[INFO] [stdout] 118 |         &self,
[INFO] [stdout]     |         ^^^^^ the lifetime is elided here
[INFO] [stdout] ...
[INFO] [stdout] 122 |     ) -> Result<Response<U>, EchoError>
[INFO] [stdout]     |                 ^^^^^^^^^^^ the same lifetime is hidden here
[INFO] [stdout]     |
[INFO] [stdout]     = help: the same lifetime is referred to in inconsistent ways, making the signature confusing
[INFO] [stdout] help: use `'_` for type paths
[INFO] [stdout]     |
[INFO] [stdout] 122 |     ) -> Result<Response<'_, U>, EchoError>
[INFO] [stdout]     |                          +++
[INFO] [stdout] 
[INFO] [stdout] 
[INFO] [stdout] warning: hiding a lifetime that's elided elsewhere is confusing
[INFO] [stdout]  --> src/echo_http/echo_unknown.rs:5:9
[INFO] [stdout]   |
[INFO] [stdout] 5 |         &self,
[INFO] [stdout]   |         ^^^^^ the lifetime is elided here
[INFO] [stdout] ...
[INFO] [stdout] 8 |     ) -> Result<ResponseUnknown, EchoError> {
[INFO] [stdout]   |                 ^^^^^^^^^^^^^^^ the same lifetime is hidden here
[INFO] [stdout]   |
[INFO] [stdout]   = help: the same lifetime is referred to in inconsistent ways, making the signature confusing
[INFO] [stdout] help: use `'_` for type paths
[INFO] [stdout]   |
[INFO] [stdout] 8 |     ) -> Result<ResponseUnknown<'_>, EchoError> {
[INFO] [stdout]   |                                ++++
[INFO] [stdout] 
[INFO] [stdout] 
[INFO] [stdout] warning: hiding a lifetime that's elided elsewhere is confusing
[INFO] [stdout]   --> src/echo_http/echo_unknown.rs:35:9
[INFO] [stdout]    |
[INFO] [stdout] 35 |         &self,
[INFO] [stdout]    |         ^^^^^ the lifetime is elided here
[INFO] [stdout] ...
[INFO] [stdout] 39 |     ) -> Result<ResponseUnknown, EchoError>
[INFO] [stdout]    |                 ^^^^^^^^^^^^^^^ the same lifetime is hidden here
[INFO] [stdout]    |
[INFO] [stdout]    = help: the same lifetime is referred to in inconsistent ways, making the signature confusing
[INFO] [stdout] help: use `'_` for type paths
[INFO] [stdout]    |
[INFO] [stdout] 39 |     ) -> Result<ResponseUnknown<'_>, EchoError>
[INFO] [stdout]    |                                ++++
[INFO] [stdout] 
[INFO] [stdout] 
[INFO] [stderr]     Finished `release` profile [optimized] target(s) in 53.32s
[INFO] running `Command { std: "docker" "inspect" "4724137f1aa595fdcdc866ea6f9a473e199ca767bea6912d961d961a7a607680", kill_on_drop: false }`
[INFO] running `Command { std: "docker" "exec" "-e" "SOURCE_DIR=/opt/rustwide/workdir" "-e" "CARGO_HOME=/opt/rustwide/cargo-home" "-e" "RUSTUP_HOME=/opt/rustwide/rustup-home" "-e" "CARGO_TARGET_DIR=/opt/rustwide/target" "-e" "CARGO_INCREMENTAL=0" "-e" "RUST_BACKTRACE=full" "-e" "RUSTFLAGS=--cap-lints=warn" "-e" "RUSTDOCFLAGS=--cap-lints=warn" "-w" "/opt/rustwide/workdir" "--user" "0:0" "4724137f1aa595fdcdc866ea6f9a473e199ca767bea6912d961d961a7a607680" "/opt/rustwide/cargo-home/bin/cargo" "+1.99.0-beta.8" "test" "--frozen" "--no-run" "--message-format=json" "--release", kill_on_drop: false }`
[INFO] [stderr]    Compiling syn v3.0.9
[INFO] [stderr]    Compiling parking_lot_core v0.9.12
[INFO] [stderr]    Compiling errno v0.3.14
[INFO] [stderr]    Compiling signal-hook-registry v1.4.8
[INFO] [stderr]    Compiling parking_lot v0.12.5
[INFO] [stderr]    Compiling synstructure v0.14.0
[INFO] [stderr]    Compiling zerovec-derive v0.11.6
[INFO] [stderr]    Compiling displaydoc v0.2.7
[INFO] [stderr]    Compiling tokio-macros v2.7.2
[INFO] [stderr]    Compiling serde_derive v1.0.229
[INFO] [stderr]    Compiling thiserror-impl v2.0.21
[INFO] [stderr]    Compiling zerofrom-derive v0.1.8
[INFO] [stderr]    Compiling yoke-derive v0.8.4
[INFO] [stderr]    Compiling tokio v1.53.3
[INFO] [stderr]    Compiling zerofrom v0.1.8
[INFO] [stderr]    Compiling yoke v0.8.3
[INFO] [stderr]    Compiling thiserror v2.0.21
[INFO] [stderr]    Compiling zerovec v0.11.8
[INFO] [stderr]    Compiling zerotrie v0.2.5
[INFO] [stderr]    Compiling tinystr v0.8.4
[INFO] [stderr]    Compiling potential_utf v0.1.6
[INFO] [stderr]    Compiling icu_collections v2.3.0
[INFO] [stderr]    Compiling icu_locale_core v2.3.0
[INFO] [stderr]    Compiling serde v1.0.229
[INFO] [stderr]    Compiling icu_provider v2.3.1
[INFO] [stderr]    Compiling serde_urlencoded v0.7.1
[INFO] [stderr]    Compiling icu_normalizer v2.3.0
[INFO] [stderr]    Compiling icu_properties v2.3.0
[INFO] [stderr]    Compiling idna_adapter v1.2.2
[INFO] [stderr]    Compiling idna v1.1.0
[INFO] [stderr]    Compiling url v2.5.8
[INFO] [stderr]    Compiling tokio-util v0.7.20
[INFO] [stderr]    Compiling tokio-native-tls v0.3.1
[INFO] [stderr]    Compiling tower v0.5.3
[INFO] [stderr]    Compiling tower-http v0.6.11
[INFO] [stderr]    Compiling h2 v0.4.20
[INFO] [stderr]    Compiling hyper v1.12.0
[INFO] [stderr]    Compiling hyper-util v0.1.21
[INFO] [stderr]    Compiling hyper-tls v0.6.0
[INFO] [stderr]    Compiling reqwest v0.12.28
[INFO] [stderr]    Compiling echo_http v0.1.2 (/opt/rustwide/workdir)
[INFO] [stdout] warning: hiding a lifetime that's elided elsewhere is confusing
[INFO] [stdout]   --> src/echo_http/echo_http.rs:42:30
[INFO] [stdout]    |
[INFO] [stdout] 42 |     pub async fn get_unknown(&self, url: &str) -> Result<ResponseUnknown, EchoError> {
[INFO] [stdout]    |                              ^^^^^                       ^^^^^^^^^^^^^^^ the same lifetime is hidden here
[INFO] [stdout]    |                              |
[INFO] [stdout]    |                              the lifetime is elided here
[INFO] [stdout]    |
[INFO] [stdout]    = help: the same lifetime is referred to in inconsistent ways, making the signature confusing
[INFO] [stdout]    = note: `#[warn(mismatched_lifetime_syntaxes)]` on by default
[INFO] [stdout] help: use `'_` for type paths
[INFO] [stdout]    |
[INFO] [stdout] 42 |     pub async fn get_unknown(&self, url: &str) -> Result<ResponseUnknown<'_>, EchoError> {
[INFO] [stdout]    |                                                                         ++++
[INFO] [stdout] 
[INFO] [stdout] 
[INFO] [stdout] warning: hiding a lifetime that's elided elsewhere is confusing
[INFO] [stdout]   --> src/echo_http/echo_http.rs:53:25
[INFO] [stdout]    |
[INFO] [stdout] 53 |     pub async fn get<T>(&self, url: &str) -> Result<Response<T>, EchoError>
[INFO] [stdout]    |                         ^^^^^                       ^^^^^^^^^^^ the same lifetime is hidden here
[INFO] [stdout]    |                         |
[INFO] [stdout]    |                         the lifetime is elided here
[INFO] [stdout]    |
[INFO] [stdout]    = help: the same lifetime is referred to in inconsistent ways, making the signature confusing
[INFO] [stdout] help: use `'_` for type paths
[INFO] [stdout]    |
[INFO] [stdout] 53 |     pub async fn get<T>(&self, url: &str) -> Result<Response<'_, T>, EchoError>
[INFO] [stdout]    |                                                              +++
[INFO] [stdout] 
[INFO] [stdout] 
[INFO] [stdout] warning: hiding a lifetime that's elided elsewhere is confusing
[INFO] [stdout]   --> src/echo_http/echo_http.rs:68:26
[INFO] [stdout]    |
[INFO] [stdout] 68 |     pub async fn post<T>(&self, url: &str, data: Option<T>) -> Result<Response<T>, EchoError>
[INFO] [stdout]    |                          ^^^^^ the lifetime is elided here            ^^^^^^^^^^^ the same lifetime is hidden here
[INFO] [stdout]    |
[INFO] [stdout]    = help: the same lifetime is referred to in inconsistent ways, making the signature confusing
[INFO] [stdout] help: use `'_` for type paths
[INFO] [stdout]    |
[INFO] [stdout] 68 |     pub async fn post<T>(&self, url: &str, data: Option<T>) -> Result<Response<'_, T>, EchoError>
[INFO] [stdout]    |                                                                                +++
[INFO] [stdout] 
[INFO] [stdout] 
[INFO] [stdout] warning: hiding a lifetime that's elided elsewhere is confusing
[INFO] [stdout]   --> src/echo_http/echo_http.rs:84:26
[INFO] [stdout]    |
[INFO] [stdout] 84 |     pub async fn post_no(&self, url: &str) -> Result<ResponseUnknown, EchoError> {
[INFO] [stdout]    |                          ^^^^^                       ^^^^^^^^^^^^^^^ the same lifetime is hidden here
[INFO] [stdout]    |                          |
[INFO] [stdout]    |                          the lifetime is elided here
[INFO] [stdout]    |
[INFO] [stdout]    = help: the same lifetime is referred to in inconsistent ways, making the signature confusing
[INFO] [stdout] help: use `'_` for type paths
[INFO] [stdout]    |
[INFO] [stdout] 84 |     pub async fn post_no(&self, url: &str) -> Result<ResponseUnknown<'_>, EchoError> {
[INFO] [stdout]    |                                                                     ++++
[INFO] [stdout] 
[INFO] [stdout] 
[INFO] [stdout] warning: hiding a lifetime that's elided elsewhere is confusing
[INFO] [stdout]    --> src/echo_http/echo_http.rs:112:25
[INFO] [stdout]     |
[INFO] [stdout] 112 |     pub async fn put<T>(&self, url: &str, data: Option<T>) -> Result<Response<T>, EchoError>
[INFO] [stdout]     |                         ^^^^^ the lifetime is elided here            ^^^^^^^^^^^ the same lifetime is hidden here
[INFO] [stdout]     |
[INFO] [stdout]     = help: the same lifetime is referred to in inconsistent ways, making the signature confusing
[INFO] [stdout] help: use `'_` for type paths
[INFO] [stdout]     |
[INFO] [stdout] 112 |     pub async fn put<T>(&self, url: &str, data: Option<T>) -> Result<Response<'_, T>, EchoError>
[INFO] [stdout]     |                                                                               +++
[INFO] [stdout] 
[INFO] [stdout] 
[INFO] [stdout] warning: hiding a lifetime that's elided elsewhere is confusing
[INFO] [stdout]    --> src/echo_http/echo_http.rs:127:25
[INFO] [stdout]     |
[INFO] [stdout] 127 |     pub async fn delete(&self, url: &str) -> Result<ResponseUnknown, EchoError> {
[INFO] [stdout]     |                         ^^^^^                       ^^^^^^^^^^^^^^^ the same lifetime is hidden here
[INFO] [stdout]     |                         |
[INFO] [stdout]     |                         the lifetime is elided here
[INFO] [stdout]     |
[INFO] [stdout]     = help: the same lifetime is referred to in inconsistent ways, making the signature confusing
[INFO] [stdout] help: use `'_` for type paths
[INFO] [stdout]     |
[INFO] [stdout] 127 |     pub async fn delete(&self, url: &str) -> Result<ResponseUnknown<'_>, EchoError> {
[INFO] [stdout]     |                                                                    ++++
[INFO] [stdout] 
[INFO] [stdout] 
[INFO] [stdout] warning: hiding a lifetime that's elided elsewhere is confusing
[INFO] [stdout]   --> src/echo_http/echo_internal.rs:85:9
[INFO] [stdout]    |
[INFO] [stdout] 85 |         &self,
[INFO] [stdout]    |         ^^^^^ the lifetime is elided here
[INFO] [stdout] ...
[INFO] [stdout] 88 |     ) -> Result<Response<T>, EchoError>
[INFO] [stdout]    |                 ^^^^^^^^^^^ the same lifetime is hidden here
[INFO] [stdout]    |
[INFO] [stdout]    = help: the same lifetime is referred to in inconsistent ways, making the signature confusing
[INFO] [stdout] help: use `'_` for type paths
[INFO] [stdout]    |
[INFO] [stdout] 88 |     ) -> Result<Response<'_, T>, EchoError>
[INFO] [stdout]    |                          +++
[INFO] [stdout] 
[INFO] [stdout] 
[INFO] [stdout] warning: hiding a lifetime that's elided elsewhere is confusing
[INFO] [stdout]    --> src/echo_http/echo_internal.rs:118:9
[INFO] [stdout]     |
[INFO] [stdout] 118 |         &self,
[INFO] [stdout]     |         ^^^^^ the lifetime is elided here
[INFO] [stdout] ...
[INFO] [stdout] 122 |     ) -> Result<Response<U>, EchoError>
[INFO] [stdout]     |                 ^^^^^^^^^^^ the same lifetime is hidden here
[INFO] [stdout]     |
[INFO] [stdout]     = help: the same lifetime is referred to in inconsistent ways, making the signature confusing
[INFO] [stdout] help: use `'_` for type paths
[INFO] [stdout]     |
[INFO] [stdout] 122 |     ) -> Result<Response<'_, U>, EchoError>
[INFO] [stdout]     |                          +++
[INFO] [stdout] 
[INFO] [stdout] 
[INFO] [stdout] warning: hiding a lifetime that's elided elsewhere is confusing
[INFO] [stdout]  --> src/echo_http/echo_unknown.rs:5:9
[INFO] [stdout]   |
[INFO] [stdout] 5 |         &self,
[INFO] [stdout]   |         ^^^^^ the lifetime is elided here
[INFO] [stdout] ...
[INFO] [stdout] 8 |     ) -> Result<ResponseUnknown, EchoError> {
[INFO] [stdout]   |                 ^^^^^^^^^^^^^^^ the same lifetime is hidden here
[INFO] [stdout]   |
[INFO] [stdout]   = help: the same lifetime is referred to in inconsistent ways, making the signature confusing
[INFO] [stdout] help: use `'_` for type paths
[INFO] [stdout]   |
[INFO] [stdout] 8 |     ) -> Result<ResponseUnknown<'_>, EchoError> {
[INFO] [stdout]   |                                ++++
[INFO] [stdout] 
[INFO] [stdout] 
[INFO] [stdout] warning: hiding a lifetime that's elided elsewhere is confusing
[INFO] [stdout]   --> src/echo_http/echo_unknown.rs:35:9
[INFO] [stdout]    |
[INFO] [stdout] 35 |         &self,
[INFO] [stdout]    |         ^^^^^ the lifetime is elided here
[INFO] [stdout] ...
[INFO] [stdout] 39 |     ) -> Result<ResponseUnknown, EchoError>
[INFO] [stdout]    |                 ^^^^^^^^^^^^^^^ the same lifetime is hidden here
[INFO] [stdout]    |
[INFO] [stdout]    = help: the same lifetime is referred to in inconsistent ways, making the signature confusing
[INFO] [stdout] help: use `'_` for type paths
[INFO] [stdout]    |
[INFO] [stdout] 39 |     ) -> Result<ResponseUnknown<'_>, EchoError>
[INFO] [stdout]    |                                ++++
[INFO] [stdout] 
[INFO] [stdout] 
[INFO] [stdout] warning: hiding a lifetime that's elided elsewhere is confusing
[INFO] [stdout]   --> src/echo_http/echo_http.rs:42:30
[INFO] [stdout]    |
[INFO] [stdout] 42 |     pub async fn get_unknown(&self, url: &str) -> Result<ResponseUnknown, EchoError> {
[INFO] [stdout]    |                              ^^^^^                       ^^^^^^^^^^^^^^^ the same lifetime is hidden here
[INFO] [stdout]    |                              |
[INFO] [stdout]    |                              the lifetime is elided here
[INFO] [stdout]    |
[INFO] [stdout]    = help: the same lifetime is referred to in inconsistent ways, making the signature confusing
[INFO] [stdout]    = note: `#[warn(mismatched_lifetime_syntaxes)]` on by default
[INFO] [stdout] help: use `'_` for type paths
[INFO] [stdout]    |
[INFO] [stdout] 42 |     pub async fn get_unknown(&self, url: &str) -> Result<ResponseUnknown<'_>, EchoError> {
[INFO] [stdout]    |                                                                         ++++
[INFO] [stdout] 
[INFO] [stdout] 
[INFO] [stdout] warning: hiding a lifetime that's elided elsewhere is confusing
[INFO] [stdout]   --> src/echo_http/echo_http.rs:53:25
[INFO] [stdout]    |
[INFO] [stdout] 53 |     pub async fn get<T>(&self, url: &str) -> Result<Response<T>, EchoError>
[INFO] [stdout]    |                         ^^^^^                       ^^^^^^^^^^^ the same lifetime is hidden here
[INFO] [stdout]    |                         |
[INFO] [stdout]    |                         the lifetime is elided here
[INFO] [stdout]    |
[INFO] [stdout]    = help: the same lifetime is referred to in inconsistent ways, making the signature confusing
[INFO] [stdout] help: use `'_` for type paths
[INFO] [stdout]    |
[INFO] [stdout] 53 |     pub async fn get<T>(&self, url: &str) -> Result<Response<'_, T>, EchoError>
[INFO] [stdout]    |                                                              +++
[INFO] [stdout] 
[INFO] [stdout] 
[INFO] [stdout] warning: hiding a lifetime that's elided elsewhere is confusing
[INFO] [stdout]   --> src/echo_http/echo_http.rs:68:26
[INFO] [stdout]    |
[INFO] [stdout] 68 |     pub async fn post<T>(&self, url: &str, data: Option<T>) -> Result<Response<T>, EchoError>
[INFO] [stdout]    |                          ^^^^^ the lifetime is elided here            ^^^^^^^^^^^ the same lifetime is hidden here
[INFO] [stdout]    |
[INFO] [stdout]    = help: the same lifetime is referred to in inconsistent ways, making the signature confusing
[INFO] [stdout] help: use `'_` for type paths
[INFO] [stdout]    |
[INFO] [stdout] 68 |     pub async fn post<T>(&self, url: &str, data: Option<T>) -> Result<Response<'_, T>, EchoError>
[INFO] [stdout]    |                                                                                +++
[INFO] [stdout] 
[INFO] [stdout] 
[INFO] [stdout] warning: hiding a lifetime that's elided elsewhere is confusing
[INFO] [stdout]   --> src/echo_http/echo_http.rs:84:26
[INFO] [stdout]    |
[INFO] [stdout] 84 |     pub async fn post_no(&self, url: &str) -> Result<ResponseUnknown, EchoError> {
[INFO] [stdout]    |                          ^^^^^                       ^^^^^^^^^^^^^^^ the same lifetime is hidden here
[INFO] [stdout]    |                          |
[INFO] [stdout]    |                          the lifetime is elided here
[INFO] [stdout]    |
[INFO] [stdout]    = help: the same lifetime is referred to in inconsistent ways, making the signature confusing
[INFO] [stdout] help: use `'_` for type paths
[INFO] [stdout]    |
[INFO] [stdout] 84 |     pub async fn post_no(&self, url: &str) -> Result<ResponseUnknown<'_>, EchoError> {
[INFO] [stdout]    |                                                                     ++++
[INFO] [stdout] 
[INFO] [stdout] 
[INFO] [stdout] warning: hiding a lifetime that's elided elsewhere is confusing
[INFO] [stdout]    --> src/echo_http/echo_http.rs:112:25
[INFO] [stdout]     |
[INFO] [stdout] 112 |     pub async fn put<T>(&self, url: &str, data: Option<T>) -> Result<Response<T>, EchoError>
[INFO] [stdout]     |                         ^^^^^ the lifetime is elided here            ^^^^^^^^^^^ the same lifetime is hidden here
[INFO] [stdout]     |
[INFO] [stdout]     = help: the same lifetime is referred to in inconsistent ways, making the signature confusing
[INFO] [stdout] help: use `'_` for type paths
[INFO] [stdout]     |
[INFO] [stdout] 112 |     pub async fn put<T>(&self, url: &str, data: Option<T>) -> Result<Response<'_, T>, EchoError>
[INFO] [stdout]     |                                                                               +++
[INFO] [stdout] 
[INFO] [stdout] 
[INFO] [stdout] warning: hiding a lifetime that's elided elsewhere is confusing
[INFO] [stdout]    --> src/echo_http/echo_http.rs:127:25
[INFO] [stdout]     |
[INFO] [stdout] 127 |     pub async fn delete(&self, url: &str) -> Result<ResponseUnknown, EchoError> {
[INFO] [stdout]     |                         ^^^^^                       ^^^^^^^^^^^^^^^ the same lifetime is hidden here
[INFO] [stdout]     |                         |
[INFO] [stdout]     |                         the lifetime is elided here
[INFO] [stdout]     |
[INFO] [stdout]     = help: the same lifetime is referred to in inconsistent ways, making the signature confusing
[INFO] [stdout] help: use `'_` for type paths
[INFO] [stdout]     |
[INFO] [stdout] 127 |     pub async fn delete(&self, url: &str) -> Result<ResponseUnknown<'_>, EchoError> {
[INFO] [stdout]     |                                                                    ++++
[INFO] [stdout] 
[INFO] [stdout] 
[INFO] [stdout] warning: hiding a lifetime that's elided elsewhere is confusing
[INFO] [stdout]   --> src/echo_http/echo_internal.rs:85:9
[INFO] [stdout]    |
[INFO] [stdout] 85 |         &self,
[INFO] [stdout]    |         ^^^^^ the lifetime is elided here
[INFO] [stdout] ...
[INFO] [stdout] 88 |     ) -> Result<Response<T>, EchoError>
[INFO] [stdout]    |                 ^^^^^^^^^^^ the same lifetime is hidden here
[INFO] [stdout]    |
[INFO] [stdout]    = help: the same lifetime is referred to in inconsistent ways, making the signature confusing
[INFO] [stdout] help: use `'_` for type paths
[INFO] [stdout]    |
[INFO] [stdout] 88 |     ) -> Result<Response<'_, T>, EchoError>
[INFO] [stdout]    |                          +++
[INFO] [stdout] 
[INFO] [stdout] 
[INFO] [stdout] warning: hiding a lifetime that's elided elsewhere is confusing
[INFO] [stdout]    --> src/echo_http/echo_internal.rs:118:9
[INFO] [stdout]     |
[INFO] [stdout] 118 |         &self,
[INFO] [stdout]     |         ^^^^^ the lifetime is elided here
[INFO] [stdout] ...
[INFO] [stdout] 122 |     ) -> Result<Response<U>, EchoError>
[INFO] [stdout]     |                 ^^^^^^^^^^^ the same lifetime is hidden here
[INFO] [stdout]     |
[INFO] [stdout]     = help: the same lifetime is referred to in inconsistent ways, making the signature confusing
[INFO] [stdout] help: use `'_` for type paths
[INFO] [stdout]     |
[INFO] [stdout] 122 |     ) -> Result<Response<'_, U>, EchoError>
[INFO] [stdout]     |                          +++
[INFO] [stdout] 
[INFO] [stdout] 
[INFO] [stdout] warning: hiding a lifetime that's elided elsewhere is confusing
[INFO] [stdout]  --> src/echo_http/echo_unknown.rs:5:9
[INFO] [stdout]   |
[INFO] [stdout] 5 |         &self,
[INFO] [stdout]   |         ^^^^^ the lifetime is elided here
[INFO] [stdout] ...
[INFO] [stdout] 8 |     ) -> Result<ResponseUnknown, EchoError> {
[INFO] [stdout]   |                 ^^^^^^^^^^^^^^^ the same lifetime is hidden here
[INFO] [stdout]   |
[INFO] [stdout]   = help: the same lifetime is referred to in inconsistent ways, making the signature confusing
[INFO] [stdout] help: use `'_` for type paths
[INFO] [stdout]   |
[INFO] [stdout] 8 |     ) -> Result<ResponseUnknown<'_>, EchoError> {
[INFO] [stdout]   |                                ++++
[INFO] [stdout] 
[INFO] [stdout] 
[INFO] [stdout] warning: hiding a lifetime that's elided elsewhere is confusing
[INFO] [stdout]   --> src/echo_http/echo_unknown.rs:35:9
[INFO] [stdout]    |
[INFO] [stdout] 35 |         &self,
[INFO] [stdout]    |         ^^^^^ the lifetime is elided here
[INFO] [stdout] ...
[INFO] [stdout] 39 |     ) -> Result<ResponseUnknown, EchoError>
[INFO] [stdout]    |                 ^^^^^^^^^^^^^^^ the same lifetime is hidden here
[INFO] [stdout]    |
[INFO] [stdout]    = help: the same lifetime is referred to in inconsistent ways, making the signature confusing
[INFO] [stdout] help: use `'_` for type paths
[INFO] [stdout]    |
[INFO] [stdout] 39 |     ) -> Result<ResponseUnknown<'_>, EchoError>
[INFO] [stdout]    |                                ++++
[INFO] [stdout] 
[INFO] [stdout] 
[INFO] [stderr]     Finished `release` profile [optimized] target(s) in 51.74s
[INFO] running `Command { std: "docker" "inspect" "4724137f1aa595fdcdc866ea6f9a473e199ca767bea6912d961d961a7a607680", kill_on_drop: false }`
[INFO] running `Command { std: "docker" "exec" "-e" "SOURCE_DIR=/opt/rustwide/workdir" "-e" "CARGO_HOME=/opt/rustwide/cargo-home" "-e" "RUSTUP_HOME=/opt/rustwide/rustup-home" "-e" "CARGO_TARGET_DIR=/opt/rustwide/target" "-e" "CARGO_INCREMENTAL=0" "-e" "RUST_BACKTRACE=full" "-e" "RUSTFLAGS=--cap-lints=warn" "-e" "RUSTDOCFLAGS=--cap-lints=warn" "-w" "/opt/rustwide/workdir" "--user" "0:0" "4724137f1aa595fdcdc866ea6f9a473e199ca767bea6912d961d961a7a607680" "/opt/rustwide/cargo-home/bin/cargo" "+1.99.0-beta.8" "test" "--frozen" "--release", kill_on_drop: false }`
[INFO] [stderr] warning: hiding a lifetime that's elided elsewhere is confusing
[INFO] [stderr]   --> src/echo_http/echo_http.rs:42:30
[INFO] [stderr]    |
[INFO] [stderr] 42 |     pub async fn get_unknown(&self, url: &str) -> Result<ResponseUnknown, EchoError> {
[INFO] [stderr]    |                              ^^^^^                       ^^^^^^^^^^^^^^^ the same lifetime is hidden here
[INFO] [stderr]    |                              |
[INFO] [stderr]    |                              the lifetime is elided here
[INFO] [stderr]    |
[INFO] [stderr]    = help: the same lifetime is referred to in inconsistent ways, making the signature confusing
[INFO] [stderr]    = note: `#[warn(mismatched_lifetime_syntaxes)]` on by default
[INFO] [stderr] help: use `'_` for type paths
[INFO] [stderr]    |
[INFO] [stderr] 42 |     pub async fn get_unknown(&self, url: &str) -> Result<ResponseUnknown<'_>, EchoError> {
[INFO] [stderr]    |                                                                         ++++
[INFO] [stderr] 
[INFO] [stderr] warning: hiding a lifetime that's elided elsewhere is confusing
[INFO] [stderr]   --> src/echo_http/echo_http.rs:53:25
[INFO] [stderr]    |
[INFO] [stderr] 53 |     pub async fn get<T>(&self, url: &str) -> Result<Response<T>, EchoError>
[INFO] [stderr]    |                         ^^^^^                       ^^^^^^^^^^^ the same lifetime is hidden here
[INFO] [stderr]    |                         |
[INFO] [stderr]    |                         the lifetime is elided here
[INFO] [stderr]    |
[INFO] [stderr]    = help: the same lifetime is referred to in inconsistent ways, making the signature confusing
[INFO] [stderr] help: use `'_` for type paths
[INFO] [stderr]    |
[INFO] [stderr] 53 |     pub async fn get<T>(&self, url: &str) -> Result<Response<'_, T>, EchoError>
[INFO] [stderr]    |                                                              +++
[INFO] [stderr] 
[INFO] [stderr] warning: hiding a lifetime that's elided elsewhere is confusing
[INFO] [stderr]   --> src/echo_http/echo_http.rs:68:26
[INFO] [stderr]    |
[INFO] [stderr] 68 |     pub async fn post<T>(&self, url: &str, data: Option<T>) -> Result<Response<T>, EchoError>
[INFO] [stderr]    |                          ^^^^^ the lifetime is elided here            ^^^^^^^^^^^ the same lifetime is hidden here
[INFO] [stderr]    |
[INFO] [stderr]    = help: the same lifetime is referred to in inconsistent ways, making the signature confusing
[INFO] [stderr] help: use `'_` for type paths
[INFO] [stderr]    |
[INFO] [stderr] 68 |     pub async fn post<T>(&self, url: &str, data: Option<T>) -> Result<Response<'_, T>, EchoError>
[INFO] [stderr]    |                                                                                +++
[INFO] [stderr] 
[INFO] [stderr] warning: hiding a lifetime that's elided elsewhere is confusing
[INFO] [stderr]   --> src/echo_http/echo_http.rs:84:26
[INFO] [stderr]    |
[INFO] [stderr] 84 |     pub async fn post_no(&self, url: &str) -> Result<ResponseUnknown, EchoError> {
[INFO] [stderr]    |                          ^^^^^                       ^^^^^^^^^^^^^^^ the same lifetime is hidden here
[INFO] [stderr]    |                          |
[INFO] [stderr]    |                          the lifetime is elided here
[INFO] [stderr]    |
[INFO] [stderr]    = help: the same lifetime is referred to in inconsistent ways, making the signature confusing
[INFO] [stderr] help: use `'_` for type paths
[INFO] [stderr]    |
[INFO] [stderr] 84 |     pub async fn post_no(&self, url: &str) -> Result<ResponseUnknown<'_>, EchoError> {
[INFO] [stderr]    |                                                                     ++++
[INFO] [stderr] 
[INFO] [stderr] warning: hiding a lifetime that's elided elsewhere is confusing
[INFO] [stderr]    --> src/echo_http/echo_http.rs:112:25
[INFO] [stderr]     |
[INFO] [stderr] 112 |     pub async fn put<T>(&self, url: &str, data: Option<T>) -> Result<Response<T>, EchoError>
[INFO] [stderr]     |                         ^^^^^ the lifetime is elided here            ^^^^^^^^^^^ the same lifetime is hidden here
[INFO] [stderr]     |
[INFO] [stderr]     = help: the same lifetime is referred to in inconsistent ways, making the signature confusing
[INFO] [stderr] help: use `'_` for type paths
[INFO] [stderr]     |
[INFO] [stderr] 112 |     pub async fn put<T>(&self, url: &str, data: Option<T>) -> Result<Response<'_, T>, EchoError>
[INFO] [stderr]     |                                                                               +++
[INFO] [stderr] 
[INFO] [stderr] warning: hiding a lifetime that's elided elsewhere is confusing
[INFO] [stderr]    --> src/echo_http/echo_http.rs:127:25
[INFO] [stderr]     |
[INFO] [stderr] 127 |     pub async fn delete(&self, url: &str) -> Result<ResponseUnknown, EchoError> {
[INFO] [stderr]     |                         ^^^^^                       ^^^^^^^^^^^^^^^ the same lifetime is hidden here
[INFO] [stderr]     |                         |
[INFO] [stderr]     |                         the lifetime is elided here
[INFO] [stderr]     |
[INFO] [stderr]     = help: the same lifetime is referred to in inconsistent ways, making the signature confusing
[INFO] [stderr] help: use `'_` for type paths
[INFO] [stderr]     |
[INFO] [stderr] 127 |     pub async fn delete(&self, url: &str) -> Result<ResponseUnknown<'_>, EchoError> {
[INFO] [stderr]     |                                                                    ++++
[INFO] [stderr] 
[INFO] [stderr] warning: hiding a lifetime that's elided elsewhere is confusing
[INFO] [stderr]   --> src/echo_http/echo_internal.rs:85:9
[INFO] [stderr]    |
[INFO] [stderr] 85 |         &self,
[INFO] [stderr]    |         ^^^^^ the lifetime is elided here
[INFO] [stderr] ...
[INFO] [stderr] 88 |     ) -> Result<Response<T>, EchoError>
[INFO] [stderr]    |                 ^^^^^^^^^^^ the same lifetime is hidden here
[INFO] [stderr]    |
[INFO] [stderr]    = help: the same lifetime is referred to in inconsistent ways, making the signature confusing
[INFO] [stderr] help: use `'_` for type paths
[INFO] [stderr]    |
[INFO] [stderr] 88 |     ) -> Result<Response<'_, T>, EchoError>
[INFO] [stderr]    |                          +++
[INFO] [stderr] 
[INFO] [stderr] warning: hiding a lifetime that's elided elsewhere is confusing
[INFO] [stderr]    --> src/echo_http/echo_internal.rs:118:9
[INFO] [stderr]     |
[INFO] [stderr] 118 |         &self,
[INFO] [stderr]     |         ^^^^^ the lifetime is elided here
[INFO] [stderr] ...
[INFO] [stderr] 122 |     ) -> Result<Response<U>, EchoError>
[INFO] [stderr]     |                 ^^^^^^^^^^^ the same lifetime is hidden here
[INFO] [stderr]     |
[INFO] [stderr]     = help: the same lifetime is referred to in inconsistent ways, making the signature confusing
[INFO] [stderr] help: use `'_` for type paths
[INFO] [stderr]     |
[INFO] [stderr] 122 |     ) -> Result<Response<'_, U>, EchoError>
[INFO] [stderr]     |                          +++
[INFO] [stderr] 
[INFO] [stderr] warning: hiding a lifetime that's elided elsewhere is confusing
[INFO] [stderr]  --> src/echo_http/echo_unknown.rs:5:9
[INFO] [stderr]   |
[INFO] [stderr] 5 |         &self,
[INFO] [stderr]   |         ^^^^^ the lifetime is elided here
[INFO] [stderr] ...
[INFO] [stderr] 8 |     ) -> Result<ResponseUnknown, EchoError> {
[INFO] [stderr]   |                 ^^^^^^^^^^^^^^^ the same lifetime is hidden here
[INFO] [stderr]   |
[INFO] [stderr]   = help: the same lifetime is referred to in inconsistent ways, making the signature confusing
[INFO] [stderr] help: use `'_` for type paths
[INFO] [stderr]   |
[INFO] [stderr] 8 |     ) -> Result<ResponseUnknown<'_>, EchoError> {
[INFO] [stderr]   |                                ++++
[INFO] [stderr] 
[INFO] [stderr] warning: hiding a lifetime that's elided elsewhere is confusing
[INFO] [stderr]   --> src/echo_http/echo_unknown.rs:35:9
[INFO] [stderr]    |
[INFO] [stderr] 35 |         &self,
[INFO] [stderr]    |         ^^^^^ the lifetime is elided here
[INFO] [stderr] ...
[INFO] [stderr] 39 |     ) -> Result<ResponseUnknown, EchoError>
[INFO] [stderr]    |                 ^^^^^^^^^^^^^^^ the same lifetime is hidden here
[INFO] [stderr]    |
[INFO] [stderr]    = help: the same lifetime is referred to in inconsistent ways, making the signature confusing
[INFO] [stderr] help: use `'_` for type paths
[INFO] [stderr]    |
[INFO] [stderr] 39 |     ) -> Result<ResponseUnknown<'_>, EchoError>
[INFO] [stderr]    |                                ++++
[INFO] [stderr] 
[INFO] [stderr] warning: `echo_http` (lib) generated 10 warnings (run `cargo fix --lib -p echo_http` to apply 10 suggestions)
[INFO] [stderr] warning: `echo_http` (lib test) generated 10 warnings (10 duplicates)
[INFO] [stderr]     Finished `release` profile [optimized] target(s) in 0.15s
[INFO] [stderr]      Running unittests src/lib.rs (/opt/rustwide/target/release/deps/echo_http-a7bff0e9c99fd96a)
[INFO] [stdout] 
[INFO] [stdout] running 3 tests
[INFO] [stdout] test echo_http::echo_internal::tests::test_parse_url ... ok
[INFO] [stderr]      Running tests/headers.rs (/opt/rustwide/target/release/deps/headers-e61b70d3ebe21d0a)
[INFO] [stdout] test echo_http::echo_internal::tests::test_get_full_url_without_base_url ... ok
[INFO] [stdout] test echo_http::echo_internal::tests::test_get_full_url_with_base_url ... ok
[INFO] [stdout] 
[INFO] [stdout] test result: ok. 3 passed; 0 failed; 0 ignored; 0 measured; 0 filtered out; finished in 0.11s
[INFO] [stdout] 
[INFO] [stdout] 
[INFO] [stdout] running 3 tests
[INFO] [stdout] test test_into_header_map ... ok
[INFO] [stdout] test test_insert_single_header ... ok
[INFO] [stdout] test test_insert_many_headers ... ok
[INFO] [stdout] 
[INFO] [stdout] test result: ok. 3 passed; 0 failed; 0 ignored; 0 measured; 0 filtered out; finished in 0.00s
[INFO] [stdout] 
[INFO] [stderr]      Running tests/http.rs (/opt/rustwide/target/release/deps/http-25f5b791cd69c1fb)
[INFO] [stdout] 
[INFO] [stdout] running 7 tests
[INFO] [stdout] test test_post_no_data ... FAILED
[INFO] [stdout] test test_delete ... FAILED
[INFO] [stdout] test test_post ... FAILED
[INFO] [stdout] test test_put ... FAILED
[INFO] [stdout] test test_get ... FAILED
[INFO] [stdout] test test_get_unknown ... FAILED
[INFO] [stdout] test test_post_no_data_2 ... FAILED
[INFO] [stdout] 
[INFO] [stdout] failures:
[INFO] [stdout] 
[INFO] [stdout] ---- test_post_no_data stdout ----
[INFO] [stdout] 
[INFO] [stdout] thread 'test_post_no_data' (2267) panicked at tests/http.rs:69:10:
[INFO] [stdout] called `Result::unwrap()` on an `Err` value: HttpError(reqwest::Error { kind: Request, url: "https://jsonplaceholder.typicode.com/posts/", source: hyper_util::client::legacy::Error(Connect, ConnectError("dns error", Custom { kind: Uncategorized, error: "failed to lookup address information: Temporary failure in name resolution" })) })
[INFO] [stdout] stack backtrace:
[INFO] [stdout]    0:     0x630285093471 - <<std[70759c8f55707aa4]::sys::backtrace::BacktraceLock>::print::DisplayBacktrace as core[df12db4294e9bfd3]::fmt::Display>::fmt
[INFO] [stdout]    1:     0x6302850a929a - core[df12db4294e9bfd3]::fmt::write
[INFO] [stdout]    2:     0x63028509802c - <alloc[2182bb758b4b3781]::vec::Vec<u8> as core[df12db4294e9bfd3]::io::write::Write>::write_fmt
[INFO] [stdout]    3:     0x63028506e766 - std[70759c8f55707aa4]::panicking::default_hook::{closure#0}
[INFO] [stdout]    4:     0x63028508b379 - std[70759c8f55707aa4]::panicking::default_hook
[INFO] [stdout]    5:     0x630284ed2090 - test[9d35eded1c95d3be]::test_main_inner::<test[9d35eded1c95d3be]::test_main_static::{closure#0}>::{closure#0}
[INFO] [stdout]    6:     0x63028508b6a2 - std[70759c8f55707aa4]::panicking::panic_with_hook
[INFO] [stdout]    7:     0x63028506e812 - std[70759c8f55707aa4]::panicking::panic_handler::{closure#0}
[INFO] [stdout]    8:     0x6302850674b9 - std[70759c8f55707aa4]::sys::backtrace::__rust_end_short_backtrace::<std[70759c8f55707aa4]::panicking::panic_handler::{closure#0}, !>
[INFO] [stdout]    9:     0x63028506f5fd - __rustc[8fa7c3cbc660c2b3]::rust_begin_unwind
[INFO] [stdout]   10:     0x6302850a99fc - core[df12db4294e9bfd3]::panicking::panic_fmt
[INFO] [stdout]   11:     0x6302850a97d2 - core[df12db4294e9bfd3]::result::unwrap_failed
[INFO] [stdout]   12:     0x630284eb1fe0 - http[33d086dbc2036804]::test_post_no_data::{closure#0}
[INFO] [stdout]   13:     0x630284ec2f03 - <tokio[b0ca26e470964a50]::runtime::scheduler::current_thread::Context>::enter::<core[df12db4294e9bfd3]::task::poll::Poll<()>, <tokio[b0ca26e470964a50]::runtime::scheduler::current_thread::CoreGuard>::block_on<core[df12db4294e9bfd3]::pin::Pin<&mut core[df12db4294e9bfd3]::pin::Pin<&mut dyn core[df12db4294e9bfd3]::future::future::Future<Output = ()>>>>::{closure#0}::{closure#0}>
[INFO] [stdout]   14:     0x630284eb795c - <tokio[b0ca26e470964a50]::runtime::context::scoped::Scoped<tokio[b0ca26e470964a50]::runtime::scheduler::Context>>::set::<<tokio[b0ca26e470964a50]::runtime::scheduler::current_thread::CoreGuard>::enter<<tokio[b0ca26e470964a50]::runtime::scheduler::current_thread::CoreGuard>::block_on<core[df12db4294e9bfd3]::pin::Pin<&mut core[df12db4294e9bfd3]::pin::Pin<&mut dyn core[df12db4294e9bfd3]::future::future::Future<Output = ()>>>>::{closure#0}, core[df12db4294e9bfd3]::option::Option<()>>::{closure#0}, (alloc[2182bb758b4b3781]::boxed::Box<tokio[b0ca26e470964a50]::runtime::scheduler::current_thread::Core>, core[df12db4294e9bfd3]::option::Option<()>)>
[INFO] [stdout]   15:     0x630284ec30a7 - <tokio[b0ca26e470964a50]::runtime::scheduler::current_thread::CoreGuard>::block_on::<core[df12db4294e9bfd3]::pin::Pin<&mut core[df12db4294e9bfd3]::pin::Pin<&mut dyn core[df12db4294e9bfd3]::future::future::Future<Output = ()>>>>
[INFO] [stdout]   16:     0x630284ebedad - tokio[b0ca26e470964a50]::runtime::context::runtime::enter_runtime::<<tokio[b0ca26e470964a50]::runtime::scheduler::current_thread::CurrentThread>::block_on<core[df12db4294e9bfd3]::pin::Pin<&mut dyn core[df12db4294e9bfd3]::future::future::Future<Output = ()>>>::{closure#0}, ()>
[INFO] [stdout]   17:     0x630284ec0fc5 - <tokio[b0ca26e470964a50]::runtime::runtime::Runtime>::block_on::<core[df12db4294e9bfd3]::pin::Pin<&mut dyn core[df12db4294e9bfd3]::future::future::Future<Output = ()>>>
[INFO] [stdout]   18:     0x630284eb636e - <http[33d086dbc2036804]::test_post_no_data::{closure#0} as core[df12db4294e9bfd3]::ops::function::FnOnce<()>>::call_once
[INFO] [stdout]   19:     0x630284ec537b - test[9d35eded1c95d3be]::__rust_begin_short_backtrace::<core[df12db4294e9bfd3]::result::Result<(), alloc[2182bb758b4b3781]::string::String>, fn() -> core[df12db4294e9bfd3]::result::Result<(), alloc[2182bb758b4b3781]::string::String>>
[INFO] [stdout]   20:     0x630284ed29e5 - test[9d35eded1c95d3be]::run_test::{closure#0}
[INFO] [stdout]   21:     0x630284ecc2a4 - std[70759c8f55707aa4]::sys::backtrace::__rust_begin_short_backtrace::<test[9d35eded1c95d3be]::run_test::{closure#1}, ()>
[INFO] [stdout]   22:     0x630284ed5b42 - <std[70759c8f55707aa4]::thread::lifecycle::spawn_unchecked<test[9d35eded1c95d3be]::run_test::{closure#1}, ()>::{closure#1} as core[df12db4294e9bfd3]::ops::function::FnOnce<()>>::call_once::{shim:vtable#0}
[INFO] [stdout]   23:     0x630285092999 - <std[70759c8f55707aa4]::sys::thread::unix::Thread>::new::thread_start
[INFO] [stdout]   24:     0x7801664e4dfa - <unknown>
[INFO] [stdout]   25:     0x7801665783d4 - clone
[INFO] [stdout]   26:                0x0 - <unknown>
[INFO] [stdout] 
[INFO] [stdout] ---- test_delete stdout ----
[INFO] [stdout] 
[INFO] [stdout] thread 'test_delete' (2263) panicked at tests/http.rs:122:10:
[INFO] [stdout] called `Result::unwrap()` on an `Err` value: HttpError(reqwest::Error { kind: Request, url: "https://jsonplaceholder.typicode.com/posts/1", source: hyper_util::client::legacy::Error(Connect, ConnectError("dns error", Custom { kind: Uncategorized, error: "failed to lookup address information: Temporary failure in name resolution" })) })
[INFO] [stdout] stack backtrace:
[INFO] [stdout]    0:     0x630285093471 - <<std[70759c8f55707aa4]::sys::backtrace::BacktraceLock>::print::DisplayBacktrace as core[df12db4294e9bfd3]::fmt::Display>::fmt
[INFO] [stdout]    1:     0x6302850a929a - core[df12db4294e9bfd3]::fmt::write
[INFO] [stdout]    2:     0x63028509802c - <alloc[2182bb758b4b3781]::vec::Vec<u8> as core[df12db4294e9bfd3]::io::write::Write>::write_fmt
[INFO] [stdout]    3:     0x63028506e766 - std[70759c8f55707aa4]::panicking::default_hook::{closure#0}
[INFO] [stdout]    4:     0x63028508b379 - std[70759c8f55707aa4]::panicking::default_hook
[INFO] [stdout]    5:     0x630284ed2090 - test[9d35eded1c95d3be]::test_main_inner::<test[9d35eded1c95d3be]::test_main_static::{closure#0}>::{closure#0}
[INFO] [stdout]    6:     0x63028508b6a2 - std[70759c8f55707aa4]::panicking::panic_with_hook
[INFO] [stdout]    7:     0x63028506e812 - std[70759c8f55707aa4]::panicking::panic_handler::{closure#0}
[INFO] [stdout]    8:     0x6302850674b9 - std[70759c8f55707aa4]::sys::backtrace::__rust_end_short_backtrace::<std[70759c8f55707aa4]::panicking::panic_handler::{closure#0}, !>
[INFO] [stdout]    9:     0x63028506f5fd - __rustc[8fa7c3cbc660c2b3]::rust_begin_unwind
[INFO] [stdout]   10:     0x6302850a99fc - core[df12db4294e9bfd3]::panicking::panic_fmt
[INFO] [stdout]   11:     0x6302850a97d2 - core[df12db4294e9bfd3]::result::unwrap_failed
[INFO] [stdout]   12:     0x630284eb04ff - http[33d086dbc2036804]::test_delete::{closure#0}
[INFO] [stdout]   13:     0x630284ec2f03 - <tokio[b0ca26e470964a50]::runtime::scheduler::current_thread::Context>::enter::<core[df12db4294e9bfd3]::task::poll::Poll<()>, <tokio[b0ca26e470964a50]::runtime::scheduler::current_thread::CoreGuard>::block_on<core[df12db4294e9bfd3]::pin::Pin<&mut core[df12db4294e9bfd3]::pin::Pin<&mut dyn core[df12db4294e9bfd3]::future::future::Future<Output = ()>>>>::{closure#0}::{closure#0}>
[INFO] [stdout]   14:     0x630284eb795c - <tokio[b0ca26e470964a50]::runtime::context::scoped::Scoped<tokio[b0ca26e470964a50]::runtime::scheduler::Context>>::set::<<tokio[b0ca26e470964a50]::runtime::scheduler::current_thread::CoreGuard>::enter<<tokio[b0ca26e470964a50]::runtime::scheduler::current_thread::CoreGuard>::block_on<core[df12db4294e9bfd3]::pin::Pin<&mut core[df12db4294e9bfd3]::pin::Pin<&mut dyn core[df12db4294e9bfd3]::future::future::Future<Output = ()>>>>::{closure#0}, core[df12db4294e9bfd3]::option::Option<()>>::{closure#0}, (alloc[2182bb758b4b3781]::boxed::Box<tokio[b0ca26e470964a50]::runtime::scheduler::current_thread::Core>, core[df12db4294e9bfd3]::option::Option<()>)>
[INFO] [stdout]   15:     0x630284ec30a7 - <tokio[b0ca26e470964a50]::runtime::scheduler::current_thread::CoreGuard>::block_on::<core[df12db4294e9bfd3]::pin::Pin<&mut core[df12db4294e9bfd3]::pin::Pin<&mut dyn core[df12db4294e9bfd3]::future::future::Future<Output = ()>>>>
[INFO] [stdout]   16:     0x630284ebedad - tokio[b0ca26e470964a50]::runtime::context::runtime::enter_runtime::<<tokio[b0ca26e470964a50]::runtime::scheduler::current_thread::CurrentThread>::block_on<core[df12db4294e9bfd3]::pin::Pin<&mut dyn core[df12db4294e9bfd3]::future::future::Future<Output = ()>>>::{closure#0}, ()>
[INFO] [stdout]   17:     0x630284ec0fc5 - <tokio[b0ca26e470964a50]::runtime::runtime::Runtime>::block_on::<core[df12db4294e9bfd3]::pin::Pin<&mut dyn core[df12db4294e9bfd3]::future::future::Future<Output = ()>>>
[INFO] [stdout]   18:     0x630284eb60ae - <http[33d086dbc2036804]::test_delete::{closure#0} as core[df12db4294e9bfd3]::ops::function::FnOnce<()>>::call_once
[INFO] [stdout]   19:     0x630284ec537b - test[9d35eded1c95d3be]::__rust_begin_short_backtrace::<core[df12db4294e9bfd3]::result::Result<(), alloc[2182bb758b4b3781]::string::String>, fn() -> core[df12db4294e9bfd3]::result::Result<(), alloc[2182bb758b4b3781]::string::String>>
[INFO] [stdout]   20:     0x630284ed29e5 - test[9d35eded1c95d3be]::run_test::{closure#0}
[INFO] [stdout]   21:     0x630284ecc2a4 - std[70759c8f55707aa4]::sys::backtrace::__rust_begin_short_backtrace::<test[9d35eded1c95d3be]::run_test::{closure#1}, ()>
[INFO] [stdout]   22:     0x630284ed5b42 - <std[70759c8f55707aa4]::thread::lifecycle::spawn_unchecked<test[9d35eded1c95d3be]::run_test::{closure#1}, ()>::{closure#1} as core[df12db4294e9bfd3]::ops::function::FnOnce<()>>::call_once::{shim:vtable#0}
[INFO] [stdout]   23:     0x630285092999 - <std[70759c8f55707aa4]::sys::thread::unix::Thread>::new::thread_start
[INFO] [stdout]   24:     0x7801664e4dfa - <unknown>
[INFO] [stdout]   25:     0x7801665783d4 - clone
[INFO] [stdout]   26:                0x0 - <unknown>
[INFO] [stdout] 
[INFO] [stdout] ---- test_post stdout ----
[INFO] [stdout] 
[INFO] [stdout] thread 'test_post' (2266) panicked at tests/http.rs:55:10:
[INFO] [stdout] called `Result::unwrap()` on an `Err` value: HttpError(reqwest::Error { kind: Request, url: "https://jsonplaceholder.typicode.com/posts/", source: hyper_util::client::legacy::Error(Connect, ConnectError("dns error", Custom { kind: Uncategorized, error: "failed to lookup address information: Temporary failure in name resolution" })) })
[INFO] [stdout] stack backtrace:
[INFO] [stdout]    0:     0x630285093471 - <<std[70759c8f55707aa4]::sys::backtrace::BacktraceLock>::print::DisplayBacktrace as core[df12db4294e9bfd3]::fmt::Display>::fmt
[INFO] [stdout]    1:     0x6302850a929a - core[df12db4294e9bfd3]::fmt::write
[INFO] [stdout]    2:     0x63028509802c - <alloc[2182bb758b4b3781]::vec::Vec<u8> as core[df12db4294e9bfd3]::io::write::Write>::write_fmt
[INFO] [stdout]    3:     0x63028506e766 - std[70759c8f55707aa4]::panicking::default_hook::{closure#0}
[INFO] [stdout]    4:     0x63028508b379 - std[70759c8f55707aa4]::panicking::default_hook
[INFO] [stdout]    5:     0x630284ed2090 - test[9d35eded1c95d3be]::test_main_inner::<test[9d35eded1c95d3be]::test_main_static::{closure#0}>::{closure#0}
[INFO] [stdout]    6:     0x63028508b6a2 - std[70759c8f55707aa4]::panicking::panic_with_hook
[INFO] [stdout]    7:     0x63028506e812 - std[70759c8f55707aa4]::panicking::panic_handler::{closure#0}
[INFO] [stdout]    8:     0x6302850674b9 - std[70759c8f55707aa4]::sys::backtrace::__rust_end_short_backtrace::<std[70759c8f55707aa4]::panicking::panic_handler::{closure#0}, !>
[INFO] [stdout]    9:     0x63028506f5fd - __rustc[8fa7c3cbc660c2b3]::rust_begin_unwind
[INFO] [stdout]   10:     0x6302850a99fc - core[df12db4294e9bfd3]::panicking::panic_fmt
[INFO] [stdout]   11:     0x6302850a97d2 - core[df12db4294e9bfd3]::result::unwrap_failed
[INFO] [stdout]   12:     0x630284eb45af - http[33d086dbc2036804]::test_post::{closure#0}
[INFO] [stdout]   13:     0x630284ec2f03 - <tokio[b0ca26e470964a50]::runtime::scheduler::current_thread::Context>::enter::<core[df12db4294e9bfd3]::task::poll::Poll<()>, <tokio[b0ca26e470964a50]::runtime::scheduler::current_thread::CoreGuard>::block_on<core[df12db4294e9bfd3]::pin::Pin<&mut core[df12db4294e9bfd3]::pin::Pin<&mut dyn core[df12db4294e9bfd3]::future::future::Future<Output = ()>>>>::{closure#0}::{closure#0}>
[INFO] [stdout]   14:     0x630284eb795c - <tokio[b0ca26e470964a50]::runtime::context::scoped::Scoped<tokio[b0ca26e470964a50]::runtime::scheduler::Context>>::set::<<tokio[b0ca26e470964a50]::runtime::scheduler::current_thread::CoreGuard>::enter<<tokio[b0ca26e470964a50]::runtime::scheduler::current_thread::CoreGuard>::block_on<core[df12db4294e9bfd3]::pin::Pin<&mut core[df12db4294e9bfd3]::pin::Pin<&mut dyn core[df12db4294e9bfd3]::future::future::Future<Output = ()>>>>::{closure#0}, core[df12db4294e9bfd3]::option::Option<()>>::{closure#0}, (alloc[2182bb758b4b3781]::boxed::Box<tokio[b0ca26e470964a50]::runtime::scheduler::current_thread::Core>, core[df12db4294e9bfd3]::option::Option<()>)>
[INFO] [stdout]   15:     0x630284ec30a7 - <tokio[b0ca26e470964a50]::runtime::scheduler::current_thread::CoreGuard>::block_on::<core[df12db4294e9bfd3]::pin::Pin<&mut core[df12db4294e9bfd3]::pin::Pin<&mut dyn core[df12db4294e9bfd3]::future::future::Future<Output = ()>>>>
[INFO] [stdout]   16:     0x630284ebedad - tokio[b0ca26e470964a50]::runtime::context::runtime::enter_runtime::<<tokio[b0ca26e470964a50]::runtime::scheduler::current_thread::CurrentThread>::block_on<core[df12db4294e9bfd3]::pin::Pin<&mut dyn core[df12db4294e9bfd3]::future::future::Future<Output = ()>>>::{closure#0}, ()>
[INFO] [stdout]   17:     0x630284ec0fc5 - <tokio[b0ca26e470964a50]::runtime::runtime::Runtime>::block_on::<core[df12db4294e9bfd3]::pin::Pin<&mut dyn core[df12db4294e9bfd3]::future::future::Future<Output = ()>>>
[INFO] [stdout]   18:     0x630284eb68ee - <http[33d086dbc2036804]::test_post::{closure#0} as core[df12db4294e9bfd3]::ops::function::FnOnce<()>>::call_once
[INFO] [stdout]   19:     0x630284ec537b - test[9d35eded1c95d3be]::__rust_begin_short_backtrace::<core[df12db4294e9bfd3]::result::Result<(), alloc[2182bb758b4b3781]::string::String>, fn() -> core[df12db4294e9bfd3]::result::Result<(), alloc[2182bb758b4b3781]::string::String>>
[INFO] [stdout]   20:     0x630284ed29e5 - test[9d35eded1c95d3be]::run_test::{closure#0}
[INFO] [stdout]   21:     0x630284ecc2a4 - std[70759c8f55707aa4]::sys::backtrace::__rust_begin_short_backtrace::<test[9d35eded1c95d3be]::run_test::{closure#1}, ()>
[INFO] [stdout]   22:     0x630284ed5b42 - <std[70759c8f55707aa4]::thread::lifecycle::spawn_unchecked<test[9d35eded1c95d3be]::run_test::{closure#1}, ()>::{closure#1} as core[df12db4294e9bfd3]::ops::function::FnOnce<()>>::call_once::{shim:vtable#0}
[INFO] [stdout]   23:     0x630285092999 - <std[70759c8f55707aa4]::sys::thread::unix::Thread>::new::thread_start
[INFO] [stdout]   24:     0x7801664e4dfa - <unknown>
[INFO] [stdout]   25:     0x7801665783d4 - clone
[INFO] [stdout]   26:                0x0 - <unknown>
[INFO] [stdout] 
[INFO] [stdout] ---- test_put stdout ----
[INFO] [stdout] 
[INFO] [stdout] thread 'test_put' (2269) panicked at tests/http.rs:109:10:
[INFO] [stdout] called `Result::unwrap()` on an `Err` value: HttpError(reqwest::Error { kind: Request, url: "https://jsonplaceholder.typicode.com/posts/1", source: hyper_util::client::legacy::Error(Connect, ConnectError("dns error", Custom { kind: Uncategorized, error: "failed to lookup address information: Temporary failure in name resolution" })) })
[INFO] [stdout] stack backtrace:
[INFO] [stdout]    0:     0x630285093471 - <<std[70759c8f55707aa4]::sys::backtrace::BacktraceLock>::print::DisplayBacktrace as core[df12db4294e9bfd3]::fmt::Display>::fmt
[INFO] [stdout]    1:     0x6302850a929a - core[df12db4294e9bfd3]::fmt::write
[INFO] [stdout]    2:     0x63028509802c - <alloc[2182bb758b4b3781]::vec::Vec<u8> as core[df12db4294e9bfd3]::io::write::Write>::write_fmt
[INFO] [stdout]    3:     0x63028506e766 - std[70759c8f55707aa4]::panicking::default_hook::{closure#0}
[INFO] [stdout]    4:     0x63028508b379 - std[70759c8f55707aa4]::panicking::default_hook
[INFO] [stdout]    5:     0x630284ed2090 - test[9d35eded1c95d3be]::test_main_inner::<test[9d35eded1c95d3be]::test_main_static::{closure#0}>::{closure#0}
[INFO] [stdout]    6:     0x63028508b6a2 - std[70759c8f55707aa4]::panicking::panic_with_hook
[INFO] [stdout]    7:     0x63028506e812 - std[70759c8f55707aa4]::panicking::panic_handler::{closure#0}
[INFO] [stdout]    8:     0x6302850674b9 - std[70759c8f55707aa4]::sys::backtrace::__rust_end_short_backtrace::<std[70759c8f55707aa4]::panicking::panic_handler::{closure#0}, !>
[INFO] [stdout]    9:     0x63028506f5fd - __rustc[8fa7c3cbc660c2b3]::rust_begin_unwind
[INFO] [stdout]   10:     0x6302850a99fc - core[df12db4294e9bfd3]::panicking::panic_fmt
[INFO] [stdout]   11:     0x6302850a97d2 - core[df12db4294e9bfd3]::result::unwrap_failed
[INFO] [stdout]   12:     0x630284eb3f2c - http[33d086dbc2036804]::test_put::{closure#0}
[INFO] [stdout]   13:     0x630284ec2f03 - <tokio[b0ca26e470964a50]::runtime::scheduler::current_thread::Context>::enter::<core[df12db4294e9bfd3]::task::poll::Poll<()>, <tokio[b0ca26e470964a50]::runtime::scheduler::current_thread::CoreGuard>::block_on<core[df12db4294e9bfd3]::pin::Pin<&mut core[df12db4294e9bfd3]::pin::Pin<&mut dyn core[df12db4294e9bfd3]::future::future::Future<Output = ()>>>>::{closure#0}::{closure#0}>
[INFO] [stdout]   14:     0x630284eb795c - <tokio[b0ca26e470964a50]::runtime::context::scoped::Scoped<tokio[b0ca26e470964a50]::runtime::scheduler::Context>>::set::<<tokio[b0ca26e470964a50]::runtime::scheduler::current_thread::CoreGuard>::enter<<tokio[b0ca26e470964a50]::runtime::scheduler::current_thread::CoreGuard>::block_on<core[df12db4294e9bfd3]::pin::Pin<&mut core[df12db4294e9bfd3]::pin::Pin<&mut dyn core[df12db4294e9bfd3]::future::future::Future<Output = ()>>>>::{closure#0}, core[df12db4294e9bfd3]::option::Option<()>>::{closure#0}, (alloc[2182bb758b4b3781]::boxed::Box<tokio[b0ca26e470964a50]::runtime::scheduler::current_thread::Core>, core[df12db4294e9bfd3]::option::Option<()>)>
[INFO] [stdout]   15:     0x630284ec30a7 - <tokio[b0ca26e470964a50]::runtime::scheduler::current_thread::CoreGuard>::block_on::<core[df12db4294e9bfd3]::pin::Pin<&mut core[df12db4294e9bfd3]::pin::Pin<&mut dyn core[df12db4294e9bfd3]::future::future::Future<Output = ()>>>>
[INFO] [stdout]   16:     0x630284ebedad - tokio[b0ca26e470964a50]::runtime::context::runtime::enter_runtime::<<tokio[b0ca26e470964a50]::runtime::scheduler::current_thread::CurrentThread>::block_on<core[df12db4294e9bfd3]::pin::Pin<&mut dyn core[df12db4294e9bfd3]::future::future::Future<Output = ()>>>::{closure#0}, ()>
[INFO] [stdout]   17:     0x630284ec0fc5 - <tokio[b0ca26e470964a50]::runtime::runtime::Runtime>::block_on::<core[df12db4294e9bfd3]::pin::Pin<&mut dyn core[df12db4294e9bfd3]::future::future::Future<Output = ()>>>
[INFO] [stdout]   18:     0x630284eb678e - <http[33d086dbc2036804]::test_put::{closure#0} as core[df12db4294e9bfd3]::ops::function::FnOnce<()>>::call_once
[INFO] [stdout]   19:     0x630284ec537b - test[9d35eded1c95d3be]::__rust_begin_short_backtrace::<core[df12db4294e9bfd3]::result::Result<(), alloc[2182bb758b4b3781]::string::String>, fn() -> core[df12db4294e9bfd3]::result::Result<(), alloc[2182bb758b4b3781]::string::String>>
[INFO] [stdout]   20:     0x630284ed29e5 - test[9d35eded1c95d3be]::run_test::{closure#0}
[INFO] [stdout]   21:     0x630284ecc2a4 - std[70759c8f55707aa4]::sys::backtrace::__rust_begin_short_backtrace::<test[9d35eded1c95d3be]::run_test::{closure#1}, ()>
[INFO] [stdout]   22:     0x630284ed5b42 - <std[70759c8f55707aa4]::thread::lifecycle::spawn_unchecked<test[9d35eded1c95d3be]::run_test::{closure#1}, ()>::{closure#1} as core[df12db4294e9bfd3]::ops::function::FnOnce<()>>::call_once::{shim:vtable#0}
[INFO] [stdout]   23:     0x630285092999 - <std[70759c8f55707aa4]::sys::thread::unix::Thread>::new::thread_start
[INFO] [stdout]   24:     0x7801664e4dfa - <unknown>
[INFO] [stdout]   25:     0x7801665783d4 - clone
[INFO] [stdout]   26:                0x0 - <unknown>
[INFO] [stdout] 
[INFO] [stdout] ---- test_get stdout ----
[INFO] [stdout] 
[INFO] [stdout] thread 'test_get' (2264) panicked at tests/http.rs:19:10:
[INFO] [stdout] called `Result::unwrap()` on an `Err` value: HttpError(reqwest::Error { kind: Request, url: "https://jsonplaceholder.typicode.com/posts/1", source: hyper_util::client::legacy::Error(Connect, ConnectError("dns error", Custom { kind: Uncategorized, error: "failed to lookup address information: Temporary failure in name resolution" })) })
[INFO] [stdout] stack backtrace:
[INFO] [stdout]    0:     0x630285093471 - <<std[70759c8f55707aa4]::sys::backtrace::BacktraceLock>::print::DisplayBacktrace as core[df12db4294e9bfd3]::fmt::Display>::fmt
[INFO] [stdout]    1:     0x6302850a929a - core[df12db4294e9bfd3]::fmt::write
[INFO] [stdout]    2:     0x63028509802c - <alloc[2182bb758b4b3781]::vec::Vec<u8> as core[df12db4294e9bfd3]::io::write::Write>::write_fmt
[INFO] [stdout]    3:     0x63028506e766 - std[70759c8f55707aa4]::panicking::default_hook::{closure#0}
[INFO] [stdout]    4:     0x63028508b379 - std[70759c8f55707aa4]::panicking::default_hook
[INFO] [stdout]    5:     0x630284ed2090 - test[9d35eded1c95d3be]::test_main_inner::<test[9d35eded1c95d3be]::test_main_static::{closure#0}>::{closure#0}
[INFO] [stdout]    6:     0x63028508b6a2 - std[70759c8f55707aa4]::panicking::panic_with_hook
[INFO] [stdout]    7:     0x63028506e812 - std[70759c8f55707aa4]::panicking::panic_handler::{closure#0}
[INFO] [stdout]    8:     0x6302850674b9 - std[70759c8f55707aa4]::sys::backtrace::__rust_end_short_backtrace::<std[70759c8f55707aa4]::panicking::panic_handler::{closure#0}, !>
[INFO] [stdout]    9:     0x63028506f5fd - __rustc[8fa7c3cbc660c2b3]::rust_begin_unwind
[INFO] [stdout]   10:     0x6302850a99fc - core[df12db4294e9bfd3]::panicking::panic_fmt
[INFO] [stdout]   11:     0x6302850a97d2 - core[df12db4294e9bfd3]::result::unwrap_failed
[INFO] [stdout]   12:     0x630284eb379f - http[33d086dbc2036804]::test_get::{closure#0}
[INFO] [stdout]   13:     0x630284ec2f03 - <tokio[b0ca26e470964a50]::runtime::scheduler::current_thread::Context>::enter::<core[df12db4294e9bfd3]::task::poll::Poll<()>, <tokio[b0ca26e470964a50]::runtime::scheduler::current_thread::CoreGuard>::block_on<core[df12db4294e9bfd3]::pin::Pin<&mut core[df12db4294e9bfd3]::pin::Pin<&mut dyn core[df12db4294e9bfd3]::future::future::Future<Output = ()>>>>::{closure#0}::{closure#0}>
[INFO] [stdout]   14:     0x630284eb795c - <tokio[b0ca26e470964a50]::runtime::context::scoped::Scoped<tokio[b0ca26e470964a50]::runtime::scheduler::Context>>::set::<<tokio[b0ca26e470964a50]::runtime::scheduler::current_thread::CoreGuard>::enter<<tokio[b0ca26e470964a50]::runtime::scheduler::current_thread::CoreGuard>::block_on<core[df12db4294e9bfd3]::pin::Pin<&mut core[df12db4294e9bfd3]::pin::Pin<&mut dyn core[df12db4294e9bfd3]::future::future::Future<Output = ()>>>>::{closure#0}, core[df12db4294e9bfd3]::option::Option<()>>::{closure#0}, (alloc[2182bb758b4b3781]::boxed::Box<tokio[b0ca26e470964a50]::runtime::scheduler::current_thread::Core>, core[df12db4294e9bfd3]::option::Option<()>)>
[INFO] [stdout]   15:     0x630284ec30a7 - <tokio[b0ca26e470964a50]::runtime::scheduler::current_thread::CoreGuard>::block_on::<core[df12db4294e9bfd3]::pin::Pin<&mut core[df12db4294e9bfd3]::pin::Pin<&mut dyn core[df12db4294e9bfd3]::future::future::Future<Output = ()>>>>
[INFO] [stdout]   16:     0x630284ebedad - tokio[b0ca26e470964a50]::runtime::context::runtime::enter_runtime::<<tokio[b0ca26e470964a50]::runtime::scheduler::current_thread::CurrentThread>::block_on<core[df12db4294e9bfd3]::pin::Pin<&mut dyn core[df12db4294e9bfd3]::future::future::Future<Output = ()>>>::{closure#0}, ()>
[INFO] [stdout]   17:     0x630284ec0fc5 - <tokio[b0ca26e470964a50]::runtime::runtime::Runtime>::block_on::<core[df12db4294e9bfd3]::pin::Pin<&mut dyn core[df12db4294e9bfd3]::future::future::Future<Output = ()>>>
[INFO] [stdout]   18:     0x630284eb662e - <http[33d086dbc2036804]::test_get::{closure#0} as core[df12db4294e9bfd3]::ops::function::FnOnce<()>>::call_once
[INFO] [stdout]   19:     0x630284ec537b - test[9d35eded1c95d3be]::__rust_begin_short_backtrace::<core[df12db4294e9bfd3]::result::Result<(), alloc[2182bb758b4b3781]::string::String>, fn() -> core[df12db4294e9bfd3]::result::Result<(), alloc[2182bb758b4b3781]::string::String>>
[INFO] [stdout]   20:     0x630284ed29e5 - test[9d35eded1c95d3be]::run_test::{closure#0}
[INFO] [stdout]   21:     0x630284ecc2a4 - std[70759c8f55707aa4]::sys::backtrace::__rust_begin_short_backtrace::<test[9d35eded1c95d3be]::run_test::{closure#1}, ()>
[INFO] [stdout]   22:     0x630284ed5b42 - <std[70759c8f55707aa4]::thread::lifecycle::spawn_unchecked<test[9d35eded1c95d3be]::run_test::{closure#1}, ()>::{closure#1} as core[df12db4294e9bfd3]::ops::function::FnOnce<()>>::call_once::{shim:vtable#0}
[INFO] [stdout]   23:     0x630285092999 - <std[70759c8f55707aa4]::sys::thread::unix::Thread>::new::thread_start
[INFO] [stdout]   24:     0x7801664e4dfa - <unknown>
[INFO] [stdout]   25:     0x7801665783d4 - clone
[INFO] [stdout]   26:                0x0 - <unknown>
[INFO] [stdout] 
[INFO] [stdout] ---- test_get_unknown stdout ----
[INFO] [stdout] 
[INFO] [stdout] thread 'test_get_unknown' (2265) panicked at tests/http.rs:34:55:
[INFO] [stdout] called `Result::unwrap()` on an `Err` value: HttpError(reqwest::Error { kind: Request, url: "https://jsonplaceholder.typicode.com//users/1", source: hyper_util::client::legacy::Error(Connect, ConnectError("dns error", Custom { kind: Uncategorized, error: "failed to lookup address information: Temporary failure in name resolution" })) })
[INFO] [stdout] stack backtrace:
[INFO] [stdout]    0:     0x630285093471 - <<std[70759c8f55707aa4]::sys::backtrace::BacktraceLock>::print::DisplayBacktrace as core[df12db4294e9bfd3]::fmt::Display>::fmt
[INFO] [stdout]    1:     0x6302850a929a - core[df12db4294e9bfd3]::fmt::write
[INFO] [stdout]    2:     0x63028509802c - <alloc[2182bb758b4b3781]::vec::Vec<u8> as core[df12db4294e9bfd3]::io::write::Write>::write_fmt
[INFO] [stdout]    3:     0x63028506e766 - std[70759c8f55707aa4]::panicking::default_hook::{closure#0}
[INFO] [stdout]    4:     0x63028508b379 - std[70759c8f55707aa4]::panicking::default_hook
[INFO] [stdout]    5:     0x630284ed2090 - test[9d35eded1c95d3be]::test_main_inner::<test[9d35eded1c95d3be]::test_main_static::{closure#0}>::{closure#0}
[INFO] [stdout]    6:     0x63028508b6a2 - std[70759c8f55707aa4]::panicking::panic_with_hook
[INFO] [stdout]    7:     0x63028506e812 - std[70759c8f55707aa4]::panicking::panic_handler::{closure#0}
[INFO] [stdout]    8:     0x6302850674b9 - std[70759c8f55707aa4]::sys::backtrace::__rust_end_short_backtrace::<std[70759c8f55707aa4]::panicking::panic_handler::{closure#0}, !>
[INFO] [stdout]    9:     0x63028506f5fd - __rustc[8fa7c3cbc660c2b3]::rust_begin_unwind
[INFO] [stdout]   10:     0x6302850a99fc - core[df12db4294e9bfd3]::panicking::panic_fmt
[INFO] [stdout]   11:     0x6302850a97d2 - core[df12db4294e9bfd3]::result::unwrap_failed
[INFO] [stdout]   12:     0x630284eb0a1f - http[33d086dbc2036804]::test_get_unknown::{closure#0}
[INFO] [stdout]   13:     0x630284ec2f03 - <tokio[b0ca26e470964a50]::runtime::scheduler::current_thread::Context>::enter::<core[df12db4294e9bfd3]::task::poll::Poll<()>, <tokio[b0ca26e470964a50]::runtime::scheduler::current_thread::CoreGuard>::block_on<core[df12db4294e9bfd3]::pin::Pin<&mut core[df12db4294e9bfd3]::pin::Pin<&mut dyn core[df12db4294e9bfd3]::future::future::Future<Output = ()>>>>::{closure#0}::{closure#0}>
[INFO] [stdout]   14:     0x630284eb795c - <tokio[b0ca26e470964a50]::runtime::context::scoped::Scoped<tokio[b0ca26e470964a50]::runtime::scheduler::Context>>::set::<<tokio[b0ca26e470964a50]::runtime::scheduler::current_thread::CoreGuard>::enter<<tokio[b0ca26e470964a50]::runtime::scheduler::current_thread::CoreGuard>::block_on<core[df12db4294e9bfd3]::pin::Pin<&mut core[df12db4294e9bfd3]::pin::Pin<&mut dyn core[df12db4294e9bfd3]::future::future::Future<Output = ()>>>>::{closure#0}, core[df12db4294e9bfd3]::option::Option<()>>::{closure#0}, (alloc[2182bb758b4b3781]::boxed::Box<tokio[b0ca26e470964a50]::runtime::scheduler::current_thread::Core>, core[df12db4294e9bfd3]::option::Option<()>)>
[INFO] [stdout]   15:     0x630284ec30a7 - <tokio[b0ca26e470964a50]::runtime::scheduler::current_thread::CoreGuard>::block_on::<core[df12db4294e9bfd3]::pin::Pin<&mut core[df12db4294e9bfd3]::pin::Pin<&mut dyn core[df12db4294e9bfd3]::future::future::Future<Output = ()>>>>
[INFO] [stdout]   16:     0x630284ebedad - tokio[b0ca26e470964a50]::runtime::context::runtime::enter_runtime::<<tokio[b0ca26e470964a50]::runtime::scheduler::current_thread::CurrentThread>::block_on<core[df12db4294e9bfd3]::pin::Pin<&mut dyn core[df12db4294e9bfd3]::future::future::Future<Output = ()>>>::{closure#0}, ()>
[INFO] [stdout]   17:     0x630284ec0fc5 - <tokio[b0ca26e470964a50]::runtime::runtime::Runtime>::block_on::<core[df12db4294e9bfd3]::pin::Pin<&mut dyn core[df12db4294e9bfd3]::future::future::Future<Output = ()>>>
[INFO] [stdout]   18:     0x630284eb620e - <http[33d086dbc2036804]::test_get_unknown::{closure#0} as core[df12db4294e9bfd3]::ops::function::FnOnce<()>>::call_once
[INFO] [stdout]   19:     0x630284ec537b - test[9d35eded1c95d3be]::__rust_begin_short_backtrace::<core[df12db4294e9bfd3]::result::Result<(), alloc[2182bb758b4b3781]::string::String>, fn() -> core[df12db4294e9bfd3]::result::Result<(), alloc[2182bb758b4b3781]::string::String>>
[INFO] [stdout]   20:     0x630284ed29e5 - test[9d35eded1c95d3be]::run_test::{closure#0}
[INFO] [stdout]   21:     0x630284ecc2a4 - std[70759c8f55707aa4]::sys::backtrace::__rust_begin_short_backtrace::<test[9d35eded1c95d3be]::run_test::{closure#1}, ()>
[INFO] [stdout]   22:     0x630284ed5b42 - <std[70759c8f55707aa4]::thread::lifecycle::spawn_unchecked<test[9d35eded1c95d3be]::run_test::{closure#1}, ()>::{closure#1} as core[df12db4294e9bfd3]::ops::function::FnOnce<()>>::call_once::{shim:vtable#0}
[INFO] [stdout]   23:     0x630285092999 - <std[70759c8f55707aa4]::sys::thread::unix::Thread>::new::thread_start
[INFO] [stdout]   24:     0x7801664e4dfa - <unknown>
[INFO] [stdout]   25:     0x7801665783d4 - clone
[INFO] [stdout]   26:                0x0 - <unknown>
[INFO] [stdout] 
[INFO] [stdout] ---- test_post_no_data_2 stdout ----
[INFO] [stdout] 
[INFO] [stdout] thread 'test_post_no_data_2' (2268) panicked at tests/http.rs:86:48:
[INFO] [stdout] called `Result::unwrap()` on an `Err` value: HttpError(reqwest::Error { kind: Request, url: "https://jsonplaceholder.typicode.com//posts", source: hyper_util::client::legacy::Error(Connect, ConnectError("dns error", Custom { kind: Uncategorized, error: "failed to lookup address information: Temporary failure in name resolution" })) })
[INFO] [stdout] stack backtrace:
[INFO] [stdout]    0:     0x630285093471 - <<std[70759c8f55707aa4]::sys::backtrace::BacktraceLock>::print::DisplayBacktrace as core[df12db4294e9bfd3]::fmt::Display>::fmt
[INFO] [stdout]    1:     0x6302850a929a - core[df12db4294e9bfd3]::fmt::write
[INFO] [stdout]    2:     0x63028509802c - <alloc[2182bb758b4b3781]::vec::Vec<u8> as core[df12db4294e9bfd3]::io::write::Write>::write_fmt
[INFO] [stdout]    3:     0x63028506e766 - std[70759c8f55707aa4]::panicking::default_hook::{closure#0}
[INFO] [stdout]    4:     0x63028508b379 - std[70759c8f55707aa4]::panicking::default_hook
[INFO] [stdout]    5:     0x630284ed2090 - test[9d35eded1c95d3be]::test_main_inner::<test[9d35eded1c95d3be]::test_main_static::{closure#0}>::{closure#0}
[INFO] [stdout]    6:     0x63028508b6a2 - std[70759c8f55707aa4]::panicking::panic_with_hook
[INFO] [stdout]    7:     0x63028506e812 - std[70759c8f55707aa4]::panicking::panic_handler::{closure#0}
[INFO] [stdout]    8:     0x6302850674b9 - std[70759c8f55707aa4]::sys::backtrace::__rust_end_short_backtrace::<std[70759c8f55707aa4]::panicking::panic_handler::{closure#0}, !>
[INFO] [stdout]    9:     0x63028506f5fd - __rustc[8fa7c3cbc660c2b3]::rust_begin_unwind
[INFO] [stdout]   10:     0x6302850a99fc - core[df12db4294e9bfd3]::panicking::panic_fmt
[INFO] [stdout]   11:     0x6302850a97d2 - core[df12db4294e9bfd3]::result::unwrap_failed
[INFO] [stdout]   12:     0x630284eb2daa - http[33d086dbc2036804]::test_post_no_data_2::{closure#0}
[INFO] [stdout]   13:     0x630284ec2f03 - <tokio[b0ca26e470964a50]::runtime::scheduler::current_thread::Context>::enter::<core[df12db4294e9bfd3]::task::poll::Poll<()>, <tokio[b0ca26e470964a50]::runtime::scheduler::current_thread::CoreGuard>::block_on<core[df12db4294e9bfd3]::pin::Pin<&mut core[df12db4294e9bfd3]::pin::Pin<&mut dyn core[df12db4294e9bfd3]::future::future::Future<Output = ()>>>>::{closure#0}::{closure#0}>
[INFO] [stdout]   14:     0x630284eb795c - <tokio[b0ca26e470964a50]::runtime::context::scoped::Scoped<tokio[b0ca26e470964a50]::runtime::scheduler::Context>>::set::<<tokio[b0ca26e470964a50]::runtime::scheduler::current_thread::CoreGuard>::enter<<tokio[b0ca26e470964a50]::runtime::scheduler::current_thread::CoreGuard>::block_on<core[df12db4294e9bfd3]::pin::Pin<&mut core[df12db4294e9bfd3]::pin::Pin<&mut dyn core[df12db4294e9bfd3]::future::future::Future<Output = ()>>>>::{closure#0}, core[df12db4294e9bfd3]::option::Option<()>>::{closure#0}, (alloc[2182bb758b4b3781]::boxed::Box<tokio[b0ca26e470964a50]::runtime::scheduler::current_thread::Core>, core[df12db4294e9bfd3]::option::Option<()>)>
[INFO] [stdout]   15:     0x630284ec30a7 - <tokio[b0ca26e470964a50]::runtime::scheduler::current_thread::CoreGuard>::block_on::<core[df12db4294e9bfd3]::pin::Pin<&mut core[df12db4294e9bfd3]::pin::Pin<&mut dyn core[df12db4294e9bfd3]::future::future::Future<Output = ()>>>>
[INFO] [stdout]   16:     0x630284ebedad - tokio[b0ca26e470964a50]::runtime::context::runtime::enter_runtime::<<tokio[b0ca26e470964a50]::runtime::scheduler::current_thread::CurrentThread>::block_on<core[df12db4294e9bfd3]::pin::Pin<&mut dyn core[df12db4294e9bfd3]::future::future::Future<Output = ()>>>::{closure#0}, ()>
[INFO] [stdout]   17:     0x630284ec0fc5 - <tokio[b0ca26e470964a50]::runtime::runtime::Runtime>::block_on::<core[df12db4294e9bfd3]::pin::Pin<&mut dyn core[df12db4294e9bfd3]::future::future::Future<Output = ()>>>
[INFO] [stdout]   18:     0x630284eb64ce - <http[33d086dbc2036804]::test_post_no_data_2::{closure#0} as core[df12db4294e9bfd3]::ops::function::FnOnce<()>>::call_once
[INFO] [stdout]   19:     0x630284ec537b - test[9d35eded1c95d3be]::__rust_begin_short_backtrace::<core[df12db4294e9bfd3]::result::Result<(), alloc[2182bb758b4b3781]::string::String>, fn() -> core[df12db4294e9bfd3]::result::Result<(), alloc[2182bb758b4b3781]::string::String>>
[INFO] [stdout]   20:     0x630284ed29e5 - test[9d35eded1c95d3be]::run_test::{closure#0}
[INFO] [stdout]   21:     0x630284ecc2a4 - std[70759c8f55707aa4]::sys::backtrace::__rust_begin_short_backtrace::<test[9d35eded1c95d3be]::run_test::{closure#1}, ()>
[INFO] [stdout]   22:     0x630284ed5b42 - <std[70759c8f55707aa4]::thread::lifecycle::spawn_unchecked<test[9d35eded1c95d3be]::run_test::{closure#1}, ()>::{closure#1} as core[df12db4294e9bfd3]::ops::function::FnOnce<()>>::call_once::{shim:vtable#0}
[INFO] [stdout]   23:     0x630285092999 - <std[70759c8f55707aa4]::sys::thread::unix::Thread>::new::thread_start
[INFO] [stdout]   24:     0x7801664e4dfa - <unknown>
[INFO] [stdout]   25:     0x7801665783d4 - clone
[INFO] [stdout]   26:                0x0 - <unknown>
[INFO] [stdout] 
[INFO] [stdout] 
[INFO] [stdout] failures:
[INFO] [stdout]     test_delete
[INFO] [stdout]     test_get
[INFO] [stdout]     test_get_unknown
[INFO] [stdout]     test_post
[INFO] [stdout]     test_post_no_data
[INFO] [stdout]     test_post_no_data_2
[INFO] [stdout]     test_put
[INFO] [stdout] 
[INFO] [stdout] test result: FAILED. 0 passed; 7 failed; 0 ignored; 0 measured; 0 filtered out; finished in 0.18s
[INFO] [stdout] 
[INFO] [stderr] error: test failed, to rerun pass `--test http`
[INFO] running `Command { std: "docker" "inspect" "4724137f1aa595fdcdc866ea6f9a473e199ca767bea6912d961d961a7a607680", kill_on_drop: false }`
[INFO] running `Command { std: "docker" "rm" "-f" "4724137f1aa595fdcdc866ea6f9a473e199ca767bea6912d961d961a7a607680", kill_on_drop: false }`
[INFO] [stdout] 4724137f1aa595fdcdc866ea6f9a473e199ca767bea6912d961d961a7a607680
