[INFO] fetching crate echo-comment 0.2.0...
[INFO] testing echo-comment-0.2.0 against 1.99.0-beta.8+cargoflags=--release for beta-release-1.100-2
[INFO] extracting crate echo-comment 0.2.0 into /workspace/builds/worker-4-tc1/source
[INFO] started tweaking crates.io crate echo-comment 0.2.0
[INFO] removed 0 missing tests
[INFO] finished tweaking crates.io crate echo-comment 0.2.0
[INFO] tweaked toml for crates.io crate echo-comment 0.2.0 written to /workspace/builds/worker-4-tc1/source/Cargo.toml
[INFO] validating manifest of crates.io crate echo-comment 0.2.0 on toolchain 1.99.0-beta.8
[INFO] running `Command { std: CARGO_HOME="/workspace/cargo-home" RUSTUP_HOME="/workspace/rustup-home" "/workspace/cargo-home/bin/cargo" "+1.99.0-beta.8" "metadata" "--manifest-path" "Cargo.toml" "--no-deps", kill_on_drop: false }`
[INFO] crate crates.io crate echo-comment 0.2.0 already has a lockfile, it will not be regenerated
[INFO] running `Command { std: CARGO_HOME="/workspace/cargo-home" RUSTUP_HOME="/workspace/rustup-home" "/workspace/cargo-home/bin/cargo" "+1.99.0-beta.8" "fetch" "--manifest-path" "Cargo.toml", kill_on_drop: false }`
[INFO] [stderr]  Downloading crates ...
[INFO] [stderr]   Downloaded windows-targets v0.53.3
[INFO] [stderr]   Downloaded errno v0.3.13
[INFO] [stderr]   Downloaded anstream v0.6.20
[INFO] [stderr]   Downloaded clap_derive v4.5.45
[INFO] [stderr]   Downloaded bitflags v2.9.2
[INFO] [stderr]   Downloaded clap v4.5.45
[INFO] [stderr]   Downloaded clap_builder v4.5.44
[INFO] [stderr]   Downloaded rustix v1.0.8
[INFO] [stderr]   Downloaded windows_x86_64_msvc v0.53.0
[INFO] [stderr]   Downloaded windows_aarch64_gnullvm v0.53.0
[INFO] [stderr]   Downloaded windows_x86_64_gnullvm v0.53.0
[INFO] [stderr]   Downloaded windows_i686_gnullvm v0.53.0
[INFO] [stderr]   Downloaded windows_x86_64_gnu v0.53.0
[INFO] [stderr]   Downloaded windows_aarch64_msvc v0.53.0
[INFO] [stderr]   Downloaded windows_i686_msvc v0.53.0
[INFO] [stderr]   Downloaded windows_i686_gnu v0.53.0
[INFO] running `Command { std: "docker" "create" "-v" "/var/lib/crater-agent-workspace/builds/worker-4-tc1/source:/opt/rustwide/workdir:ro,Z" "-v" "/var/lib/crater-agent-workspace/builds/worker-4-tc1/target:/opt/rustwide/target:rw,Z" "-v" "/var/lib/crater-agent-workspace/cargo-home:/opt/rustwide/cargo-home:ro,Z" "-v" "/var/lib/crater-agent-workspace/rustup-home:/opt/rustwide/rustup-home:ro,Z" "-m" "1610612736" "--network" "none" "ghcr.io/rust-lang/crates-build-env/linux@sha256:77db811e55d90add9212f6832c23229e3de5f1c1f9905e8cb07319ea15df73ac" "sleep" "infinity", kill_on_drop: false }`
[INFO] [stdout] d8952c1630ba4646d89659887d287eea8de7ee651b0b4283b9e1094743ad8d60
[INFO] running `Command { std: "docker" "start" "d8952c1630ba4646d89659887d287eea8de7ee651b0b4283b9e1094743ad8d60", kill_on_drop: false }`
[INFO] running `Command { std: "docker" "inspect" "d8952c1630ba4646d89659887d287eea8de7ee651b0b4283b9e1094743ad8d60", kill_on_drop: false }`
[INFO] running `Command { std: "docker" "exec" "-e" "SOURCE_DIR=/opt/rustwide/workdir" "-e" "CARGO_HOME=/opt/rustwide/cargo-home" "-e" "RUSTUP_HOME=/opt/rustwide/rustup-home" "-e" "CARGO_TARGET_DIR=/opt/rustwide/target" "-w" "/opt/rustwide/workdir" "--user" "0:0" "d8952c1630ba4646d89659887d287eea8de7ee651b0b4283b9e1094743ad8d60" "/opt/rustwide/cargo-home/bin/cargo" "+1.99.0-beta.8" "metadata" "--no-deps" "--format-version=1", kill_on_drop: false }`
[INFO] running `Command { std: "docker" "inspect" "d8952c1630ba4646d89659887d287eea8de7ee651b0b4283b9e1094743ad8d60", kill_on_drop: false }`
[INFO] running `Command { std: "docker" "exec" "-e" "SOURCE_DIR=/opt/rustwide/workdir" "-e" "CARGO_HOME=/opt/rustwide/cargo-home" "-e" "RUSTUP_HOME=/opt/rustwide/rustup-home" "-e" "CARGO_TARGET_DIR=/opt/rustwide/target" "-e" "CARGO_INCREMENTAL=0" "-e" "RUST_BACKTRACE=full" "-e" "RUSTFLAGS=--cap-lints=warn" "-e" "RUSTDOCFLAGS=--cap-lints=warn" "-w" "/opt/rustwide/workdir" "--user" "0:0" "d8952c1630ba4646d89659887d287eea8de7ee651b0b4283b9e1094743ad8d60" "/opt/rustwide/cargo-home/bin/cargo" "+1.99.0-beta.8" "build" "--frozen" "--message-format=json" "--release", kill_on_drop: false }`
[INFO] [stderr]    Compiling proc-macro2 v1.0.101
[INFO] [stderr]    Compiling unicode-ident v1.0.18
[INFO] [stderr]    Compiling utf8parse v0.2.2
[INFO] [stderr]    Compiling libc v0.2.175
[INFO] [stderr]    Compiling rustix v1.0.8
[INFO] [stderr]    Compiling anstyle v1.0.11
[INFO] [stderr]    Compiling getrandom v0.3.3
[INFO] [stderr]    Compiling is_terminal_polyfill v1.70.1
[INFO] [stderr]    Compiling colorchoice v1.0.4
[INFO] [stderr]    Compiling anstyle-query v1.1.4
[INFO] [stderr]    Compiling bitflags v2.9.2
[INFO] [stderr]    Compiling linux-raw-sys v0.9.4
[INFO] [stderr]    Compiling heck v0.5.0
[INFO] [stderr]    Compiling cfg-if v1.0.1
[INFO] [stderr]    Compiling clap_lex v0.7.5
[INFO] [stderr]    Compiling once_cell v1.21.3
[INFO] [stderr]    Compiling fastrand v2.3.0
[INFO] [stderr]    Compiling anstyle-parse v0.2.7
[INFO] [stderr]    Compiling anstream v0.6.20
[INFO] [stderr]    Compiling clap_builder v4.5.44
[INFO] [stderr]    Compiling quote v1.0.40
[INFO] [stderr]    Compiling syn v2.0.106
[INFO] [stderr]    Compiling tempfile v3.20.0
[INFO] [stderr]    Compiling clap_derive v4.5.45
[INFO] [stderr]    Compiling clap v4.5.45
[INFO] [stderr]    Compiling echo-comment v0.2.0 (/opt/rustwide/workdir)
[INFO] [stderr]     Finished `release` profile [optimized] target(s) in 21.34s
[INFO] running `Command { std: "docker" "inspect" "d8952c1630ba4646d89659887d287eea8de7ee651b0b4283b9e1094743ad8d60", kill_on_drop: false }`
[INFO] running `Command { std: "docker" "exec" "-e" "SOURCE_DIR=/opt/rustwide/workdir" "-e" "CARGO_HOME=/opt/rustwide/cargo-home" "-e" "RUSTUP_HOME=/opt/rustwide/rustup-home" "-e" "CARGO_TARGET_DIR=/opt/rustwide/target" "-e" "CARGO_INCREMENTAL=0" "-e" "RUST_BACKTRACE=full" "-e" "RUSTFLAGS=--cap-lints=warn" "-e" "RUSTDOCFLAGS=--cap-lints=warn" "-w" "/opt/rustwide/workdir" "--user" "0:0" "d8952c1630ba4646d89659887d287eea8de7ee651b0b4283b9e1094743ad8d60" "/opt/rustwide/cargo-home/bin/cargo" "+1.99.0-beta.8" "test" "--frozen" "--no-run" "--message-format=json" "--release", kill_on_drop: false }`
[INFO] [stderr]    Compiling echo-comment v0.2.0 (/opt/rustwide/workdir)
[INFO] [stderr]     Finished `release` profile [optimized] target(s) in 34.15s
[INFO] running `Command { std: "docker" "inspect" "d8952c1630ba4646d89659887d287eea8de7ee651b0b4283b9e1094743ad8d60", kill_on_drop: false }`
[INFO] running `Command { std: "docker" "exec" "-e" "SOURCE_DIR=/opt/rustwide/workdir" "-e" "CARGO_HOME=/opt/rustwide/cargo-home" "-e" "RUSTUP_HOME=/opt/rustwide/rustup-home" "-e" "CARGO_TARGET_DIR=/opt/rustwide/target" "-e" "CARGO_INCREMENTAL=0" "-e" "RUST_BACKTRACE=full" "-e" "RUSTFLAGS=--cap-lints=warn" "-e" "RUSTDOCFLAGS=--cap-lints=warn" "-w" "/opt/rustwide/workdir" "--user" "0:0" "d8952c1630ba4646d89659887d287eea8de7ee651b0b4283b9e1094743ad8d60" "/opt/rustwide/cargo-home/bin/cargo" "+1.99.0-beta.8" "test" "--frozen" "--release", kill_on_drop: false }`
[INFO] [stderr]     Finished `release` profile [optimized] target(s) in 0.06s
[INFO] [stderr]      Running unittests src/lib.rs (/opt/rustwide/target/release/deps/echo_comment-e8e240cb049f59ed)
[INFO] [stdout] 
[INFO] [stdout] running 21 tests
[INFO] [stdout] test color::tests::test_bold_colors ... ok
[INFO] [stdout] test processor::tests::test_get_indent ... ok
[INFO] [stdout] test processor::tests::test_process_comment_to_echo_with_color ... ok
[INFO] [stdout] test processor::tests::test_process_comment_to_echo_without_color ... ok
[INFO] [stdout] test config::tests::test_default_config ... ok
[INFO] [stdout] test color::tests::test_basic_colors ... ok
[INFO] [stdout] test color::tests::test_bright_colors ... ok
[INFO] [stdout] test config::tests::test_colorize ... ok
[INFO] [stdout] test processor::tests::test_extract_echo ... ok
[INFO] [stdout] test processor::tests::test_process_echo_to_comment ... ok
[INFO] [stdout] test config::tests::test_config_construction ... ok
[INFO] [stdout] test color::tests::test_ansi_passthrough ... ok
[INFO] [stdout] test color::tests::test_aliases ... ok
[INFO] [stdout] test config::tests::test_shebang_generation ... ok
[INFO] [stdout] test processor::tests::test_process_script_content_with_config ... ok
[INFO] [stdout] test processor::tests::test_strip_color_codes ... ok
[INFO] [stdout] test processor::tests::test_escape_unescape_roundtrip ... ok
[INFO] [stdout] test runner::tests::test_script_runner_creation ... ok
[INFO] [stdout] test color::tests::test_unknown_color ... ok
[INFO] [stdout] test processor::tests::test_bidirectional_conversion_with_config ... ok
[INFO] [stdout] test processor::tests::test_extract_comment_types ... ok
[INFO] [stdout] 
[INFO] [stdout] test result: ok. 21 passed; 0 failed; 0 ignored; 0 measured; 0 filtered out; finished in 0.02s
[INFO] [stdout] 
[INFO] [stderr]      Running unittests src/comment_echo.rs (/opt/rustwide/target/release/deps/comment_echo-0c0ef82bbdb14aa1)
[INFO] [stdout] 
[INFO] [stdout] running 0 tests
[INFO] [stdout] 
[INFO] [stdout] test result: ok. 0 passed; 0 failed; 0 ignored; 0 measured; 0 filtered out; finished in 0.00s
[INFO] [stdout] 
[INFO] [stderr]      Running unittests src/echo_comment.rs (/opt/rustwide/target/release/deps/echo_comment-1a21c3da9c46d386)
[INFO] [stdout] 
[INFO] [stdout] running 0 tests
[INFO] [stdout] 
[INFO] [stdout] test result: ok. 0 passed; 0 failed; 0 ignored; 0 measured; 0 filtered out; finished in 0.00s
[INFO] [stdout] 
[INFO] [stderr]      Running tests/error.rs (/opt/rustwide/target/release/deps/error-7fe4802a8996857f)
[INFO] [stdout] 
[INFO] [stdout] running 5 tests
[INFO] [stdout] test test_unix_permission_error ... ok
[INFO] [stdout] test test_error_debug_format ... ok
[INFO] [stdout] test test_error_source_chain ... ok
[INFO] [stdout] test test_result_type_alias ... ok
[INFO] [stderr]      Running tests/integration.rs (/opt/rustwide/target/release/deps/integration-f705cfb48099bf23)
[INFO] [stdout] test test_error_display_messages ... ok
[INFO] [stdout] 
[INFO] [stdout] test result: ok. 5 passed; 0 failed; 0 ignored; 0 measured; 0 filtered out; finished in 0.00s
[INFO] [stdout] 
[INFO] [stdout] 
[INFO] [stdout] running 10 tests
[INFO] [stdout] test test_no_echo_comments ... FAILED
[INFO] [stdout] test test_bidirectional_conversion ... FAILED
[INFO] [stdout] test test_script_arguments_passthrough ... FAILED
[INFO] [stdout] test test_error_handling_missing_file ... FAILED
[INFO] [stdout] test test_error_handling_no_arguments ... FAILED
[INFO] [stdout] test test_comment_echo_basic_functionality ... FAILED
[INFO] [stdout] test test_special_characters_in_comments ... FAILED
[INFO] [stdout] test test_escaped_hash_comments ... FAILED
[INFO] [stdout] test test_echo_comment_basic_functionality ... FAILED
[INFO] [stdout] test test_empty_and_whitespace_lines ... FAILED
[INFO] [stdout] 
[INFO] [stdout] failures:
[INFO] [stdout] 
[INFO] [stdout] ---- test_no_echo_comments stdout ----
[INFO] [stdout] 
[INFO] [stdout] thread 'test_no_echo_comments' (771) panicked at tests/integration.rs:19:10:
[INFO] [stdout] Failed to execute binary: Os { code: 2, kind: NotFound, message: "No such file or directory" }
[INFO] [stdout] stack backtrace:
[INFO] [stdout]    0:     0x57c04d9235f5 - <unknown>
[INFO] [stdout]    1:     0x57c04d90bafa - <unknown>
[INFO] [stdout]    2:     0x57c04d922c8b - <unknown>
[INFO] [stdout]    3:     0x57c04d92276f - <unknown>
[INFO] [stdout]    4:     0x57c04d92239a - <unknown>
[INFO] [stdout]    5:     0x57c04d921ed2 - <unknown>
[INFO] [stdout]    6:     0x57c04d9492d1 - <unknown>
[INFO] [stdout]    7:     0x57c04d949289 - <unknown>
[INFO] [stdout]    8:     0x57c04d94979c - <unknown>
[INFO] [stdout]    9:     0x57c04d90b98b - <unknown>
[INFO] [stdout]   10:     0x57c04d90eba1 - <unknown>
[INFO] [stdout]   11:     0x57c04d9058e3 - <unknown>
[INFO] [stdout]   12:     0x57c04d908b5a - <unknown>
[INFO] [stdout]   13:     0x57c04d961dcb - <unknown>
[INFO] [stdout]   14:     0x57c04d95df41 - <unknown>
[INFO] [stdout]   15:     0x57c04d95d72c - <unknown>
[INFO] [stdout]   16:     0x57c04d97a02c - <unknown>
[INFO] [stdout]   17:     0x57c04d94ac02 - <unknown>
[INFO] [stdout]   18:     0x740f6904edfa - <unknown>
[INFO] [stdout]   19:     0x740f690e23d4 - clone
[INFO] [stdout]   20:                0x0 - <unknown>
[INFO] [stdout] 
[INFO] [stdout] ---- test_bidirectional_conversion stdout ----
[INFO] [stdout] 
[INFO] [stdout] thread 'test_bidirectional_conversion' (764) panicked at tests/integration.rs:19:10:
[INFO] [stdout] Failed to execute binary: Os { code: 2, kind: NotFound, message: "No such file or directory" }
[INFO] [stdout] stack backtrace:
[INFO] [stdout]    0:     0x57c04d9235f5 - <unknown>
[INFO] [stdout]    1:     0x57c04d90bafa - <unknown>
[INFO] [stdout]    2:     0x57c04d922c8b - <unknown>
[INFO] [stdout]    3:     0x57c04d92276f - <unknown>
[INFO] [stdout]    4:     0x57c04d92239a - <unknown>
[INFO] [stdout]    5:     0x57c04d921ed2 - <unknown>
[INFO] [stdout]    6:     0x57c04d9492d1 - <unknown>
[INFO] [stdout]    7:     0x57c04d949289 - <unknown>
[INFO] [stdout]    8:     0x57c04d94979c - <unknown>
[INFO] [stdout]    9:     0x57c04d90b98b - <unknown>
[INFO] [stdout]   10:     0x57c04d90eba1 - <unknown>
[INFO] [stdout]   11:     0x57c04d9058e3 - <unknown>
[INFO] [stdout]   12:     0x57c04d908fe5 - <unknown>
[INFO] [stderr] error: test failed, to rerun pass `--test integration`
[INFO] [stdout]   13:     0x57c04d961dcb - <unknown>
[INFO] [stdout]   14:     0x57c04d95df41 - <unknown>
[INFO] [stdout]   15:     0x57c04d95d72c - <unknown>
[INFO] [stdout]   16:     0x57c04d97a02c - <unknown>
[INFO] [stdout]   17:     0x57c04d94ac02 - <unknown>
[INFO] [stdout]   18:     0x740f6904edfa - <unknown>
[INFO] [stdout]   19:     0x740f690e23d4 - clone
[INFO] [stdout]   20:                0x0 - <unknown>
[INFO] [stdout] 
[INFO] [stdout] ---- test_script_arguments_passthrough stdout ----
[INFO] [stdout] 
[INFO] [stdout] thread 'test_script_arguments_passthrough' (772) panicked at tests/integration.rs:294:10:
[INFO] [stdout] Failed to execute binary: Os { code: 2, kind: NotFound, message: "No such file or directory" }
[INFO] [stdout] stack backtrace:
[INFO] [stdout]    0:     0x57c04d9235f5 - <unknown>
[INFO] [stdout]    1:     0x57c04d90bafa - <unknown>
[INFO] [stdout]    2:     0x57c04d922c8b - <unknown>
[INFO] [stdout]    3:     0x57c04d92276f - <unknown>
[INFO] [stdout]    4:     0x57c04d92239a - <unknown>
[INFO] [stdout]    5:     0x57c04d921ed2 - <unknown>
[INFO] [stdout]    6:     0x57c04d9492d1 - <unknown>
[INFO] [stdout]    7:     0x57c04d949289 - <unknown>
[INFO] [stdout]    8:     0x57c04d94979c - <unknown>
[INFO] [stdout]    9:     0x57c04d90b98b - <unknown>
[INFO] [stdout]   10:     0x57c04d90eba1 - <unknown>
[INFO] [stdout]   11:     0x57c04d909b37 - <unknown>
[INFO] [stdout]   12:     0x57c04d961dcb - <unknown>
[INFO] [stdout]   13:     0x57c04d95df41 - <unknown>
[INFO] [stdout]   14:     0x57c04d95d72c - <unknown>
[INFO] [stdout]   15:     0x57c04d97a02c - <unknown>
[INFO] [stdout]   16:     0x57c04d94ac02 - <unknown>
[INFO] [stdout]   17:     0x740f6904edfa - <unknown>
[INFO] [stdout]   18:     0x740f690e23d4 - clone
[INFO] [stdout]   19:                0x0 - <unknown>
[INFO] [stdout] 
[INFO] [stdout] ---- test_error_handling_missing_file stdout ----
[INFO] [stdout] 
[INFO] [stdout] thread 'test_error_handling_missing_file' (768) panicked at tests/integration.rs:19:10:
[INFO] [stdout] Failed to execute binary: Os { code: 2, kind: NotFound, message: "No such file or directory" }
[INFO] [stdout] stack backtrace:
[INFO] [stdout]    0:     0x57c04d9235f5 - <unknown>
[INFO] [stdout]    1:     0x57c04d90bafa - <unknown>
[INFO] [stdout]    2:     0x57c04d922c8b - <unknown>
[INFO] [stdout]    3:     0x57c04d92276f - <unknown>
[INFO] [stdout]    4:     0x57c04d92239a - <unknown>
[INFO] [stdout]    5:     0x57c04d921ed2 - <unknown>
[INFO] [stdout]    6:     0x57c04d9492d1 - <unknown>
[INFO] [stdout]    7:     0x57c04d949289 - <unknown>
[INFO] [stdout]    8:     0x57c04d94979c - <unknown>
[INFO] [stdout]    9:     0x57c04d90b98b - <unknown>
[INFO] [stdout]   10:     0x57c04d90eba1 - <unknown>
[INFO] [stdout]   11:     0x57c04d9058e3 - <unknown>
[INFO] [stdout]   12:     0x57c04d90952d - <unknown>
[INFO] [stdout]   13:     0x57c04d961dcb - <unknown>
[INFO] [stdout]   14:     0x57c04d95df41 - <unknown>
[INFO] [stdout]   15:     0x57c04d95d72c - <unknown>
[INFO] [stdout]   16:     0x57c04d97a02c - <unknown>
[INFO] [stdout]   17:     0x57c04d94ac02 - <unknown>
[INFO] [stdout]   18:     0x740f6904edfa - <unknown>
[INFO] [stdout]   19:     0x740f690e23d4 - clone
[INFO] [stdout]   20:                0x0 - <unknown>
[INFO] [stdout] 
[INFO] [stdout] ---- test_error_handling_no_arguments stdout ----
[INFO] [stdout] 
[INFO] [stdout] thread 'test_error_handling_no_arguments' (769) panicked at tests/integration.rs:204:10:
[INFO] [stdout] Failed to execute binary: Os { code: 2, kind: NotFound, message: "No such file or directory" }
[INFO] [stdout] stack backtrace:
[INFO] [stdout]    0:     0x57c04d9235f5 - <unknown>
[INFO] [stdout]    1:     0x57c04d90bafa - <unknown>
[INFO] [stdout]    2:     0x57c04d922c8b - <unknown>
[INFO] [stdout]    3:     0x57c04d92276f - <unknown>
[INFO] [stdout]    4:     0x57c04d92239a - <unknown>
[INFO] [stdout]    5:     0x57c04d921ed2 - <unknown>
[INFO] [stdout]    6:     0x57c04d9492d1 - <unknown>
[INFO] [stdout]    7:     0x57c04d949289 - <unknown>
[INFO] [stdout]    8:     0x57c04d94979c - <unknown>
[INFO] [stdout]    9:     0x57c04d90b98b - <unknown>
[INFO] [stdout]   10:     0x57c04d90eba1 - <unknown>
[INFO] [stdout]   11:     0x57c04d909712 - <unknown>
[INFO] [stdout]   12:     0x57c04d961dcb - <unknown>
[INFO] [stdout]   13:     0x57c04d95df41 - <unknown>
[INFO] [stdout]   14:     0x57c04d95d72c - <unknown>
[INFO] [stdout]   15:     0x57c04d97a02c - <unknown>
[INFO] [stdout]   16:     0x57c04d94ac02 - <unknown>
[INFO] [stdout]   17:     0x740f6904edfa - <unknown>
[INFO] [stdout]   18:     0x740f690e23d4 - clone
[INFO] [stdout]   19:                0x0 - <unknown>
[INFO] [stdout] 
[INFO] [stdout] ---- test_comment_echo_basic_functionality stdout ----
[INFO] [stdout] 
[INFO] [stdout] thread 'test_comment_echo_basic_functionality' (765) panicked at tests/integration.rs:19:10:
[INFO] [stdout] Failed to execute binary: Os { code: 2, kind: NotFound, message: "No such file or directory" }
[INFO] [stdout] stack backtrace:
[INFO] [stdout]    0:     0x57c04d9235f5 - <unknown>
[INFO] [stdout]    1:     0x57c04d90bafa - <unknown>
[INFO] [stdout]    2:     0x57c04d922c8b - <unknown>
[INFO] [stdout]    3:     0x57c04d92276f - <unknown>
[INFO] [stdout]    4:     0x57c04d92239a - <unknown>
[INFO] [stdout]    5:     0x57c04d921ed2 - <unknown>
[INFO] [stdout]    6:     0x57c04d9492d1 - <unknown>
[INFO] [stdout]    7:     0x57c04d949289 - <unknown>
[INFO] [stdout]    8:     0x57c04d94979c - <unknown>
[INFO] [stdout]    9:     0x57c04d90b98b - <unknown>
[INFO] [stdout]   10:     0x57c04d90eba1 - <unknown>
[INFO] [stdout]   11:     0x57c04d9058e3 - <unknown>
[INFO] [stdout]   12:     0x57c04d90a00a - <unknown>
[INFO] [stdout]   13:     0x57c04d961dcb - <unknown>
[INFO] [stdout]   14:     0x57c04d95df41 - <unknown>
[INFO] [stdout]   15:     0x57c04d95d72c - <unknown>
[INFO] [stdout]   16:     0x57c04d97a02c - <unknown>
[INFO] [stdout]   17:     0x57c04d94ac02 - <unknown>
[INFO] [stdout]   18:     0x740f6904edfa - <unknown>
[INFO] [stdout]   19:     0x740f690e23d4 - clone
[INFO] [stdout]   20:                0x0 - <unknown>
[INFO] [stdout] 
[INFO] [stdout] ---- test_special_characters_in_comments stdout ----
[INFO] [stdout] 
[INFO] [stdout] thread 'test_special_characters_in_comments' (777) panicked at tests/integration.rs:19:10:
[INFO] [stdout] Failed to execute binary: Os { code: 2, kind: NotFound, message: "No such file or directory" }
[INFO] [stdout] stack backtrace:
[INFO] [stdout]    0:     0x57c04d9235f5 - <unknown>
[INFO] [stdout]    1:     0x57c04d90bafa - <unknown>
[INFO] [stdout]    2:     0x57c04d922c8b - <unknown>
[INFO] [stdout]    3:     0x57c04d92276f - <unknown>
[INFO] [stdout]    4:     0x57c04d92239a - <unknown>
[INFO] [stdout]    5:     0x57c04d921ed2 - <unknown>
[INFO] [stdout]    6:     0x57c04d9492d1 - <unknown>
[INFO] [stdout]    7:     0x57c04d949289 - <unknown>
[INFO] [stdout]    8:     0x57c04d94979c - <unknown>
[INFO] [stdout]    9:     0x57c04d90b98b - <unknown>
[INFO] [stdout]   10:     0x57c04d90eba1 - <unknown>
[INFO] [stdout]   11:     0x57c04d9058e3 - <unknown>
[INFO] [stdout]   12:     0x57c04d909d4a - <unknown>
[INFO] [stdout]   13:     0x57c04d961dcb - <unknown>
[INFO] [stdout]   14:     0x57c04d95df41 - <unknown>
[INFO] [stdout]   15:     0x57c04d95d72c - <unknown>
[INFO] [stdout]   16:     0x57c04d97a02c - <unknown>
[INFO] [stdout]   17:     0x57c04d94ac02 - <unknown>
[INFO] [stdout]   18:     0x740f6904edfa - <unknown>
[INFO] [stdout]   19:     0x740f690e23d4 - clone
[INFO] [stdout]   20:                0x0 - <unknown>
[INFO] [stdout] 
[INFO] [stdout] ---- test_escaped_hash_comments stdout ----
[INFO] [stdout] 
[INFO] [stdout] thread 'test_escaped_hash_comments' (770) panicked at tests/integration.rs:19:10:
[INFO] [stdout] Failed to execute binary: Os { code: 2, kind: NotFound, message: "No such file or directory" }
[INFO] [stdout] stack backtrace:
[INFO] [stdout]    0:     0x57c04d9235f5 - <unknown>
[INFO] [stdout]    1:     0x57c04d90bafa - <unknown>
[INFO] [stdout]    2:     0x57c04d922c8b - <unknown>
[INFO] [stdout]    3:     0x57c04d92276f - <unknown>
[INFO] [stdout]    4:     0x57c04d92239a - <unknown>
[INFO] [stdout]    5:     0x57c04d921ed2 - <unknown>
[INFO] [stdout]    6:     0x57c04d9492d1 - <unknown>
[INFO] [stdout]    7:     0x57c04d949289 - <unknown>
[INFO] [stdout]    8:     0x57c04d94979c - <unknown>
[INFO] [stdout]    9:     0x57c04d90b98b - <unknown>
[INFO] [stdout]   10:     0x57c04d90eba1 - <unknown>
[INFO] [stdout]   11:     0x57c04d9058e3 - <unknown>
[INFO] [stdout]   12:     0x57c04d908dba - <unknown>
[INFO] [stdout]   13:     0x57c04d961dcb - <unknown>
[INFO] [stdout]   14:     0x57c04d95df41 - <unknown>
[INFO] [stdout]   15:     0x57c04d95d72c - <unknown>
[INFO] [stdout]   16:     0x57c04d97a02c - <unknown>
[INFO] [stdout]   17:     0x57c04d94ac02 - <unknown>
[INFO] [stdout]   18:     0x740f6904edfa - <unknown>
[INFO] [stdout]   19:     0x740f690e23d4 - clone
[INFO] [stdout]   20:                0x0 - <unknown>
[INFO] [stdout] 
[INFO] [stdout] ---- test_echo_comment_basic_functionality stdout ----
[INFO] [stdout] 
[INFO] [stdout] thread 'test_echo_comment_basic_functionality' (766) panicked at tests/integration.rs:19:10:
[INFO] [stdout] Failed to execute binary: Os { code: 2, kind: NotFound, message: "No such file or directory" }
[INFO] [stdout] stack backtrace:
[INFO] [stdout]    0:     0x57c04d9235f5 - <unknown>
[INFO] [stdout]    1:     0x57c04d90bafa - <unknown>
[INFO] [stdout]    2:     0x57c04d922c8b - <unknown>
[INFO] [stdout]    3:     0x57c04d92276f - <unknown>
[INFO] [stdout]    4:     0x57c04d92239a - <unknown>
[INFO] [stdout]    5:     0x57c04d921ed2 - <unknown>
[INFO] [stdout]    6:     0x57c04d9492d1 - <unknown>
[INFO] [stdout]    7:     0x57c04d949289 - <unknown>
[INFO] [stdout]    8:     0x57c04d94979c - <unknown>
[INFO] [stdout]    9:     0x57c04d90b98b - <unknown>
[INFO] [stdout]   10:     0x57c04d90eba1 - <unknown>
[INFO] [stdout]   11:     0x57c04d9058e3 - <unknown>
[INFO] [stdout]   12:     0x57c04d90a22a - <unknown>
[INFO] [stdout]   13:     0x57c04d961dcb - <unknown>
[INFO] [stdout]   14:     0x57c04d95df41 - <unknown>
[INFO] [stdout]   15:     0x57c04d95d72c - <unknown>
[INFO] [stdout]   16:     0x57c04d97a02c - <unknown>
[INFO] [stdout]   17:     0x57c04d94ac02 - <unknown>
[INFO] [stdout]   18:     0x740f6904edfa - <unknown>
[INFO] [stdout]   19:     0x740f690e23d4 - clone
[INFO] [stdout]   20:                0x0 - <unknown>
[INFO] [stdout] 
[INFO] [stdout] ---- test_empty_and_whitespace_lines stdout ----
[INFO] [stdout] 
[INFO] [stdout] thread 'test_empty_and_whitespace_lines' (767) panicked at tests/integration.rs:19:10:
[INFO] [stdout] Failed to execute binary: Os { code: 2, kind: NotFound, message: "No such file or directory" }
[INFO] [stdout] stack backtrace:
[INFO] [stdout]    0:     0x57c04d9235f5 - <unknown>
[INFO] [stdout]    1:     0x57c04d90bafa - <unknown>
[INFO] [stdout]    2:     0x57c04d922c8b - <unknown>
[INFO] [stdout]    3:     0x57c04d92276f - <unknown>
[INFO] [stdout]    4:     0x57c04d92239a - <unknown>
[INFO] [stdout]    5:     0x57c04d921ed2 - <unknown>
[INFO] [stdout]    6:     0x57c04d9492d1 - <unknown>
[INFO] [stdout]    7:     0x57c04d949289 - <unknown>
[INFO] [stdout]    8:     0x57c04d94979c - <unknown>
[INFO] [stdout]    9:     0x57c04d90b98b - <unknown>
[INFO] [stdout]   10:     0x57c04d90eba1 - <unknown>
[INFO] [stdout]   11:     0x57c04d9058e3 - <unknown>
[INFO] [stdout]   12:     0x57c04d90934a - <unknown>
[INFO] [stdout]   13:     0x57c04d961dcb - <unknown>
[INFO] [stdout]   14:     0x57c04d95df41 - <unknown>
[INFO] [stdout]   15:     0x57c04d95d72c - <unknown>
[INFO] [stdout]   16:     0x57c04d97a02c - <unknown>
[INFO] [stdout]   17:     0x57c04d94ac02 - <unknown>
[INFO] [stdout]   18:     0x740f6904edfa - <unknown>
[INFO] [stdout]   19:     0x740f690e23d4 - clone
[INFO] [stdout]   20:                0x0 - <unknown>
[INFO] [stdout] 
[INFO] [stdout] 
[INFO] [stdout] failures:
[INFO] [stdout]     test_bidirectional_conversion
[INFO] [stdout]     test_comment_echo_basic_functionality
[INFO] [stdout]     test_echo_comment_basic_functionality
[INFO] [stdout]     test_empty_and_whitespace_lines
[INFO] [stdout]     test_error_handling_missing_file
[INFO] [stdout]     test_error_handling_no_arguments
[INFO] [stdout]     test_escaped_hash_comments
[INFO] [stdout]     test_no_echo_comments
[INFO] [stdout]     test_script_arguments_passthrough
[INFO] [stdout]     test_special_characters_in_comments
[INFO] [stdout] 
[INFO] [stdout] test result: FAILED. 0 passed; 10 failed; 0 ignored; 0 measured; 0 filtered out; finished in 0.02s
[INFO] [stdout] 
[INFO] running `Command { std: "docker" "inspect" "d8952c1630ba4646d89659887d287eea8de7ee651b0b4283b9e1094743ad8d60", kill_on_drop: false }`
[INFO] running `Command { std: "docker" "rm" "-f" "d8952c1630ba4646d89659887d287eea8de7ee651b0b4283b9e1094743ad8d60", kill_on_drop: false }`
[INFO] [stdout] d8952c1630ba4646d89659887d287eea8de7ee651b0b4283b9e1094743ad8d60
