[INFO] fetching crate ecdna-lib 3.0.2...
[INFO] testing ecdna-lib-3.0.2 against 1.99.0-beta.8+cargoflags=--release for beta-release-1.100-2
[INFO] extracting crate ecdna-lib 3.0.2 into /workspace/builds/worker-4-tc1/source
[INFO] started tweaking crates.io crate ecdna-lib 3.0.2
[INFO] finished tweaking crates.io crate ecdna-lib 3.0.2
[INFO] tweaked toml for crates.io crate ecdna-lib 3.0.2 written to /workspace/builds/worker-4-tc1/source/Cargo.toml
[INFO] validating manifest of crates.io crate ecdna-lib 3.0.2 on toolchain 1.99.0-beta.8
[INFO] running `Command { std: CARGO_HOME="/workspace/cargo-home" RUSTUP_HOME="/workspace/rustup-home" "/workspace/cargo-home/bin/cargo" "+1.99.0-beta.8" "metadata" "--manifest-path" "Cargo.toml" "--no-deps", kill_on_drop: false }`
[INFO] running `Command { std: CARGO_HOME="/workspace/cargo-home" RUSTUP_HOME="/workspace/rustup-home" "/workspace/cargo-home/bin/cargo" "+1.99.0-beta.8" "generate-lockfile" "--manifest-path" "Cargo.toml", kill_on_drop: false }`
[INFO] [stderr]     Updating crates.io index
[INFO] [stderr]      Locking 117 packages to highest compatible versions
[INFO] [stderr]       Adding criterion v0.4.0 (available: v0.8.2)
[INFO] [stderr]       Adding derive_builder v0.12.0 (available: v0.20.2)
[INFO] [stderr]       Adding rand v0.8.8 (available: v0.10.3)
[INFO] [stderr]       Adding rand_chacha v0.3.1 (available: v0.10.0)
[INFO] [stderr]       Adding rand_distr v0.4.3 (available: v0.6.0)
[INFO] running `Command { std: CARGO_HOME="/workspace/cargo-home" RUSTUP_HOME="/workspace/rustup-home" "/workspace/cargo-home/bin/cargo" "+1.99.0-beta.8" "fetch" "--manifest-path" "Cargo.toml", kill_on_drop: false }`
[INFO] [stderr]  Downloading crates ...
[INFO] [stderr]   Downloaded quickcheck v1.1.0
[INFO] [stderr]   Downloaded quickcheck_macros v1.2.0
[INFO] [stderr]   Downloaded darling_macro v0.14.4
[INFO] [stderr]   Downloaded clap_lex v0.2.4
[INFO] [stderr]   Downloaded plotters-backend v0.3.7
[INFO] [stderr]   Downloaded derive_builder_macro v0.12.0
[INFO] [stderr]   Downloaded plotters-svg v0.3.7
[INFO] [stderr]   Downloaded cast v0.3.0
[INFO] [stderr]   Downloaded criterion-plot v0.5.0
[INFO] [stderr]   Downloaded os_str_bytes v6.6.1
[INFO] [stderr]   Downloaded tinytemplate v1.2.1
[INFO] [stderr]   Downloaded anes v0.1.6
[INFO] [stderr]   Downloaded either v1.19.0
[INFO] [stderr]   Downloaded oorandom v11.1.5
[INFO] [stderr]   Downloaded derive_builder_core v0.12.0
[INFO] [stderr]   Downloaded darling v0.14.4
[INFO] [stderr]   Downloaded darling_core v0.14.4
[INFO] [stderr]   Downloaded derive_builder v0.12.0
[INFO] [stderr]   Downloaded textwrap v0.16.4
[INFO] [stderr]   Downloaded crossbeam-channel v0.5.17
[INFO] [stderr]   Downloaded criterion v0.4.0
[INFO] [stderr]   Downloaded zerocopy-derive v0.8.63
[INFO] [stderr]   Downloaded plotters v0.3.7
[INFO] [stderr]   Downloaded zerocopy v0.8.63
[INFO] [stderr]   Downloaded clap v3.2.25
[INFO] [stderr]   Downloaded hdrhistogram v7.6.0
[INFO] running `Command { std: "docker" "create" "-v" "/var/lib/crater-agent-workspace/builds/worker-4-tc1/source:/opt/rustwide/workdir:ro,Z" "-v" "/var/lib/crater-agent-workspace/builds/worker-4-tc1/target:/opt/rustwide/target:rw,Z" "-v" "/var/lib/crater-agent-workspace/cargo-home:/opt/rustwide/cargo-home:ro,Z" "-v" "/var/lib/crater-agent-workspace/rustup-home:/opt/rustwide/rustup-home:ro,Z" "-m" "1610612736" "--network" "none" "ghcr.io/rust-lang/crates-build-env/linux@sha256:77db811e55d90add9212f6832c23229e3de5f1c1f9905e8cb07319ea15df73ac" "sleep" "infinity", kill_on_drop: false }`
[INFO] [stdout] 3f07d89fe6d4084429ced5145788acdc386e7125c56cebe1bd14b65715102fbe
[INFO] running `Command { std: "docker" "start" "3f07d89fe6d4084429ced5145788acdc386e7125c56cebe1bd14b65715102fbe", kill_on_drop: false }`
[INFO] running `Command { std: "docker" "inspect" "3f07d89fe6d4084429ced5145788acdc386e7125c56cebe1bd14b65715102fbe", kill_on_drop: false }`
[INFO] running `Command { std: "docker" "exec" "-e" "SOURCE_DIR=/opt/rustwide/workdir" "-e" "CARGO_HOME=/opt/rustwide/cargo-home" "-e" "RUSTUP_HOME=/opt/rustwide/rustup-home" "-e" "CARGO_TARGET_DIR=/opt/rustwide/target" "-w" "/opt/rustwide/workdir" "--user" "0:0" "3f07d89fe6d4084429ced5145788acdc386e7125c56cebe1bd14b65715102fbe" "/opt/rustwide/cargo-home/bin/cargo" "+1.99.0-beta.8" "metadata" "--no-deps" "--format-version=1", kill_on_drop: false }`
[INFO] running `Command { std: "docker" "inspect" "3f07d89fe6d4084429ced5145788acdc386e7125c56cebe1bd14b65715102fbe", kill_on_drop: false }`
[INFO] running `Command { std: "docker" "exec" "-e" "SOURCE_DIR=/opt/rustwide/workdir" "-e" "CARGO_HOME=/opt/rustwide/cargo-home" "-e" "RUSTUP_HOME=/opt/rustwide/rustup-home" "-e" "CARGO_TARGET_DIR=/opt/rustwide/target" "-e" "CARGO_INCREMENTAL=0" "-e" "RUST_BACKTRACE=full" "-e" "RUSTFLAGS=--cap-lints=warn" "-e" "RUSTDOCFLAGS=--cap-lints=warn" "-w" "/opt/rustwide/workdir" "--user" "0:0" "3f07d89fe6d4084429ced5145788acdc386e7125c56cebe1bd14b65715102fbe" "/opt/rustwide/cargo-home/bin/cargo" "+1.99.0-beta.8" "build" "--frozen" "--message-format=json" "--release", kill_on_drop: false }`
[INFO] [stderr]    Compiling syn v1.0.109
[INFO] [stderr]    Compiling cfg-if v1.0.5
[INFO] [stderr]    Compiling libc v0.2.191
[INFO] [stderr]    Compiling zerocopy v0.8.63
[INFO] [stderr]    Compiling ident_case v1.0.1
[INFO] [stderr]    Compiling strsim v0.10.0
[INFO] [stderr]    Compiling fnv v1.0.7
[INFO] [stderr]    Compiling crc32fast v1.5.2
[INFO] [stderr]    Compiling crossbeam-utils v0.8.23
[INFO] [stderr]    Compiling simd-adler32 v0.3.10
[INFO] [stderr]    Compiling num-traits v0.2.19
[INFO] [stderr]    Compiling syn v3.0.9
[INFO] [stderr]    Compiling serde_json v1.0.154
[INFO] [stderr]    Compiling anyhow v1.0.104
[INFO] [stderr]    Compiling csv-core v0.1.13
[INFO] [stderr]    Compiling nom v8.0.0
[INFO] [stderr]    Compiling csv v1.4.0
[INFO] [stderr]    Compiling miniz_oxide v0.9.1
[INFO] [stderr]    Compiling crossbeam-channel v0.5.17
[INFO] [stderr]    Compiling flate2 v1.1.10
[INFO] [stderr]    Compiling getrandom v0.2.17
[INFO] [stderr]    Compiling rand_core v0.6.4
[INFO] [stderr]    Compiling serde_derive v1.0.229
[INFO] [stderr]    Compiling darling_core v0.14.4
[INFO] [stderr]    Compiling serde v1.0.229
[INFO] [stderr]    Compiling hdrhistogram v7.6.0
[INFO] [stderr]    Compiling darling_macro v0.14.4
[INFO] [stderr]    Compiling darling v0.14.4
[INFO] [stderr]    Compiling derive_builder_core v0.12.0
[INFO] [stderr]    Compiling ppv-lite86 v0.2.21
[INFO] [stderr]    Compiling derive_builder_macro v0.12.0
[INFO] [stderr]    Compiling rand_chacha v0.3.1
[INFO] [stderr]    Compiling derive_builder v0.12.0
[INFO] [stderr]    Compiling rand v0.8.8
[INFO] [stderr]    Compiling rand_distr v0.4.3
[INFO] [stderr]    Compiling ecdna-lib v3.0.2 (/opt/rustwide/workdir)
[INFO] [stderr]     Finished `release` profile [optimized] target(s) in 24.15s
[INFO] running `Command { std: "docker" "inspect" "3f07d89fe6d4084429ced5145788acdc386e7125c56cebe1bd14b65715102fbe", kill_on_drop: false }`
[INFO] running `Command { std: "docker" "exec" "-e" "SOURCE_DIR=/opt/rustwide/workdir" "-e" "CARGO_HOME=/opt/rustwide/cargo-home" "-e" "RUSTUP_HOME=/opt/rustwide/rustup-home" "-e" "CARGO_TARGET_DIR=/opt/rustwide/target" "-e" "CARGO_INCREMENTAL=0" "-e" "RUST_BACKTRACE=full" "-e" "RUSTFLAGS=--cap-lints=warn" "-e" "RUSTDOCFLAGS=--cap-lints=warn" "-w" "/opt/rustwide/workdir" "--user" "0:0" "3f07d89fe6d4084429ced5145788acdc386e7125c56cebe1bd14b65715102fbe" "/opt/rustwide/cargo-home/bin/cargo" "+1.99.0-beta.8" "test" "--frozen" "--no-run" "--message-format=json" "--release", kill_on_drop: false }`
[INFO] [stderr]    Compiling syn v2.0.119
[INFO] [stderr]    Compiling zerocopy v0.8.63
[INFO] [stderr]    Compiling crossbeam-utils v0.8.23
[INFO] [stderr]    Compiling aho-corasick v1.1.5
[INFO] [stderr]    Compiling regex-syntax v0.8.11
[INFO] [stderr]    Compiling crossbeam-epoch v0.9.21
[INFO] [stderr]    Compiling serde v1.0.229
[INFO] [stderr]    Compiling crossbeam-deque v0.8.8
[INFO] [stderr]    Compiling indexmap v1.9.3
[INFO] [stderr]    Compiling either v1.19.0
[INFO] [stderr]    Compiling getrandom v0.4.3
[INFO] [stderr]    Compiling rayon-core v1.13.0
[INFO] [stderr]    Compiling serde_json v1.0.154
[INFO] [stderr]    Compiling os_str_bytes v6.6.1
[INFO] [stderr]    Compiling hashbrown v0.12.3
[INFO] [stderr]    Compiling ciborium-io v0.2.2
[INFO] [stderr]    Compiling rand_core v0.10.1
[INFO] [stderr]    Compiling plotters-backend v0.3.7
[INFO] [stderr]    Compiling clap_lex v0.2.4
[INFO] [stderr]    Compiling same-file v1.0.6
[INFO] [stderr]    Compiling bitflags v1.3.2
[INFO] [stderr]    Compiling cast v0.3.0
[INFO] [stderr]    Compiling textwrap v0.16.4
[INFO] [stderr]    Compiling walkdir v2.5.0
[INFO] [stderr]    Compiling csv v1.4.0
[INFO] [stderr]    Compiling atty v0.2.14
[INFO] [stderr]    Compiling lazy_static v1.5.1
[INFO] [stderr]    Compiling itertools v0.10.5
[INFO] [stderr]    Compiling anes v0.1.6
[INFO] [stderr]    Compiling oorandom v11.1.5
[INFO] [stderr]    Compiling plotters-svg v0.3.7
[INFO] [stderr]    Compiling rand v0.10.3
[INFO] [stderr]    Compiling plotters v0.3.7
[INFO] [stderr]    Compiling crossbeam-channel v0.5.17
[INFO] [stderr]    Compiling tinytemplate v1.2.1
[INFO] [stderr]    Compiling clap v3.2.25
[INFO] [stderr]    Compiling hdrhistogram v7.6.0
[INFO] [stderr]    Compiling regex-automata v0.4.18
[INFO] [stderr]    Compiling rayon v1.12.0
[INFO] [stderr]    Compiling criterion-plot v0.5.0
[INFO] [stderr]    Compiling zerocopy-derive v0.8.63
[INFO] [stderr]    Compiling quickcheck_macros v1.2.0
[INFO] [stderr]    Compiling regex v1.13.1
[INFO] [stderr]    Compiling env_filter v2.0.0
[INFO] [stderr]    Compiling env_logger v0.11.11
[INFO] [stderr]    Compiling quickcheck v1.1.0
[INFO] [stderr]    Compiling ppv-lite86 v0.2.21
[INFO] [stderr]    Compiling half v2.7.1
[INFO] [stderr]    Compiling ciborium-ll v0.2.2
[INFO] [stderr]    Compiling rand_chacha v0.3.1
[INFO] [stderr]    Compiling ciborium v0.2.2
[INFO] [stderr]    Compiling rand v0.8.8
[INFO] [stderr]    Compiling criterion v0.4.0
[INFO] [stderr]    Compiling rand_distr v0.4.3
[INFO] [stderr]    Compiling ecdna-lib v3.0.2 (/opt/rustwide/workdir)
[INFO] [stdout] warning: enum `SamplingStrategyEnum` is never used
[INFO] [stdout]     --> src/distribution.rs:1240:10
[INFO] [stdout]      |
[INFO] [stdout] 1240 |     enum SamplingStrategyEnum {
[INFO] [stdout]      |          ^^^^^^^^^^^^^^^^^^^^
[INFO] [stdout]      |
[INFO] [stdout]      = note: `#[warn(dead_code)]` (part of `#[warn(unused)]`) on by default
[INFO] [stdout] 
[INFO] [stdout] 
[INFO] [stderr]     Finished `release` profile [optimized] target(s) in 1m 07s
[INFO] running `Command { std: "docker" "inspect" "3f07d89fe6d4084429ced5145788acdc386e7125c56cebe1bd14b65715102fbe", kill_on_drop: false }`
[INFO] running `Command { std: "docker" "exec" "-e" "SOURCE_DIR=/opt/rustwide/workdir" "-e" "CARGO_HOME=/opt/rustwide/cargo-home" "-e" "RUSTUP_HOME=/opt/rustwide/rustup-home" "-e" "CARGO_TARGET_DIR=/opt/rustwide/target" "-e" "CARGO_INCREMENTAL=0" "-e" "RUST_BACKTRACE=full" "-e" "RUSTFLAGS=--cap-lints=warn" "-e" "RUSTDOCFLAGS=--cap-lints=warn" "-w" "/opt/rustwide/workdir" "--user" "0:0" "3f07d89fe6d4084429ced5145788acdc386e7125c56cebe1bd14b65715102fbe" "/opt/rustwide/cargo-home/bin/cargo" "+1.99.0-beta.8" "test" "--frozen" "--release", kill_on_drop: false }`
[INFO] [stderr] warning: enum `SamplingStrategyEnum` is never used
[INFO] [stderr]     --> src/distribution.rs:1240:10
[INFO] [stderr]      |
[INFO] [stderr] 1240 |     enum SamplingStrategyEnum {
[INFO] [stderr]      |          ^^^^^^^^^^^^^^^^^^^^
[INFO] [stderr]      |
[INFO] [stderr]      = note: `#[warn(dead_code)]` (part of `#[warn(unused)]`) on by default
[INFO] [stderr] 
[INFO] [stderr] warning: `ecdna-lib` (lib test) generated 1 warning
[INFO] [stderr]     Finished `release` profile [optimized] target(s) in 0.15s
[INFO] [stderr]      Running unittests src/lib.rs (/opt/rustwide/target/release/deps/ecdna_lib-213736dff485c0d4)
[INFO] [stdout] 
[INFO] [stdout] running 68 tests
[INFO] [stdout] test distribution::tests::compute_nplus_0_nminus_test ... ok
[INFO] [stdout] test distribution::tests::compute_variance_no_nplus ... ok
[INFO] [stdout] test distribution::tests::compute_nplus_0_cells_with_nminus_test ... ok
[INFO] [stdout] test distribution::tests::compute_variance_equal_1 ... ok
[INFO] [stdout] test distribution::tests::compute_variance_no_cells ... ok
[INFO] [stdout] test distribution::tests::ecdna_compute_frequency_no_nplus ... ok
[INFO] [stdout] test distribution::tests::ecdna_compute_frequency_01 ... ok
[INFO] [stdout] test distribution::tests::ecdna_compute_frequency_02 ... ok
[INFO] [stdout] test distribution::tests::create_histogram_without_nminus ... ok
[INFO] [stdout] test distribution::tests::create_histogram ... ok
[INFO] [stdout] test distribution::tests::compute_variance_no_nminus ... ok
[INFO] [stdout] test distribution::tests::ecdna_compute_mean_10 ... ok
[INFO] [stdout] test abc::tests::compute_quantile_to_get_10_cells_test ... ok
[INFO] [stdout] test distribution::tests::ecdna_compute_frequency_nonminus ... ok
[INFO] [stdout] test distribution::tests::compute_nplus_0_cells_test ... ok
[INFO] [stdout] test distribution::tests::ecdna_compute_mean_with_nminus_05 ... ok
[INFO] [stdout] test distribution::tests::ecdna_compute_mean_not_empty_no_nminus_test ... ok
[INFO] [stdout] test distribution::tests::ecdna_compute_mean_with_nminus_10 ... ok
[INFO] [stdout] test distribution::tests::ecdna_compute_mean_with_nminus_5 ... ok
[INFO] [stdout] test distribution::tests::ecdna_compute_mean_not_empty_test ... FAILED
[INFO] [stdout] test distribution::tests::ecdna_ks_distance_x_empty - should panic ... ok
[INFO] [stdout] test distribution::tests::ecdna_ks_distance_small_sample_x - should panic ... ok
[INFO] [stdout] test distribution::tests::ecdna_ks_distance_small_sample_y - should panic ... ok
[INFO] [stdout] test distribution::tests::ecdna_ks_distance_y_empty - should panic ... ok
[INFO] [stdout] test distribution::tests::ecdna_compute_mean_empty_test ... ok
[INFO] [stdout] test distribution::tests::ecdna_pick_random_nplus_panics_nminus_test - should panic ... ok
[INFO] [stdout] test distribution::tests::from_vec_empty_to_distribution ... ok
[INFO] [stdout] test distribution::tests::lambda_0_small_exp_test - should panic ... ok
[INFO] [stdout] test distribution::tests::lambda_too_small_exp_test - should panic ... ok
[INFO] [stdout] test distribution::tests::lambda_0_small_poisson_test - should panic ... ok
[INFO] [stdout] test distribution::tests::get_uniform_random_nplus_reproducible ... ok
[INFO] [stdout] test distribution::tests::ecdna_compute_frequency_05 ... ok
[INFO] [stdout] test abc::tests::compute_quantile_to_get_10_cells_test_overflow ... ok
[INFO] [stdout] test distribution::tests::lambda_too_small_poisson_test - should panic ... ok
[INFO] [stdout] test distribution::tests::sample_gaussian_only_zeros_test ... ok
[INFO] [stdout] test distribution::tests::pick_random_nplus_no_choice_test ... ok
[INFO] [stdout] test distribution::tests::sample_gaussian_range_copy_test ... FAILED
[INFO] [stdout] test distribution::tests::sample_exp_test ... ok
[INFO] [stdout] test distribution::tests::sample_gaussian_2_zeros_1_one_test ... ok
[INFO] [stdout] test distribution::tests::sample_gaussian_test ... ok
[INFO] [stdout] test distribution::tests::sample_wrong_sample_size_0 - should panic ... ok
[INFO] [stdout] test distribution::tests::scale_by_c_greather_than_1_test ... ok
[INFO] [stdout] test distribution::tests::scale_by_c_smaller_than_1_test ... ok
[INFO] [stdout] test distribution::tests::scale_by_inf_test - should panic ... ok
[INFO] [stdout] test distribution::tests::scale_by_minus_inf_test - should panic ... ok
[INFO] [stdout] test distribution::tests::from_vec_to_distribution ... ok
[INFO] [stdout] test distribution::tests::sample_poisson_test ... ok
[INFO] [stdout] test distribution::tests::sample_wrong_sample_size - should panic ... ok
[INFO] [stdout] test distribution::tests::scale_by_zero_test - should panic ... ok
[INFO] [stdout] test distribution::tests::test_empty_distribution ... ok
[INFO] [stdout] test distribution::tests::scale_by_nan_test - should panic ... ok
[INFO] [stdout] test distribution::tests::scale_by_neg_test - should panic ... ok
[INFO] [stdout] test distribution::tests::test_entropy_rosetta ... FAILED
[INFO] [stdout] test distribution::tests::pick_random_nplus_reproducible_test ... ok
[INFO] [stdout] test distribution::tests::pick_random_nplus_test ... ok
[INFO] [stdout] test distribution::tests::get_uniform_random_nplus_test ... ok
[INFO] [stdout] test distribution::tests::test_drop_cells_with_k_copies ... ok
[INFO] [stdout] test abc::tests::abc_run_small_sample_with_nminus ... ok
[INFO] [stdout] test distribution::tests::undersample_distribution ... ok
[INFO] [stdout] test distribution::tests::test_display ... ok
[INFO] [stdout] test abc::tests::abc_run_small_sample_with_nminus_target ... ok
[INFO] [stdout] test distribution::tests::ecdna_ks_distance_same_data ... ok
[INFO] [stdout] test distribution::tests::ecdna_ks_distance_is_one_when_no_overlap_in_support ... ok
[INFO] [stdout] test distribution::tests::ecdna_ks_distance_is_point_five_when_semi_overlap_in_support ... ok
[INFO] [stdout] test distribution::tests::undersample_full_distribution ... ok
[INFO] [stdout] test abc::tests::abc_run_no_distribution_test ... ok
[INFO] [stdout] test abc::tests::abc_run_distribution_only_test ... ok
[INFO] [stdout] test abc::tests::abc_run_test ... ok
[INFO] [stdout] 
[INFO] [stdout] failures:
[INFO] [stdout] 
[INFO] [stdout] ---- distribution::tests::ecdna_compute_mean_not_empty_test stdout ----
[INFO] [stdout] 
[INFO] [stdout] thread 'distribution::tests::ecdna_compute_mean_not_empty_test' (1973) panicked at /opt/rustwide/cargo-home/registry/src/index.crates.io-1949cf8c6b5b557f/quickcheck-1.1.0/src/tester.rs:182:28:
[INFO] [stdout] [quickcheck] TEST FAILED. Arguments: (1, 1)
[INFO] [stdout] stack backtrace:
[INFO] [stdout]    0:     0x5a0218924851 - <<std[70759c8f55707aa4]::sys::backtrace::BacktraceLock>::print::DisplayBacktrace as core[df12db4294e9bfd3]::fmt::Display>::fmt
[INFO] [stdout]    1:     0x5a021893acfa - core[df12db4294e9bfd3]::fmt::write
[INFO] [stdout]    2:     0x5a0218928d7c - <alloc[2182bb758b4b3781]::vec::Vec<u8> as core[df12db4294e9bfd3]::io::write::Write>::write_fmt
[INFO] [stdout]    3:     0x5a0218900e46 - std[70759c8f55707aa4]::panicking::default_hook::{closure#0}
[INFO] [stdout]    4:     0x5a021891cfb9 - std[70759c8f55707aa4]::panicking::default_hook
[INFO] [stdout]    5:     0x5a02187e8f00 - test[9d35eded1c95d3be]::test_main_inner::<test[9d35eded1c95d3be]::test_main_static::{closure#0}>::{closure#0}
[INFO] [stdout]    6:     0x5a021891d172 - std[70759c8f55707aa4]::panicking::panic_with_hook
[INFO] [stdout]    7:     0x5a0218900ef2 - std[70759c8f55707aa4]::panicking::panic_handler::{closure#0}
[INFO] [stdout]    8:     0x5a02188f9c79 - std[70759c8f55707aa4]::sys::backtrace::__rust_end_short_backtrace::<std[70759c8f55707aa4]::panicking::panic_handler::{closure#0}, !>
[INFO] [stdout]    9:     0x5a0218901aed - __rustc[8fa7c3cbc660c2b3]::rust_begin_unwind
[INFO] [stdout]   10:     0x5a021893b4dc - core[df12db4294e9bfd3]::panicking::panic_fmt
[INFO] [stdout]   11:     0x5a02187b3581 - quickcheck[31946070c19f6349]::tester::quickcheck::<fn(core[df12db4294e9bfd3]::num::nonzero::NonZero<u16>, core[df12db4294e9bfd3]::num::nonzero::NonZero<u64>) -> bool>
[INFO] [stdout]   12:     0x5a02187d5be0 - <ecdna_lib[f411e0b5965af05c]::distribution::tests::ecdna_compute_mean_not_empty_test::{closure#0} as core[df12db4294e9bfd3]::ops::function::FnOnce<()>>::call_once
[INFO] [stdout]   13:     0x5a02187dc1eb - test[9d35eded1c95d3be]::__rust_begin_short_backtrace::<core[df12db4294e9bfd3]::result::Result<(), alloc[2182bb758b4b3781]::string::String>, fn() -> core[df12db4294e9bfd3]::result::Result<(), alloc[2182bb758b4b3781]::string::String>>
[INFO] [stdout]   14:     0x5a02187e9855 - test[9d35eded1c95d3be]::run_test::{closure#0}
[INFO] [stdout]   15:     0x5a02187e3114 - std[70759c8f55707aa4]::sys::backtrace::__rust_begin_short_backtrace::<test[9d35eded1c95d3be]::run_test::{closure#1}, ()>
[INFO] [stdout]   16:     0x5a02187ec9b2 - <std[70759c8f55707aa4]::thread::lifecycle::spawn_unchecked<test[9d35eded1c95d3be]::run_test::{closure#1}, ()>::{closure#1} as core[df12db4294e9bfd3]::ops::function::FnOnce<()>>::call_once::{shim:vtable#0}
[INFO] [stdout]   17:     0x5a0218924129 - <std[70759c8f55707aa4]::sys::thread::unix::Thread>::new::thread_start
[INFO] [stdout]   18:     0x7c583498edfa - <unknown>
[INFO] [stdout]   19:     0x7c5834a223d4 - clone
[INFO] [stdout]   20:                0x0 - <unknown>
[INFO] [stdout] 
[INFO] [stdout] ---- distribution::tests::sample_gaussian_range_copy_test stdout ----
[INFO] [stdout] 
[INFO] [stdout] thread 'distribution::tests::sample_gaussian_range_copy_test' (1999) panicked at /opt/rustwide/cargo-home/registry/src/index.crates.io-1949cf8c6b5b557f/quickcheck-1.1.0/src/tester.rs:182:28:
[INFO] [stdout] [quickcheck] TEST FAILED. Arguments: (65532, 0)
[INFO] [stdout] stack backtrace:
[INFO] [stdout]    0:     0x5a0218924851 - <<std[70759c8f55707aa4]::sys::backtrace::BacktraceLock>::print::DisplayBacktrace as core[df12db4294e9bfd3]::fmt::Display>::fmt
[INFO] [stdout]    1:     0x5a021893acfa - core[df12db4294e9bfd3]::fmt::write
[INFO] [stdout]    2:     0x5a0218928d7c - <alloc[2182bb758b4b3781]::vec::Vec<u8> as core[df12db4294e9bfd3]::io::write::Write>::write_fmt
[INFO] [stdout]    3:     0x5a0218900e46 - std[70759c8f55707aa4]::panicking::default_hook::{closure#0}
[INFO] [stdout]    4:     0x5a021891cfb9 - std[70759c8f55707aa4]::panicking::default_hook
[INFO] [stdout]    5:     0x5a02187e8f00 - test[9d35eded1c95d3be]::test_main_inner::<test[9d35eded1c95d3be]::test_main_static::{closure#0}>::{closure#0}
[INFO] [stdout]    6:     0x5a021891d172 - std[70759c8f55707aa4]::panicking::panic_with_hook
[INFO] [stdout]    7:     0x5a0218900ef2 - std[70759c8f55707aa4]::panicking::panic_handler::{closure#0}
[INFO] [stdout]    8:     0x5a02188f9c79 - std[70759c8f55707aa4]::sys::backtrace::__rust_end_short_backtrace::<std[70759c8f55707aa4]::panicking::panic_handler::{closure#0}, !>
[INFO] [stdout]    9:     0x5a0218901aed - __rustc[8fa7c3cbc660c2b3]::rust_begin_unwind
[INFO] [stdout]   10:     0x5a021893b4dc - core[df12db4294e9bfd3]::panicking::panic_fmt
[INFO] [stdout]   11:     0x5a02187b4281 - quickcheck[31946070c19f6349]::tester::quickcheck::<fn(core[df12db4294e9bfd3]::num::nonzero::NonZero<u16>, u64) -> bool>
[INFO] [stdout]   12:     0x5a02187d5b00 - <ecdna_lib[f411e0b5965af05c]::distribution::tests::sample_gaussian_range_copy_test::{closure#0} as core[df12db4294e9bfd3]::ops::function::FnOnce<()>>::call_once
[INFO] [stdout]   13:     0x5a02187dc1eb - test[9d35eded1c95d3be]::__rust_begin_short_backtrace::<core[df12db4294e9bfd3]::result::Result<(), alloc[2182bb758b4b3781]::string::String>, fn() -> core[df12db4294e9bfd3]::result::Result<(), alloc[2182bb758b4b3781]::string::String>>
[INFO] [stdout]   14:     0x5a02187e9855 - test[9d35eded1c95d3be]::run_test::{closure#0}
[INFO] [stdout]   15:     0x5a02187e3114 - std[70759c8f55707aa4]::sys::backtrace::__rust_begin_short_backtrace::<test[9d35eded1c95d3be]::run_test::{closure#1}, ()>
[INFO] [stdout]   16:     0x5a02187ec9b2 - <std[70759c8f55707aa4]::thread::lifecycle::spawn_unchecked<test[9d35eded1c95d3be]::run_test::{closure#1}, ()>::{closure#1} as core[df12db4294e9bfd3]::ops::function::FnOnce<()>>::call_once::{shim:vtable#0}
[INFO] [stdout]   17:     0x5a0218924129 - <std[70759c8f55707aa4]::sys::thread::unix::Thread>::new::thread_start
[INFO] [stdout]   18:     0x7c583498edfa - <unknown>
[INFO] [stdout]   19:     0x7c5834a223d4 - clone
[INFO] [stdout]   20:                0x0 - <unknown>
[INFO] [stdout] 
[INFO] [stdout] ---- distribution::tests::test_entropy_rosetta stdout ----
[INFO] [stdout] 
[INFO] [stdout] thread 'distribution::tests::test_entropy_rosetta' (2014) panicked at src/distribution.rs:883:9:
[INFO] [stdout] 1.8464394
[INFO] [stdout] stack backtrace:
[INFO] [stdout]    0:     0x5a0218924851 - <<std[70759c8f55707aa4]::sys::backtrace::BacktraceLock>::print::DisplayBacktrace as core[df12db4294e9bfd3]::fmt::Display>::fmt
[INFO] [stdout]    1:     0x5a021893acfa - core[df12db4294e9bfd3]::fmt::write
[INFO] [stdout]    2:     0x5a0218928d7c - <alloc[2182bb758b4b3781]::vec::Vec<u8> as core[df12db4294e9bfd3]::io::write::Write>::write_fmt
[INFO] [stdout]    3:     0x5a0218900e46 - std[70759c8f55707aa4]::panicking::default_hook::{closure#0}
[INFO] [stdout]    4:     0x5a021891cfb9 - std[70759c8f55707aa4]::panicking::default_hook
[INFO] [stdout]    5:     0x5a02187e8f00 - test[9d35eded1c95d3be]::test_main_inner::<test[9d35eded1c95d3be]::test_main_static::{closure#0}>::{closure#0}
[INFO] [stdout]    6:     0x5a021891d172 - std[70759c8f55707aa4]::panicking::panic_with_hook
[INFO] [stdout]    7:     0x5a0218900ef2 - std[70759c8f55707aa4]::panicking::panic_handler::{closure#0}
[INFO] [stdout]    8:     0x5a02188f9c79 - std[70759c8f55707aa4]::sys::backtrace::__rust_end_short_backtrace::<std[70759c8f55707aa4]::panicking::panic_handler::{closure#0}, !>
[INFO] [stdout]    9:     0x5a0218901aed - __rustc[8fa7c3cbc660c2b3]::rust_begin_unwind
[INFO] [stdout]   10:     0x5a021893b4dc - core[df12db4294e9bfd3]::panicking::panic_fmt
[INFO] [stdout]   11:     0x5a02187c292b - ecdna_lib[f411e0b5965af05c]::distribution::tests::test_entropy_rosetta
[INFO] [stdout]   12:     0x5a02187d5749 - <ecdna_lib[f411e0b5965af05c]::distribution::tests::test_entropy_rosetta::{closure#0} as core[df12db4294e9bfd3]::ops::function::FnOnce<()>>::call_once
[INFO] [stdout]   13:     0x5a02187dc1eb - test[9d35eded1c95d3be]::__rust_begin_short_backtrace::<core[df12db4294e9bfd3]::result::Result<(), alloc[2182bb758b4b3781]::string::String>, fn() -> core[df12db4294e9bfd3]::result::Result<(), alloc[2182bb758b4b3781]::string::String>>
[INFO] [stdout]   14:     0x5a02187e9855 - test[9d35eded1c95d3be]::run_test::{closure#0}
[INFO] [stdout]   15:     0x5a02187e3114 - std[70759c8f55707aa4]::sys::backtrace::__rust_begin_short_backtrace::<test[9d35eded1c95d3be]::run_test::{closure#1}, ()>
[INFO] [stdout]   16:     0x5a02187ec9b2 - <std[70759c8f55707aa4]::thread::lifecycle::spawn_unchecked<test[9d35eded1c95d3be]::run_test::{closure#1}, ()>::{closure#1} as core[df12db4294e9bfd3]::ops::function::FnOnce<()>>::call_once::{shim:vtable#0}
[INFO] [stdout]   17:     0x5a0218924129 - <std[70759c8f55707aa4]::sys::thread::unix::Thread>::new::thread_start
[INFO] [stdout]   18:     0x7c583498edfa - <unknown>
[INFO] [stdout]   19:     0x7c5834a223d4 - clone
[INFO] [stdout]   20:                0x0 - <unknown>
[INFO] [stdout] 
[INFO] [stdout] 
[INFO] [stdout] failures:
[INFO] [stdout]     distribution::tests::ecdna_compute_mean_not_empty_test
[INFO] [stdout]     distribution::tests::sample_gaussian_range_copy_test
[INFO] [stdout]     distribution::tests::test_entropy_rosetta
[INFO] [stdout] 
[INFO] [stdout] test result: FAILED. 65 passed; 3 failed; 0 ignored; 0 measured; 0 filtered out; finished in 0.70s
[INFO] [stdout] 
[INFO] [stderr] error: test failed, to rerun pass `--lib`
[INFO] running `Command { std: "docker" "inspect" "3f07d89fe6d4084429ced5145788acdc386e7125c56cebe1bd14b65715102fbe", kill_on_drop: false }`
[INFO] running `Command { std: "docker" "rm" "-f" "3f07d89fe6d4084429ced5145788acdc386e7125c56cebe1bd14b65715102fbe", kill_on_drop: false }`
[INFO] [stdout] 3f07d89fe6d4084429ced5145788acdc386e7125c56cebe1bd14b65715102fbe
