[INFO] fetching crate ebpf 0.0.4...
[INFO] testing ebpf-0.0.4 against 1.99.0-beta.8+cargoflags=--release for beta-release-1.100-2
[INFO] extracting crate ebpf 0.0.4 into /workspace/builds/worker-4-tc1/source
[INFO] started tweaking crates.io crate ebpf 0.0.4
[INFO] finished tweaking crates.io crate ebpf 0.0.4
[INFO] tweaked toml for crates.io crate ebpf 0.0.4 written to /workspace/builds/worker-4-tc1/source/Cargo.toml
[INFO] validating manifest of crates.io crate ebpf 0.0.4 on toolchain 1.99.0-beta.8
[INFO] running `Command { std: CARGO_HOME="/workspace/cargo-home" RUSTUP_HOME="/workspace/rustup-home" "/workspace/cargo-home/bin/cargo" "+1.99.0-beta.8" "metadata" "--manifest-path" "Cargo.toml" "--no-deps", kill_on_drop: false }`
[INFO] running `Command { std: CARGO_HOME="/workspace/cargo-home" RUSTUP_HOME="/workspace/rustup-home" "/workspace/cargo-home/bin/cargo" "+1.99.0-beta.8" "generate-lockfile" "--manifest-path" "Cargo.toml", kill_on_drop: false }`
[INFO] [stderr]     Updating crates.io index
[INFO] [stderr]      Locking 14 packages to highest compatible versions
[INFO] [stderr]       Adding errno v0.2.8 (available: v0.3.14)
[INFO] [stderr]       Adding perf v0.0.1 (available: v0.0.2)
[INFO] [stderr]       Adding xmas-elf v0.6.2 (available: v0.10.0)
[INFO] running `Command { std: CARGO_HOME="/workspace/cargo-home" RUSTUP_HOME="/workspace/rustup-home" "/workspace/cargo-home/bin/cargo" "+1.99.0-beta.8" "fetch" "--manifest-path" "Cargo.toml", kill_on_drop: false }`
[INFO] [stderr] warning: Cargo.toml: `package.edition` is unspecified, defaulting to `2015` while the latest is `2024`
[INFO] [stderr] warning: `ebpf` (manifest) generated 1 warning
[INFO] [stderr]  Downloading crates ...
[INFO] [stderr]   Downloaded errno v0.2.8
[INFO] [stderr]   Downloaded zero v0.1.3
[INFO] [stderr]   Downloaded xmas-elf v0.6.2
[INFO] [stderr]   Downloaded perf v0.0.1
[INFO] [stderr]   Downloaded ioctl-sys v0.5.2
[INFO] running `Command { std: "docker" "create" "-v" "/var/lib/crater-agent-workspace/builds/worker-4-tc1/source:/opt/rustwide/workdir:ro,Z" "-v" "/var/lib/crater-agent-workspace/builds/worker-4-tc1/target:/opt/rustwide/target:rw,Z" "-v" "/var/lib/crater-agent-workspace/cargo-home:/opt/rustwide/cargo-home:ro,Z" "-v" "/var/lib/crater-agent-workspace/rustup-home:/opt/rustwide/rustup-home:ro,Z" "-m" "1610612736" "--network" "none" "ghcr.io/rust-lang/crates-build-env/linux@sha256:77db811e55d90add9212f6832c23229e3de5f1c1f9905e8cb07319ea15df73ac" "sleep" "infinity", kill_on_drop: false }`
[INFO] [stdout] 79e76b8468ae973832cccd6439c732ae4a9650157de2377c0e492bf39d5a2cff
[INFO] running `Command { std: "docker" "start" "79e76b8468ae973832cccd6439c732ae4a9650157de2377c0e492bf39d5a2cff", kill_on_drop: false }`
[INFO] running `Command { std: "docker" "inspect" "79e76b8468ae973832cccd6439c732ae4a9650157de2377c0e492bf39d5a2cff", kill_on_drop: false }`
[INFO] running `Command { std: "docker" "exec" "-e" "SOURCE_DIR=/opt/rustwide/workdir" "-e" "CARGO_HOME=/opt/rustwide/cargo-home" "-e" "RUSTUP_HOME=/opt/rustwide/rustup-home" "-e" "CARGO_TARGET_DIR=/opt/rustwide/target" "-w" "/opt/rustwide/workdir" "--user" "0:0" "79e76b8468ae973832cccd6439c732ae4a9650157de2377c0e492bf39d5a2cff" "/opt/rustwide/cargo-home/bin/cargo" "+1.99.0-beta.8" "metadata" "--no-deps" "--format-version=1", kill_on_drop: false }`
[INFO] running `Command { std: "docker" "inspect" "79e76b8468ae973832cccd6439c732ae4a9650157de2377c0e492bf39d5a2cff", kill_on_drop: false }`
[INFO] running `Command { std: "docker" "exec" "-e" "SOURCE_DIR=/opt/rustwide/workdir" "-e" "CARGO_HOME=/opt/rustwide/cargo-home" "-e" "RUSTUP_HOME=/opt/rustwide/rustup-home" "-e" "CARGO_TARGET_DIR=/opt/rustwide/target" "-e" "CARGO_INCREMENTAL=0" "-e" "RUST_BACKTRACE=full" "-e" "RUSTFLAGS=--cap-lints=warn" "-e" "RUSTDOCFLAGS=--cap-lints=warn" "-w" "/opt/rustwide/workdir" "--user" "0:0" "79e76b8468ae973832cccd6439c732ae4a9650157de2377c0e492bf39d5a2cff" "/opt/rustwide/cargo-home/bin/cargo" "+1.99.0-beta.8" "build" "--frozen" "--message-format=json" "--release", kill_on_drop: false }`
[INFO] [stderr] warning: Cargo.toml: `package.edition` is unspecified, defaulting to `2015` while the latest is `2024`
[INFO] [stderr] warning: `ebpf` (manifest) generated 1 warning
[INFO] [stderr]    Compiling libc v0.2.191
[INFO] [stderr]    Compiling zero v0.1.3
[INFO] [stderr]    Compiling byteorder v1.5.0
[INFO] [stderr]    Compiling xmas-elf v0.6.2
[INFO] [stderr]    Compiling errno v0.2.8
[INFO] [stderr]    Compiling ebpf v0.0.4 (/opt/rustwide/workdir)
[INFO] [stdout] warning: trait objects without an explicit `dyn` are deprecated
[INFO] [stdout]    --> src/bpf.rs:109:32
[INFO] [stdout]     |
[INFO] [stdout] 109 |     fn cause(&self) -> Option<&error::Error> {
[INFO] [stdout]     |                                ^^^^^^^^^^^^
[INFO] [stdout]     |
[INFO] [stdout]     = warning: this is accepted in the current edition (Rust 2015) but is a hard error in Rust 2021!
[INFO] [stdout]     = note: for more information, see <https://doc.rust-lang.org/edition-guide/rust-2021/warnings-promoted-to-error.html>
[INFO] [stdout]     = note: `#[warn(bare_trait_objects)]` (part of `#[warn(rust_2021_compatibility)]`) on by default
[INFO] [stdout] help: if this is a dyn-compatible trait, use `dyn`
[INFO] [stdout]     |
[INFO] [stdout] 109 |     fn cause(&self) -> Option<&dyn error::Error> {
[INFO] [stdout]     |                                +++
[INFO] [stdout] 
[INFO] [stdout] 
[INFO] [stdout] warning: trait objects without an explicit `dyn` are deprecated
[INFO] [stdout]    --> src/elf.rs:287:12
[INFO] [stdout]     |
[INFO] [stdout] 287 | fn sym(e: &Entry, elf: &ElfFile) -> Result<Symbol, Error> {
[INFO] [stdout]     |            ^^^^^
[INFO] [stdout]     |
[INFO] [stdout]     = warning: this is accepted in the current edition (Rust 2015) but is a hard error in Rust 2021!
[INFO] [stdout]     = note: for more information, see <https://doc.rust-lang.org/edition-guide/rust-2021/warnings-promoted-to-error.html>
[INFO] [stdout] help: if this is a dyn-compatible trait, use `dyn`
[INFO] [stdout]     |
[INFO] [stdout] 287 | fn sym(e: &dyn Entry, elf: &ElfFile) -> Result<Symbol, Error> {
[INFO] [stdout]     |            +++
[INFO] [stdout] 
[INFO] [stdout] 
[INFO] [stdout] warning: trait objects without an explicit `dyn` are deprecated
[INFO] [stdout]    --> src/elf.rs:335:32
[INFO] [stdout]     |
[INFO] [stdout] 335 |     fn cause(&self) -> Option<&error::Error> {
[INFO] [stdout]     |                                ^^^^^^^^^^^^
[INFO] [stdout]     |
[INFO] [stdout]     = warning: this is accepted in the current edition (Rust 2015) but is a hard error in Rust 2021!
[INFO] [stdout]     = note: for more information, see <https://doc.rust-lang.org/edition-guide/rust-2021/warnings-promoted-to-error.html>
[INFO] [stdout] help: if this is a dyn-compatible trait, use `dyn`
[INFO] [stdout]     |
[INFO] [stdout] 335 |     fn cause(&self) -> Option<&dyn error::Error> {
[INFO] [stdout]     |                                +++
[INFO] [stdout] 
[INFO] [stdout] 
[INFO] [stdout] warning: trait objects without an explicit `dyn` are deprecated
[INFO] [stdout]    --> src/sys.rs:210:32
[INFO] [stdout]     |
[INFO] [stdout] 210 |     fn cause(&self) -> Option<&error::Error> {
[INFO] [stdout]     |                                ^^^^^^^^^^^^
[INFO] [stdout]     |
[INFO] [stdout]     = warning: this is accepted in the current edition (Rust 2015) but is a hard error in Rust 2021!
[INFO] [stdout]     = note: for more information, see <https://doc.rust-lang.org/edition-guide/rust-2021/warnings-promoted-to-error.html>
[INFO] [stdout] help: if this is a dyn-compatible trait, use `dyn`
[INFO] [stdout]     |
[INFO] [stdout] 210 |     fn cause(&self) -> Option<&dyn error::Error> {
[INFO] [stdout]     |                                +++
[INFO] [stdout] 
[INFO] [stdout] 
[INFO] [stdout] warning: trait objects without an explicit `dyn` are deprecated
[INFO] [stdout]    --> src/xdp.rs:366:32
[INFO] [stdout]     |
[INFO] [stdout] 366 |     fn cause(&self) -> Option<&error::Error> {
[INFO] [stdout]     |                                ^^^^^^^^^^^^
[INFO] [stdout]     |
[INFO] [stdout]     = warning: this is accepted in the current edition (Rust 2015) but is a hard error in Rust 2021!
[INFO] [stdout]     = note: for more information, see <https://doc.rust-lang.org/edition-guide/rust-2021/warnings-promoted-to-error.html>
[INFO] [stdout] help: if this is a dyn-compatible trait, use `dyn`
[INFO] [stdout]     |
[INFO] [stdout] 366 |     fn cause(&self) -> Option<&dyn error::Error> {
[INFO] [stdout]     |                                +++
[INFO] [stdout] 
[INFO] [stdout] 
[INFO] [stdout] warning: trait objects without an explicit `dyn` are deprecated
[INFO] [stdout]    --> src/elf.rs:268:23
[INFO] [stdout]     |
[INFO] [stdout] 268 |     let filter = |e: &Entry| {
[INFO] [stdout]     |                       ^^^^^
[INFO] [stdout]     |
[INFO] [stdout]     = warning: this is accepted in the current edition (Rust 2015) but is a hard error in Rust 2021!
[INFO] [stdout]     = note: for more information, see <https://doc.rust-lang.org/edition-guide/rust-2021/warnings-promoted-to-error.html>
[INFO] [stdout] help: if this is a dyn-compatible trait, use `dyn`
[INFO] [stdout]     |
[INFO] [stdout] 268 |     let filter = |e: &dyn Entry| {
[INFO] [stdout]     |                       +++
[INFO] [stdout] 
[INFO] [stdout] 
[INFO] [stdout] warning: field `0` is never read
[INFO] [stdout]   --> src/xdp.rs:42:18
[INFO] [stdout]    |
[INFO] [stdout] 42 | pub struct Error(Errno);
[INFO] [stdout]    |            ----- ^^^^^
[INFO] [stdout]    |            |
[INFO] [stdout]    |            field in this struct
[INFO] [stdout]    |
[INFO] [stdout]    = help: consider removing this field
[INFO] [stdout]    = note: `Error` has a derived impl for the trait `Debug`, but this is intentionally ignored during dead code analysis
[INFO] [stdout]    = note: `#[warn(dead_code)]` (part of `#[warn(unused)]`) on by default
[INFO] [stdout] 
[INFO] [stdout] 
[INFO] [stdout] warning: unused borrow that must be used
[INFO] [stdout]    --> src/sys.rs:198:5
[INFO] [stdout]     |
[INFO] [stdout] 198 |     &dst.iter_mut().zip(src).for_each(|(d, s)| *d = s);
[INFO] [stdout]     |     ^^^^^^^^^^^^^^^^^^^^^^^^^^^^^^^^^^^^^^^^^^^^^^^^^^ the borrow produces a value
[INFO] [stdout]     |
[INFO] [stdout]     = note: `#[warn(unused_must_use)]` (part of `#[warn(unused)]`) on by default
[INFO] [stdout] help: use `let _ = ...` to ignore the resulting value
[INFO] [stdout]     |
[INFO] [stdout] 198 |     let _ = &dst.iter_mut().zip(src).for_each(|(d, s)| *d = s);
[INFO] [stdout]     |     +++++++
[INFO] [stdout] 
[INFO] [stdout] 
[INFO] [stderr]     Finished `release` profile [optimized] target(s) in 3.34s
[INFO] running `Command { std: "docker" "inspect" "79e76b8468ae973832cccd6439c732ae4a9650157de2377c0e492bf39d5a2cff", kill_on_drop: false }`
[INFO] running `Command { std: "docker" "exec" "-e" "SOURCE_DIR=/opt/rustwide/workdir" "-e" "CARGO_HOME=/opt/rustwide/cargo-home" "-e" "RUSTUP_HOME=/opt/rustwide/rustup-home" "-e" "CARGO_TARGET_DIR=/opt/rustwide/target" "-e" "CARGO_INCREMENTAL=0" "-e" "RUST_BACKTRACE=full" "-e" "RUSTFLAGS=--cap-lints=warn" "-e" "RUSTDOCFLAGS=--cap-lints=warn" "-w" "/opt/rustwide/workdir" "--user" "0:0" "79e76b8468ae973832cccd6439c732ae4a9650157de2377c0e492bf39d5a2cff" "/opt/rustwide/cargo-home/bin/cargo" "+1.99.0-beta.8" "test" "--frozen" "--no-run" "--message-format=json" "--release", kill_on_drop: false }`
[INFO] [stderr] warning: Cargo.toml: `package.edition` is unspecified, defaulting to `2015` while the latest is `2024`
[INFO] [stderr] warning: `ebpf` (manifest) generated 1 warning
[INFO] [stderr]    Compiling ioctl-sys v0.5.2
[INFO] [stdout] warning: trait objects without an explicit `dyn` are deprecated
[INFO] [stdout]    --> src/bpf.rs:109:32
[INFO] [stdout]     |
[INFO] [stdout] 109 |     fn cause(&self) -> Option<&error::Error> {
[INFO] [stdout]     |                                ^^^^^^^^^^^^
[INFO] [stdout]     |
[INFO] [stdout]     = warning: this is accepted in the current edition (Rust 2015) but is a hard error in Rust 2021!
[INFO] [stdout]     = note: for more information, see <https://doc.rust-lang.org/edition-guide/rust-2021/warnings-promoted-to-error.html>
[INFO] [stdout]     = note: `#[warn(bare_trait_objects)]` (part of `#[warn(rust_2021_compatibility)]`) on by default
[INFO] [stdout] help: if this is a dyn-compatible trait, use `dyn`
[INFO] [stdout]     |
[INFO] [stdout] 109 |     fn cause(&self) -> Option<&dyn error::Error> {
[INFO] [stdout]     |                                +++
[INFO] [stdout] 
[INFO] [stdout] 
[INFO] [stdout] warning: trait objects without an explicit `dyn` are deprecated
[INFO] [stdout]    --> src/elf.rs:287:12
[INFO] [stdout]     |
[INFO] [stdout] 287 | fn sym(e: &Entry, elf: &ElfFile) -> Result<Symbol, Error> {
[INFO] [stdout]     |            ^^^^^
[INFO] [stdout]     |
[INFO] [stdout]     = warning: this is accepted in the current edition (Rust 2015) but is a hard error in Rust 2021!
[INFO] [stdout]     = note: for more information, see <https://doc.rust-lang.org/edition-guide/rust-2021/warnings-promoted-to-error.html>
[INFO] [stdout] help: if this is a dyn-compatible trait, use `dyn`
[INFO] [stdout]     |
[INFO] [stdout] 287 | fn sym(e: &dyn Entry, elf: &ElfFile) -> Result<Symbol, Error> {
[INFO] [stdout]     |            +++
[INFO] [stdout] 
[INFO] [stdout] 
[INFO] [stdout] warning: trait objects without an explicit `dyn` are deprecated
[INFO] [stdout]    --> src/elf.rs:335:32
[INFO] [stdout]     |
[INFO] [stdout] 335 |     fn cause(&self) -> Option<&error::Error> {
[INFO] [stdout]     |                                ^^^^^^^^^^^^
[INFO] [stdout]     |
[INFO] [stdout]     = warning: this is accepted in the current edition (Rust 2015) but is a hard error in Rust 2021!
[INFO] [stdout]     = note: for more information, see <https://doc.rust-lang.org/edition-guide/rust-2021/warnings-promoted-to-error.html>
[INFO] [stdout] help: if this is a dyn-compatible trait, use `dyn`
[INFO] [stdout]     |
[INFO] [stdout] 335 |     fn cause(&self) -> Option<&dyn error::Error> {
[INFO] [stdout]     |                                +++
[INFO] [stdout] 
[INFO] [stdout] 
[INFO] [stdout] warning: trait objects without an explicit `dyn` are deprecated
[INFO] [stdout]    --> src/sys.rs:210:32
[INFO] [stdout]     |
[INFO] [stdout] 210 |     fn cause(&self) -> Option<&error::Error> {
[INFO] [stdout]     |                                ^^^^^^^^^^^^
[INFO] [stdout]     |
[INFO] [stdout]     = warning: this is accepted in the current edition (Rust 2015) but is a hard error in Rust 2021!
[INFO] [stdout]     = note: for more information, see <https://doc.rust-lang.org/edition-guide/rust-2021/warnings-promoted-to-error.html>
[INFO] [stdout] help: if this is a dyn-compatible trait, use `dyn`
[INFO] [stdout]     |
[INFO] [stdout] 210 |     fn cause(&self) -> Option<&dyn error::Error> {
[INFO] [stdout]     |                                +++
[INFO] [stdout] 
[INFO] [stdout] 
[INFO] [stdout] warning: trait objects without an explicit `dyn` are deprecated
[INFO] [stdout]    --> src/xdp.rs:366:32
[INFO] [stdout]     |
[INFO] [stdout] 366 |     fn cause(&self) -> Option<&error::Error> {
[INFO] [stdout]     |                                ^^^^^^^^^^^^
[INFO] [stdout]     |
[INFO] [stdout]     = warning: this is accepted in the current edition (Rust 2015) but is a hard error in Rust 2021!
[INFO] [stdout]     = note: for more information, see <https://doc.rust-lang.org/edition-guide/rust-2021/warnings-promoted-to-error.html>
[INFO] [stdout] help: if this is a dyn-compatible trait, use `dyn`
[INFO] [stdout]     |
[INFO] [stdout] 366 |     fn cause(&self) -> Option<&dyn error::Error> {
[INFO] [stdout]     |                                +++
[INFO] [stdout] 
[INFO] [stdout] 
[INFO] [stdout] warning: trait objects without an explicit `dyn` are deprecated
[INFO] [stdout]    --> src/elf.rs:268:23
[INFO] [stdout]     |
[INFO] [stdout] 268 |     let filter = |e: &Entry| {
[INFO] [stdout]     |                       ^^^^^
[INFO] [stdout]     |
[INFO] [stdout]     = warning: this is accepted in the current edition (Rust 2015) but is a hard error in Rust 2021!
[INFO] [stdout]     = note: for more information, see <https://doc.rust-lang.org/edition-guide/rust-2021/warnings-promoted-to-error.html>
[INFO] [stdout] help: if this is a dyn-compatible trait, use `dyn`
[INFO] [stdout]     |
[INFO] [stdout] 268 |     let filter = |e: &dyn Entry| {
[INFO] [stdout]     |                       +++
[INFO] [stdout] 
[INFO] [stdout] 
[INFO] [stdout] warning: field `0` is never read
[INFO] [stdout]   --> src/xdp.rs:42:18
[INFO] [stdout]    |
[INFO] [stdout] 42 | pub struct Error(Errno);
[INFO] [stdout]    |            ----- ^^^^^
[INFO] [stdout]    |            |
[INFO] [stdout]    |            field in this struct
[INFO] [stdout]    |
[INFO] [stdout]    = help: consider removing this field
[INFO] [stdout]    = note: `Error` has a derived impl for the trait `Debug`, but this is intentionally ignored during dead code analysis
[INFO] [stdout]    = note: `#[warn(dead_code)]` (part of `#[warn(unused)]`) on by default
[INFO] [stdout] 
[INFO] [stdout] 
[INFO] [stdout] warning: unused borrow that must be used
[INFO] [stdout]    --> src/sys.rs:198:5
[INFO] [stdout]     |
[INFO] [stdout] 198 |     &dst.iter_mut().zip(src).for_each(|(d, s)| *d = s);
[INFO] [stdout]     |     ^^^^^^^^^^^^^^^^^^^^^^^^^^^^^^^^^^^^^^^^^^^^^^^^^^ the borrow produces a value
[INFO] [stdout]     |
[INFO] [stdout]     = note: `#[warn(unused_must_use)]` (part of `#[warn(unused)]`) on by default
[INFO] [stdout] help: use `let _ = ...` to ignore the resulting value
[INFO] [stdout]     |
[INFO] [stdout] 198 |     let _ = &dst.iter_mut().zip(src).for_each(|(d, s)| *d = s);
[INFO] [stdout]     |     +++++++
[INFO] [stdout] 
[INFO] [stdout] 
[INFO] [stderr]    Compiling perf v0.0.1
[INFO] [stderr]    Compiling ebpf v0.0.4 (/opt/rustwide/workdir)
[INFO] [stdout] warning: trait objects without an explicit `dyn` are deprecated
[INFO] [stdout]    --> src/bpf.rs:109:32
[INFO] [stdout]     |
[INFO] [stdout] 109 |     fn cause(&self) -> Option<&error::Error> {
[INFO] [stdout]     |                                ^^^^^^^^^^^^
[INFO] [stdout]     |
[INFO] [stdout]     = warning: this is accepted in the current edition (Rust 2015) but is a hard error in Rust 2021!
[INFO] [stdout]     = note: for more information, see <https://doc.rust-lang.org/edition-guide/rust-2021/warnings-promoted-to-error.html>
[INFO] [stdout]     = note: `#[warn(bare_trait_objects)]` (part of `#[warn(rust_2021_compatibility)]`) on by default
[INFO] [stdout] help: if this is a dyn-compatible trait, use `dyn`
[INFO] [stdout]     |
[INFO] [stdout] 109 |     fn cause(&self) -> Option<&dyn error::Error> {
[INFO] [stdout]     |                                +++
[INFO] [stdout] 
[INFO] [stdout] 
[INFO] [stdout] warning: trait objects without an explicit `dyn` are deprecated
[INFO] [stdout]    --> src/elf.rs:287:12
[INFO] [stdout]     |
[INFO] [stdout] 287 | fn sym(e: &Entry, elf: &ElfFile) -> Result<Symbol, Error> {
[INFO] [stdout]     |            ^^^^^
[INFO] [stdout]     |
[INFO] [stdout]     = warning: this is accepted in the current edition (Rust 2015) but is a hard error in Rust 2021!
[INFO] [stdout]     = note: for more information, see <https://doc.rust-lang.org/edition-guide/rust-2021/warnings-promoted-to-error.html>
[INFO] [stdout] help: if this is a dyn-compatible trait, use `dyn`
[INFO] [stdout]     |
[INFO] [stdout] 287 | fn sym(e: &dyn Entry, elf: &ElfFile) -> Result<Symbol, Error> {
[INFO] [stdout]     |            +++
[INFO] [stdout] 
[INFO] [stdout] 
[INFO] [stdout] warning: trait objects without an explicit `dyn` are deprecated
[INFO] [stdout]    --> src/elf.rs:335:32
[INFO] [stdout]     |
[INFO] [stdout] 335 |     fn cause(&self) -> Option<&error::Error> {
[INFO] [stdout]     |                                ^^^^^^^^^^^^
[INFO] [stdout]     |
[INFO] [stdout]     = warning: this is accepted in the current edition (Rust 2015) but is a hard error in Rust 2021!
[INFO] [stdout]     = note: for more information, see <https://doc.rust-lang.org/edition-guide/rust-2021/warnings-promoted-to-error.html>
[INFO] [stdout] help: if this is a dyn-compatible trait, use `dyn`
[INFO] [stdout]     |
[INFO] [stdout] 335 |     fn cause(&self) -> Option<&dyn error::Error> {
[INFO] [stdout]     |                                +++
[INFO] [stdout] 
[INFO] [stdout] 
[INFO] [stdout] warning: trait objects without an explicit `dyn` are deprecated
[INFO] [stdout]    --> src/sys.rs:210:32
[INFO] [stdout]     |
[INFO] [stdout] 210 |     fn cause(&self) -> Option<&error::Error> {
[INFO] [stdout]     |                                ^^^^^^^^^^^^
[INFO] [stdout]     |
[INFO] [stdout]     = warning: this is accepted in the current edition (Rust 2015) but is a hard error in Rust 2021!
[INFO] [stdout]     = note: for more information, see <https://doc.rust-lang.org/edition-guide/rust-2021/warnings-promoted-to-error.html>
[INFO] [stdout] help: if this is a dyn-compatible trait, use `dyn`
[INFO] [stdout]     |
[INFO] [stdout] 210 |     fn cause(&self) -> Option<&dyn error::Error> {
[INFO] [stdout]     |                                +++
[INFO] [stdout] 
[INFO] [stdout] 
[INFO] [stdout] warning: trait objects without an explicit `dyn` are deprecated
[INFO] [stdout]    --> src/xdp.rs:366:32
[INFO] [stdout]     |
[INFO] [stdout] 366 |     fn cause(&self) -> Option<&error::Error> {
[INFO] [stdout]     |                                ^^^^^^^^^^^^
[INFO] [stdout]     |
[INFO] [stdout]     = warning: this is accepted in the current edition (Rust 2015) but is a hard error in Rust 2021!
[INFO] [stdout]     = note: for more information, see <https://doc.rust-lang.org/edition-guide/rust-2021/warnings-promoted-to-error.html>
[INFO] [stdout] help: if this is a dyn-compatible trait, use `dyn`
[INFO] [stdout]     |
[INFO] [stdout] 366 |     fn cause(&self) -> Option<&dyn error::Error> {
[INFO] [stdout]     |                                +++
[INFO] [stdout] 
[INFO] [stdout] 
[INFO] [stdout] warning: trait objects without an explicit `dyn` are deprecated
[INFO] [stdout]    --> src/elf.rs:268:23
[INFO] [stdout]     |
[INFO] [stdout] 268 |     let filter = |e: &Entry| {
[INFO] [stdout]     |                       ^^^^^
[INFO] [stdout]     |
[INFO] [stdout]     = warning: this is accepted in the current edition (Rust 2015) but is a hard error in Rust 2021!
[INFO] [stdout]     = note: for more information, see <https://doc.rust-lang.org/edition-guide/rust-2021/warnings-promoted-to-error.html>
[INFO] [stdout] help: if this is a dyn-compatible trait, use `dyn`
[INFO] [stdout]     |
[INFO] [stdout] 268 |     let filter = |e: &dyn Entry| {
[INFO] [stdout]     |                       +++
[INFO] [stdout] 
[INFO] [stdout] 
[INFO] [stdout] warning: field `0` is never read
[INFO] [stdout]   --> src/xdp.rs:42:18
[INFO] [stdout]    |
[INFO] [stdout] 42 | pub struct Error(Errno);
[INFO] [stdout]    |            ----- ^^^^^
[INFO] [stdout]    |            |
[INFO] [stdout]    |            field in this struct
[INFO] [stdout]    |
[INFO] [stdout]    = help: consider removing this field
[INFO] [stdout]    = note: `Error` has a derived impl for the trait `Debug`, but this is intentionally ignored during dead code analysis
[INFO] [stdout]    = note: `#[warn(dead_code)]` (part of `#[warn(unused)]`) on by default
[INFO] [stdout] 
[INFO] [stdout] 
[INFO] [stdout] warning: unused borrow that must be used
[INFO] [stdout]    --> src/sys.rs:198:5
[INFO] [stdout]     |
[INFO] [stdout] 198 |     &dst.iter_mut().zip(src).for_each(|(d, s)| *d = s);
[INFO] [stdout]     |     ^^^^^^^^^^^^^^^^^^^^^^^^^^^^^^^^^^^^^^^^^^^^^^^^^^ the borrow produces a value
[INFO] [stdout]     |
[INFO] [stdout]     = note: `#[warn(unused_must_use)]` (part of `#[warn(unused)]`) on by default
[INFO] [stdout] help: use `let _ = ...` to ignore the resulting value
[INFO] [stdout]     |
[INFO] [stdout] 198 |     let _ = &dst.iter_mut().zip(src).for_each(|(d, s)| *d = s);
[INFO] [stdout]     |     +++++++
[INFO] [stdout] 
[INFO] [stdout] 
[INFO] [stderr]     Finished `release` profile [optimized] target(s) in 1.13s
[INFO] running `Command { std: "docker" "inspect" "79e76b8468ae973832cccd6439c732ae4a9650157de2377c0e492bf39d5a2cff", kill_on_drop: false }`
[INFO] running `Command { std: "docker" "exec" "-e" "SOURCE_DIR=/opt/rustwide/workdir" "-e" "CARGO_HOME=/opt/rustwide/cargo-home" "-e" "RUSTUP_HOME=/opt/rustwide/rustup-home" "-e" "CARGO_TARGET_DIR=/opt/rustwide/target" "-e" "CARGO_INCREMENTAL=0" "-e" "RUST_BACKTRACE=full" "-e" "RUSTFLAGS=--cap-lints=warn" "-e" "RUSTDOCFLAGS=--cap-lints=warn" "-w" "/opt/rustwide/workdir" "--user" "0:0" "79e76b8468ae973832cccd6439c732ae4a9650157de2377c0e492bf39d5a2cff" "/opt/rustwide/cargo-home/bin/cargo" "+1.99.0-beta.8" "test" "--frozen" "--release", kill_on_drop: false }`
[INFO] [stderr] warning: Cargo.toml: `package.edition` is unspecified, defaulting to `2015` while the latest is `2024`
[INFO] [stdout] 
[INFO] [stderr] warning: `ebpf` (manifest) generated 1 warning
[INFO] [stdout] running 7 tests
[INFO] [stderr] warning: trait objects without an explicit `dyn` are deprecated
[INFO] [stdout] BPF filesystem not mounted, skipping test sys::tests::test_pin_map ... ok
[INFO] [stderr]    --> src/bpf.rs:109:32
[INFO] [stdout] test sys::tests::test_create_map ... FAILED
[INFO] [stderr]     |
[INFO] [stdout] test sys::tests::test_iter_map ... FAILED
[INFO] [stderr] 109 |     fn cause(&self) -> Option<&error::Error> {
[INFO] [stdout] test sys::tests::test_use_map ... FAILED
[INFO] [stderr]     |                                ^^^^^^^^^^^^
[INFO] [stdout] test sys::tests::test_prog_load ... FAILED
[INFO] [stderr]     |
[INFO] [stdout] test sys::tests::test_get_prog_info ... FAILED
[INFO] [stderr]     = warning: this is accepted in the current edition (Rust 2015) but is a hard error in Rust 2021!
[INFO] [stdout] test sys::tests::test_get_map_info ... FAILED
[INFO] [stderr]     = note: for more information, see <https://doc.rust-lang.org/edition-guide/rust-2021/warnings-promoted-to-error.html>
[INFO] [stdout] 
[INFO] [stderr]     = note: `#[warn(bare_trait_objects)]` (part of `#[warn(rust_2021_compatibility)]`) on by default
[INFO] [stdout] failures:
[INFO] [stderr] help: if this is a dyn-compatible trait, use `dyn`
[INFO] [stdout] 
[INFO] [stderr]     |
[INFO] [stdout] ---- sys::tests::test_create_map stdout ----
[INFO] [stderr] 109 |     fn cause(&self) -> Option<&dyn error::Error> {
[INFO] [stdout] 
[INFO] [stderr]     |                                +++
[INFO] [stdout] thread 'sys::tests::test_create_map' (248) panicked at src/sys.rs:245:9:
[INFO] [stderr] 
[INFO] [stdout] assertion `left == right` failed
[INFO] [stderr] warning: trait objects without an explicit `dyn` are deprecated
[INFO] [stdout]   left: Err(Errno { code: 1, description: Some("Operation not permitted") })
[INFO] [stderr]    --> src/elf.rs:287:12
[INFO] [stdout]  right: Err(Errno { code: 22, description: Some("Invalid argument") })
[INFO] [stderr]     |
[INFO] [stdout] stack backtrace:
[INFO] [stderr] 287 | fn sym(e: &Entry, elf: &ElfFile) -> Result<Symbol, Error> {
[INFO] [stdout]    0:     0x60ffb86e1891 - <<std[70759c8f55707aa4]::sys::backtrace::BacktraceLock>::print::DisplayBacktrace as core[df12db4294e9bfd3]::fmt::Display>::fmt
[INFO] [stderr]     |            ^^^^^
[INFO] [stdout]    1:     0x60ffb86f5c0a - core[df12db4294e9bfd3]::fmt::write
[INFO] [stderr]     |
[INFO] [stdout]    2:     0x60ffb86e5d4c - <alloc[2182bb758b4b3781]::vec::Vec<u8> as core[df12db4294e9bfd3]::io::write::Write>::write_fmt
[INFO] [stderr]     = warning: this is accepted in the current edition (Rust 2015) but is a hard error in Rust 2021!
[INFO] [stdout]    3:     0x60ffb86bdda6 - std[70759c8f55707aa4]::panicking::default_hook::{closure#0}
[INFO] [stderr]     = note: for more information, see <https://doc.rust-lang.org/edition-guide/rust-2021/warnings-promoted-to-error.html>
[INFO] [stdout]    4:     0x60ffb86d9f19 - std[70759c8f55707aa4]::panicking::default_hook
[INFO] [stderr] help: if this is a dyn-compatible trait, use `dyn`
[INFO] [stdout]    5:     0x60ffb8676090 - test[9d35eded1c95d3be]::test_main_inner::<test[9d35eded1c95d3be]::test_main_static::{closure#0}>::{closure#0}
[INFO] [stderr]     |
[INFO] [stdout]    6:     0x60ffb86da0d2 - std[70759c8f55707aa4]::panicking::panic_with_hook
[INFO] [stderr] 287 | fn sym(e: &dyn Entry, elf: &ElfFile) -> Result<Symbol, Error> {
[INFO] [stdout]    7:     0x60ffb86bde52 - std[70759c8f55707aa4]::panicking::panic_handler::{closure#0}
[INFO] [stderr]     |            +++
[INFO] [stdout]    8:     0x60ffb86b6b29 - std[70759c8f55707aa4]::sys::backtrace::__rust_end_short_backtrace::<std[70759c8f55707aa4]::panicking::panic_handler::{closure#0}, !>
[INFO] [stderr] 
[INFO] [stdout]    9:     0x60ffb86bea4d - __rustc[8fa7c3cbc660c2b3]::rust_begin_unwind
[INFO] [stderr] warning: trait objects without an explicit `dyn` are deprecated
[INFO] [stdout]   10:     0x60ffb86f633c - core[df12db4294e9bfd3]::panicking::panic_fmt
[INFO] [stderr]    --> src/elf.rs:335:32
[INFO] [stdout]   11:     0x60ffb86f6253 - core[df12db4294e9bfd3]::panicking::assert_failed_inner
[INFO] [stderr]     |
[INFO] [stdout]   12:     0x60ffb866601a - core[df12db4294e9bfd3]::panicking::assert_failed::<core[df12db4294e9bfd3]::result::Result<i32, errno[881feef5d3cef255]::Errno>, core[df12db4294e9bfd3]::result::Result<i32, errno[881feef5d3cef255]::Errno>>
[INFO] [stderr] 335 |     fn cause(&self) -> Option<&error::Error> {
[INFO] [stdout]   13:     0x60ffb8668d64 - <ebpf[2182c5e3e3a6000]::sys::tests::test_create_map::{closure#0} as core[df12db4294e9bfd3]::ops::function::FnOnce<()>>::call_once
[INFO] [stderr]     |                                ^^^^^^^^^^^^
[INFO] [stdout]   14:     0x60ffb866937b - test[9d35eded1c95d3be]::__rust_begin_short_backtrace::<core[df12db4294e9bfd3]::result::Result<(), alloc[2182bb758b4b3781]::string::String>, fn() -> core[df12db4294e9bfd3]::result::Result<(), alloc[2182bb758b4b3781]::string::String>>
[INFO] [stderr]     |
[INFO] [stdout]   15:     0x60ffb86769e5 - test[9d35eded1c95d3be]::run_test::{closure#0}
[INFO] [stderr]     = warning: this is accepted in the current edition (Rust 2015) but is a hard error in Rust 2021!
[INFO] [stdout]   16:     0x60ffb86702a4 - std[70759c8f55707aa4]::sys::backtrace::__rust_begin_short_backtrace::<test[9d35eded1c95d3be]::run_test::{closure#1}, ()>
[INFO] [stderr]     = note: for more information, see <https://doc.rust-lang.org/edition-guide/rust-2021/warnings-promoted-to-error.html>
[INFO] [stdout]   17:     0x60ffb8679b42 - <std[70759c8f55707aa4]::thread::lifecycle::spawn_unchecked<test[9d35eded1c95d3be]::run_test::{closure#1}, ()>::{closure#1} as core[df12db4294e9bfd3]::ops::function::FnOnce<()>>::call_once::{shim:vtable#0}
[INFO] [stderr] help: if this is a dyn-compatible trait, use `dyn`
[INFO] [stdout]   18:     0x60ffb86e1169 - <std[70759c8f55707aa4]::sys::thread::unix::Thread>::new::thread_start
[INFO] [stderr]     |
[INFO] [stdout]   19:     0x7e6b4eb2bdfa - <unknown>
[INFO] [stderr] 335 |     fn cause(&self) -> Option<&dyn error::Error> {
[INFO] [stdout]   20:     0x7e6b4ebbf3d4 - clone
[INFO] [stderr]     |                                +++
[INFO] [stdout]   21:                0x0 - <unknown>
[INFO] [stderr] 
[INFO] [stdout] 
[INFO] [stderr] warning: trait objects without an explicit `dyn` are deprecated
[INFO] [stdout] ---- sys::tests::test_iter_map stdout ----
[INFO] [stderr]    --> src/sys.rs:210:32
[INFO] [stdout] 
[INFO] [stderr]     |
[INFO] [stdout] thread 'sys::tests::test_iter_map' (251) panicked at src/sys.rs:289:59:
[INFO] [stderr] 210 |     fn cause(&self) -> Option<&error::Error> {
[INFO] [stdout] called `Result::unwrap()` on an `Err` value: Errno { code: 1, description: Some("Operation not permitted") }
[INFO] [stderr]     |                                ^^^^^^^^^^^^
[INFO] [stdout] stack backtrace:
[INFO] [stderr]     |
[INFO] [stdout]    0:     0x60ffb86e1891 - <<std[70759c8f55707aa4]::sys::backtrace::BacktraceLock>::print::DisplayBacktrace as core[df12db4294e9bfd3]::fmt::Display>::fmt
[INFO] [stderr]     = warning: this is accepted in the current edition (Rust 2015) but is a hard error in Rust 2021!
[INFO] [stdout]    1:     0x60ffb86f5c0a - core[df12db4294e9bfd3]::fmt::write
[INFO] [stderr]     = note: for more information, see <https://doc.rust-lang.org/edition-guide/rust-2021/warnings-promoted-to-error.html>
[INFO] [stdout]    2:     0x60ffb86e5d4c - <alloc[2182bb758b4b3781]::vec::Vec<u8> as core[df12db4294e9bfd3]::io::write::Write>::write_fmt
[INFO] [stderr] help: if this is a dyn-compatible trait, use `dyn`
[INFO] [stdout]    3:     0x60ffb86bdda6 - std[70759c8f55707aa4]::panicking::default_hook::{closure#0}
[INFO] [stderr]     |
[INFO] [stdout]    4:     0x60ffb86d9f19 - std[70759c8f55707aa4]::panicking::default_hook
[INFO] [stderr] 210 |     fn cause(&self) -> Option<&dyn error::Error> {
[INFO] [stdout]    5:     0x60ffb8676090 - test[9d35eded1c95d3be]::test_main_inner::<test[9d35eded1c95d3be]::test_main_static::{closure#0}>::{closure#0}
[INFO] [stderr]     |                                +++
[INFO] [stdout]    6:     0x60ffb86da0d2 - std[70759c8f55707aa4]::panicking::panic_with_hook
[INFO] [stderr] 
[INFO] [stdout]    7:     0x60ffb86bde52 - std[70759c8f55707aa4]::panicking::panic_handler::{closure#0}
[INFO] [stderr] warning: trait objects without an explicit `dyn` are deprecated
[INFO] [stdout]    8:     0x60ffb86b6b29 - std[70759c8f55707aa4]::sys::backtrace::__rust_end_short_backtrace::<std[70759c8f55707aa4]::panicking::panic_handler::{closure#0}, !>
[INFO] [stderr]    --> src/xdp.rs:366:32
[INFO] [stdout]    9:     0x60ffb86bea4d - __rustc[8fa7c3cbc660c2b3]::rust_begin_unwind
[INFO] [stderr]     |
[INFO] [stdout]   10:     0x60ffb86f633c - core[df12db4294e9bfd3]::panicking::panic_fmt
[INFO] [stderr] 366 |     fn cause(&self) -> Option<&error::Error> {
[INFO] [stdout]   11:     0x60ffb86f6112 - core[df12db4294e9bfd3]::result::unwrap_failed
[INFO] [stderr]     |                                ^^^^^^^^^^^^
[INFO] [stdout]   12:     0x60ffb8668976 - <ebpf[2182c5e3e3a6000]::sys::tests::test_iter_map::{closure#0} as core[df12db4294e9bfd3]::ops::function::FnOnce<()>>::call_once
[INFO] [stderr]     |
[INFO] [stdout]   13:     0x60ffb866937b - test[9d35eded1c95d3be]::__rust_begin_short_backtrace::<core[df12db4294e9bfd3]::result::Result<(), alloc[2182bb758b4b3781]::string::String>, fn() -> core[df12db4294e9bfd3]::result::Result<(), alloc[2182bb758b4b3781]::string::String>>
[INFO] [stderr]     = warning: this is accepted in the current edition (Rust 2015) but is a hard error in Rust 2021!
[INFO] [stdout]   14:     0x60ffb86769e5 - test[9d35eded1c95d3be]::run_test::{closure#0}
[INFO] [stderr]     = note: for more information, see <https://doc.rust-lang.org/edition-guide/rust-2021/warnings-promoted-to-error.html>
[INFO] [stdout]   15:     0x60ffb86702a4 - std[70759c8f55707aa4]::sys::backtrace::__rust_begin_short_backtrace::<test[9d35eded1c95d3be]::run_test::{closure#1}, ()>
[INFO] [stderr] help: if this is a dyn-compatible trait, use `dyn`
[INFO] [stdout]   16:     0x60ffb8679b42 - <std[70759c8f55707aa4]::thread::lifecycle::spawn_unchecked<test[9d35eded1c95d3be]::run_test::{closure#1}, ()>::{closure#1} as core[df12db4294e9bfd3]::ops::function::FnOnce<()>>::call_once::{shim:vtable#0}
[INFO] [stderr]     |
[INFO] [stdout]   17:     0x60ffb86e1169 - <std[70759c8f55707aa4]::sys::thread::unix::Thread>::new::thread_start
[INFO] [stderr] 366 |     fn cause(&self) -> Option<&dyn error::Error> {
[INFO] [stdout]   18:     0x7e6b4eb2bdfa - <unknown>
[INFO] [stderr]     |                                +++
[INFO] [stdout]   19:     0x7e6b4ebbf3d4 - clone
[INFO] [stderr] 
[INFO] [stdout]   20:                0x0 - <unknown>
[INFO] [stderr] warning: trait objects without an explicit `dyn` are deprecated
[INFO] [stdout] 
[INFO] [stderr]    --> src/elf.rs:268:23
[INFO] [stdout] ---- sys::tests::test_use_map stdout ----
[INFO] [stderr]     |
[INFO] [stdout] 
[INFO] [stderr] 268 |     let filter = |e: &Entry| {
[INFO] [stdout] thread 'sys::tests::test_use_map' (254) panicked at src/sys.rs:261:58:
[INFO] [stderr]     |                       ^^^^^
[INFO] [stdout] called `Result::unwrap()` on an `Err` value: Errno { code: 1, description: Some("Operation not permitted") }
[INFO] [stderr]     |
[INFO] [stdout] stack backtrace:
[INFO] [stderr]     = warning: this is accepted in the current edition (Rust 2015) but is a hard error in Rust 2021!
[INFO] [stdout]    0:     0x60ffb86e1891 - <<std[70759c8f55707aa4]::sys::backtrace::BacktraceLock>::print::DisplayBacktrace as core[df12db4294e9bfd3]::fmt::Display>::fmt
[INFO] [stderr]     = note: for more information, see <https://doc.rust-lang.org/edition-guide/rust-2021/warnings-promoted-to-error.html>
[INFO] [stdout]    1:     0x60ffb86f5c0a - core[df12db4294e9bfd3]::fmt::write
[INFO] [stderr] help: if this is a dyn-compatible trait, use `dyn`
[INFO] [stdout]    2:     0x60ffb86e5d4c - <alloc[2182bb758b4b3781]::vec::Vec<u8> as core[df12db4294e9bfd3]::io::write::Write>::write_fmt
[INFO] [stderr]     |
[INFO] [stdout]    3:     0x60ffb86bdda6 - std[70759c8f55707aa4]::panicking::default_hook::{closure#0}
[INFO] [stderr] 268 |     let filter = |e: &dyn Entry| {
[INFO] [stdout]    4:     0x60ffb86d9f19 - std[70759c8f55707aa4]::panicking::default_hook
[INFO] [stderr]     |                       +++
[INFO] [stdout]    5:     0x60ffb8676090 - test[9d35eded1c95d3be]::test_main_inner::<test[9d35eded1c95d3be]::test_main_static::{closure#0}>::{closure#0}
[INFO] [stderr] 
[INFO] [stdout]    6:     0x60ffb86da0d2 - std[70759c8f55707aa4]::panicking::panic_with_hook
[INFO] [stderr] warning: field `0` is never read
[INFO] [stdout]    7:     0x60ffb86bde52 - std[70759c8f55707aa4]::panicking::panic_handler::{closure#0}
[INFO] [stderr]   --> src/xdp.rs:42:18
[INFO] [stdout]    8:     0x60ffb86b6b29 - std[70759c8f55707aa4]::sys::backtrace::__rust_end_short_backtrace::<std[70759c8f55707aa4]::panicking::panic_handler::{closure#0}, !>
[INFO] [stderr]    |
[INFO] [stdout]    9:     0x60ffb86bea4d - __rustc[8fa7c3cbc660c2b3]::rust_begin_unwind
[INFO] [stderr] 42 | pub struct Error(Errno);
[INFO] [stdout]   10:     0x60ffb86f633c - core[df12db4294e9bfd3]::panicking::panic_fmt
[INFO] [stderr]    |            ----- ^^^^^
[INFO] [stdout]   11:     0x60ffb86f6112 - core[df12db4294e9bfd3]::result::unwrap_failed
[INFO] [stderr]    |            |
[INFO] [stdout]   12:     0x60ffb8667fd3 - <ebpf[2182c5e3e3a6000]::sys::tests::test_use_map::{closure#0} as core[df12db4294e9bfd3]::ops::function::FnOnce<()>>::call_once
[INFO] [stderr]    |            field in this struct
[INFO] [stdout]   13:     0x60ffb866937b - test[9d35eded1c95d3be]::__rust_begin_short_backtrace::<core[df12db4294e9bfd3]::result::Result<(), alloc[2182bb758b4b3781]::string::String>, fn() -> core[df12db4294e9bfd3]::result::Result<(), alloc[2182bb758b4b3781]::string::String>>
[INFO] [stderr]    |
[INFO] [stdout]   14:     0x60ffb86769e5 - test[9d35eded1c95d3be]::run_test::{closure#0}
[INFO] [stderr]    = help: consider removing this field
[INFO] [stdout]   15:     0x60ffb86702a4 - std[70759c8f55707aa4]::sys::backtrace::__rust_begin_short_backtrace::<test[9d35eded1c95d3be]::run_test::{closure#1}, ()>
[INFO] [stderr]    = note: `Error` has a derived impl for the trait `Debug`, but this is intentionally ignored during dead code analysis
[INFO] [stdout]   16:     0x60ffb8679b42 - <std[70759c8f55707aa4]::thread::lifecycle::spawn_unchecked<test[9d35eded1c95d3be]::run_test::{closure#1}, ()>::{closure#1} as core[df12db4294e9bfd3]::ops::function::FnOnce<()>>::call_once::{shim:vtable#0}
[INFO] [stderr]    = note: `#[warn(dead_code)]` (part of `#[warn(unused)]`) on by default
[INFO] [stdout]   17:     0x60ffb86e1169 - <std[70759c8f55707aa4]::sys::thread::unix::Thread>::new::thread_start
[INFO] [stderr] 
[INFO] [stdout]   18:     0x7e6b4eb2bdfa - <unknown>
[INFO] [stderr] warning: unused borrow that must be used
[INFO] [stdout]   19:     0x7e6b4ebbf3d4 - clone
[INFO] [stderr]    --> src/sys.rs:198:5
[INFO] [stdout]   20:                0x0 - <unknown>
[INFO] [stderr]     |
[INFO] [stdout] 
[INFO] [stderr] 198 |     &dst.iter_mut().zip(src).for_each(|(d, s)| *d = s);
[INFO] [stdout] ---- sys::tests::test_prog_load stdout ----
[INFO] [stderr]     |     ^^^^^^^^^^^^^^^^^^^^^^^^^^^^^^^^^^^^^^^^^^^^^^^^^^ the borrow produces a value
[INFO] [stdout] 
[INFO] [stderr]     |
[INFO] [stdout] thread 'sys::tests::test_prog_load' (253) panicked at src/sys.rs:342:9:
[INFO] [stderr]     = note: `#[warn(unused_must_use)]` (part of `#[warn(unused)]`) on by default
[INFO] [stdout] assertion failed: bpf_prog_load(&arg, &mut log).is_ok()
[INFO] [stderr] help: use `let _ = ...` to ignore the resulting value
[INFO] [stdout] stack backtrace:
[INFO] [stderr]     |
[INFO] [stdout]    0:     0x60ffb86e1891 - <<std[70759c8f55707aa4]::sys::backtrace::BacktraceLock>::print::DisplayBacktrace as core[df12db4294e9bfd3]::fmt::Display>::fmt
[INFO] [stderr] 198 |     let _ = &dst.iter_mut().zip(src).for_each(|(d, s)| *d = s);
[INFO] [stdout]    1:     0x60ffb86f5c0a - core[df12db4294e9bfd3]::fmt::write
[INFO] [stderr]     |     +++++++
[INFO] [stdout]    2:     0x60ffb86e5d4c - <alloc[2182bb758b4b3781]::vec::Vec<u8> as core[df12db4294e9bfd3]::io::write::Write>::write_fmt
[INFO] [stderr] 
[INFO] [stdout]    3:     0x60ffb86bdda6 - std[70759c8f55707aa4]::panicking::default_hook::{closure#0}
[INFO] [stderr] warning: `ebpf` (lib) generated 8 warnings (run `cargo fix --lib -p ebpf` to apply 6 suggestions)
[INFO] [stdout]    4:     0x60ffb86d9f19 - std[70759c8f55707aa4]::panicking::default_hook
[INFO] [stderr] warning: `ebpf` (lib test) generated 8 warnings (8 duplicates)
[INFO] [stdout]    5:     0x60ffb8676090 - test[9d35eded1c95d3be]::test_main_inner::<test[9d35eded1c95d3be]::test_main_static::{closure#0}>::{closure#0}
[INFO] [stderr]     Finished `release` profile [optimized] target(s) in 0.03s
[INFO] [stdout]    6:     0x60ffb86da0d2 - std[70759c8f55707aa4]::panicking::panic_with_hook
[INFO] [stderr]      Running unittests src/lib.rs (/opt/rustwide/target/release/deps/ebpf-59e990612c55b666)
[INFO] [stdout]    7:     0x60ffb86bde84 - std[70759c8f55707aa4]::panicking::panic_handler::{closure#0}
[INFO] [stderr] error: test failed, to rerun pass `--lib`
[INFO] [stdout]    8:     0x60ffb86b6b29 - std[70759c8f55707aa4]::sys::backtrace::__rust_end_short_backtrace::<std[70759c8f55707aa4]::panicking::panic_handler::{closure#0}, !>
[INFO] [stdout]    9:     0x60ffb86bea4d - __rustc[8fa7c3cbc660c2b3]::rust_begin_unwind
[INFO] [stdout]   10:     0x60ffb86f633c - core[df12db4294e9bfd3]::panicking::panic_fmt
[INFO] [stdout]   11:     0x60ffb86f6302 - core[df12db4294e9bfd3]::panicking::panic
[INFO] [stdout]   12:     0x60ffb8668ae6 - <ebpf[2182c5e3e3a6000]::sys::tests::test_prog_load::{closure#0} as core[df12db4294e9bfd3]::ops::function::FnOnce<()>>::call_once
[INFO] [stdout]   13:     0x60ffb866937b - test[9d35eded1c95d3be]::__rust_begin_short_backtrace::<core[df12db4294e9bfd3]::result::Result<(), alloc[2182bb758b4b3781]::string::String>, fn() -> core[df12db4294e9bfd3]::result::Result<(), alloc[2182bb758b4b3781]::string::String>>
[INFO] [stdout]   14:     0x60ffb86769e5 - test[9d35eded1c95d3be]::run_test::{closure#0}
[INFO] [stdout]   15:     0x60ffb86702a4 - std[70759c8f55707aa4]::sys::backtrace::__rust_begin_short_backtrace::<test[9d35eded1c95d3be]::run_test::{closure#1}, ()>
[INFO] [stdout]   16:     0x60ffb8679b42 - <std[70759c8f55707aa4]::thread::lifecycle::spawn_unchecked<test[9d35eded1c95d3be]::run_test::{closure#1}, ()>::{closure#1} as core[df12db4294e9bfd3]::ops::function::FnOnce<()>>::call_once::{shim:vtable#0}
[INFO] [stdout]   17:     0x60ffb86e1169 - <std[70759c8f55707aa4]::sys::thread::unix::Thread>::new::thread_start
[INFO] [stdout]   18:     0x7e6b4eb2bdfa - <unknown>
[INFO] [stdout]   19:     0x7e6b4ebbf3d4 - clone
[INFO] [stdout]   20:                0x0 - <unknown>
[INFO] [stdout] 
[INFO] [stdout] ---- sys::tests::test_get_prog_info stdout ----
[INFO] [stdout] 
[INFO] [stdout] thread 'sys::tests::test_get_prog_info' (250) panicked at src/sys.rs:428:48:
[INFO] [stdout] called `Result::unwrap()` on an `Err` value: Other(Errno { code: 1, description: Some("Operation not permitted") })
[INFO] [stdout] stack backtrace:
[INFO] [stdout]    0:     0x60ffb86e1891 - <<std[70759c8f55707aa4]::sys::backtrace::BacktraceLock>::print::DisplayBacktrace as core[df12db4294e9bfd3]::fmt::Display>::fmt
[INFO] [stdout]    1:     0x60ffb86f5c0a - core[df12db4294e9bfd3]::fmt::write
[INFO] [stdout]    2:     0x60ffb86e5d4c - <alloc[2182bb758b4b3781]::vec::Vec<u8> as core[df12db4294e9bfd3]::io::write::Write>::write_fmt
[INFO] [stdout]    3:     0x60ffb86bdda6 - std[70759c8f55707aa4]::panicking::default_hook::{closure#0}
[INFO] [stdout]    4:     0x60ffb86d9f19 - std[70759c8f55707aa4]::panicking::default_hook
[INFO] [stdout]    5:     0x60ffb8676090 - test[9d35eded1c95d3be]::test_main_inner::<test[9d35eded1c95d3be]::test_main_static::{closure#0}>::{closure#0}
[INFO] [stdout]    6:     0x60ffb86da0d2 - std[70759c8f55707aa4]::panicking::panic_with_hook
[INFO] [stdout]    7:     0x60ffb86bde52 - std[70759c8f55707aa4]::panicking::panic_handler::{closure#0}
[INFO] [stdout]    8:     0x60ffb86b6b29 - std[70759c8f55707aa4]::sys::backtrace::__rust_end_short_backtrace::<std[70759c8f55707aa4]::panicking::panic_handler::{closure#0}, !>
[INFO] [stdout]    9:     0x60ffb86bea4d - __rustc[8fa7c3cbc660c2b3]::rust_begin_unwind
[INFO] [stdout]   10:     0x60ffb86f633c - core[df12db4294e9bfd3]::panicking::panic_fmt
[INFO] [stdout]   11:     0x60ffb86f6112 - core[df12db4294e9bfd3]::result::unwrap_failed
[INFO] [stdout]   12:     0x60ffb8669265 - <ebpf[2182c5e3e3a6000]::sys::tests::test_get_prog_info::{closure#0} as core[df12db4294e9bfd3]::ops::function::FnOnce<()>>::call_once
[INFO] [stdout]   13:     0x60ffb866937b - test[9d35eded1c95d3be]::__rust_begin_short_backtrace::<core[df12db4294e9bfd3]::result::Result<(), alloc[2182bb758b4b3781]::string::String>, fn() -> core[df12db4294e9bfd3]::result::Result<(), alloc[2182bb758b4b3781]::string::String>>
[INFO] [stdout]   14:     0x60ffb86769e5 - test[9d35eded1c95d3be]::run_test::{closure#0}
[INFO] [stdout]   15:     0x60ffb86702a4 - std[70759c8f55707aa4]::sys::backtrace::__rust_begin_short_backtrace::<test[9d35eded1c95d3be]::run_test::{closure#1}, ()>
[INFO] [stdout]   16:     0x60ffb8679b42 - <std[70759c8f55707aa4]::thread::lifecycle::spawn_unchecked<test[9d35eded1c95d3be]::run_test::{closure#1}, ()>::{closure#1} as core[df12db4294e9bfd3]::ops::function::FnOnce<()>>::call_once::{shim:vtable#0}
[INFO] [stdout]   17:     0x60ffb86e1169 - <std[70759c8f55707aa4]::sys::thread::unix::Thread>::new::thread_start
[INFO] [stdout]   18:     0x7e6b4eb2bdfa - <unknown>
[INFO] [stdout]   19:     0x7e6b4ebbf3d4 - clone
[INFO] [stdout]   20:                0x0 - <unknown>
[INFO] [stdout] 
[INFO] [stdout] ---- sys::tests::test_get_map_info stdout ----
[INFO] [stdout] 
[INFO] [stdout] thread 'sys::tests::test_get_map_info' (249) panicked at src/sys.rs:391:12:
[INFO] [stdout] called `Result::unwrap()` on an `Err` value: Errno { code: 1, description: Some("Operation not permitted") }
[INFO] [stdout] stack backtrace:
[INFO] [stdout]    0:     0x60ffb86e1891 - <<std[70759c8f55707aa4]::sys::backtrace::BacktraceLock>::print::DisplayBacktrace as core[df12db4294e9bfd3]::fmt::Display>::fmt
[INFO] [stdout]    1:     0x60ffb86f5c0a - core[df12db4294e9bfd3]::fmt::write
[INFO] [stdout]    2:     0x60ffb86e5d4c - <alloc[2182bb758b4b3781]::vec::Vec<u8> as core[df12db4294e9bfd3]::io::write::Write>::write_fmt
[INFO] [stdout]    3:     0x60ffb86bdda6 - std[70759c8f55707aa4]::panicking::default_hook::{closure#0}
[INFO] [stdout]    4:     0x60ffb86d9f19 - std[70759c8f55707aa4]::panicking::default_hook
[INFO] [stdout]    5:     0x60ffb8676090 - test[9d35eded1c95d3be]::test_main_inner::<test[9d35eded1c95d3be]::test_main_static::{closure#0}>::{closure#0}
[INFO] [stdout]    6:     0x60ffb86da0d2 - std[70759c8f55707aa4]::panicking::panic_with_hook
[INFO] [stdout]    7:     0x60ffb86bde52 - std[70759c8f55707aa4]::panicking::panic_handler::{closure#0}
[INFO] [stdout]    8:     0x60ffb86b6b29 - std[70759c8f55707aa4]::sys::backtrace::__rust_end_short_backtrace::<std[70759c8f55707aa4]::panicking::panic_handler::{closure#0}, !>
[INFO] [stdout]    9:     0x60ffb86bea4d - __rustc[8fa7c3cbc660c2b3]::rust_begin_unwind
[INFO] [stdout]   10:     0x60ffb86f633c - core[df12db4294e9bfd3]::panicking::panic_fmt
[INFO] [stdout]   11:     0x60ffb86f6112 - core[df12db4294e9bfd3]::result::unwrap_failed
[INFO] [stdout]   12:     0x60ffb8668fae - <ebpf[2182c5e3e3a6000]::sys::tests::test_get_map_info::{closure#0} as core[df12db4294e9bfd3]::ops::function::FnOnce<()>>::call_once
[INFO] [stdout]   13:     0x60ffb866937b - test[9d35eded1c95d3be]::__rust_begin_short_backtrace::<core[df12db4294e9bfd3]::result::Result<(), alloc[2182bb758b4b3781]::string::String>, fn() -> core[df12db4294e9bfd3]::result::Result<(), alloc[2182bb758b4b3781]::string::String>>
[INFO] [stdout]   14:     0x60ffb86769e5 - test[9d35eded1c95d3be]::run_test::{closure#0}
[INFO] [stdout]   15:     0x60ffb86702a4 - std[70759c8f55707aa4]::sys::backtrace::__rust_begin_short_backtrace::<test[9d35eded1c95d3be]::run_test::{closure#1}, ()>
[INFO] [stdout]   16:     0x60ffb8679b42 - <std[70759c8f55707aa4]::thread::lifecycle::spawn_unchecked<test[9d35eded1c95d3be]::run_test::{closure#1}, ()>::{closure#1} as core[df12db4294e9bfd3]::ops::function::FnOnce<()>>::call_once::{shim:vtable#0}
[INFO] [stdout]   17:     0x60ffb86e1169 - <std[70759c8f55707aa4]::sys::thread::unix::Thread>::new::thread_start
[INFO] [stdout]   18:     0x7e6b4eb2bdfa - <unknown>
[INFO] [stdout]   19:     0x7e6b4ebbf3d4 - clone
[INFO] [stdout]   20:                0x0 - <unknown>
[INFO] [stdout] 
[INFO] [stdout] 
[INFO] [stdout] failures:
[INFO] [stdout]     sys::tests::test_create_map
[INFO] [stdout]     sys::tests::test_get_map_info
[INFO] [stdout]     sys::tests::test_get_prog_info
[INFO] [stdout]     sys::tests::test_iter_map
[INFO] [stdout]     sys::tests::test_prog_load
[INFO] [stdout]     sys::tests::test_use_map
[INFO] [stdout] 
[INFO] [stdout] test result: FAILED. 1 passed; 6 failed; 0 ignored; 0 measured; 0 filtered out; finished in 0.00s
[INFO] [stdout] 
[INFO] running `Command { std: "docker" "inspect" "79e76b8468ae973832cccd6439c732ae4a9650157de2377c0e492bf39d5a2cff", kill_on_drop: false }`
[INFO] running `Command { std: "docker" "rm" "-f" "79e76b8468ae973832cccd6439c732ae4a9650157de2377c0e492bf39d5a2cff", kill_on_drop: false }`
[INFO] [stdout] 79e76b8468ae973832cccd6439c732ae4a9650157de2377c0e492bf39d5a2cff
