[INFO] fetching crate easywireguard 0.6.0...
[INFO] testing easywireguard-0.6.0 against 1.100.0-beta.1+cargoflags=--release for beta-release-1.100-2
[INFO] extracting crate easywireguard 0.6.0 into /workspace/builds/worker-4-tc2/source
[INFO] removed /workspace/builds/worker-4-tc2/source/.cargo/config.toml
[INFO] started tweaking crates.io crate easywireguard 0.6.0
[INFO] removed 0 missing tests
[INFO] finished tweaking crates.io crate easywireguard 0.6.0
[INFO] tweaked toml for crates.io crate easywireguard 0.6.0 written to /workspace/builds/worker-4-tc2/source/Cargo.toml
[INFO] validating manifest of crates.io crate easywireguard 0.6.0 on toolchain 1.100.0-beta.1
[INFO] running `Command { std: CARGO_HOME="/workspace/cargo-home" RUSTUP_HOME="/workspace/rustup-home" "/workspace/cargo-home/bin/cargo" "+1.100.0-beta.1" "metadata" "--manifest-path" "Cargo.toml" "--no-deps", kill_on_drop: false }`
[INFO] crate crates.io crate easywireguard 0.6.0 already has a lockfile, it will not be regenerated
[INFO] running `Command { std: CARGO_HOME="/workspace/cargo-home" RUSTUP_HOME="/workspace/rustup-home" "/workspace/cargo-home/bin/cargo" "+1.100.0-beta.1" "fetch" "--manifest-path" "Cargo.toml", kill_on_drop: false }`
[INFO] running `Command { std: "docker" "create" "-v" "/var/lib/crater-agent-workspace/builds/worker-4-tc2/source:/opt/rustwide/workdir:ro,Z" "-v" "/var/lib/crater-agent-workspace/builds/worker-4-tc2/target:/opt/rustwide/target:rw,Z" "-v" "/var/lib/crater-agent-workspace/cargo-home:/opt/rustwide/cargo-home:ro,Z" "-v" "/var/lib/crater-agent-workspace/rustup-home:/opt/rustwide/rustup-home:ro,Z" "-m" "1610612736" "--network" "none" "ghcr.io/rust-lang/crates-build-env/linux@sha256:77db811e55d90add9212f6832c23229e3de5f1c1f9905e8cb07319ea15df73ac" "sleep" "infinity", kill_on_drop: false }`
[INFO] [stdout] 879cea25175ad52304d717105b6fef6728551eba7c6c463fca16a2cb6e217db5
[INFO] running `Command { std: "docker" "start" "879cea25175ad52304d717105b6fef6728551eba7c6c463fca16a2cb6e217db5", kill_on_drop: false }`
[INFO] running `Command { std: "docker" "inspect" "879cea25175ad52304d717105b6fef6728551eba7c6c463fca16a2cb6e217db5", kill_on_drop: false }`
[INFO] running `Command { std: "docker" "exec" "-e" "SOURCE_DIR=/opt/rustwide/workdir" "-e" "CARGO_HOME=/opt/rustwide/cargo-home" "-e" "RUSTUP_HOME=/opt/rustwide/rustup-home" "-e" "CARGO_TARGET_DIR=/opt/rustwide/target" "-w" "/opt/rustwide/workdir" "--user" "0:0" "879cea25175ad52304d717105b6fef6728551eba7c6c463fca16a2cb6e217db5" "/opt/rustwide/cargo-home/bin/cargo" "+1.100.0-beta.1" "metadata" "--no-deps" "--format-version=1", kill_on_drop: false }`
[INFO] running `Command { std: "docker" "inspect" "879cea25175ad52304d717105b6fef6728551eba7c6c463fca16a2cb6e217db5", kill_on_drop: false }`
[INFO] running `Command { std: "docker" "exec" "-e" "SOURCE_DIR=/opt/rustwide/workdir" "-e" "CARGO_HOME=/opt/rustwide/cargo-home" "-e" "RUSTUP_HOME=/opt/rustwide/rustup-home" "-e" "CARGO_TARGET_DIR=/opt/rustwide/target" "-e" "CARGO_INCREMENTAL=0" "-e" "RUST_BACKTRACE=full" "-e" "RUSTFLAGS=--cap-lints=warn" "-e" "RUSTDOCFLAGS=--cap-lints=warn" "-w" "/opt/rustwide/workdir" "--user" "0:0" "879cea25175ad52304d717105b6fef6728551eba7c6c463fca16a2cb6e217db5" "/opt/rustwide/cargo-home/bin/cargo" "+1.100.0-beta.1" "build" "--frozen" "--message-format=json" "--release", kill_on_drop: false }`
[INFO] [stderr]    Compiling libc v0.2.186
[INFO] [stderr]    Compiling parking_lot_core v0.9.12
[INFO] [stderr]    Compiling signal-hook v0.3.18
[INFO] [stderr]    Compiling heck v0.5.0
[INFO] [stderr]    Compiling crc32fast v1.5.0
[INFO] [stderr]    Compiling simd-adler32 v0.3.10
[INFO] [stderr]    Compiling bitflags v2.13.1
[INFO] [stderr]    Compiling rustix v0.38.44
[INFO] [stderr]    Compiling adler2 v2.0.1
[INFO] [stderr]    Compiling syn v2.0.119
[INFO] [stderr]    Compiling syn v3.0.1
[INFO] [stderr]    Compiling smallvec v1.15.2
[INFO] [stderr]    Compiling log v0.4.33
[INFO] [stderr]    Compiling anstyle-parse v1.0.0
[INFO] [stderr]    Compiling lock_api v0.4.14
[INFO] [stderr]    Compiling curve25519-dalek v4.1.3
[INFO] [stderr]    Compiling paste v1.0.15
[INFO] [stderr]    Compiling hashbrown v0.17.1
[INFO] [stderr]    Compiling linux-raw-sys v0.4.15
[INFO] [stderr]    Compiling miniz_oxide v0.8.9
[INFO] [stderr]    Compiling anstyle-query v1.1.5
[INFO] [stderr]    Compiling foldhash v0.1.5
[INFO] [stderr]    Compiling allocator-api2 v0.2.21
[INFO] [stderr]    Compiling either v1.16.0
[INFO] [stderr]    Compiling colorchoice v1.0.5
[INFO] [stderr]    Compiling instability v0.3.12
[INFO] [stderr]    Compiling is_terminal_polyfill v1.70.2
[INFO] [stderr]    Compiling fdeflate v0.3.7
[INFO] [stderr]    Compiling castaway v0.2.4
[INFO] [stderr]    Compiling anstream v1.0.0
[INFO] [stderr]    Compiling pxfm v0.1.30
[INFO] [stderr]    Compiling toml_write v0.1.2
[INFO] [stderr]    Compiling winnow v0.7.15
[INFO] [stderr]    Compiling ryu v1.0.23
[INFO] [stderr]    Compiling itertools v0.13.0
[INFO] [stderr]    Compiling serde_json v1.0.150
[INFO] [stderr]    Compiling unicode-width v0.1.14
[INFO] [stderr]    Compiling unicode-segmentation v1.13.3
[INFO] [stderr]    Compiling option-ext v0.2.0
[INFO] [stderr]    Compiling indoc v2.0.7
[INFO] [stderr]    Compiling strsim v0.11.1
[INFO] [stderr]    Compiling compact_str v0.8.2
[INFO] [stderr]    Compiling clap_builder v4.6.2
[INFO] [stderr]    Compiling hashbrown v0.15.5
[INFO] [stderr]    Compiling flate2 v1.1.9
[INFO] [stderr]    Compiling rand_core v0.6.4
[INFO] [stderr]    Compiling indexmap v2.14.0
[INFO] [stderr]    Compiling byteorder-lite v0.1.0
[INFO] [stderr]    Compiling bytemuck v1.25.2
[INFO] [stderr]    Compiling unicode-width v0.2.0
[INFO] [stderr]    Compiling png v0.18.1
[INFO] [stderr]    Compiling lazy_static v1.5.0
[INFO] [stderr]    Compiling cassowary v0.3.0
[INFO] [stderr]    Compiling colored v2.2.0
[INFO] [stderr]    Compiling errno v0.3.14
[INFO] [stderr]    Compiling mio v1.2.2
[INFO] [stderr]    Compiling signal-hook-registry v1.4.8
[INFO] [stderr]    Compiling parking_lot v0.12.5
[INFO] [stderr]    Compiling lru v0.12.5
[INFO] [stderr]    Compiling dirs-sys v0.4.1
[INFO] [stderr]    Compiling unicode-truncate v1.1.0
[INFO] [stderr]    Compiling dirs v5.0.1
[INFO] [stderr]    Compiling getrandom v0.2.17
[INFO] [stderr]    Compiling signal-hook-mio v0.2.5
[INFO] [stderr]    Compiling qrcode v0.14.1
[INFO] [stderr]    Compiling crossterm v0.28.1
[INFO] [stderr]    Compiling serde_derive v1.0.229
[INFO] [stderr]    Compiling moxcms v0.8.1
[INFO] [stderr]    Compiling darling_core v0.23.0
[INFO] [stderr]    Compiling zeroize_derive v1.5.0
[INFO] [stderr]    Compiling curve25519-dalek-derive v0.1.1
[INFO] [stderr]    Compiling strum_macros v0.26.4
[INFO] [stderr]    Compiling clap_derive v4.6.1
[INFO] [stderr]    Compiling zeroize v1.9.0
[INFO] [stderr]    Compiling serde v1.0.229
[INFO] [stderr]    Compiling serde_spanned v0.6.9
[INFO] [stderr]    Compiling toml_datetime v0.6.11
[INFO] [stderr]    Compiling toml_edit v0.22.27
[INFO] [stderr]    Compiling darling_macro v0.23.0
[INFO] [stderr]    Compiling strum v0.26.3
[INFO] [stderr]    Compiling clap v4.6.2
[INFO] [stderr]    Compiling darling v0.23.0
[INFO] [stderr]    Compiling image v0.25.10
[INFO] [stderr]    Compiling x25519-dalek v2.0.1
[INFO] [stderr]    Compiling ratatui v0.29.0
[INFO] [stderr]    Compiling toml v0.8.23
[INFO] [stderr]    Compiling easywireguard v0.6.0 (/opt/rustwide/workdir)
[INFO] [stderr]     Finished `release` profile [optimized] target(s) in 1m 46s
[INFO] running `Command { std: "docker" "inspect" "879cea25175ad52304d717105b6fef6728551eba7c6c463fca16a2cb6e217db5", kill_on_drop: false }`
[INFO] running `Command { std: "docker" "exec" "-e" "SOURCE_DIR=/opt/rustwide/workdir" "-e" "CARGO_HOME=/opt/rustwide/cargo-home" "-e" "RUSTUP_HOME=/opt/rustwide/rustup-home" "-e" "CARGO_TARGET_DIR=/opt/rustwide/target" "-e" "CARGO_INCREMENTAL=0" "-e" "RUST_BACKTRACE=full" "-e" "RUSTFLAGS=--cap-lints=warn" "-e" "RUSTDOCFLAGS=--cap-lints=warn" "-w" "/opt/rustwide/workdir" "--user" "0:0" "879cea25175ad52304d717105b6fef6728551eba7c6c463fca16a2cb6e217db5" "/opt/rustwide/cargo-home/bin/cargo" "+1.100.0-beta.1" "test" "--frozen" "--no-run" "--message-format=json" "--release", kill_on_drop: false }`
[INFO] [stderr]    Compiling getrandom v0.4.3
[INFO] [stderr]    Compiling rustix v1.1.4
[INFO] [stderr]    Compiling linux-raw-sys v0.12.1
[INFO] [stderr]    Compiling once_cell v1.21.4
[INFO] [stderr]    Compiling fastrand v2.5.0
[INFO] [stderr]    Compiling tempfile v3.27.0
[INFO] [stderr]    Compiling easywireguard v0.6.0 (/opt/rustwide/workdir)
[INFO] [stderr]     Finished `release` profile [optimized] target(s) in 11.57s
[INFO] running `Command { std: "docker" "inspect" "879cea25175ad52304d717105b6fef6728551eba7c6c463fca16a2cb6e217db5", kill_on_drop: false }`
[INFO] running `Command { std: "docker" "exec" "-e" "SOURCE_DIR=/opt/rustwide/workdir" "-e" "CARGO_HOME=/opt/rustwide/cargo-home" "-e" "RUSTUP_HOME=/opt/rustwide/rustup-home" "-e" "CARGO_TARGET_DIR=/opt/rustwide/target" "-e" "CARGO_INCREMENTAL=0" "-e" "RUST_BACKTRACE=full" "-e" "RUSTFLAGS=--cap-lints=warn" "-e" "RUSTDOCFLAGS=--cap-lints=warn" "-w" "/opt/rustwide/workdir" "--user" "0:0" "879cea25175ad52304d717105b6fef6728551eba7c6c463fca16a2cb6e217db5" "/opt/rustwide/cargo-home/bin/cargo" "+1.100.0-beta.1" "test" "--frozen" "--release", kill_on_drop: false }`
[INFO] [stderr]     Finished `release` profile [optimized] target(s) in 0.16s
[INFO] [stderr]      Running unittests src/main.rs (/opt/rustwide/target/release/build/easywireguard/f7567f52aac4da1f/out/ewg-f7567f52aac4da1f)
[INFO] [stdout] 
[INFO] [stdout] running 35 tests
[INFO] [stdout] test keys::tests::generated_private_key_is_32_bytes_base64 ... ok
[INFO] [stdout] test manifest::tests::a_node_never_lists_itself_as_a_peer ... ok
[INFO] [stdout] test manifest::tests::duplicate_addresses_are_rejected ... ok
[INFO] [stdout] test manifest::tests::add_rejects_duplicate_name_and_address ... ok
[INFO] [stdout] test manifest::tests::missing_private_key_leaves_a_placeholder_not_a_crash ... ok
[INFO] [stdout] test manifest::tests::interface_carries_private_key_and_postup_when_present ... ok
[INFO] [stdout] test manifest::tests::overrides_emit_full_tunnel_dns_and_keepalive ... ok
[INFO] [stdout] test manifest::tests::peer_allowed_ips_are_slash_32 ... ok
[INFO] [stdout] test manifest::tests::remove_unknown_node_errors ... ok
[INFO] [stdout] test keys::tests::bad_key_gives_a_helpful_error ... ok
[INFO] [stdout] test registry::tests::effective_falls_back_to_default_dir_when_empty ... ok
[INFO] [stdout] test manifest::tests::duplicate_names_are_rejected ... ok
[INFO] [stdout] test keys::tests::generated_private_key_is_clamped ... ok
[INFO] [stdout] test commands::qr::tests::qr_config_generates_a_node_from_the_manifest ... ok
[INFO] [stdout] test keys::tests::psk_is_32_bytes_base64 ... ok
[INFO] [stdout] test commands::qr::tests::qr_config_reads_an_existing_conf_file ... ok
[INFO] [stdout] test registry::tests::remove_reports_whether_it_existed ... ok
[INFO] [stdout] test registry::tests::load_missing_file_is_empty_not_error ... ok
[INFO] [stdout] test keys::tests::public_key_derivation_is_deterministic ... ok
[INFO] [stdout] test keys::tests::known_pair_matches_wireguard ... ok
[INFO] [stdout] test commands::qr::tests::qr_config_unknown_target_errors ... ok
[INFO] [stdout] test manifest::tests::save_load_roundtrip_preserves_nodes_and_omits_empty_fields ... ok
[INFO] [stdout] test registry::tests::add_is_idempotent ... ok
[INFO] [stdout] test tui::tests::live_status_expires ... ok
[INFO] [stdout] test tui::tests::next_address_picks_the_first_free_ip ... ok
[INFO] [stdout] test wg::tests::interfaces_all_unreadable_dirs_report_sudo ... ok
[INFO] [stdout] test selfcmd::tests::a_newer_release_is_recognised_field_by_field ... ok
[INFO] [stdout] test wg::tests::valid_iface_name_accepts_and_rejects ... ok
[INFO] [stdout] test wg::tests::parse_interfaces_splits_on_whitespace ... ok
[INFO] [stdout] test registry::tests::save_then_load_roundtrips ... ok
[INFO] [stdout] test wg::tests::find_locates_a_config_in_the_first_matching_dir ... ok
[INFO] [stdout] test tui::clipboard::tests::base64_matches_known_vectors ... ok
[INFO] [stdout] test wg::tests::validate_config_accepts_a_real_config_and_flags_problems ... ok
[INFO] [stdout] test wg::tests::earlier_dir_shadows_a_duplicate_name ... ok
[INFO] [stdout] test wg::tests::interfaces_lists_conf_files_across_dirs_sorted ... ok
[INFO] [stdout] 
[INFO] [stdout] test result: ok. 35 passed; 0 failed; 0 ignored; 0 measured; 0 filtered out; finished in 0.01s
[INFO] [stdout] 
[INFO] [stderr]      Running tests/cli.rs (/opt/rustwide/target/release/build/easywireguard/5e48deb17997c289/out/cli-5e48deb17997c289)
[INFO] [stdout] 
[INFO] [stdout] running 14 tests
[INFO] [stdout] test list_shows_all_confs_with_state ... ok
[INFO] [stdout] test dir_can_come_from_the_env ... ok
[INFO] [stdout] test status_shows_only_up_interfaces ... ok
[INFO] [stdout] test gen_writes_one_conf_per_node_minus_self ... ok
[INFO] [stdout] test bad_pubkey_input_is_a_clean_error_not_a_panic ... ok
[INFO] [stdout] test gen_on_missing_manifest_explains_itself ... ok
[INFO] [stdout] test duplicate_address_manifest_is_rejected_with_reason ... ok
[INFO] [stdout] test check_reports_ok_and_fails_on_a_broken_config ... ok
[INFO] [stdout] test status_json_never_asks_for_sudo_and_prints_an_array ... FAILED
[INFO] [stdout] test key_prints_a_matching_pair ... ok
[INFO] [stdout] test ls_is_an_alias_for_list_everywhere ... ok
[INFO] [stdout] test mesh_add_rejects_duplicate_address ... ok
[INFO] [stdout] test mesh_add_list_rm_gen_and_json ... ok
[INFO] [stdout] test dir_add_list_rm_roundtrip ... ok
[INFO] [stdout] 
[INFO] [stdout] failures:
[INFO] [stdout] 
[INFO] [stdout] ---- status_json_never_asks_for_sudo_and_prints_an_array stdout ----
[INFO] [stdout] 
[INFO] [stdout] thread 'status_json_never_asks_for_sudo_and_prints_an_array' (2029) panicked at tests/cli.rs:247:5:
[INFO] [stdout] plain `status` must reach for sudo on an unreadable dir, or this test proves nothing
[INFO] [stdout] stderr: 
[INFO] [stdout] stack backtrace:
[INFO] [stdout]    0:     0x5fcce266e211 - <<std[617be2ca0a6fd877]::sys::backtrace::BacktraceLock>::print::DisplayBacktrace as core[a373ad73a504971]::fmt::Display>::fmt
[INFO] [stdout]    1:     0x5fcce2682c6a - core[a373ad73a504971]::fmt::write
[INFO] [stdout]    2:     0x5fcce26726ac - <alloc[2e1b2a31b91974c5]::vec::Vec<u8> as core[a373ad73a504971]::io::write::Write>::write_fmt
[INFO] [stdout]    3:     0x5fcce2648216 - std[617be2ca0a6fd877]::panicking::default_hook::{closure#0}
[INFO] [stdout]    4:     0x5fcce2665a29 - std[617be2ca0a6fd877]::panicking::default_hook
[INFO] [stdout]    5:     0x5fcce25ffbb0 - test[aada8e7e76ba119b]::test_main_inner::{closure#0}
[INFO] [stdout]    6:     0x5fcce2665be2 - std[617be2ca0a6fd877]::panicking::panic_with_hook
[INFO] [stdout]    7:     0x5fcce26482c2 - std[617be2ca0a6fd877]::panicking::panic_handler::{closure#0}
[INFO] [stdout]    8:     0x5fcce2640d29 - std[617be2ca0a6fd877]::sys::backtrace::__rust_end_short_backtrace::<std[617be2ca0a6fd877]::panicking::panic_handler::{closure#0}, !>
[INFO] [stdout]    9:     0x5fcce2648f8d - __rustc[ea4f61d10b84890b]::rust_begin_unwind
[INFO] [stdout]   10:     0x5fcce268339c - core[a373ad73a504971]::panicking::panic_fmt
[INFO] [stdout]   11:     0x5fcce25e4755 - <cli[17facf864f2027bd]::status_json_never_asks_for_sudo_and_prints_an_array::{closure#0} as core[a373ad73a504971]::ops::function::FnOnce<()>>::call_once
[INFO] [stdout]   12:     0x5fcce25f2ffb - test[aada8e7e76ba119b]::__rust_begin_short_backtrace::<core[a373ad73a504971]::result::Result<(), alloc[2e1b2a31b91974c5]::string::String>, fn() -> core[a373ad73a504971]::result::Result<(), alloc[2e1b2a31b91974c5]::string::String>>
[INFO] [stdout]   13:     0x5fcce26001d5 - test[aada8e7e76ba119b]::run_test::{closure#0}
[INFO] [stdout]   14:     0x5fcce25f9ac4 - std[617be2ca0a6fd877]::sys::backtrace::__rust_begin_short_backtrace::<test[aada8e7e76ba119b]::run_test::{closure#1}, ()>
[INFO] [stdout]   15:     0x5fcce2603262 - <std[617be2ca0a6fd877]::thread::lifecycle::spawn_unchecked<test[aada8e7e76ba119b]::run_test::{closure#1}, ()>::{closure#1} as core[a373ad73a504971]::ops::function::FnOnce<()>>::call_once::{shim:vtable#0}
[INFO] [stdout]   16:     0x5fcce266d52f - <std[617be2ca0a6fd877]::sys::thread::unix::Thread>::new::thread_start
[INFO] [stdout]   17:     0x7c0619bc2dfa - <unknown>
[INFO] [stdout]   18:     0x7c0619c563d4 - clone
[INFO] [stdout]   19:                0x0 - <unknown>
[INFO] [stdout] 
[INFO] [stdout] 
[INFO] [stdout] failures:
[INFO] [stdout]     status_json_never_asks_for_sudo_and_prints_an_array
[INFO] [stdout] 
[INFO] [stdout] test result: FAILED. 13 passed; 1 failed; 0 ignored; 0 measured; 0 filtered out; finished in 0.09s
[INFO] [stdout] 
[INFO] [stderr] error: test failed, to rerun pass `--test cli`
[INFO] running `Command { std: "docker" "inspect" "879cea25175ad52304d717105b6fef6728551eba7c6c463fca16a2cb6e217db5", kill_on_drop: false }`
[INFO] running `Command { std: "docker" "rm" "-f" "879cea25175ad52304d717105b6fef6728551eba7c6c463fca16a2cb6e217db5", kill_on_drop: false }`
[INFO] [stdout] 879cea25175ad52304d717105b6fef6728551eba7c6c463fca16a2cb6e217db5
