[INFO] fetching crate easy_fuser 0.7.1...
[INFO] testing easy_fuser-0.7.1 against 1.99.0-beta.8+cargoflags=--release for beta-release-1.100-2
[INFO] extracting crate easy_fuser 0.7.1 into /workspace/builds/worker-5-tc1/source
[INFO] started tweaking crates.io crate easy_fuser 0.7.1
[INFO] removed 0 missing tests
[INFO] finished tweaking crates.io crate easy_fuser 0.7.1
[INFO] tweaked toml for crates.io crate easy_fuser 0.7.1 written to /workspace/builds/worker-5-tc1/source/Cargo.toml
[INFO] validating manifest of crates.io crate easy_fuser 0.7.1 on toolchain 1.99.0-beta.8
[INFO] running `Command { std: CARGO_HOME="/workspace/cargo-home" RUSTUP_HOME="/workspace/rustup-home" "/workspace/cargo-home/bin/cargo" "+1.99.0-beta.8" "metadata" "--manifest-path" "Cargo.toml" "--no-deps", kill_on_drop: false }`
[INFO] crate crates.io crate easy_fuser 0.7.1 already has a lockfile, it will not be regenerated
[INFO] running `Command { std: CARGO_HOME="/workspace/cargo-home" RUSTUP_HOME="/workspace/rustup-home" "/workspace/cargo-home/bin/cargo" "+1.99.0-beta.8" "fetch" "--manifest-path" "Cargo.toml", kill_on_drop: false }`
[INFO] [stderr]     Updating crates.io index
[INFO] [stderr]  Downloading crates ...
[INFO] [stderr]   Downloaded io-uring v0.7.15
[INFO] [stderr]   Downloaded jiff-static v0.2.37
[INFO] [stderr]   Downloaded ref-cast-impl v1.0.27
[INFO] [stderr]   Downloaded ref-cast v1.0.27
[INFO] [stderr]   Downloaded askama_macros v0.16.1
[INFO] [stderr]   Downloaded easy_fuser_macro v0.2.0
[INFO] [stderr]   Downloaded hermit-abi v0.5.3
[INFO] [stderr]   Downloaded either v1.18.0
[INFO] [stderr]   Downloaded rustc-hash v2.1.3
[INFO] [stderr]   Downloaded glob v0.3.4
[INFO] [stderr]   Downloaded toml_parser v1.1.3+spec-1.1.0
[INFO] [stderr]   Downloaded basic-toml v0.1.10
[INFO] [stderr]   Downloaded askama v0.16.1
[INFO] [stderr]   Downloaded toml_edit v0.25.15+spec-1.1.0
[INFO] [stderr]   Downloaded askama_parser v0.16.1
[INFO] [stderr]   Downloaded portable-atomic-util v0.2.8
[INFO] [stderr]   Downloaded askama_derive v0.16.1
[INFO] [stderr]   Downloaded fuser v0.18.0
[INFO] [stderr]   Downloaded jiff-core v0.1.1
[INFO] [stderr]   Downloaded zerocopy-derive v0.8.59
[INFO] [stderr]   Downloaded zerocopy v0.8.59
[INFO] [stderr]   Downloaded rustix v1.1.5
[INFO] [stderr]   Downloaded petgraph v0.6.5
[INFO] [stderr]   Downloaded jiff v0.2.37
[INFO] running `Command { std: "docker" "create" "-v" "/var/lib/crater-agent-workspace/builds/worker-5-tc1/source:/opt/rustwide/workdir:ro,Z" "-v" "/var/lib/crater-agent-workspace/builds/worker-5-tc1/target:/opt/rustwide/target:rw,Z" "-v" "/var/lib/crater-agent-workspace/cargo-home:/opt/rustwide/cargo-home:ro,Z" "-v" "/var/lib/crater-agent-workspace/rustup-home:/opt/rustwide/rustup-home:ro,Z" "-m" "1610612736" "--network" "none" "ghcr.io/rust-lang/crates-build-env/linux@sha256:77db811e55d90add9212f6832c23229e3de5f1c1f9905e8cb07319ea15df73ac" "sleep" "infinity", kill_on_drop: false }`
[INFO] [stdout] 469b52773b1d6d278c210985059f42e29743390fe5cb62c9eb147fb7e74598e1
[INFO] running `Command { std: "docker" "start" "469b52773b1d6d278c210985059f42e29743390fe5cb62c9eb147fb7e74598e1", kill_on_drop: false }`
[INFO] running `Command { std: "docker" "inspect" "469b52773b1d6d278c210985059f42e29743390fe5cb62c9eb147fb7e74598e1", kill_on_drop: false }`
[INFO] running `Command { std: "docker" "exec" "-e" "SOURCE_DIR=/opt/rustwide/workdir" "-e" "CARGO_HOME=/opt/rustwide/cargo-home" "-e" "RUSTUP_HOME=/opt/rustwide/rustup-home" "-e" "CARGO_TARGET_DIR=/opt/rustwide/target" "-w" "/opt/rustwide/workdir" "--user" "0:0" "469b52773b1d6d278c210985059f42e29743390fe5cb62c9eb147fb7e74598e1" "/opt/rustwide/cargo-home/bin/cargo" "+1.99.0-beta.8" "metadata" "--no-deps" "--format-version=1", kill_on_drop: false }`
[INFO] running `Command { std: "docker" "inspect" "469b52773b1d6d278c210985059f42e29743390fe5cb62c9eb147fb7e74598e1", kill_on_drop: false }`
[INFO] running `Command { std: "docker" "exec" "-e" "SOURCE_DIR=/opt/rustwide/workdir" "-e" "CARGO_HOME=/opt/rustwide/cargo-home" "-e" "RUSTUP_HOME=/opt/rustwide/rustup-home" "-e" "CARGO_TARGET_DIR=/opt/rustwide/target" "-e" "CARGO_INCREMENTAL=0" "-e" "RUST_BACKTRACE=full" "-e" "RUSTFLAGS=--cap-lints=warn" "-e" "RUSTDOCFLAGS=--cap-lints=warn" "-w" "/opt/rustwide/workdir" "--user" "0:0" "469b52773b1d6d278c210985059f42e29743390fe5cb62c9eb147fb7e74598e1" "/opt/rustwide/cargo-home/bin/cargo" "+1.99.0-beta.8" "build" "--frozen" "--message-format=json" "--release", kill_on_drop: false }`
[INFO] [stderr]    Compiling unicode-ident v1.0.26
[INFO] [stderr]    Compiling libc v0.2.189
[INFO] [stderr]    Compiling memchr v2.8.3
[INFO] [stderr]    Compiling serde_core v1.0.229
[INFO] [stderr]    Compiling serde v1.0.229
[INFO] [stderr]    Compiling rustc-hash v2.1.3
[INFO] [stderr]    Compiling hashbrown v0.17.1
[INFO] [stderr]    Compiling cfg-if v1.0.5
[INFO] [stderr]    Compiling glob v0.3.4
[INFO] [stderr]    Compiling parking_lot_core v0.9.12
[INFO] [stderr]    Compiling rustversion v1.0.23
[INFO] [stderr]    Compiling smallvec v1.16.2
[INFO] [stderr]    Compiling memoffset v0.9.1
[INFO] [stderr]    Compiling cfg_aliases v0.2.2
[INFO] [stderr]    Compiling scopeguard v1.2.0
[INFO] [stderr]    Compiling pkg-config v0.3.34
[INFO] [stderr]    Compiling nix v0.31.3
[INFO] [stderr]    Compiling percent-encoding v2.3.2
[INFO] [stderr]    Compiling lock_api v0.4.14
[INFO] [stderr]    Compiling proc-macro2 v1.0.107
[INFO] [stderr]    Compiling itoa v1.0.18
[INFO] [stderr]    Compiling zerocopy v0.8.59
[INFO] [stderr]    Compiling ref-cast v1.0.27
[INFO] [stderr]    Compiling bitflags v2.13.2
[INFO] [stderr]    Compiling pin-project-lite v0.2.17
[INFO] [stderr]    Compiling log v0.4.34
[INFO] [stderr]    Compiling bytes v1.12.1
[INFO] [stderr]    Compiling either v1.18.0
[INFO] [stderr]    Compiling fuser v0.18.0
[INFO] [stderr]    Compiling quote v1.0.47
[INFO] [stderr]    Compiling indexmap v2.14.2
[INFO] [stderr]    Compiling syn v3.0.6
[INFO] [stderr]    Compiling syn v2.0.119
[INFO] [stderr]    Compiling winnow v1.0.4
[INFO] [stderr]    Compiling toml_parser v1.1.3+spec-1.1.0
[INFO] [stderr]    Compiling toml_edit v0.25.15+spec-1.1.0
[INFO] [stderr]    Compiling errno v0.3.14
[INFO] [stderr]    Compiling page_size v0.6.0
[INFO] [stderr]    Compiling mio v1.2.3
[INFO] [stderr]    Compiling socket2 v0.6.5
[INFO] [stderr]    Compiling num_cpus v1.17.0
[INFO] [stderr]    Compiling signal-hook-registry v1.4.8
[INFO] [stderr]    Compiling parking_lot v0.12.5
[INFO] [stderr]    Compiling threadpool v1.8.1
[INFO] [stderr]    Compiling proc-macro-crate v3.5.0
[INFO] [stderr]    Compiling basic-toml v0.1.10
[INFO] [stderr]    Compiling serde_derive v1.0.229
[INFO] [stderr]    Compiling ref-cast-impl v1.0.27
[INFO] [stderr]    Compiling tokio-macros v2.7.2
[INFO] [stderr]    Compiling easy_fuser_macro v0.2.0
[INFO] [stderr]    Compiling async-trait v0.1.92
[INFO] [stderr]    Compiling zerocopy-derive v0.8.59
[INFO] [stderr]    Compiling num_enum_derive v0.7.6
[INFO] [stderr]    Compiling tokio v1.53.1
[INFO] [stderr]    Compiling num_enum v0.7.6
[INFO] [stderr]    Compiling askama_parser v0.16.1
[INFO] [stderr]    Compiling askama_derive v0.16.1
[INFO] [stderr]    Compiling askama_macros v0.16.1
[INFO] [stderr]    Compiling askama v0.16.1
[INFO] [stderr]    Compiling easy_fuser v0.7.1 (/opt/rustwide/workdir)
[INFO] [stdout] warning: use of deprecated method `std::sync::atomic::Atomic::<u64>::fetch_update`: renamed to `try_update` for consistency
[INFO] [stdout]    --> src/inode_mapping/resolver.rs:335:14
[INFO] [stdout]     |
[INFO] [stdout] 335 |             .fetch_update(Ordering::SeqCst, Ordering::SeqCst, |count| {
[INFO] [stdout]     |              ^^^^^^^^^^^^
[INFO] [stdout]     |
[INFO] [stdout]     = note: `#[warn(deprecated)]` on by default
[INFO] [stdout] help: replace the use of the deprecated method
[INFO] [stdout]     |
[INFO] [stdout] 335 -             .fetch_update(Ordering::SeqCst, Ordering::SeqCst, |count| {
[INFO] [stdout] 335 +             .try_update(Ordering::SeqCst, Ordering::SeqCst, |count| {
[INFO] [stdout]     |
[INFO] [stdout] 
[INFO] [stdout] 
[INFO] [stdout] warning: use of deprecated method `std::sync::atomic::Atomic::<u64>::fetch_update`: renamed to `try_update` for consistency
[INFO] [stdout]    --> src/inode_mapping/resolver.rs:502:14
[INFO] [stdout]     |
[INFO] [stdout] 502 |             .fetch_update(Ordering::SeqCst, Ordering::SeqCst, |count| {
[INFO] [stdout]     |              ^^^^^^^^^^^^
[INFO] [stdout]     |
[INFO] [stdout] help: replace the use of the deprecated method
[INFO] [stdout]     |
[INFO] [stdout] 502 -             .fetch_update(Ordering::SeqCst, Ordering::SeqCst, |count| {
[INFO] [stdout] 502 +             .try_update(Ordering::SeqCst, Ordering::SeqCst, |count| {
[INFO] [stdout]     |
[INFO] [stdout] 
[INFO] [stdout] 
[INFO] [stderr]     Finished `release` profile [optimized] target(s) in 56.39s
[INFO] running `Command { std: "docker" "inspect" "469b52773b1d6d278c210985059f42e29743390fe5cb62c9eb147fb7e74598e1", kill_on_drop: false }`
[INFO] running `Command { std: "docker" "exec" "-e" "SOURCE_DIR=/opt/rustwide/workdir" "-e" "CARGO_HOME=/opt/rustwide/cargo-home" "-e" "RUSTUP_HOME=/opt/rustwide/rustup-home" "-e" "CARGO_TARGET_DIR=/opt/rustwide/target" "-e" "CARGO_INCREMENTAL=0" "-e" "RUST_BACKTRACE=full" "-e" "RUSTFLAGS=--cap-lints=warn" "-e" "RUSTDOCFLAGS=--cap-lints=warn" "-w" "/opt/rustwide/workdir" "--user" "0:0" "469b52773b1d6d278c210985059f42e29743390fe5cb62c9eb147fb7e74598e1" "/opt/rustwide/cargo-home/bin/cargo" "+1.99.0-beta.8" "test" "--frozen" "--no-run" "--message-format=json" "--release", kill_on_drop: false }`
[INFO] [stderr]    Compiling bitflags v2.13.2
[INFO] [stderr]    Compiling aho-corasick v1.1.5
[INFO] [stderr]    Compiling regex-syntax v0.8.11
[INFO] [stderr]    Compiling log v0.4.34
[INFO] [stderr]    Compiling utf8parse v0.2.2
[INFO] [stderr]    Compiling getrandom v0.4.3
[INFO] [stderr]    Compiling rustix v1.1.5
[INFO] [stderr]    Compiling is_terminal_polyfill v1.70.2
[INFO] [stderr]    Compiling linux-raw-sys v0.12.1
[INFO] [stderr]    Compiling colorchoice v1.0.5
[INFO] [stderr]    Compiling anstyle-query v1.1.5
[INFO] [stderr]    Compiling jiff-core v0.1.1
[INFO] [stderr]    Compiling anstyle v1.0.14
[INFO] [stderr]    Compiling once_cell v1.21.4
[INFO] [stderr]    Compiling fastrand v2.5.0
[INFO] [stderr]    Compiling anstyle-parse v1.0.0
[INFO] [stderr]    Compiling nix v0.31.3
[INFO] [stderr]    Compiling anstream v1.0.0
[INFO] [stderr]    Compiling jiff v0.2.37
[INFO] [stderr]    Compiling regex-automata v0.4.18
[INFO] [stderr]    Compiling tempfile v3.27.0
[INFO] [stderr]    Compiling fuser v0.18.0
[INFO] [stderr]    Compiling regex v1.13.1
[INFO] [stderr]    Compiling env_filter v2.0.0
[INFO] [stderr]    Compiling env_logger v0.11.11
[INFO] [stderr]    Compiling easy_fuser v0.7.1 (/opt/rustwide/workdir)
[INFO] [stdout] warning: use of deprecated method `std::sync::atomic::Atomic::<u64>::fetch_update`: renamed to `try_update` for consistency
[INFO] [stdout]    --> src/inode_mapping/resolver.rs:335:14
[INFO] [stdout]     |
[INFO] [stdout] 335 |             .fetch_update(Ordering::SeqCst, Ordering::SeqCst, |count| {
[INFO] [stdout]     |              ^^^^^^^^^^^^
[INFO] [stdout]     |
[INFO] [stdout]     = note: `#[warn(deprecated)]` on by default
[INFO] [stdout] help: replace the use of the deprecated method
[INFO] [stdout]     |
[INFO] [stdout] 335 -             .fetch_update(Ordering::SeqCst, Ordering::SeqCst, |count| {
[INFO] [stdout] 335 +             .try_update(Ordering::SeqCst, Ordering::SeqCst, |count| {
[INFO] [stdout]     |
[INFO] [stdout] 
[INFO] [stdout] 
[INFO] [stdout] warning: use of deprecated method `std::sync::atomic::Atomic::<u64>::fetch_update`: renamed to `try_update` for consistency
[INFO] [stdout]    --> src/inode_mapping/resolver.rs:502:14
[INFO] [stdout]     |
[INFO] [stdout] 502 |             .fetch_update(Ordering::SeqCst, Ordering::SeqCst, |count| {
[INFO] [stdout]     |              ^^^^^^^^^^^^
[INFO] [stdout]     |
[INFO] [stdout] help: replace the use of the deprecated method
[INFO] [stdout]     |
[INFO] [stdout] 502 -             .fetch_update(Ordering::SeqCst, Ordering::SeqCst, |count| {
[INFO] [stdout] 502 +             .try_update(Ordering::SeqCst, Ordering::SeqCst, |count| {
[INFO] [stdout]     |
[INFO] [stdout] 
[INFO] [stdout] 
[INFO] [stdout] warning: use of deprecated method `std::sync::atomic::Atomic::<u64>::fetch_update`: renamed to `try_update` for consistency
[INFO] [stdout]    --> src/inode_mapping/resolver.rs:335:14
[INFO] [stdout]     |
[INFO] [stdout] 335 |             .fetch_update(Ordering::SeqCst, Ordering::SeqCst, |count| {
[INFO] [stdout]     |              ^^^^^^^^^^^^
[INFO] [stdout]     |
[INFO] [stdout]     = note: `#[warn(deprecated)]` on by default
[INFO] [stdout] help: replace the use of the deprecated method
[INFO] [stdout]     |
[INFO] [stdout] 335 -             .fetch_update(Ordering::SeqCst, Ordering::SeqCst, |count| {
[INFO] [stdout] 335 +             .try_update(Ordering::SeqCst, Ordering::SeqCst, |count| {
[INFO] [stdout]     |
[INFO] [stdout] 
[INFO] [stdout] 
[INFO] [stdout] warning: use of deprecated method `std::sync::atomic::Atomic::<u64>::fetch_update`: renamed to `try_update` for consistency
[INFO] [stdout]    --> src/inode_mapping/resolver.rs:502:14
[INFO] [stdout]     |
[INFO] [stdout] 502 |             .fetch_update(Ordering::SeqCst, Ordering::SeqCst, |count| {
[INFO] [stdout]     |              ^^^^^^^^^^^^
[INFO] [stdout]     |
[INFO] [stdout] help: replace the use of the deprecated method
[INFO] [stdout]     |
[INFO] [stdout] 502 -             .fetch_update(Ordering::SeqCst, Ordering::SeqCst, |count| {
[INFO] [stdout] 502 +             .try_update(Ordering::SeqCst, Ordering::SeqCst, |count| {
[INFO] [stdout]     |
[INFO] [stdout] 
[INFO] [stdout] 
[INFO] [stderr]     Finished `release` profile [optimized] target(s) in 1m 30s
[INFO] running `Command { std: "docker" "inspect" "469b52773b1d6d278c210985059f42e29743390fe5cb62c9eb147fb7e74598e1", kill_on_drop: false }`
[INFO] running `Command { std: "docker" "exec" "-e" "SOURCE_DIR=/opt/rustwide/workdir" "-e" "CARGO_HOME=/opt/rustwide/cargo-home" "-e" "RUSTUP_HOME=/opt/rustwide/rustup-home" "-e" "CARGO_TARGET_DIR=/opt/rustwide/target" "-e" "CARGO_INCREMENTAL=0" "-e" "RUST_BACKTRACE=full" "-e" "RUSTFLAGS=--cap-lints=warn" "-e" "RUSTDOCFLAGS=--cap-lints=warn" "-w" "/opt/rustwide/workdir" "--user" "0:0" "469b52773b1d6d278c210985059f42e29743390fe5cb62c9eb147fb7e74598e1" "/opt/rustwide/cargo-home/bin/cargo" "+1.99.0-beta.8" "test" "--frozen" "--release", kill_on_drop: false }`
[INFO] [stderr] warning: use of deprecated method `std::sync::atomic::Atomic::<u64>::fetch_update`: renamed to `try_update` for consistency
[INFO] [stderr]    --> src/inode_mapping/resolver.rs:335:14
[INFO] [stderr]     |
[INFO] [stderr] 335 |             .fetch_update(Ordering::SeqCst, Ordering::SeqCst, |count| {
[INFO] [stderr]     |              ^^^^^^^^^^^^
[INFO] [stderr]     |
[INFO] [stderr]     = note: `#[warn(deprecated)]` on by default
[INFO] [stderr] help: replace the use of the deprecated method
[INFO] [stderr]     |
[INFO] [stderr] 335 -             .fetch_update(Ordering::SeqCst, Ordering::SeqCst, |count| {
[INFO] [stderr] 335 +             .try_update(Ordering::SeqCst, Ordering::SeqCst, |count| {
[INFO] [stderr]     |
[INFO] [stderr] 
[INFO] [stderr] warning: use of deprecated method `std::sync::atomic::Atomic::<u64>::fetch_update`: renamed to `try_update` for consistency
[INFO] [stderr]    --> src/inode_mapping/resolver.rs:502:14
[INFO] [stderr]     |
[INFO] [stderr] 502 |             .fetch_update(Ordering::SeqCst, Ordering::SeqCst, |count| {
[INFO] [stderr]     |              ^^^^^^^^^^^^
[INFO] [stderr]     |
[INFO] [stderr] help: replace the use of the deprecated method
[INFO] [stderr]     |
[INFO] [stderr] 502 -             .fetch_update(Ordering::SeqCst, Ordering::SeqCst, |count| {
[INFO] [stderr] 502 +             .try_update(Ordering::SeqCst, Ordering::SeqCst, |count| {
[INFO] [stderr]     |
[INFO] [stderr] 
[INFO] [stderr] warning: `easy_fuser` (lib) generated 2 warnings (run `cargo fix --lib -p easy_fuser` to apply 2 suggestions)
[INFO] [stderr] warning: `easy_fuser` (lib test) generated 2 warnings (2 duplicates)
[INFO] [stderr]     Finished `release` profile [optimized] target(s) in 0.15s
[INFO] [stderr]      Running unittests src/lib.rs (/opt/rustwide/target/release/deps/easy_fuser-6f893f9eb1291752)
[INFO] [stdout] 
[INFO] [stdout] running 70 tests
[INFO] [stdout] test core::dir_map_iter::tests::continuations_are_scoped_by_inode_and_offset ... ok
[INFO] [stdout] test fuse_presets::file_descriptor_handler::tests::missing_resource_returns_bad_file_descriptor ... ok
[INFO] [stdout] test fuse_parallel::fuse_driver::file_handle_table::typed_file_handle_table_tests::ids_keep_independent_mutable_resources_and_release_once ... ok
[INFO] [stdout] test fuse_async::fuse_driver::file_handle_table::typed_file_handle_table_tests::async_mode_locks_per_handle_and_serializes_the_same_handle ... ok
[INFO] [stdout] test fuse_async::fuse_driver::file_handle_table::typed_file_handle_table_tests::ids_keep_independent_mutable_resources_and_release_once ... ok
[INFO] [stdout] test core::dir_map_iter::tests::offsets_identify_the_next_entry ... ok
[INFO] [stdout] test core::dir_map_iter::tests::rejected_entry_is_returned_on_resume ... ok
[INFO] [stdout] test inode_mapping::mapper::tests::test_batch_insert_large_entries_varying_depths ... ok
[INFO] [stdout] test inode_mapping::mapper::tests::test_insert_child_returns_old_inode ... ok
[INFO] [stdout] test fuse_presets::overlay_fs::tests::paths_cannot_escape_the_overlay_root ... ok
[INFO] [stdout] test inode_mapping::mapper::tests::test_insert_multiple_children ... ok
[INFO] [stdout] test inode_mapping::mapper::tests::test_remove_cascading ... ok
[INFO] [stdout] test inode_mapping::mapper::tests::test_rename_child_inode ... ok
[INFO] [stdout] test inode_mapping::mapper::tests::test_rename_child_inode_into_empty_dir_inode ... ok
[INFO] [stdout] test inode_mapping::mapper::tests::resolve_first_uses_a_path_with_reachable_parents ... ok
[INFO] [stdout] test inode_mapping::mapper::tests::test_rename_non_existent_child ... ok
[INFO] [stdout] test inode_mapping::mapper::tests::test_resolve_inode_to_full_path ... ok
[INFO] [stdout] test inode_mapping::resolver::benchmarks::benchmark_id_resolution_costs ... ignored, manual performance benchmark
[INFO] [stdout] test inode_mapping::resolver::benchmarks::benchmark_request_paths ... ignored, manual performance benchmark
[INFO] [stdout] test fuse_serial::fuse_driver::file_handle_table::typed_file_handle_table_tests::ids_keep_independent_mutable_resources_and_release_once ... ok
[INFO] [stdout] test core::dir_map_iter::tests::continuation_is_consumed_when_resumed ... ok
[INFO] [stdout] test inode_mapping::mapper::tests::test_should_not_prematurely_purge_old_inode_after_renaming ... ok
[INFO] [stdout] test inode_mapping::mapper::tests::test_resolve_invalid_inode ... ok
[INFO] [stdout] test inode_mapping::resolver::tests::forgotten_parent_is_released_after_its_last_child ... ok
[INFO] [stdout] test inode_mapping::resolver::tests::forgotten_parent_still_resolves_registered_link ... ok
[INFO] [stdout] test fuse_presets::overlay_fs::tests::lookup_prefers_upper_then_ordered_lowers_and_merges_directories ... ok
[INFO] [stdout] test inode_mapping::resolver::tests::partial_forget_keeps_path_mapping ... ok
[INFO] [stdout] test inode_mapping::mapper::tests::prune_keeps_referenced_descendants_of_forgotten_directory ... ok
[INFO] [stdout] test inode_mapping::resolver::tests::path_resolver_keeps_last_path_after_unlink ... ok
[INFO] [stdout] test fuse_parallel::fuse_driver::file_handle_table::typed_file_handle_table_tests::parallel_mode_locks_per_handle_and_serializes_the_same_handle ... ok
[INFO] [stdout] test inode_mapping::mapper::tests::test_prune_inodes ... ok
[INFO] [stdout] test inode_mapping::resolver::tests::forgotten_parent_drops_unreferenced_cached_children ... ok
[INFO] [stdout] test fuse_presets::overlay_fs::tests::unlink_persists_a_whiteout_across_reopen ... ok
[INFO] [stdout] test fuse_presets::overlay_fs::tests::linking_a_lower_file_copies_it_up_and_creates_an_upper_hard_link ... ok
[INFO] [stdout] test fuse_presets::overlay_fs::tests::copy_up_changes_only_the_upper_layer ... ok
[INFO] [stdout] test fuse_presets::overlay_fs::tests::upper_directory_over_a_lower_file_can_be_renamed ... ok
[INFO] [stdout] test fuse_presets::overlay_fs::tests::renaming_a_lower_file_copies_it_up_and_hides_the_old_name ... ok
[INFO] [stdout] test inode_mapping::resolver::tests::final_forget_releases_path_mapping ... ok
[INFO] [stdout] test inode_mapping::mapper::tests::link_and_exchange_keep_each_inode_links_consistent ... ok
[INFO] [stdout] test inode_mapping::resolver::tests::test_components_resolver_prune_panics_on_resolved_deleted - should panic ... ok
[INFO] [stdout] test inode_mapping::resolver::tests::test_path_resolver ... ok
[INFO] [stdout] test inode_mapping::resolver::tests::queued_request_finishes_before_mapping_is_retired ... ok
[INFO] [stdout] test inode_mapping::resolver::tests::registered_links_keep_one_inode_through_forget_and_unlink ... ok
[INFO] [stdout] test inode_mapping::resolver::tests::rename_over_other_inode_removes_only_destination_name ... ok
[INFO] [stdout] test inode_mapping::resolver::tests::retired_generations_are_released_in_order ... ok
[INFO] [stdout] test inode_mapping::resolver::tests::test_components_resolver ... ok
[INFO] [stdout] test inode_mapping::resolver::tests::overwritten_destination_survives_until_final_forget ... ok
[INFO] [stdout] test inode_mapping::resolver::tests::unrelated_lookup_does_not_claim_existing_inode ... ok
[INFO] [stdout] test types::arguments::device_type_tests::device_numbers_round_trip ... ok
[INFO] [stdout] test types::arguments::device_type_tests::non_device_uses_file_kind_and_has_no_rdev ... ok
[INFO] [stdout] test inode_mapping::resolver::tests::test_path_resolver_back_and_forth_rename ... ok
[INFO] [stdout] test types::errors::tests::test_error_kind_roundtrip ... ok
[INFO] [stdout] test unix_fs::tests::test_cstring_from_path ... ok
[INFO] [stdout] test unix_fs::tests::test_statfs ... ok
[INFO] [stdout] test unix_fs::tests::test_convert_filetype ... ok
[INFO] [stdout] test inode_mapping::resolver::tests::concurrent_lookup_counts_every_reference ... ok
[INFO] [stdout] test unix_fs::tests::test_rename ... ok
[INFO] [stdout] test unix_fs::tests::test_mkdir_and_rmdir ... ok
[INFO] [stdout] test unix_fs::tests::test_open ... ok
[INFO] [stdout] test unix_fs::tests::test_write ... ok
[INFO] [stdout] test unix_fs::tests::test_readdir ... ok
[INFO] [stdout] test unix_fs::tests::test_get_attr ... ok
[INFO] [stdout] test unix_fs::tests::test_unlink ... ok
[INFO] [stdout] test unix_fs::tests::test_lseek ... ok
[INFO] [stdout] test unix_fs::tests::test_read ... ok
[INFO] [stdout] test unix_fs::tests::mode_to_kind_uses_file_type_bits ... ok
[INFO] [stdout] test unix_fs::tests::test_symlink ... ok
[INFO] [stdout] test unix_fs::tests::test_readlink ... ok
[INFO] [stdout] test unix_fs::tests::test_convert_fileattribute ... ok
[INFO] [stdout] test unix_fs::tests::test_system_time_to_timespec ... ok
[INFO] [stdout] 
[INFO] [stdout] test result: ok. 68 passed; 0 failed; 2 ignored; 0 measured; 0 filtered out; finished in 0.05s
[INFO] [stdout] 
[INFO] [stderr]      Running tests/async_test.rs (/opt/rustwide/target/release/deps/async_test-e4e586161951546f)
[INFO] [stdout] 
[INFO] [stdout] running 1 test
[INFO] [stderr] error: test failed, to rerun pass `--test async_test`
[INFO] [stdout] test test_async_mirror_fs ... FAILED
[INFO] [stdout] 
[INFO] [stdout] failures:
[INFO] [stdout] 
[INFO] [stdout] ---- test_async_mirror_fs stdout ----
[INFO] [stdout] 
[INFO] [stdout] thread '<unnamed>' (2535) panicked at tests/async_test.rs:72:70:
[INFO] [stdout] called `Result::unwrap()` on an `Err` value: Os { code: 2, kind: NotFound, message: "No such file or directory" }
[INFO] [stdout] stack backtrace:
[INFO] [stdout]    0:     0x566af0e04f61 - <<std[70759c8f55707aa4]::sys::backtrace::BacktraceLock>::print::DisplayBacktrace as core[df12db4294e9bfd3]::fmt::Display>::fmt
[INFO] [stdout]    1:     0x566af0e1a57a - core[df12db4294e9bfd3]::fmt::write
[INFO] [stdout]    2:     0x566af0e0999c - <alloc[2182bb758b4b3781]::vec::Vec<u8> as core[df12db4294e9bfd3]::io::write::Write>::write_fmt
[INFO] [stdout]    3:     0x566af0ddefa6 - std[70759c8f55707aa4]::panicking::default_hook::{closure#0}
[INFO] [stdout]    4:     0x566af0dfc849 - std[70759c8f55707aa4]::panicking::default_hook
[INFO] [stdout]    5:     0x566af0d4c500 - test[9d35eded1c95d3be]::test_main_inner::<test[9d35eded1c95d3be]::test_main_static::{closure#0}>::{closure#0}
[INFO] [stdout]    6:     0x566af0dfca02 - std[70759c8f55707aa4]::panicking::panic_with_hook
[INFO] [stdout]    7:     0x566af0ddf052 - std[70759c8f55707aa4]::panicking::panic_handler::{closure#0}
[INFO] [stdout]    8:     0x566af0dd7b29 - std[70759c8f55707aa4]::sys::backtrace::__rust_end_short_backtrace::<std[70759c8f55707aa4]::panicking::panic_handler::{closure#0}, !>
[INFO] [stdout]    9:     0x566af0ddfc4d - __rustc[8fa7c3cbc660c2b3]::rust_begin_unwind
[INFO] [stdout]   10:     0x566af0e1acdc - core[df12db4294e9bfd3]::panicking::panic_fmt
[INFO] [stdout]   11:     0x566af0e1aab2 - core[df12db4294e9bfd3]::result::unwrap_failed
[INFO] [stdout]   12:     0x566af0d2a864 - std[70759c8f55707aa4]::sys::backtrace::__rust_begin_short_backtrace::<async_test[277563b134d13553]::test_async_mirror_fs::{closure#0}, ()>
[INFO] [stdout]   13:     0x566af0d3540d - <std[70759c8f55707aa4]::thread::lifecycle::spawn_unchecked<async_test[277563b134d13553]::test_async_mirror_fs::{closure#0}, ()>::{closure#1} as core[df12db4294e9bfd3]::ops::function::FnOnce<()>>::call_once::{shim:vtable#0}
[INFO] [stdout]   14:     0x566af0e042d9 - <std[70759c8f55707aa4]::sys::thread::unix::Thread>::new::thread_start
[INFO] [stdout]   15:     0x71031fdb2dfa - <unknown>
[INFO] [stdout]   16:     0x71031fe463d4 - clone
[INFO] [stdout]   17:                0x0 - <unknown>
[INFO] [stdout] 
[INFO] [stdout] thread 'test_async_mirror_fs' (2534) panicked at tests/async_test.rs:84:5:
[INFO] [stdout] Mount timed out
[INFO] [stdout] stack backtrace:
[INFO] [stdout]    0:     0x566af0e04f61 - <<std[70759c8f55707aa4]::sys::backtrace::BacktraceLock>::print::DisplayBacktrace as core[df12db4294e9bfd3]::fmt::Display>::fmt
[INFO] [stdout]    1:     0x566af0e1a57a - core[df12db4294e9bfd3]::fmt::write
[INFO] [stdout]    2:     0x566af0e0999c - <alloc[2182bb758b4b3781]::vec::Vec<u8> as core[df12db4294e9bfd3]::io::write::Write>::write_fmt
[INFO] [stdout]    3:     0x566af0ddefa6 - std[70759c8f55707aa4]::panicking::default_hook::{closure#0}
[INFO] [stdout]    4:     0x566af0dfc849 - std[70759c8f55707aa4]::panicking::default_hook
[INFO] [stdout]    5:     0x566af0d4c500 - test[9d35eded1c95d3be]::test_main_inner::<test[9d35eded1c95d3be]::test_main_static::{closure#0}>::{closure#0}
[INFO] [stdout]    6:     0x566af0dfca02 - std[70759c8f55707aa4]::panicking::panic_with_hook
[INFO] [stdout]    7:     0x566af0ddf084 - std[70759c8f55707aa4]::panicking::panic_handler::{closure#0}
[INFO] [stdout]    8:     0x566af0dd7b29 - std[70759c8f55707aa4]::sys::backtrace::__rust_end_short_backtrace::<std[70759c8f55707aa4]::panicking::panic_handler::{closure#0}, !>
[INFO] [stdout]    9:     0x566af0ddfc4d - __rustc[8fa7c3cbc660c2b3]::rust_begin_unwind
[INFO] [stdout]   10:     0x566af0e1acdc - core[df12db4294e9bfd3]::panicking::panic_fmt
[INFO] [stdout]   11:     0x566af0d2d700 - <async_test[277563b134d13553]::test_async_mirror_fs::{closure#0} as core[df12db4294e9bfd3]::ops::function::FnOnce<()>>::call_once
[INFO] [stdout]   12:     0x566af0d3f7eb - test[9d35eded1c95d3be]::__rust_begin_short_backtrace::<core[df12db4294e9bfd3]::result::Result<(), alloc[2182bb758b4b3781]::string::String>, fn() -> core[df12db4294e9bfd3]::result::Result<(), alloc[2182bb758b4b3781]::string::String>>
[INFO] [stdout]   13:     0x566af0d4ce55 - test[9d35eded1c95d3be]::run_test::{closure#0}
[INFO] [stdout]   14:     0x566af0d46714 - std[70759c8f55707aa4]::sys::backtrace::__rust_begin_short_backtrace::<test[9d35eded1c95d3be]::run_test::{closure#1}, ()>
[INFO] [stdout]   15:     0x566af0d4ffb2 - <std[70759c8f55707aa4]::thread::lifecycle::spawn_unchecked<test[9d35eded1c95d3be]::run_test::{closure#1}, ()>::{closure#1} as core[df12db4294e9bfd3]::ops::function::FnOnce<()>>::call_once::{shim:vtable#0}
[INFO] [stdout]   16:     0x566af0e042d9 - <std[70759c8f55707aa4]::sys::thread::unix::Thread>::new::thread_start
[INFO] [stdout]   17:     0x71031fdb2dfa - <unknown>
[INFO] [stdout]   18:     0x71031fe463d4 - clone
[INFO] [stdout]   19:                0x0 - <unknown>
[INFO] [stdout] 
[INFO] [stdout] 
[INFO] [stdout] failures:
[INFO] [stdout]     test_async_mirror_fs
[INFO] [stdout] 
[INFO] [stdout] test result: FAILED. 0 passed; 1 failed; 0 ignored; 0 measured; 0 filtered out; finished in 5.02s
[INFO] [stdout] 
[INFO] running `Command { std: "docker" "inspect" "469b52773b1d6d278c210985059f42e29743390fe5cb62c9eb147fb7e74598e1", kill_on_drop: false }`
[INFO] running `Command { std: "docker" "rm" "-f" "469b52773b1d6d278c210985059f42e29743390fe5cb62c9eb147fb7e74598e1", kill_on_drop: false }`
[INFO] [stdout] 469b52773b1d6d278c210985059f42e29743390fe5cb62c9eb147fb7e74598e1
