[INFO] fetching crate easy-odm 0.0.1...
[INFO] testing easy-odm-0.0.1 against 1.100.0-beta.1+cargoflags=--release for beta-release-1.100-2
[INFO] extracting crate easy-odm 0.0.1 into /workspace/builds/worker-4-tc2/source
[INFO] started tweaking crates.io crate easy-odm 0.0.1
[INFO] finished tweaking crates.io crate easy-odm 0.0.1
[INFO] tweaked toml for crates.io crate easy-odm 0.0.1 written to /workspace/builds/worker-4-tc2/source/Cargo.toml
[INFO] validating manifest of crates.io crate easy-odm 0.0.1 on toolchain 1.100.0-beta.1
[INFO] running `Command { std: CARGO_HOME="/workspace/cargo-home" RUSTUP_HOME="/workspace/rustup-home" "/workspace/cargo-home/bin/cargo" "+1.100.0-beta.1" "metadata" "--manifest-path" "Cargo.toml" "--no-deps", kill_on_drop: false }`
[INFO] crate crates.io crate easy-odm 0.0.1 already has a lockfile, it will not be regenerated
[INFO] running `Command { std: CARGO_HOME="/workspace/cargo-home" RUSTUP_HOME="/workspace/rustup-home" "/workspace/cargo-home/bin/cargo" "+1.100.0-beta.1" "fetch" "--manifest-path" "Cargo.toml", kill_on_drop: false }`
[INFO] [stderr] warning: `package.homepage` is redundant with `package.repository`
[INFO] [stderr]   --> Cargo.toml:37:12
[INFO] [stderr]    |
[INFO] [stderr] 37 | homepage = "https://gitlab.com/dev-francis-m/easy-odm/"
[INFO] [stderr]    |            ^^^^^^^^^^^^^^^^^^^^^^^^^^^^^^^^^^^^^^^^^^^^
[INFO] [stderr] ...
[INFO] [stderr] 42 | repository = "https://gitlab.com/dev-francis-m/easy-odm/"
[INFO] [stderr]    |              --------------------------------------------
[INFO] [stderr]    |
[INFO] [stderr]    = note: `cargo::redundant_homepage` is set to `warn` by default
[INFO] [stderr] help: consider removing `package.homepage`
[INFO] [stderr] warning: `easy-odm` (manifest) generated 1 warning
[INFO] running `Command { std: "docker" "create" "-v" "/var/lib/crater-agent-workspace/builds/worker-4-tc2/source:/opt/rustwide/workdir:ro,Z" "-v" "/var/lib/crater-agent-workspace/builds/worker-4-tc2/target:/opt/rustwide/target:rw,Z" "-v" "/var/lib/crater-agent-workspace/cargo-home:/opt/rustwide/cargo-home:ro,Z" "-v" "/var/lib/crater-agent-workspace/rustup-home:/opt/rustwide/rustup-home:ro,Z" "-m" "1610612736" "--network" "none" "ghcr.io/rust-lang/crates-build-env/linux@sha256:77db811e55d90add9212f6832c23229e3de5f1c1f9905e8cb07319ea15df73ac" "sleep" "infinity", kill_on_drop: false }`
[INFO] [stdout] 5eb2c8018de9e7ac54e7524494765a3437d8fdbf055f907cd69486d4d6f54e92
[INFO] running `Command { std: "docker" "start" "5eb2c8018de9e7ac54e7524494765a3437d8fdbf055f907cd69486d4d6f54e92", kill_on_drop: false }`
[INFO] running `Command { std: "docker" "inspect" "5eb2c8018de9e7ac54e7524494765a3437d8fdbf055f907cd69486d4d6f54e92", kill_on_drop: false }`
[INFO] running `Command { std: "docker" "exec" "-e" "SOURCE_DIR=/opt/rustwide/workdir" "-e" "CARGO_HOME=/opt/rustwide/cargo-home" "-e" "RUSTUP_HOME=/opt/rustwide/rustup-home" "-e" "CARGO_TARGET_DIR=/opt/rustwide/target" "-w" "/opt/rustwide/workdir" "--user" "0:0" "5eb2c8018de9e7ac54e7524494765a3437d8fdbf055f907cd69486d4d6f54e92" "/opt/rustwide/cargo-home/bin/cargo" "+1.100.0-beta.1" "metadata" "--no-deps" "--format-version=1", kill_on_drop: false }`
[INFO] running `Command { std: "docker" "inspect" "5eb2c8018de9e7ac54e7524494765a3437d8fdbf055f907cd69486d4d6f54e92", kill_on_drop: false }`
[INFO] running `Command { std: "docker" "exec" "-e" "SOURCE_DIR=/opt/rustwide/workdir" "-e" "CARGO_HOME=/opt/rustwide/cargo-home" "-e" "RUSTUP_HOME=/opt/rustwide/rustup-home" "-e" "CARGO_TARGET_DIR=/opt/rustwide/target" "-e" "CARGO_INCREMENTAL=0" "-e" "RUST_BACKTRACE=full" "-e" "RUSTFLAGS=--cap-lints=warn" "-e" "RUSTDOCFLAGS=--cap-lints=warn" "-w" "/opt/rustwide/workdir" "--user" "0:0" "5eb2c8018de9e7ac54e7524494765a3437d8fdbf055f907cd69486d4d6f54e92" "/opt/rustwide/cargo-home/bin/cargo" "+1.100.0-beta.1" "build" "--frozen" "--message-format=json" "--release", kill_on_drop: false }`
[INFO] [stderr] warning: `package.homepage` is redundant with `package.repository`
[INFO] [stderr]   --> Cargo.toml:37:12
[INFO] [stderr]    |
[INFO] [stderr] 37 | homepage = "https://gitlab.com/dev-francis-m/easy-odm/"
[INFO] [stderr]    |            ^^^^^^^^^^^^^^^^^^^^^^^^^^^^^^^^^^^^^^^^^^^^
[INFO] [stderr] ...
[INFO] [stderr] 42 | repository = "https://gitlab.com/dev-francis-m/easy-odm/"
[INFO] [stderr]    |              --------------------------------------------
[INFO] [stderr]    |
[INFO] [stderr]    = note: `cargo::redundant_homepage` is set to `warn` by default
[INFO] [stderr] help: consider removing `package.homepage`
[INFO] [stderr] warning: `easy-odm` (manifest) generated 1 warning
[INFO] [stderr]    Compiling libc v0.2.174
[INFO] [stderr]    Compiling cfg-if v1.0.1
[INFO] [stderr]    Compiling stable_deref_trait v1.2.0
[INFO] [stderr]    Compiling parking_lot_core v0.9.11
[INFO] [stderr]    Compiling memchr v2.7.5
[INFO] [stderr]    Compiling lock_api v0.4.13
[INFO] [stderr]    Compiling cc v1.2.29
[INFO] [stderr]    Compiling futures-channel v0.3.31
[INFO] [stderr]    Compiling litemap v0.8.0
[INFO] [stderr]    Compiling slab v0.4.10
[INFO] [stderr]    Compiling futures-io v0.3.31
[INFO] [stderr]    Compiling syn v2.0.104
[INFO] [stderr]    Compiling writeable v0.6.1
[INFO] [stderr]    Compiling syn v1.0.109
[INFO] [stderr]    Compiling icu_normalizer_data v2.0.0
[INFO] [stderr]    Compiling icu_properties_data v2.0.1
[INFO] [stderr]    Compiling openssl v0.10.73
[INFO] [stderr]    Compiling foreign-types-shared v0.1.1
[INFO] [stderr]    Compiling http v0.2.12
[INFO] [stderr]    Compiling foreign-types v0.3.2
[INFO] [stderr]    Compiling serde v1.0.219
[INFO] [stderr]    Compiling tracing-core v0.1.34
[INFO] [stderr]    Compiling strsim v0.10.0
[INFO] [stderr]    Compiling hashbrown v0.15.4
[INFO] [stderr]    Compiling bitflags v2.9.1
[INFO] [stderr]    Compiling native-tls v0.2.14
[INFO] [stderr]    Compiling openssl-probe v0.1.6
[INFO] [stderr]    Compiling semver-parser v0.7.0
[INFO] [stderr]    Compiling miniz_oxide v0.8.9
[INFO] [stderr]    Compiling crc32fast v1.5.0
[INFO] [stderr]    Compiling base64 v0.21.7
[INFO] [stderr]    Compiling encoding_rs v0.8.35
[INFO] [stderr]    Compiling sync_wrapper v0.1.2
[INFO] [stderr]    Compiling ipnet v2.11.0
[INFO] [stderr]    Compiling sdd v3.0.10
[INFO] [stderr]    Compiling tracing v0.1.41
[INFO] [stderr]    Compiling semver v0.9.0
[INFO] [stderr]    Compiling thiserror v2.0.12
[INFO] [stderr]    Compiling futures-util v0.3.31
[INFO] [stderr]    Compiling rustc_version v0.2.3
[INFO] [stderr]    Compiling flate2 v1.1.2
[INFO] [stderr]    Compiling indexmap v2.10.0
[INFO] [stderr]    Compiling mio v1.0.4
[INFO] [stderr]    Compiling signal-hook-registry v1.4.5
[INFO] [stderr]    Compiling socket2 v0.5.10
[INFO] [stderr]    Compiling parking_lot v0.12.4
[INFO] [stderr]    Compiling http-body v0.4.6
[INFO] [stderr]    Compiling elasticsearch v8.5.0-alpha.1
[INFO] [stderr]    Compiling rustls-pemfile v1.0.4
[INFO] [stderr]    Compiling scc v2.3.4
[INFO] [stderr]    Compiling dyn-clone v1.0.19
[INFO] [stderr]    Compiling base64 v0.11.0
[INFO] [stderr]    Compiling void v1.0.2
[INFO] [stderr]    Compiling openssl-sys v0.9.109
[INFO] [stderr]    Compiling darling_core v0.13.4
[INFO] [stderr]    Compiling futures-executor v0.3.31
[INFO] [stderr]    Compiling futures v0.3.31
[INFO] [stderr]    Compiling synstructure v0.13.2
[INFO] [stderr]    Compiling zerofrom-derive v0.1.6
[INFO] [stderr]    Compiling yoke-derive v0.8.0
[INFO] [stderr]    Compiling zerovec-derive v0.11.1
[INFO] [stderr]    Compiling displaydoc v0.2.5
[INFO] [stderr]    Compiling tokio-macros v2.5.0
[INFO] [stderr]    Compiling openssl-macros v0.1.1
[INFO] [stderr]    Compiling serde_derive v1.0.219
[INFO] [stderr]    Compiling serial_test_derive v3.2.0
[INFO] [stderr]    Compiling thiserror-impl v2.0.12
[INFO] [stderr]    Compiling async-trait v0.1.88
[INFO] [stderr]    Compiling serial_test v3.2.0
[INFO] [stderr]    Compiling tokio v1.46.1
[INFO] [stderr]    Compiling zerofrom v0.1.6
[INFO] [stderr]    Compiling yoke v0.8.0
[INFO] [stderr]    Compiling darling_macro v0.13.4
[INFO] [stderr]    Compiling darling v0.13.4
[INFO] [stderr]    Compiling serde_with_macros v1.5.2
[INFO] [stderr]    Compiling zerovec v0.11.2
[INFO] [stderr]    Compiling zerotrie v0.2.2
[INFO] [stderr]    Compiling tinystr v0.8.1
[INFO] [stderr]    Compiling potential_utf v0.1.2
[INFO] [stderr]    Compiling icu_collections v2.0.0
[INFO] [stderr]    Compiling icu_locale_core v2.0.0
[INFO] [stderr]    Compiling icu_provider v2.0.0
[INFO] [stderr]    Compiling icu_properties v2.0.1
[INFO] [stderr]    Compiling icu_normalizer v2.0.0
[INFO] [stderr]    Compiling idna_adapter v1.2.1
[INFO] [stderr]    Compiling idna v1.0.3
[INFO] [stderr]    Compiling url v2.5.4
[INFO] [stderr]    Compiling serde_urlencoded v0.7.1
[INFO] [stderr]    Compiling serde_json v1.0.140
[INFO] [stderr]    Compiling serde_with v1.14.0
[INFO] [stderr]    Compiling tokio-util v0.7.15
[INFO] [stderr]    Compiling tokio-native-tls v0.3.1
[INFO] [stderr]    Compiling async-compression v0.4.26
[INFO] [stderr]    Compiling h2 v0.3.27
[INFO] [stderr]    Compiling hyper v0.14.32
[INFO] [stderr]    Compiling hyper-tls v0.5.0
[INFO] [stderr]    Compiling reqwest v0.11.27
[INFO] [stderr]    Compiling easy-odm v0.0.1 (/opt/rustwide/workdir)
[INFO] [stderr] warning: unused dependency `serial_test`
[INFO] [stderr]   --> Cargo.toml:14:15
[INFO] [stderr]    |
[INFO] [stderr] 14 | [dependencies.serial_test]
[INFO] [stderr]    |               ^^^^^^^^^^^^
[INFO] [stderr]    |
[INFO] [stderr]    = note: `cargo::unused_dependencies` is set to `warn` by default
[INFO] [stderr] help: consider removing the dependency on `serial_test`
[INFO] [stderr] warning: `easy-odm` (manifest) generated 1 warning
[INFO] [stderr]     Finished `release` profile [optimized] target(s) in 1m 46s
[INFO] running `Command { std: "docker" "inspect" "5eb2c8018de9e7ac54e7524494765a3437d8fdbf055f907cd69486d4d6f54e92", kill_on_drop: false }`
[INFO] running `Command { std: "docker" "exec" "-e" "SOURCE_DIR=/opt/rustwide/workdir" "-e" "CARGO_HOME=/opt/rustwide/cargo-home" "-e" "RUSTUP_HOME=/opt/rustwide/rustup-home" "-e" "CARGO_TARGET_DIR=/opt/rustwide/target" "-e" "CARGO_INCREMENTAL=0" "-e" "RUST_BACKTRACE=full" "-e" "RUSTFLAGS=--cap-lints=warn" "-e" "RUSTDOCFLAGS=--cap-lints=warn" "-w" "/opt/rustwide/workdir" "--user" "0:0" "5eb2c8018de9e7ac54e7524494765a3437d8fdbf055f907cd69486d4d6f54e92" "/opt/rustwide/cargo-home/bin/cargo" "+1.100.0-beta.1" "test" "--frozen" "--no-run" "--message-format=json" "--release", kill_on_drop: false }`
[INFO] [stderr] warning: `package.homepage` is redundant with `package.repository`
[INFO] [stderr]   --> Cargo.toml:37:12
[INFO] [stderr]    |
[INFO] [stderr] 37 | homepage = "https://gitlab.com/dev-francis-m/easy-odm/"
[INFO] [stderr]    |            ^^^^^^^^^^^^^^^^^^^^^^^^^^^^^^^^^^^^^^^^^^^^
[INFO] [stderr] ...
[INFO] [stderr] 42 | repository = "https://gitlab.com/dev-francis-m/easy-odm/"
[INFO] [stderr]    |              --------------------------------------------
[INFO] [stderr]    |
[INFO] [stderr]    = note: `cargo::redundant_homepage` is set to `warn` by default
[INFO] [stderr] help: consider removing `package.homepage`
[INFO] [stderr] warning: `easy-odm` (manifest) generated 1 warning
[INFO] [stderr]    Compiling easy-odm v0.0.1 (/opt/rustwide/workdir)
[INFO] [stderr] warning: unused dependency `serial_test`
[INFO] [stderr]   --> Cargo.toml:14:15
[INFO] [stderr]    |
[INFO] [stderr] 14 | [dependencies.serial_test]
[INFO] [stderr]    |               ^^^^^^^^^^^^
[INFO] [stderr]    |
[INFO] [stderr]    = note: `cargo::unused_dependencies` is set to `warn` by default
[INFO] [stderr] help: consider removing the dependency on `serial_test`
[INFO] [stderr] help: to still use for development builds, move to `dev-dependencies`
[INFO] [stderr] warning: `easy-odm` (manifest) generated 1 warning
[INFO] [stderr]     Finished `release` profile [optimized] target(s) in 7.13s
[INFO] running `Command { std: "docker" "inspect" "5eb2c8018de9e7ac54e7524494765a3437d8fdbf055f907cd69486d4d6f54e92", kill_on_drop: false }`
[INFO] running `Command { std: "docker" "exec" "-e" "SOURCE_DIR=/opt/rustwide/workdir" "-e" "CARGO_HOME=/opt/rustwide/cargo-home" "-e" "RUSTUP_HOME=/opt/rustwide/rustup-home" "-e" "CARGO_TARGET_DIR=/opt/rustwide/target" "-e" "CARGO_INCREMENTAL=0" "-e" "RUST_BACKTRACE=full" "-e" "RUSTFLAGS=--cap-lints=warn" "-e" "RUSTDOCFLAGS=--cap-lints=warn" "-w" "/opt/rustwide/workdir" "--user" "0:0" "5eb2c8018de9e7ac54e7524494765a3437d8fdbf055f907cd69486d4d6f54e92" "/opt/rustwide/cargo-home/bin/cargo" "+1.100.0-beta.1" "test" "--frozen" "--release", kill_on_drop: false }`
[INFO] [stderr] warning: `package.homepage` is redundant with `package.repository`
[INFO] [stderr]   --> Cargo.toml:37:12
[INFO] [stderr]    |
[INFO] [stderr] 37 | homepage = "https://gitlab.com/dev-francis-m/easy-odm/"
[INFO] [stderr]    |            ^^^^^^^^^^^^^^^^^^^^^^^^^^^^^^^^^^^^^^^^^^^^
[INFO] [stderr] ...
[INFO] [stderr] 42 | repository = "https://gitlab.com/dev-francis-m/easy-odm/"
[INFO] [stderr]    |              --------------------------------------------
[INFO] [stderr]    |
[INFO] [stderr]    = note: `cargo::redundant_homepage` is set to `warn` by default
[INFO] [stderr] help: consider removing `package.homepage`
[INFO] [stderr] warning: `easy-odm` (manifest) generated 1 warning
[INFO] [stderr] warning: unused dependency `serial_test`
[INFO] [stderr]   --> Cargo.toml:14:15
[INFO] [stderr]    |
[INFO] [stderr] 14 | [dependencies.serial_test]
[INFO] [stderr]    |               ^^^^^^^^^^^^
[INFO] [stderr]    |
[INFO] [stderr]    = note: `cargo::unused_dependencies` is set to `warn` by default
[INFO] [stderr] help: consider removing the dependency on `serial_test`
[INFO] [stderr] help: to still use for development builds, move to `dev-dependencies`
[INFO] [stderr] warning: `easy-odm` (manifest) generated 1 warning
[INFO] [stderr]     Finished `release` profile [optimized] target(s) in 0.20s
[INFO] [stderr]      Running unittests src/lib.rs (/opt/rustwide/target/release/build/easy-odm/b318af8e2983e5a1/out/easy_odm-b318af8e2983e5a1)
[INFO] [stdout] 
[INFO] [stdout] running 11 tests
[INFO] [stdout] test tests::test_refresh ... FAILED
[INFO] [stdout] test tests::test_delete ... FAILED
[INFO] [stdout] test tests::test_save ... FAILED
[INFO] [stdout] test tests::test_update ... FAILED
[INFO] [stdout] test tests::test_find_with_range ... FAILED
[INFO] [stdout] test tests::test_find_with_sorting ... FAILED
[INFO] [stdout] test tests::test_find_one ... FAILED
[INFO] [stdout] test tests::test_get ... FAILED
[INFO] [stdout] test tests::test_aggregate ... FAILED
[INFO] [stdout] test tests::test_custom_query ... FAILED
[INFO] [stdout] test tests::test_count ... FAILED
[INFO] [stdout] 
[INFO] [stdout] failures:
[INFO] [stdout] 
[INFO] [stdout] ---- tests::test_refresh stdout ----
[INFO] [stdout] 
[INFO] [stdout] thread 'tests::test_refresh' (2021) panicked at src/tests/mod.rs:177:29:
[INFO] [stdout] save failed: Http(Error { kind: Http(reqwest::Error { kind: Request, url: Url { scheme: "http", cannot_be_a_base: false, username: "", password: None, host: Some(Domain("localhost")), port: Some(9200), path: "/testdocs/_doc/refresh_test", query: None, fragment: None }, source: hyper::Error(Connect, ConnectError("tcp connect error", Os { code: 111, kind: ConnectionRefused, message: "Connection refused" })) }) })
[INFO] [stdout] stack backtrace:
[INFO] [stdout]    0:     0x64c1d253b621 - <<std[617be2ca0a6fd877]::sys::backtrace::BacktraceLock>::print::DisplayBacktrace as core[a373ad73a504971]::fmt::Display>::fmt
[INFO] [stdout]    1:     0x64c1d255175a - core[a373ad73a504971]::fmt::write
[INFO] [stdout]    2:     0x64c1d253febc - <alloc[2e1b2a31b91974c5]::vec::Vec<u8> as core[a373ad73a504971]::io::write::Write>::write_fmt
[INFO] [stdout]    3:     0x64c1d2516796 - std[617be2ca0a6fd877]::panicking::default_hook::{closure#0}
[INFO] [stdout]    4:     0x64c1d2533619 - std[617be2ca0a6fd877]::panicking::default_hook
[INFO] [stdout]    5:     0x64c1d2359c80 - test[aada8e7e76ba119b]::test_main_inner::{closure#0}
[INFO] [stdout]    6:     0x64c1d2533942 - std[617be2ca0a6fd877]::panicking::panic_with_hook
[INFO] [stdout]    7:     0x64c1d2516842 - std[617be2ca0a6fd877]::panicking::panic_handler::{closure#0}
[INFO] [stdout]    8:     0x64c1d250f479 - std[617be2ca0a6fd877]::sys::backtrace::__rust_end_short_backtrace::<std[617be2ca0a6fd877]::panicking::panic_handler::{closure#0}, !>
[INFO] [stdout]    9:     0x64c1d251763d - __rustc[ea4f61d10b84890b]::rust_begin_unwind
[INFO] [stdout]   10:     0x64c1d2551ebc - core[a373ad73a504971]::panicking::panic_fmt
[INFO] [stdout]   11:     0x64c1d2551c92 - core[a373ad73a504971]::result::unwrap_failed
[INFO] [stdout]   12:     0x64c1d23114a7 - easy_odm[4a333804d4ba9ea7]::tests::test_refresh::{closure#0}::{closure#0}
[INFO] [stdout]   13:     0x64c1d23497da - <tokio[45e08adc4bd44336]::runtime::scheduler::current_thread::CurrentThread>::block_on::<core[a373ad73a504971]::pin::Pin<&mut dyn core[a373ad73a504971]::future::future::Future<Output = ()>>>
[INFO] [stdout]   14:     0x64c1d23347f2 - <tokio[45e08adc4bd44336]::runtime::runtime::Runtime>::block_on::<core[a373ad73a504971]::pin::Pin<&mut dyn core[a373ad73a504971]::future::future::Future<Output = ()>>>
[INFO] [stdout]   15:     0x64c1d232c3ab - <easy_odm[4a333804d4ba9ea7]::tests::test_refresh::{closure#0} as core[a373ad73a504971]::ops::function::FnOnce<()>>::call_once
[INFO] [stdout]   16:     0x64c1d238e527 - serial_test[cc223fe4157b8582]::serial_code_lock::local_serial_core
[INFO] [stdout]   17:     0x64c1d232bb7d - <easy_odm[4a333804d4ba9ea7]::tests::test_refresh::{closure#0} as core[a373ad73a504971]::ops::function::FnOnce<()>>::call_once
[INFO] [stdout]   18:     0x64c1d234d0cb - test[aada8e7e76ba119b]::__rust_begin_short_backtrace::<core[a373ad73a504971]::result::Result<(), alloc[2e1b2a31b91974c5]::string::String>, fn() -> core[a373ad73a504971]::result::Result<(), alloc[2e1b2a31b91974c5]::string::String>>
[INFO] [stdout]   19:     0x64c1d235a2a5 - test[aada8e7e76ba119b]::run_test::{closure#0}
[INFO] [stdout]   20:     0x64c1d2353b94 - std[617be2ca0a6fd877]::sys::backtrace::__rust_begin_short_backtrace::<test[aada8e7e76ba119b]::run_test::{closure#1}, ()>
[INFO] [stdout]   21:     0x64c1d235d332 - <std[617be2ca0a6fd877]::thread::lifecycle::spawn_unchecked<test[aada8e7e76ba119b]::run_test::{closure#1}, ()>::{closure#1} as core[a373ad73a504971]::ops::function::FnOnce<()>>::call_once::{shim:vtable#0}
[INFO] [stdout]   22:     0x64c1d253aacf - <std[617be2ca0a6fd877]::sys::thread::unix::Thread>::new::thread_start
[INFO] [stdout]   23:     0x76f80b871dfa - <unknown>
[INFO] [stdout]   24:     0x76f80b9053d4 - clone
[INFO] [stdout]   25:                0x0 - <unknown>
[INFO] [stdout] 
[INFO] [stdout] ---- tests::test_delete stdout ----
[INFO] [stdout] 
[INFO] [stdout] thread 'tests::test_delete' (2016) panicked at src/tests/mod.rs:119:29:
[INFO] [stdout] save failed: Http(Error { kind: Http(reqwest::Error { kind: Request, url: Url { scheme: "http", cannot_be_a_base: false, username: "", password: None, host: Some(Domain("localhost")), port: Some(9200), path: "/testdocs/_doc/delete_test", query: None, fragment: None }, source: hyper::Error(Connect, ConnectError("tcp connect error", Os { code: 111, kind: ConnectionRefused, message: "Connection refused" })) }) })
[INFO] [stdout] stack backtrace:
[INFO] [stdout]    0:     0x64c1d253b621 - <<std[617be2ca0a6fd877]::sys::backtrace::BacktraceLock>::print::DisplayBacktrace as core[a373ad73a504971]::fmt::Display>::fmt
[INFO] [stdout]    1:     0x64c1d255175a - core[a373ad73a504971]::fmt::write
[INFO] [stdout]    2:     0x64c1d253febc - <alloc[2e1b2a31b91974c5]::vec::Vec<u8> as core[a373ad73a504971]::io::write::Write>::write_fmt
[INFO] [stdout]    3:     0x64c1d2516796 - std[617be2ca0a6fd877]::panicking::default_hook::{closure#0}
[INFO] [stdout]    4:     0x64c1d2533619 - std[617be2ca0a6fd877]::panicking::default_hook
[INFO] [stdout]    5:     0x64c1d2359c80 - test[aada8e7e76ba119b]::test_main_inner::{closure#0}
[INFO] [stdout]    6:     0x64c1d2533942 - std[617be2ca0a6fd877]::panicking::panic_with_hook
[INFO] [stdout]    7:     0x64c1d2516842 - std[617be2ca0a6fd877]::panicking::panic_handler::{closure#0}
[INFO] [stdout]    8:     0x64c1d250f479 - std[617be2ca0a6fd877]::sys::backtrace::__rust_end_short_backtrace::<std[617be2ca0a6fd877]::panicking::panic_handler::{closure#0}, !>
[INFO] [stdout]    9:     0x64c1d251763d - __rustc[ea4f61d10b84890b]::rust_begin_unwind
[INFO] [stdout]   10:     0x64c1d2551ebc - core[a373ad73a504971]::panicking::panic_fmt
[INFO] [stdout]   11:     0x64c1d2551c92 - core[a373ad73a504971]::result::unwrap_failed
[INFO] [stdout]   12:     0x64c1d230fb01 - easy_odm[4a333804d4ba9ea7]::tests::test_delete::{closure#0}::{closure#0}
[INFO] [stdout]   13:     0x64c1d23497da - <tokio[45e08adc4bd44336]::runtime::scheduler::current_thread::CurrentThread>::block_on::<core[a373ad73a504971]::pin::Pin<&mut dyn core[a373ad73a504971]::future::future::Future<Output = ()>>>
[INFO] [stdout]   14:     0x64c1d23347f2 - <tokio[45e08adc4bd44336]::runtime::runtime::Runtime>::block_on::<core[a373ad73a504971]::pin::Pin<&mut dyn core[a373ad73a504971]::future::future::Future<Output = ()>>>
[INFO] [stdout]   15:     0x64c1d232c10b - <easy_odm[4a333804d4ba9ea7]::tests::test_delete::{closure#0} as core[a373ad73a504971]::ops::function::FnOnce<()>>::call_once
[INFO] [stdout]   16:     0x64c1d238e527 - serial_test[cc223fe4157b8582]::serial_code_lock::local_serial_core
[INFO] [stdout]   17:     0x64c1d232ba7d - <easy_odm[4a333804d4ba9ea7]::tests::test_delete::{closure#0} as core[a373ad73a504971]::ops::function::FnOnce<()>>::call_once
[INFO] [stdout]   18:     0x64c1d234d0cb - test[aada8e7e76ba119b]::__rust_begin_short_backtrace::<core[a373ad73a504971]::result::Result<(), alloc[2e1b2a31b91974c5]::string::String>, fn() -> core[a373ad73a504971]::result::Result<(), alloc[2e1b2a31b91974c5]::string::String>>
[INFO] [stdout]   19:     0x64c1d235a2a5 - test[aada8e7e76ba119b]::run_test::{closure#0}
[INFO] [stdout]   20:     0x64c1d2353b94 - std[617be2ca0a6fd877]::sys::backtrace::__rust_begin_short_backtrace::<test[aada8e7e76ba119b]::run_test::{closure#1}, ()>
[INFO] [stdout]   21:     0x64c1d235d332 - <std[617be2ca0a6fd877]::thread::lifecycle::spawn_unchecked<test[aada8e7e76ba119b]::run_test::{closure#1}, ()>::{closure#1} as core[a373ad73a504971]::ops::function::FnOnce<()>>::call_once::{shim:vtable#0}
[INFO] [stdout]   22:     0x64c1d253aacf - <std[617be2ca0a6fd877]::sys::thread::unix::Thread>::new::thread_start
[INFO] [stdout]   23:     0x76f80b871dfa - <unknown>
[INFO] [stdout]   24:     0x76f80b9053d4 - clone
[INFO] [stdout]   25:                0x0 - <unknown>
[INFO] [stdout] 
[INFO] [stdout] ---- tests::test_save stdout ----
[INFO] [stdout] 
[INFO] [stdout] thread 'tests::test_save' (2022) panicked at src/tests/mod.rs:74:45:
[INFO] [stdout] save failed: Http(Error { kind: Http(reqwest::Error { kind: Request, url: Url { scheme: "http", cannot_be_a_base: false, username: "", password: None, host: Some(Domain("localhost")), port: Some(9200), path: "/testdocs/_doc/save_test", query: None, fragment: None }, source: hyper::Error(Connect, ConnectError("tcp connect error", Os { code: 111, kind: ConnectionRefused, message: "Connection refused" })) }) })
[INFO] [stdout] stack backtrace:
[INFO] [stdout]    0:     0x64c1d253b621 - <<std[617be2ca0a6fd877]::sys::backtrace::BacktraceLock>::print::DisplayBacktrace as core[a373ad73a504971]::fmt::Display>::fmt
[INFO] [stdout]    1:     0x64c1d255175a - core[a373ad73a504971]::fmt::write
[INFO] [stdout]    2:     0x64c1d253febc - <alloc[2e1b2a31b91974c5]::vec::Vec<u8> as core[a373ad73a504971]::io::write::Write>::write_fmt
[INFO] [stdout]    3:     0x64c1d2516796 - std[617be2ca0a6fd877]::panicking::default_hook::{closure#0}
[INFO] [stdout]    4:     0x64c1d2533619 - std[617be2ca0a6fd877]::panicking::default_hook
[INFO] [stdout]    5:     0x64c1d2359c80 - test[aada8e7e76ba119b]::test_main_inner::{closure#0}
[INFO] [stdout]    6:     0x64c1d2533942 - std[617be2ca0a6fd877]::panicking::panic_with_hook
[INFO] [stdout]    7:     0x64c1d2516842 - std[617be2ca0a6fd877]::panicking::panic_handler::{closure#0}
[INFO] [stdout]    8:     0x64c1d250f479 - std[617be2ca0a6fd877]::sys::backtrace::__rust_end_short_backtrace::<std[617be2ca0a6fd877]::panicking::panic_handler::{closure#0}, !>
[INFO] [stdout]    9:     0x64c1d251763d - __rustc[ea4f61d10b84890b]::rust_begin_unwind
[INFO] [stdout]   10:     0x64c1d2551ebc - core[a373ad73a504971]::panicking::panic_fmt
[INFO] [stdout]   11:     0x64c1d2551c92 - core[a373ad73a504971]::result::unwrap_failed
[INFO] [stdout]   12:     0x64c1d2318ac0 - easy_odm[4a333804d4ba9ea7]::tests::test_save::{closure#0}::{closure#0}
[INFO] [stdout]   13:     0x64c1d23497da - <tokio[45e08adc4bd44336]::runtime::scheduler::current_thread::CurrentThread>::block_on::<core[a373ad73a504971]::pin::Pin<&mut dyn core[a373ad73a504971]::future::future::Future<Output = ()>>>
[INFO] [stdout]   14:     0x64c1d23347f2 - <tokio[45e08adc4bd44336]::runtime::runtime::Runtime>::block_on::<core[a373ad73a504971]::pin::Pin<&mut dyn core[a373ad73a504971]::future::future::Future<Output = ()>>>
[INFO] [stdout]   15:     0x64c1d232ccdb - <easy_odm[4a333804d4ba9ea7]::tests::test_save::{closure#0} as core[a373ad73a504971]::ops::function::FnOnce<()>>::call_once
[INFO] [stdout]   16:     0x64c1d238e527 - serial_test[cc223fe4157b8582]::serial_code_lock::local_serial_core
[INFO] [stdout]   17:     0x64c1d232befd - <easy_odm[4a333804d4ba9ea7]::tests::test_save::{closure#0} as core[a373ad73a504971]::ops::function::FnOnce<()>>::call_once
[INFO] [stdout]   18:     0x64c1d234d0cb - test[aada8e7e76ba119b]::__rust_begin_short_backtrace::<core[a373ad73a504971]::result::Result<(), alloc[2e1b2a31b91974c5]::string::String>, fn() -> core[a373ad73a504971]::result::Result<(), alloc[2e1b2a31b91974c5]::string::String>>
[INFO] [stdout]   19:     0x64c1d235a2a5 - test[aada8e7e76ba119b]::run_test::{closure#0}
[INFO] [stdout]   20:     0x64c1d2353b94 - std[617be2ca0a6fd877]::sys::backtrace::__rust_begin_short_backtrace::<test[aada8e7e76ba119b]::run_test::{closure#1}, ()>
[INFO] [stdout]   21:     0x64c1d235d332 - <std[617be2ca0a6fd877]::thread::lifecycle::spawn_unchecked<test[aada8e7e76ba119b]::run_test::{closure#1}, ()>::{closure#1} as core[a373ad73a504971]::ops::function::FnOnce<()>>::call_once::{shim:vtable#0}
[INFO] [stdout]   22:     0x64c1d253aacf - <std[617be2ca0a6fd877]::sys::thread::unix::Thread>::new::thread_start
[INFO] [stdout]   23:     0x76f80b871dfa - <unknown>
[INFO] [stdout]   24:     0x76f80b9053d4 - clone
[INFO] [stdout]   25:                0x0 - <unknown>
[INFO] [stdout] 
[INFO] [stdout] ---- tests::test_update stdout ----
[INFO] [stdout] 
[INFO] [stdout] thread 'tests::test_update' (2023) panicked at src/tests/mod.rs:145:29:
[INFO] [stdout] save failed: Http(Error { kind: Http(reqwest::Error { kind: Request, url: Url { scheme: "http", cannot_be_a_base: false, username: "", password: None, host: Some(Domain("localhost")), port: Some(9200), path: "/testdocs/_doc/update_test", query: None, fragment: None }, source: hyper::Error(Connect, ConnectError("tcp connect error", Os { code: 111, kind: ConnectionRefused, message: "Connection refused" })) }) })
[INFO] [stdout] stack backtrace:
[INFO] [stdout]    0:     0x64c1d253b621 - <<std[617be2ca0a6fd877]::sys::backtrace::BacktraceLock>::print::DisplayBacktrace as core[a373ad73a504971]::fmt::Display>::fmt
[INFO] [stdout]    1:     0x64c1d255175a - core[a373ad73a504971]::fmt::write
[INFO] [stdout]    2:     0x64c1d253febc - <alloc[2e1b2a31b91974c5]::vec::Vec<u8> as core[a373ad73a504971]::io::write::Write>::write_fmt
[INFO] [stdout]    3:     0x64c1d2516796 - std[617be2ca0a6fd877]::panicking::default_hook::{closure#0}
[INFO] [stdout]    4:     0x64c1d2533619 - std[617be2ca0a6fd877]::panicking::default_hook
[INFO] [stdout]    5:     0x64c1d2359c80 - test[aada8e7e76ba119b]::test_main_inner::{closure#0}
[INFO] [stdout]    6:     0x64c1d2533942 - std[617be2ca0a6fd877]::panicking::panic_with_hook
[INFO] [stdout]    7:     0x64c1d2516842 - std[617be2ca0a6fd877]::panicking::panic_handler::{closure#0}
[INFO] [stdout]    8:     0x64c1d250f479 - std[617be2ca0a6fd877]::sys::backtrace::__rust_end_short_backtrace::<std[617be2ca0a6fd877]::panicking::panic_handler::{closure#0}, !>
[INFO] [stdout]    9:     0x64c1d251763d - __rustc[ea4f61d10b84890b]::rust_begin_unwind
[INFO] [stdout]   10:     0x64c1d2551ebc - core[a373ad73a504971]::panicking::panic_fmt
[INFO] [stdout]   11:     0x64c1d2551c92 - core[a373ad73a504971]::result::unwrap_failed
[INFO] [stdout]   12:     0x64c1d23106fc - easy_odm[4a333804d4ba9ea7]::tests::test_update::{closure#0}::{closure#0}
[INFO] [stdout]   13:     0x64c1d23497da - <tokio[45e08adc4bd44336]::runtime::scheduler::current_thread::CurrentThread>::block_on::<core[a373ad73a504971]::pin::Pin<&mut dyn core[a373ad73a504971]::future::future::Future<Output = ()>>>
[INFO] [stdout]   14:     0x64c1d23347f2 - <tokio[45e08adc4bd44336]::runtime::runtime::Runtime>::block_on::<core[a373ad73a504971]::pin::Pin<&mut dyn core[a373ad73a504971]::future::future::Future<Output = ()>>>
[INFO] [stdout]   15:     0x64c1d232c25b - <easy_odm[4a333804d4ba9ea7]::tests::test_update::{closure#0} as core[a373ad73a504971]::ops::function::FnOnce<()>>::call_once
[INFO] [stdout]   16:     0x64c1d238e527 - serial_test[cc223fe4157b8582]::serial_code_lock::local_serial_core
[INFO] [stdout]   17:     0x64c1d232bafd - <easy_odm[4a333804d4ba9ea7]::tests::test_update::{closure#0} as core[a373ad73a504971]::ops::function::FnOnce<()>>::call_once
[INFO] [stdout]   18:     0x64c1d234d0cb - test[aada8e7e76ba119b]::__rust_begin_short_backtrace::<core[a373ad73a504971]::result::Result<(), alloc[2e1b2a31b91974c5]::string::String>, fn() -> core[a373ad73a504971]::result::Result<(), alloc[2e1b2a31b91974c5]::string::String>>
[INFO] [stdout]   19:     0x64c1d235a2a5 - test[aada8e7e76ba119b]::run_test::{closure#0}
[INFO] [stdout]   20:     0x64c1d2353b94 - std[617be2ca0a6fd877]::sys::backtrace::__rust_begin_short_backtrace::<test[aada8e7e76ba119b]::run_test::{closure#1}, ()>
[INFO] [stdout]   21:     0x64c1d235d332 - <std[617be2ca0a6fd877]::thread::lifecycle::spawn_unchecked<test[aada8e7e76ba119b]::run_test::{closure#1}, ()>::{closure#1} as core[a373ad73a504971]::ops::function::FnOnce<()>>::call_once::{shim:vtable#0}
[INFO] [stdout]   22:     0x64c1d253aacf - <std[617be2ca0a6fd877]::sys::thread::unix::Thread>::new::thread_start
[INFO] [stdout]   23:     0x76f80b871dfa - <unknown>
[INFO] [stdout]   24:     0x76f80b9053d4 - clone
[INFO] [stdout]   25:                0x0 - <unknown>
[INFO] [stdout] 
[INFO] [stdout] ---- tests::test_find_with_range stdout ----
[INFO] [stdout] 
[INFO] [stdout] thread 'tests::test_find_with_range' (2018) panicked at src/tests/mod.rs:441:33:
[INFO] [stdout] save failed: Http(Error { kind: Http(reqwest::Error { kind: Request, url: Url { scheme: "http", cannot_be_a_base: false, username: "", password: None, host: Some(Domain("localhost")), port: Some(9200), path: "/testdocs/_doc/range_1", query: None, fragment: None }, source: hyper::Error(Connect, ConnectError("tcp connect error", Os { code: 111, kind: ConnectionRefused, message: "Connection refused" })) }) })
[INFO] [stdout] stack backtrace:
[INFO] [stdout]    0:     0x64c1d253b621 - <<std[617be2ca0a6fd877]::sys::backtrace::BacktraceLock>::print::DisplayBacktrace as core[a373ad73a504971]::fmt::Display>::fmt
[INFO] [stdout]    1:     0x64c1d255175a - core[a373ad73a504971]::fmt::write
[INFO] [stdout]    2:     0x64c1d253febc - <alloc[2e1b2a31b91974c5]::vec::Vec<u8> as core[a373ad73a504971]::io::write::Write>::write_fmt
[INFO] [stdout]    3:     0x64c1d2516796 - std[617be2ca0a6fd877]::panicking::default_hook::{closure#0}
[INFO] [stdout]    4:     0x64c1d2533619 - std[617be2ca0a6fd877]::panicking::default_hook
[INFO] [stdout]    5:     0x64c1d2359c80 - test[aada8e7e76ba119b]::test_main_inner::{closure#0}
[INFO] [stdout]    6:     0x64c1d2533942 - std[617be2ca0a6fd877]::panicking::panic_with_hook
[INFO] [stdout]    7:     0x64c1d2516842 - std[617be2ca0a6fd877]::panicking::panic_handler::{closure#0}
[INFO] [stdout]    8:     0x64c1d250f479 - std[617be2ca0a6fd877]::sys::backtrace::__rust_end_short_backtrace::<std[617be2ca0a6fd877]::panicking::panic_handler::{closure#0}, !>
[INFO] [stdout]    9:     0x64c1d251763d - __rustc[ea4f61d10b84890b]::rust_begin_unwind
[INFO] [stdout]   10:     0x64c1d2551ebc - core[a373ad73a504971]::panicking::panic_fmt
[INFO] [stdout]   11:     0x64c1d2551c92 - core[a373ad73a504971]::result::unwrap_failed
[INFO] [stdout]   12:     0x64c1d2316533 - easy_odm[4a333804d4ba9ea7]::tests::test_find_with_range::{closure#0}::{closure#0}
[INFO] [stdout]   13:     0x64c1d23497da - <tokio[45e08adc4bd44336]::runtime::scheduler::current_thread::CurrentThread>::block_on::<core[a373ad73a504971]::pin::Pin<&mut dyn core[a373ad73a504971]::future::future::Future<Output = ()>>>
[INFO] [stdout]   14:     0x64c1d23347f2 - <tokio[45e08adc4bd44336]::runtime::runtime::Runtime>::block_on::<core[a373ad73a504971]::pin::Pin<&mut dyn core[a373ad73a504971]::future::future::Future<Output = ()>>>
[INFO] [stdout]   15:     0x64c1d232c8eb - <easy_odm[4a333804d4ba9ea7]::tests::test_find_with_range::{closure#0} as core[a373ad73a504971]::ops::function::FnOnce<()>>::call_once
[INFO] [stdout]   16:     0x64c1d238e527 - serial_test[cc223fe4157b8582]::serial_code_lock::local_serial_core
[INFO] [stdout]   17:     0x64c1d232bd7d - <easy_odm[4a333804d4ba9ea7]::tests::test_find_with_range::{closure#0} as core[a373ad73a504971]::ops::function::FnOnce<()>>::call_once
[INFO] [stdout]   18:     0x64c1d234d0cb - test[aada8e7e76ba119b]::__rust_begin_short_backtrace::<core[a373ad73a504971]::result::Result<(), alloc[2e1b2a31b91974c5]::string::String>, fn() -> core[a373ad73a504971]::result::Result<(), alloc[2e1b2a31b91974c5]::string::String>>
[INFO] [stdout]   19:     0x64c1d235a2a5 - test[aada8e7e76ba119b]::run_test::{closure#0}
[INFO] [stdout]   20:     0x64c1d2353b94 - std[617be2ca0a6fd877]::sys::backtrace::__rust_begin_short_backtrace::<test[aada8e7e76ba119b]::run_test::{closure#1}, ()>
[INFO] [stdout]   21:     0x64c1d235d332 - <std[617be2ca0a6fd877]::thread::lifecycle::spawn_unchecked<test[aada8e7e76ba119b]::run_test::{closure#1}, ()>::{closure#1} as core[a373ad73a504971]::ops::function::FnOnce<()>>::call_once::{shim:vtable#0}
[INFO] [stdout]   22:     0x64c1d253aacf - <std[617be2ca0a6fd877]::sys::thread::unix::Thread>::new::thread_start
[INFO] [stdout]   23:     0x76f80b871dfa - <unknown>
[INFO] [stdout]   24:     0x76f80b9053d4 - clone
[INFO] [stdout]   25:                0x0 - <unknown>
[INFO] [stdout] 
[INFO] [stdout] ---- tests::test_find_with_sorting stdout ----
[INFO] [stdout] 
[INFO] [stdout] thread 'tests::test_find_with_sorting' (2019) panicked at src/tests/mod.rs:473:33:
[INFO] [stdout] save failed: Http(Error { kind: Http(reqwest::Error { kind: Request, url: Url { scheme: "http", cannot_be_a_base: false, username: "", password: None, host: Some(Domain("localhost")), port: Some(9200), path: "/testdocs/_doc/sort_1", query: None, fragment: None }, source: hyper::Error(Connect, ConnectError("tcp connect error", Os { code: 111, kind: ConnectionRefused, message: "Connection refused" })) }) })
[INFO] [stdout] stack backtrace:
[INFO] [stdout]    0:     0x64c1d253b621 - <<std[617be2ca0a6fd877]::sys::backtrace::BacktraceLock>::print::DisplayBacktrace as core[a373ad73a504971]::fmt::Display>::fmt
[INFO] [stdout]    1:     0x64c1d255175a - core[a373ad73a504971]::fmt::write
[INFO] [stdout]    2:     0x64c1d253febc - <alloc[2e1b2a31b91974c5]::vec::Vec<u8> as core[a373ad73a504971]::io::write::Write>::write_fmt
[INFO] [stdout]    3:     0x64c1d2516796 - std[617be2ca0a6fd877]::panicking::default_hook::{closure#0}
[INFO] [stdout]    4:     0x64c1d2533619 - std[617be2ca0a6fd877]::panicking::default_hook
[INFO] [stdout]    5:     0x64c1d2359c80 - test[aada8e7e76ba119b]::test_main_inner::{closure#0}
[INFO] [stdout]    6:     0x64c1d2533942 - std[617be2ca0a6fd877]::panicking::panic_with_hook
[INFO] [stdout]    7:     0x64c1d2516842 - std[617be2ca0a6fd877]::panicking::panic_handler::{closure#0}
[INFO] [stdout]    8:     0x64c1d250f479 - std[617be2ca0a6fd877]::sys::backtrace::__rust_end_short_backtrace::<std[617be2ca0a6fd877]::panicking::panic_handler::{closure#0}, !>
[INFO] [stdout]    9:     0x64c1d251763d - __rustc[ea4f61d10b84890b]::rust_begin_unwind
[INFO] [stdout]   10:     0x64c1d2551ebc - core[a373ad73a504971]::panicking::panic_fmt
[INFO] [stdout]   11:     0x64c1d2551c92 - core[a373ad73a504971]::result::unwrap_failed
[INFO] [stdout]   12:     0x64c1d23173b4 - easy_odm[4a333804d4ba9ea7]::tests::test_find_with_sorting::{closure#0}::{closure#0}
[INFO] [stdout]   13:     0x64c1d23497da - <tokio[45e08adc4bd44336]::runtime::scheduler::current_thread::CurrentThread>::block_on::<core[a373ad73a504971]::pin::Pin<&mut dyn core[a373ad73a504971]::future::future::Future<Output = ()>>>
[INFO] [stdout]   14:     0x64c1d23347f2 - <tokio[45e08adc4bd44336]::runtime::runtime::Runtime>::block_on::<core[a373ad73a504971]::pin::Pin<&mut dyn core[a373ad73a504971]::future::future::Future<Output = ()>>>
[INFO] [stdout]   15:     0x64c1d232ca3b - <easy_odm[4a333804d4ba9ea7]::tests::test_find_with_sorting::{closure#0} as core[a373ad73a504971]::ops::function::FnOnce<()>>::call_once
[INFO] [stdout]   16:     0x64c1d238e527 - serial_test[cc223fe4157b8582]::serial_code_lock::local_serial_core
[INFO] [stdout]   17:     0x64c1d232bdfd - <easy_odm[4a333804d4ba9ea7]::tests::test_find_with_sorting::{closure#0} as core[a373ad73a504971]::ops::function::FnOnce<()>>::call_once
[INFO] [stdout]   18:     0x64c1d234d0cb - test[aada8e7e76ba119b]::__rust_begin_short_backtrace::<core[a373ad73a504971]::result::Result<(), alloc[2e1b2a31b91974c5]::string::String>, fn() -> core[a373ad73a504971]::result::Result<(), alloc[2e1b2a31b91974c5]::string::String>>
[INFO] [stdout]   19:     0x64c1d235a2a5 - test[aada8e7e76ba119b]::run_test::{closure#0}
[INFO] [stdout]   20:     0x64c1d2353b94 - std[617be2ca0a6fd877]::sys::backtrace::__rust_begin_short_backtrace::<test[aada8e7e76ba119b]::run_test::{closure#1}, ()>
[INFO] [stdout]   21:     0x64c1d235d332 - <std[617be2ca0a6fd877]::thread::lifecycle::spawn_unchecked<test[aada8e7e76ba119b]::run_test::{closure#1}, ()>::{closure#1} as core[a373ad73a504971]::ops::function::FnOnce<()>>::call_once::{shim:vtable#0}
[INFO] [stdout]   22:     0x64c1d253aacf - <std[617be2ca0a6fd877]::sys::thread::unix::Thread>::new::thread_start
[INFO] [stdout]   23:     0x76f80b871dfa - <unknown>
[INFO] [stdout]   24:     0x76f80b9053d4 - clone
[INFO] [stdout]   25:                0x0 - <unknown>
[INFO] [stdout] 
[INFO] [stdout] ---- tests::test_find_one stdout ----
[INFO] [stdout] 
[INFO] [stdout] thread 'tests::test_find_one' (2017) panicked at src/tests/mod.rs:214:29:
[INFO] [stdout] save failed: Http(Error { kind: Http(reqwest::Error { kind: Request, url: Url { scheme: "http", cannot_be_a_base: false, username: "", password: None, host: Some(Domain("localhost")), port: Some(9200), path: "/testdocs/_doc/find_one_test", query: None, fragment: None }, source: hyper::Error(Connect, ConnectError("tcp connect error", Os { code: 111, kind: ConnectionRefused, message: "Connection refused" })) }) })
[INFO] [stdout] stack backtrace:
[INFO] [stdout]    0:     0x64c1d253b621 - <<std[617be2ca0a6fd877]::sys::backtrace::BacktraceLock>::print::DisplayBacktrace as core[a373ad73a504971]::fmt::Display>::fmt
[INFO] [stdout]    1:     0x64c1d255175a - core[a373ad73a504971]::fmt::write
[INFO] [stdout]    2:     0x64c1d253febc - <alloc[2e1b2a31b91974c5]::vec::Vec<u8> as core[a373ad73a504971]::io::write::Write>::write_fmt
[INFO] [stdout]    3:     0x64c1d2516796 - std[617be2ca0a6fd877]::panicking::default_hook::{closure#0}
[INFO] [stdout]    4:     0x64c1d2533619 - std[617be2ca0a6fd877]::panicking::default_hook
[INFO] [stdout]    5:     0x64c1d2359c80 - test[aada8e7e76ba119b]::test_main_inner::{closure#0}
[INFO] [stdout]    6:     0x64c1d2533942 - std[617be2ca0a6fd877]::panicking::panic_with_hook
[INFO] [stdout]    7:     0x64c1d2516842 - std[617be2ca0a6fd877]::panicking::panic_handler::{closure#0}
[INFO] [stdout]    8:     0x64c1d250f479 - std[617be2ca0a6fd877]::sys::backtrace::__rust_end_short_backtrace::<std[617be2ca0a6fd877]::panicking::panic_handler::{closure#0}, !>
[INFO] [stdout]    9:     0x64c1d251763d - __rustc[ea4f61d10b84890b]::rust_begin_unwind
[INFO] [stdout]   10:     0x64c1d2551ebc - core[a373ad73a504971]::panicking::panic_fmt
[INFO] [stdout]   11:     0x64c1d2551c92 - core[a373ad73a504971]::result::unwrap_failed
[INFO] [stdout]   12:     0x64c1d2312231 - easy_odm[4a333804d4ba9ea7]::tests::test_find_one::{closure#0}::{closure#0}
[INFO] [stdout]   13:     0x64c1d23497da - <tokio[45e08adc4bd44336]::runtime::scheduler::current_thread::CurrentThread>::block_on::<core[a373ad73a504971]::pin::Pin<&mut dyn core[a373ad73a504971]::future::future::Future<Output = ()>>>
[INFO] [stdout]   14:     0x64c1d23347f2 - <tokio[45e08adc4bd44336]::runtime::runtime::Runtime>::block_on::<core[a373ad73a504971]::pin::Pin<&mut dyn core[a373ad73a504971]::future::future::Future<Output = ()>>>
[INFO] [stdout]   15:     0x64c1d232c4fb - <easy_odm[4a333804d4ba9ea7]::tests::test_find_one::{closure#0} as core[a373ad73a504971]::ops::function::FnOnce<()>>::call_once
[INFO] [stdout]   16:     0x64c1d238e527 - serial_test[cc223fe4157b8582]::serial_code_lock::local_serial_core
[INFO] [stdout]   17:     0x64c1d232bbfd - <easy_odm[4a333804d4ba9ea7]::tests::test_find_one::{closure#0} as core[a373ad73a504971]::ops::function::FnOnce<()>>::call_once
[INFO] [stdout]   18:     0x64c1d234d0cb - test[aada8e7e76ba119b]::__rust_begin_short_backtrace::<core[a373ad73a504971]::result::Result<(), alloc[2e1b2a31b91974c5]::string::String>, fn() -> core[a373ad73a504971]::result::Result<(), alloc[2e1b2a31b91974c5]::string::String>>
[INFO] [stdout]   19:     0x64c1d235a2a5 - test[aada8e7e76ba119b]::run_test::{closure#0}
[INFO] [stdout]   20:     0x64c1d2353b94 - std[617be2ca0a6fd877]::sys::backtrace::__rust_begin_short_backtrace::<test[aada8e7e76ba119b]::run_test::{closure#1}, ()>
[INFO] [stdout]   21:     0x64c1d235d332 - <std[617be2ca0a6fd877]::thread::lifecycle::spawn_unchecked<test[aada8e7e76ba119b]::run_test::{closure#1}, ()>::{closure#1} as core[a373ad73a504971]::ops::function::FnOnce<()>>::call_once::{shim:vtable#0}
[INFO] [stdout]   22:     0x64c1d253aacf - <std[617be2ca0a6fd877]::sys::thread::unix::Thread>::new::thread_start
[INFO] [stdout]   23:     0x76f80b871dfa - <unknown>
[INFO] [stdout]   24:     0x76f80b9053d4 - clone
[INFO] [stdout]   25:                0x0 - <unknown>
[INFO] [stdout] 
[INFO] [stdout] ---- tests::test_get stdout ----
[INFO] [stdout] 
[INFO] [stdout] thread 'tests::test_get' (2020) panicked at src/tests/mod.rs:96:29:
[INFO] [stdout] save failed: Http(Error { kind: Http(reqwest::Error { kind: Request, url: Url { scheme: "http", cannot_be_a_base: false, username: "", password: None, host: Some(Domain("localhost")), port: Some(9200), path: "/testdocs/_doc/get_test", query: None, fragment: None }, source: hyper::Error(Connect, ConnectError("tcp connect error", Os { code: 111, kind: ConnectionRefused, message: "Connection refused" })) }) })
[INFO] [stdout] stack backtrace:
[INFO] [stdout]    0:     0x64c1d253b621 - <<std[617be2ca0a6fd877]::sys::backtrace::BacktraceLock>::print::DisplayBacktrace as core[a373ad73a504971]::fmt::Display>::fmt
[INFO] [stdout]    1:     0x64c1d255175a - core[a373ad73a504971]::fmt::write
[INFO] [stdout]    2:     0x64c1d253febc - <alloc[2e1b2a31b91974c5]::vec::Vec<u8> as core[a373ad73a504971]::io::write::Write>::write_fmt
[INFO] [stdout]    3:     0x64c1d2516796 - std[617be2ca0a6fd877]::panicking::default_hook::{closure#0}
[INFO] [stdout]    4:     0x64c1d2533619 - std[617be2ca0a6fd877]::panicking::default_hook
[INFO] [stdout]    5:     0x64c1d2359c80 - test[aada8e7e76ba119b]::test_main_inner::{closure#0}
[INFO] [stdout]    6:     0x64c1d2533942 - std[617be2ca0a6fd877]::panicking::panic_with_hook
[INFO] [stdout]    7:     0x64c1d2516842 - std[617be2ca0a6fd877]::panicking::panic_handler::{closure#0}
[INFO] [stdout]    8:     0x64c1d250f479 - std[617be2ca0a6fd877]::sys::backtrace::__rust_end_short_backtrace::<std[617be2ca0a6fd877]::panicking::panic_handler::{closure#0}, !>
[INFO] [stdout]    9:     0x64c1d251763d - __rustc[ea4f61d10b84890b]::rust_begin_unwind
[INFO] [stdout]   10:     0x64c1d2551ebc - core[a373ad73a504971]::panicking::panic_fmt
[INFO] [stdout]   11:     0x64c1d2551c92 - core[a373ad73a504971]::result::unwrap_failed
[INFO] [stdout]   12:     0x64c1d2318232 - easy_odm[4a333804d4ba9ea7]::tests::test_get::{closure#0}::{closure#0}
[INFO] [stdout]   13:     0x64c1d23497da - <tokio[45e08adc4bd44336]::runtime::scheduler::current_thread::CurrentThread>::block_on::<core[a373ad73a504971]::pin::Pin<&mut dyn core[a373ad73a504971]::future::future::Future<Output = ()>>>
[INFO] [stdout]   14:     0x64c1d23347f2 - <tokio[45e08adc4bd44336]::runtime::runtime::Runtime>::block_on::<core[a373ad73a504971]::pin::Pin<&mut dyn core[a373ad73a504971]::future::future::Future<Output = ()>>>
[INFO] [stdout]   15:     0x64c1d232cb8b - <easy_odm[4a333804d4ba9ea7]::tests::test_get::{closure#0} as core[a373ad73a504971]::ops::function::FnOnce<()>>::call_once
[INFO] [stdout]   16:     0x64c1d238e527 - serial_test[cc223fe4157b8582]::serial_code_lock::local_serial_core
[INFO] [stdout]   17:     0x64c1d232be7d - <easy_odm[4a333804d4ba9ea7]::tests::test_get::{closure#0} as core[a373ad73a504971]::ops::function::FnOnce<()>>::call_once
[INFO] [stdout]   18:     0x64c1d234d0cb - test[aada8e7e76ba119b]::__rust_begin_short_backtrace::<core[a373ad73a504971]::result::Result<(), alloc[2e1b2a31b91974c5]::string::String>, fn() -> core[a373ad73a504971]::result::Result<(), alloc[2e1b2a31b91974c5]::string::String>>
[INFO] [stdout]   19:     0x64c1d235a2a5 - test[aada8e7e76ba119b]::run_test::{closure#0}
[INFO] [stdout]   20:     0x64c1d2353b94 - std[617be2ca0a6fd877]::sys::backtrace::__rust_begin_short_backtrace::<test[aada8e7e76ba119b]::run_test::{closure#1}, ()>
[INFO] [stdout]   21:     0x64c1d235d332 - <std[617be2ca0a6fd877]::thread::lifecycle::spawn_unchecked<test[aada8e7e76ba119b]::run_test::{closure#1}, ()>::{closure#1} as core[a373ad73a504971]::ops::function::FnOnce<()>>::call_once::{shim:vtable#0}
[INFO] [stdout]   22:     0x64c1d253aacf - <std[617be2ca0a6fd877]::sys::thread::unix::Thread>::new::thread_start
[INFO] [stdout]   23:     0x76f80b871dfa - <unknown>
[INFO] [stdout]   24:     0x76f80b9053d4 - clone
[INFO] [stdout]   25:                0x0 - <unknown>
[INFO] [stdout] 
[INFO] [stdout] ---- tests::test_aggregate stdout ----
[INFO] [stdout] 
[INFO] [stdout] thread 'tests::test_aggregate' (2013) panicked at src/tests/mod.rs:319:33:
[INFO] [stdout] save failed: Http(Error { kind: Http(reqwest::Error { kind: Request, url: Url { scheme: "http", cannot_be_a_base: false, username: "", password: None, host: Some(Domain("localhost")), port: Some(9200), path: "/testdocs/_doc/agg_1", query: None, fragment: None }, source: hyper::Error(Connect, ConnectError("tcp connect error", Os { code: 111, kind: ConnectionRefused, message: "Connection refused" })) }) })
[INFO] [stdout] stack backtrace:
[INFO] [stdout]    0:     0x64c1d253b621 - <<std[617be2ca0a6fd877]::sys::backtrace::BacktraceLock>::print::DisplayBacktrace as core[a373ad73a504971]::fmt::Display>::fmt
[INFO] [stdout]    1:     0x64c1d255175a - core[a373ad73a504971]::fmt::write
[INFO] [stdout]    2:     0x64c1d253febc - <alloc[2e1b2a31b91974c5]::vec::Vec<u8> as core[a373ad73a504971]::io::write::Write>::write_fmt
[INFO] [stdout]    3:     0x64c1d2516796 - std[617be2ca0a6fd877]::panicking::default_hook::{closure#0}
[INFO] [stdout]    4:     0x64c1d2533619 - std[617be2ca0a6fd877]::panicking::default_hook
[INFO] [stdout]    5:     0x64c1d2359c80 - test[aada8e7e76ba119b]::test_main_inner::{closure#0}
[INFO] [stdout]    6:     0x64c1d2533942 - std[617be2ca0a6fd877]::panicking::panic_with_hook
[INFO] [stdout]    7:     0x64c1d2516842 - std[617be2ca0a6fd877]::panicking::panic_handler::{closure#0}
[INFO] [stdout]    8:     0x64c1d250f479 - std[617be2ca0a6fd877]::sys::backtrace::__rust_end_short_backtrace::<std[617be2ca0a6fd877]::panicking::panic_handler::{closure#0}, !>
[INFO] [stdout]    9:     0x64c1d251763d - __rustc[ea4f61d10b84890b]::rust_begin_unwind
[INFO] [stdout]   10:     0x64c1d2551ebc - core[a373ad73a504971]::panicking::panic_fmt
[INFO] [stdout]   11:     0x64c1d2551c92 - core[a373ad73a504971]::result::unwrap_failed
[INFO] [stdout]   12:     0x64c1d23135af - easy_odm[4a333804d4ba9ea7]::tests::test_aggregate::{closure#0}::{closure#0}
[INFO] [stdout]   13:     0x64c1d23497da - <tokio[45e08adc4bd44336]::runtime::scheduler::current_thread::CurrentThread>::block_on::<core[a373ad73a504971]::pin::Pin<&mut dyn core[a373ad73a504971]::future::future::Future<Output = ()>>>
[INFO] [stdout]   14:     0x64c1d23347f2 - <tokio[45e08adc4bd44336]::runtime::runtime::Runtime>::block_on::<core[a373ad73a504971]::pin::Pin<&mut dyn core[a373ad73a504971]::future::future::Future<Output = ()>>>
[INFO] [stdout]   15:     0x64c1d232c64b - <easy_odm[4a333804d4ba9ea7]::tests::test_aggregate::{closure#0} as core[a373ad73a504971]::ops::function::FnOnce<()>>::call_once
[INFO] [stdout]   16:     0x64c1d238e527 - serial_test[cc223fe4157b8582]::serial_code_lock::local_serial_core
[INFO] [stdout]   17:     0x64c1d232bc7d - <easy_odm[4a333804d4ba9ea7]::tests::test_aggregate::{closure#0} as core[a373ad73a504971]::ops::function::FnOnce<()>>::call_once
[INFO] [stdout]   18:     0x64c1d234d0cb - test[aada8e7e76ba119b]::__rust_begin_short_backtrace::<core[a373ad73a504971]::result::Result<(), alloc[2e1b2a31b91974c5]::string::String>, fn() -> core[a373ad73a504971]::result::Result<(), alloc[2e1b2a31b91974c5]::string::String>>
[INFO] [stdout]   19:     0x64c1d235a2a5 - test[aada8e7e76ba119b]::run_test::{closure#0}
[INFO] [stdout]   20:     0x64c1d2353b94 - std[617be2ca0a6fd877]::sys::backtrace::__rust_begin_short_backtrace::<test[aada8e7e76ba119b]::run_test::{closure#1}, ()>
[INFO] [stdout]   21:     0x64c1d235d332 - <std[617be2ca0a6fd877]::thread::lifecycle::spawn_unchecked<test[aada8e7e76ba119b]::run_test::{closure#1}, ()>::{closure#1} as core[a373ad73a504971]::ops::function::FnOnce<()>>::call_once::{shim:vtable#0}
[INFO] [stdout]   22:     0x64c1d253aacf - <std[617be2ca0a6fd877]::sys::thread::unix::Thread>::new::thread_start
[INFO] [stdout]   23:     0x76f80b871dfa - <unknown>
[INFO] [stdout]   24:     0x76f80b9053d4 - clone
[INFO] [stdout]   25:                0x0 - <unknown>
[INFO] [stdout] 
[INFO] [stdout] ---- tests::test_custom_query stdout ----
[INFO] [stdout] 
[INFO] [stdout] thread 'tests::test_custom_query' (2015) panicked at src/tests/mod.rs:366:29:
[INFO] [stdout] save failed: Http(Error { kind: Http(reqwest::Error { kind: Request, url: Url { scheme: "http", cannot_be_a_base: false, username: "", password: None, host: Some(Domain("localhost")), port: Some(9200), path: "/testdocs/_doc/custom_query_test", query: None, fragment: None }, source: hyper::Error(Connect, ConnectError("tcp connect error", Os { code: 111, kind: ConnectionRefused, message: "Connection refused" })) }) })
[INFO] [stdout] stack backtrace:
[INFO] [stdout]    0:     0x64c1d253b621 - <<std[617be2ca0a6fd877]::sys::backtrace::BacktraceLock>::print::DisplayBacktrace as core[a373ad73a504971]::fmt::Display>::fmt
[INFO] [stdout]    1:     0x64c1d255175a - core[a373ad73a504971]::fmt::write
[INFO] [stdout]    2:     0x64c1d253febc - <alloc[2e1b2a31b91974c5]::vec::Vec<u8> as core[a373ad73a504971]::io::write::Write>::write_fmt
[INFO] [stdout]    3:     0x64c1d2516796 - std[617be2ca0a6fd877]::panicking::default_hook::{closure#0}
[INFO] [stdout]    4:     0x64c1d2533619 - std[617be2ca0a6fd877]::panicking::default_hook
[INFO] [stdout]    5:     0x64c1d2359c80 - test[aada8e7e76ba119b]::test_main_inner::{closure#0}
[INFO] [stdout]    6:     0x64c1d2533942 - std[617be2ca0a6fd877]::panicking::panic_with_hook
[INFO] [stdout]    7:     0x64c1d2516842 - std[617be2ca0a6fd877]::panicking::panic_handler::{closure#0}
[INFO] [stdout]    8:     0x64c1d250f479 - std[617be2ca0a6fd877]::sys::backtrace::__rust_end_short_backtrace::<std[617be2ca0a6fd877]::panicking::panic_handler::{closure#0}, !>
[INFO] [stdout]    9:     0x64c1d251763d - __rustc[ea4f61d10b84890b]::rust_begin_unwind
[INFO] [stdout]   10:     0x64c1d2551ebc - core[a373ad73a504971]::panicking::panic_fmt
[INFO] [stdout]   11:     0x64c1d2551c92 - core[a373ad73a504971]::result::unwrap_failed
[INFO] [stdout]   12:     0x64c1d2314e11 - easy_odm[4a333804d4ba9ea7]::tests::test_custom_query::{closure#0}::{closure#0}
[INFO] [stdout]   13:     0x64c1d23497da - <tokio[45e08adc4bd44336]::runtime::scheduler::current_thread::CurrentThread>::block_on::<core[a373ad73a504971]::pin::Pin<&mut dyn core[a373ad73a504971]::future::future::Future<Output = ()>>>
[INFO] [stdout]   14:     0x64c1d23347f2 - <tokio[45e08adc4bd44336]::runtime::runtime::Runtime>::block_on::<core[a373ad73a504971]::pin::Pin<&mut dyn core[a373ad73a504971]::future::future::Future<Output = ()>>>
[INFO] [stdout]   15:     0x64c1d232c79b - <easy_odm[4a333804d4ba9ea7]::tests::test_custom_query::{closure#0} as core[a373ad73a504971]::ops::function::FnOnce<()>>::call_once
[INFO] [stdout]   16:     0x64c1d238e527 - serial_test[cc223fe4157b8582]::serial_code_lock::local_serial_core
[INFO] [stdout]   17:     0x64c1d232bcfd - <easy_odm[4a333804d4ba9ea7]::tests::test_custom_query::{closure#0} as core[a373ad73a504971]::ops::function::FnOnce<()>>::call_once
[INFO] [stdout]   18:     0x64c1d234d0cb - test[aada8e7e76ba119b]::__rust_begin_short_backtrace::<core[a373ad73a504971]::result::Result<(), alloc[2e1b2a31b91974c5]::string::String>, fn() -> core[a373ad73a504971]::result::Result<(), alloc[2e1b2a31b91974c5]::string::String>>
[INFO] [stdout]   19:     0x64c1d235a2a5 - test[aada8e7e76ba119b]::run_test::{closure#0}
[INFO] [stdout]   20:     0x64c1d2353b94 - std[617be2ca0a6fd877]::sys::backtrace::__rust_begin_short_backtrace::<test[aada8e7e76ba119b]::run_test::{closure#1}, ()>
[INFO] [stdout]   21:     0x64c1d235d332 - <std[617be2ca0a6fd877]::thread::lifecycle::spawn_unchecked<test[aada8e7e76ba119b]::run_test::{closure#1}, ()>::{closure#1} as core[a373ad73a504971]::ops::function::FnOnce<()>>::call_once::{shim:vtable#0}
[INFO] [stdout]   22:     0x64c1d253aacf - <std[617be2ca0a6fd877]::sys::thread::unix::Thread>::new::thread_start
[INFO] [stdout]   23:     0x76f80b871dfa - <unknown>
[INFO] [stdout]   24:     0x76f80b9053d4 - clone
[INFO] [stdout]   25:                0x0 - <unknown>
[INFO] [stdout] 
[INFO] [stdout] ---- tests::test_count stdout ----
[INFO] [stdout] 
[INFO] [stdout] thread 'tests::test_count' (2014) panicked at src/tests/mod.rs:263:33:
[INFO] [stdout] save failed: Http(Error { kind: Http(reqwest::Error { kind: Request, url: Url { scheme: "http", cannot_be_a_base: false, username: "", password: None, host: Some(Domain("localhost")), port: Some(9200), path: "/testdocs/_doc/count_1", query: None, fragment: None }, source: hyper::Error(Connect, ConnectError("tcp connect error", Os { code: 111, kind: ConnectionRefused, message: "Connection refused" })) }) })
[INFO] [stdout] stack backtrace:
[INFO] [stdout]    0:     0x64c1d253b621 - <<std[617be2ca0a6fd877]::sys::backtrace::BacktraceLock>::print::DisplayBacktrace as core[a373ad73a504971]::fmt::Display>::fmt
[INFO] [stdout]    1:     0x64c1d255175a - core[a373ad73a504971]::fmt::write
[INFO] [stdout]    2:     0x64c1d253febc - <alloc[2e1b2a31b91974c5]::vec::Vec<u8> as core[a373ad73a504971]::io::write::Write>::write_fmt
[INFO] [stdout]    3:     0x64c1d2516796 - std[617be2ca0a6fd877]::panicking::default_hook::{closure#0}
[INFO] [stdout]    4:     0x64c1d2533619 - std[617be2ca0a6fd877]::panicking::default_hook
[INFO] [stdout]    5:     0x64c1d2359c80 - test[aada8e7e76ba119b]::test_main_inner::{closure#0}
[INFO] [stdout]    6:     0x64c1d2533942 - std[617be2ca0a6fd877]::panicking::panic_with_hook
[INFO] [stdout]    7:     0x64c1d2516842 - std[617be2ca0a6fd877]::panicking::panic_handler::{closure#0}
[INFO] [stdout]    8:     0x64c1d250f479 - std[617be2ca0a6fd877]::sys::backtrace::__rust_end_short_backtrace::<std[617be2ca0a6fd877]::panicking::panic_handler::{closure#0}, !>
[INFO] [stdout]    9:     0x64c1d251763d - __rustc[ea4f61d10b84890b]::rust_begin_unwind
[INFO] [stdout]   10:     0x64c1d2551ebc - core[a373ad73a504971]::panicking::panic_fmt
[INFO] [stdout]   11:     0x64c1d2551c92 - core[a373ad73a504971]::result::unwrap_failed
[INFO] [stdout]   12:     0x64c1d230eeb4 - easy_odm[4a333804d4ba9ea7]::tests::test_count::{closure#0}::{closure#0}
[INFO] [stdout]   13:     0x64c1d23497da - <tokio[45e08adc4bd44336]::runtime::scheduler::current_thread::CurrentThread>::block_on::<core[a373ad73a504971]::pin::Pin<&mut dyn core[a373ad73a504971]::future::future::Future<Output = ()>>>
[INFO] [stdout]   14:     0x64c1d23347f2 - <tokio[45e08adc4bd44336]::runtime::runtime::Runtime>::block_on::<core[a373ad73a504971]::pin::Pin<&mut dyn core[a373ad73a504971]::future::future::Future<Output = ()>>>
[INFO] [stdout]   15:     0x64c1d232bfbb - <easy_odm[4a333804d4ba9ea7]::tests::test_count::{closure#0} as core[a373ad73a504971]::ops::function::FnOnce<()>>::call_once
[INFO] [stdout]   16:     0x64c1d238e527 - serial_test[cc223fe4157b8582]::serial_code_lock::local_serial_core
[INFO] [stdout]   17:     0x64c1d232b9fd - <easy_odm[4a333804d4ba9ea7]::tests::test_count::{closure#0} as core[a373ad73a504971]::ops::function::FnOnce<()>>::call_once
[INFO] [stdout]   18:     0x64c1d234d0cb - test[aada8e7e76ba119b]::__rust_begin_short_backtrace::<core[a373ad73a504971]::result::Result<(), alloc[2e1b2a31b91974c5]::string::String>, fn() -> core[a373ad73a504971]::result::Result<(), alloc[2e1b2a31b91974c5]::string::String>>
[INFO] [stdout]   19:     0x64c1d235a2a5 - test[aada8e7e76ba119b]::run_test::{closure#0}
[INFO] [stdout]   20:     0x64c1d2353b94 - std[617be2ca0a6fd877]::sys::backtrace::__rust_begin_short_backtrace::<test[aada8e7e76ba119b]::run_test::{closure#1}, ()>
[INFO] [stdout]   21:     0x64c1d235d332 - <std[617be2ca0a6fd877]::thread::lifecycle::spawn_unchecked<test[aada8e7e76ba119b]::run_test::{closure#1}, ()>::{closure#1} as core[a373ad73a504971]::ops::function::FnOnce<()>>::call_once::{shim:vtable#0}
[INFO] [stdout]   22:     0x64c1d253aacf - <std[617be2ca0a6fd877]::sys::thread::unix::Thread>::new::thread_start
[INFO] [stdout]   23:     0x76f80b871dfa - <unknown>
[INFO] [stdout]   24:     0x76f80b9053d4 - clone
[INFO] [stdout]   25:                0x0 - <unknown>
[INFO] [stdout] 
[INFO] [stdout] 
[INFO] [stdout] failures:
[INFO] [stdout]     tests::test_aggregate
[INFO] [stdout]     tests::test_count
[INFO] [stdout]     tests::test_custom_query
[INFO] [stdout]     tests::test_delete
[INFO] [stdout]     tests::test_find_one
[INFO] [stdout]     tests::test_find_with_range
[INFO] [stdout]     tests::test_find_with_sorting
[INFO] [stdout]     tests::test_get
[INFO] [stdout]     tests::test_refresh
[INFO] [stdout]     tests::test_save
[INFO] [stdout]     tests::test_update
[INFO] [stdout] 
[INFO] [stdout] test result: FAILED. 0 passed; 11 failed; 0 ignored; 0 measured; 0 filtered out; finished in 3.22s
[INFO] [stdout] 
[INFO] [stderr] error: test failed, to rerun pass `--lib`
[INFO] running `Command { std: "docker" "inspect" "5eb2c8018de9e7ac54e7524494765a3437d8fdbf055f907cd69486d4d6f54e92", kill_on_drop: false }`
[INFO] running `Command { std: "docker" "rm" "-f" "5eb2c8018de9e7ac54e7524494765a3437d8fdbf055f907cd69486d4d6f54e92", kill_on_drop: false }`
[INFO] [stdout] 5eb2c8018de9e7ac54e7524494765a3437d8fdbf055f907cd69486d4d6f54e92
