[INFO] fetching crate earendil_packet 0.5.9...
[INFO] testing earendil_packet-0.5.9 against 1.100.0-beta.1+cargoflags=--release for beta-release-1.100-2
[INFO] extracting crate earendil_packet 0.5.9 into /workspace/builds/worker-0-tc2/source
[INFO] started tweaking crates.io crate earendil_packet 0.5.9
[INFO] finished tweaking crates.io crate earendil_packet 0.5.9
[INFO] tweaked toml for crates.io crate earendil_packet 0.5.9 written to /workspace/builds/worker-0-tc2/source/Cargo.toml
[INFO] validating manifest of crates.io crate earendil_packet 0.5.9 on toolchain 1.100.0-beta.1
[INFO] running `Command { std: CARGO_HOME="/workspace/cargo-home" RUSTUP_HOME="/workspace/rustup-home" "/workspace/cargo-home/bin/cargo" "+1.100.0-beta.1" "metadata" "--manifest-path" "Cargo.toml" "--no-deps", kill_on_drop: false }`
[INFO] crate crates.io crate earendil_packet 0.5.9 already has a lockfile, it will not be regenerated
[INFO] running `Command { std: CARGO_HOME="/workspace/cargo-home" RUSTUP_HOME="/workspace/rustup-home" "/workspace/cargo-home/bin/cargo" "+1.100.0-beta.1" "fetch" "--manifest-path" "Cargo.toml", kill_on_drop: false }`
[INFO] running `Command { std: "docker" "create" "-v" "/var/lib/crater-agent-workspace/builds/worker-0-tc2/source:/opt/rustwide/workdir:ro,Z" "-v" "/var/lib/crater-agent-workspace/builds/worker-0-tc2/target:/opt/rustwide/target:rw,Z" "-v" "/var/lib/crater-agent-workspace/cargo-home:/opt/rustwide/cargo-home:ro,Z" "-v" "/var/lib/crater-agent-workspace/rustup-home:/opt/rustwide/rustup-home:ro,Z" "-m" "1610612736" "--network" "none" "ghcr.io/rust-lang/crates-build-env/linux@sha256:77db811e55d90add9212f6832c23229e3de5f1c1f9905e8cb07319ea15df73ac" "sleep" "infinity", kill_on_drop: false }`
[INFO] [stdout] 384a712cfa06efcae84aeec24a23f31c646629c4686787d8bc1d2aff0aa8c08d
[INFO] running `Command { std: "docker" "start" "384a712cfa06efcae84aeec24a23f31c646629c4686787d8bc1d2aff0aa8c08d", kill_on_drop: false }`
[INFO] running `Command { std: "docker" "inspect" "384a712cfa06efcae84aeec24a23f31c646629c4686787d8bc1d2aff0aa8c08d", kill_on_drop: false }`
[INFO] running `Command { std: "docker" "exec" "-e" "SOURCE_DIR=/opt/rustwide/workdir" "-e" "CARGO_HOME=/opt/rustwide/cargo-home" "-e" "RUSTUP_HOME=/opt/rustwide/rustup-home" "-e" "CARGO_TARGET_DIR=/opt/rustwide/target" "-w" "/opt/rustwide/workdir" "--user" "0:0" "384a712cfa06efcae84aeec24a23f31c646629c4686787d8bc1d2aff0aa8c08d" "/opt/rustwide/cargo-home/bin/cargo" "+1.100.0-beta.1" "metadata" "--no-deps" "--format-version=1", kill_on_drop: false }`
[INFO] running `Command { std: "docker" "inspect" "384a712cfa06efcae84aeec24a23f31c646629c4686787d8bc1d2aff0aa8c08d", kill_on_drop: false }`
[INFO] running `Command { std: "docker" "exec" "-e" "SOURCE_DIR=/opt/rustwide/workdir" "-e" "CARGO_HOME=/opt/rustwide/cargo-home" "-e" "RUSTUP_HOME=/opt/rustwide/rustup-home" "-e" "CARGO_TARGET_DIR=/opt/rustwide/target" "-e" "CARGO_INCREMENTAL=0" "-e" "RUST_BACKTRACE=full" "-e" "RUSTFLAGS=--cap-lints=warn" "-e" "RUSTDOCFLAGS=--cap-lints=warn" "-w" "/opt/rustwide/workdir" "--user" "0:0" "384a712cfa06efcae84aeec24a23f31c646629c4686787d8bc1d2aff0aa8c08d" "/opt/rustwide/cargo-home/bin/cargo" "+1.100.0-beta.1" "build" "--frozen" "--message-format=json" "--release", kill_on_drop: false }`
[INFO] [stderr]    Compiling libc v0.2.156
[INFO] [stderr]    Compiling serde v1.0.208
[INFO] [stderr]    Compiling cpufeatures v0.2.13
[INFO] [stderr]    Compiling strsim v0.10.0
[INFO] [stderr]    Compiling semver v1.0.23
[INFO] [stderr]    Compiling cc v1.1.13
[INFO] [stderr]    Compiling syn v2.0.74
[INFO] [stderr]    Compiling syn v1.0.109
[INFO] [stderr]    Compiling num-traits v0.2.19
[INFO] [stderr]    Compiling subtle-ng v2.5.0
[INFO] [stderr]    Compiling constant_time_eq v0.3.0
[INFO] [stderr]    Compiling generic-array v0.14.7
[INFO] [stderr]    Compiling arrayvec v0.7.4
[INFO] [stderr]    Compiling arrayref v0.3.8
[INFO] [stderr]    Compiling base32 v0.4.0
[INFO] [stderr]    Compiling bs58 v0.5.1
[INFO] [stderr]    Compiling rustc_version v0.4.0
[INFO] [stderr]    Compiling curve25519-dalek v4.1.3
[INFO] [stderr]    Compiling getrandom v0.2.15
[INFO] [stderr]    Compiling rand_core v0.6.4
[INFO] [stderr]    Compiling block-buffer v0.10.4
[INFO] [stderr]    Compiling digest v0.9.0
[INFO] [stderr]    Compiling inout v0.1.3
[INFO] [stderr]    Compiling block-buffer v0.9.0
[INFO] [stderr]    Compiling sha2 v0.9.9
[INFO] [stderr]    Compiling crypto-common v0.1.6
[INFO] [stderr]    Compiling password-hash v0.5.0
[INFO] [stderr]    Compiling digest v0.10.7
[INFO] [stderr]    Compiling universal-hash v0.5.1
[INFO] [stderr]    Compiling aead v0.5.2
[INFO] [stderr]    Compiling poly1305 v0.8.0
[INFO] [stderr]    Compiling blake3 v1.5.3
[INFO] [stderr]    Compiling blake2 v0.10.6
[INFO] [stderr]    Compiling argon2 v0.5.3
[INFO] [stderr]    Compiling darling_core v0.13.4
[INFO] [stderr]    Compiling zeroize_derive v1.4.2
[INFO] [stderr]    Compiling serde_derive v1.0.208
[INFO] [stderr]    Compiling zerocopy-derive v0.7.35
[INFO] [stderr]    Compiling thiserror-impl v1.0.63
[INFO] [stderr]    Compiling bytemuck_derive v1.7.1
[INFO] [stderr]    Compiling curve25519-dalek-derive v0.1.1
[INFO] [stderr]    Compiling darling_macro v0.13.4
[INFO] [stderr]    Compiling darling v0.13.4
[INFO] [stderr]    Compiling serde_with_macros v1.5.2
[INFO] [stderr]    Compiling thiserror v1.0.63
[INFO] [stderr]    Compiling zeroize v1.8.1
[INFO] [stderr]    Compiling cipher v0.4.4
[INFO] [stderr]    Compiling curve25519-dalek-ng v4.1.1
[INFO] [stderr]    Compiling bytemuck v1.17.0
[INFO] [stderr]    Compiling zerocopy v0.7.35
[INFO] [stderr]    Compiling chacha20 v0.9.1
[INFO] [stderr]    Compiling chacha20poly1305 v0.10.1
[INFO] [stderr]    Compiling ppv-lite86 v0.2.20
[INFO] [stderr]    Compiling x25519-dalek v2.0.1
[INFO] [stderr]    Compiling rand_chacha v0.3.1
[INFO] [stderr]    Compiling rand v0.8.5
[INFO] [stderr]    Compiling rand_distr v0.4.3
[INFO] [stderr]    Compiling bytes v1.7.1
[INFO] [stderr]    Compiling bincode v1.3.3
[INFO] [stderr]    Compiling serde_with v1.14.0
[INFO] [stderr]    Compiling ed25519-consensus v2.1.0
[INFO] [stderr]    Compiling serde-big-array v0.5.1
[INFO] [stderr]    Compiling stdcode v0.1.14
[INFO] [stderr]    Compiling earendil_crypt v0.5.8
[INFO] [stderr]    Compiling earendil_packet v0.5.9 (/opt/rustwide/workdir)
[INFO] [stdout] warning: struct `InnerPacketCiphertext` is never constructed
[INFO] [stdout]   --> src/inner.rs:30:8
[INFO] [stdout]    |
[INFO] [stdout] 30 | struct InnerPacketCiphertext {
[INFO] [stdout]    |        ^^^^^^^^^^^^^^^^^^^^^
[INFO] [stdout]    |
[INFO] [stdout]    = note: `#[warn(dead_code)]` (part of `#[warn(unused)]`) on by default
[INFO] [stdout] 
[INFO] [stdout] 
[INFO] [stdout] warning: field `0` is never read
[INFO] [stdout]   --> src/raw.rs:34:12
[INFO] [stdout]    |
[INFO] [stdout] 34 | pub struct RawPacket {
[INFO] [stdout]    |            ^^^^^^^^^ field in this struct
[INFO] [stdout]    |
[INFO] [stdout]    = help: consider removing this field
[INFO] [stdout] 
[INFO] [stdout] 
[INFO] [stdout] warning: function `check` is never used
[INFO] [stdout]   --> src/raw.rs:31:1
[INFO] [stdout]    |
[INFO] [stdout] 31 | /// A raw, on-the-wire Earendil packet.
[INFO] [stdout]    | ^^^^^^^^^^^^^^^^^^^^^^^^^^^^^^^^^^^^^^^
[INFO] [stdout] 
[INFO] [stdout] 
[INFO] [stdout] warning: field `0` is never read
[INFO] [stdout]    --> src/raw.rs:304:12
[INFO] [stdout]     |
[INFO] [stdout] 304 | pub struct RawHeader {
[INFO] [stdout]     |            ^^^^^^^^^ field in this struct
[INFO] [stdout]     |
[INFO] [stdout]     = help: consider removing this field
[INFO] [stdout] 
[INFO] [stdout] 
[INFO] [stdout] warning: function `check` is never used
[INFO] [stdout]    --> src/raw.rs:301:1
[INFO] [stdout]     |
[INFO] [stdout] 301 | /// The raw, encrypted header of an Earendil packet.
[INFO] [stdout]     | ^^^^^^^^^^^^^^^^^^^^^^^^^^^^^^^^^^^^^^^^^^^^^^^^^^^^
[INFO] [stdout] 
[INFO] [stdout] 
[INFO] [stderr] warning: unused dependency `bs58`
[INFO] [stderr]   --> Cargo.toml:25:15
[INFO] [stderr]    |
[INFO] [stderr] 25 | [dependencies.bs58]
[INFO] [stderr]    |               ^^^^^
[INFO] [stderr]    |
[INFO] [stderr]    = note: `cargo::unused_dependencies` is set to `warn` by default
[INFO] [stderr] help: consider removing the dependency on `bs58`
[INFO] [stderr] warning: `earendil_packet` (manifest) generated 1 warning
[INFO] [stderr]     Finished `release` profile [optimized] target(s) in 27.93s
[INFO] running `Command { std: "docker" "inspect" "384a712cfa06efcae84aeec24a23f31c646629c4686787d8bc1d2aff0aa8c08d", kill_on_drop: false }`
[INFO] running `Command { std: "docker" "exec" "-e" "SOURCE_DIR=/opt/rustwide/workdir" "-e" "CARGO_HOME=/opt/rustwide/cargo-home" "-e" "RUSTUP_HOME=/opt/rustwide/rustup-home" "-e" "CARGO_TARGET_DIR=/opt/rustwide/target" "-e" "CARGO_INCREMENTAL=0" "-e" "RUST_BACKTRACE=full" "-e" "RUSTFLAGS=--cap-lints=warn" "-e" "RUSTDOCFLAGS=--cap-lints=warn" "-w" "/opt/rustwide/workdir" "--user" "0:0" "384a712cfa06efcae84aeec24a23f31c646629c4686787d8bc1d2aff0aa8c08d" "/opt/rustwide/cargo-home/bin/cargo" "+1.100.0-beta.1" "test" "--frozen" "--no-run" "--message-format=json" "--release", kill_on_drop: false }`
[INFO] [stderr]    Compiling memchr v2.7.4
[INFO] [stderr]    Compiling num-traits v0.2.19
[INFO] [stderr]    Compiling serde_json v1.0.125
[INFO] [stderr]    Compiling plotters-backend v0.3.6
[INFO] [stderr]    Compiling textwrap v0.11.0
[INFO] [stderr]    Compiling regex-automata v0.4.7
[INFO] [stderr]    Compiling itertools v0.10.5
[INFO] [stderr]    Compiling rayon v1.10.0
[INFO] [stderr]    Compiling atty v0.2.14
[INFO] [stderr]    Compiling serde_cbor v0.11.2
[INFO] [stderr]    Compiling oorandom v11.1.4
[INFO] [stderr]    Compiling clap v2.34.0
[INFO] [stderr]    Compiling plotters-svg v0.3.6
[INFO] [stderr]    Compiling csv-core v0.1.11
[INFO] [stderr]    Compiling csv v1.3.0
[INFO] [stderr]    Compiling plotters v0.3.6
[INFO] [stderr]    Compiling rand_distr v0.4.3
[INFO] [stderr]    Compiling criterion-plot v0.4.5
[INFO] [stderr]    Compiling earendil_packet v0.5.9 (/opt/rustwide/workdir)
[INFO] [stdout] warning: struct `InnerPacketCiphertext` is never constructed
[INFO] [stdout]   --> src/inner.rs:30:8
[INFO] [stdout]    |
[INFO] [stdout] 30 | struct InnerPacketCiphertext {
[INFO] [stdout]    |        ^^^^^^^^^^^^^^^^^^^^^
[INFO] [stdout]    |
[INFO] [stdout]    = note: `#[warn(dead_code)]` (part of `#[warn(unused)]`) on by default
[INFO] [stdout] 
[INFO] [stdout] 
[INFO] [stdout] warning: field `0` is never read
[INFO] [stdout]   --> src/raw.rs:34:12
[INFO] [stdout]    |
[INFO] [stdout] 34 | pub struct RawPacket {
[INFO] [stdout]    |            ^^^^^^^^^ field in this struct
[INFO] [stdout]    |
[INFO] [stdout]    = help: consider removing this field
[INFO] [stdout] 
[INFO] [stdout] 
[INFO] [stdout] warning: function `check` is never used
[INFO] [stdout]   --> src/raw.rs:31:1
[INFO] [stdout]    |
[INFO] [stdout] 31 | /// A raw, on-the-wire Earendil packet.
[INFO] [stdout]    | ^^^^^^^^^^^^^^^^^^^^^^^^^^^^^^^^^^^^^^^
[INFO] [stdout] 
[INFO] [stdout] 
[INFO] [stdout] warning: field `0` is never read
[INFO] [stdout]    --> src/raw.rs:304:12
[INFO] [stdout]     |
[INFO] [stdout] 304 | pub struct RawHeader {
[INFO] [stdout]     |            ^^^^^^^^^ field in this struct
[INFO] [stdout]     |
[INFO] [stdout]     = help: consider removing this field
[INFO] [stdout] 
[INFO] [stdout] 
[INFO] [stdout] warning: function `check` is never used
[INFO] [stdout]    --> src/raw.rs:301:1
[INFO] [stdout]     |
[INFO] [stdout] 301 | /// The raw, encrypted header of an Earendil packet.
[INFO] [stdout]     | ^^^^^^^^^^^^^^^^^^^^^^^^^^^^^^^^^^^^^^^^^^^^^^^^^^^^
[INFO] [stdout] 
[INFO] [stdout] 
[INFO] [stderr]    Compiling tinytemplate v1.2.1
[INFO] [stderr]    Compiling regex v1.10.6
[INFO] [stderr]    Compiling criterion v0.3.6
[INFO] [stdout] warning: struct `InnerPacketCiphertext` is never constructed
[INFO] [stdout]   --> src/inner.rs:30:8
[INFO] [stdout]    |
[INFO] [stdout] 30 | struct InnerPacketCiphertext {
[INFO] [stdout]    |        ^^^^^^^^^^^^^^^^^^^^^
[INFO] [stdout]    |
[INFO] [stdout]    = note: `#[warn(dead_code)]` (part of `#[warn(unused)]`) on by default
[INFO] [stdout] 
[INFO] [stdout] 
[INFO] [stdout] warning: field `0` is never read
[INFO] [stdout]   --> src/raw.rs:34:12
[INFO] [stdout]    |
[INFO] [stdout] 34 | pub struct RawPacket {
[INFO] [stdout]    |            ^^^^^^^^^ field in this struct
[INFO] [stdout]    |
[INFO] [stdout]    = help: consider removing this field
[INFO] [stdout] 
[INFO] [stdout] 
[INFO] [stdout] warning: function `check` is never used
[INFO] [stdout]   --> src/raw.rs:31:1
[INFO] [stdout]    |
[INFO] [stdout] 31 | /// A raw, on-the-wire Earendil packet.
[INFO] [stdout]    | ^^^^^^^^^^^^^^^^^^^^^^^^^^^^^^^^^^^^^^^
[INFO] [stdout] 
[INFO] [stdout] 
[INFO] [stdout] warning: field `0` is never read
[INFO] [stdout]    --> src/raw.rs:304:12
[INFO] [stdout]     |
[INFO] [stdout] 304 | pub struct RawHeader {
[INFO] [stdout]     |            ^^^^^^^^^ field in this struct
[INFO] [stdout]     |
[INFO] [stdout]     = help: consider removing this field
[INFO] [stdout] 
[INFO] [stdout] 
[INFO] [stdout] warning: function `check` is never used
[INFO] [stdout]    --> src/raw.rs:301:1
[INFO] [stdout]     |
[INFO] [stdout] 301 | /// The raw, encrypted header of an Earendil packet.
[INFO] [stdout]     | ^^^^^^^^^^^^^^^^^^^^^^^^^^^^^^^^^^^^^^^^^^^^^^^^^^^^
[INFO] [stdout] 
[INFO] [stdout] 
[INFO] [stderr] warning: unused dependency `bs58`
[INFO] [stderr]   --> Cargo.toml:25:15
[INFO] [stderr]    |
[INFO] [stderr] 25 | [dependencies.bs58]
[INFO] [stderr]    |               ^^^^^
[INFO] [stderr]    |
[INFO] [stderr]    = note: `cargo::unused_dependencies` is set to `warn` by default
[INFO] [stderr] help: consider removing the dependency on `bs58`
[INFO] [stderr] warning: `earendil_packet` (manifest) generated 1 warning
[INFO] [stderr]     Finished `release` profile [optimized] target(s) in 34.56s
[INFO] running `Command { std: "docker" "inspect" "384a712cfa06efcae84aeec24a23f31c646629c4686787d8bc1d2aff0aa8c08d", kill_on_drop: false }`
[INFO] running `Command { std: "docker" "exec" "-e" "SOURCE_DIR=/opt/rustwide/workdir" "-e" "CARGO_HOME=/opt/rustwide/cargo-home" "-e" "RUSTUP_HOME=/opt/rustwide/rustup-home" "-e" "CARGO_TARGET_DIR=/opt/rustwide/target" "-e" "CARGO_INCREMENTAL=0" "-e" "RUST_BACKTRACE=full" "-e" "RUSTFLAGS=--cap-lints=warn" "-e" "RUSTDOCFLAGS=--cap-lints=warn" "-w" "/opt/rustwide/workdir" "--user" "0:0" "384a712cfa06efcae84aeec24a23f31c646629c4686787d8bc1d2aff0aa8c08d" "/opt/rustwide/cargo-home/bin/cargo" "+1.100.0-beta.1" "test" "--frozen" "--release", kill_on_drop: false }`
[INFO] [stderr] warning: struct `InnerPacketCiphertext` is never constructed
[INFO] [stderr]   --> src/inner.rs:30:8
[INFO] [stderr]    |
[INFO] [stderr] 30 | struct InnerPacketCiphertext {
[INFO] [stderr]    |        ^^^^^^^^^^^^^^^^^^^^^
[INFO] [stderr]    |
[INFO] [stderr]    = note: `#[warn(dead_code)]` (part of `#[warn(unused)]`) on by default
[INFO] [stderr] 
[INFO] [stderr] warning: field `0` is never read
[INFO] [stderr]   --> src/raw.rs:34:12
[INFO] [stderr]    |
[INFO] [stderr] 34 | pub struct RawPacket {
[INFO] [stderr]    |            ^^^^^^^^^ field in this struct
[INFO] [stderr]    |
[INFO] [stderr]    = help: consider removing this field
[INFO] [stderr] 
[INFO] [stderr] warning: function `check` is never used
[INFO] [stderr]   --> src/raw.rs:31:1
[INFO] [stderr]    |
[INFO] [stderr] 31 | /// A raw, on-the-wire Earendil packet.
[INFO] [stderr]    | ^^^^^^^^^^^^^^^^^^^^^^^^^^^^^^^^^^^^^^^
[INFO] [stderr] 
[INFO] [stderr] warning: field `0` is never read
[INFO] [stderr]    --> src/raw.rs:304:12
[INFO] [stderr]     |
[INFO] [stderr] 304 | pub struct RawHeader {
[INFO] [stderr]     |            ^^^^^^^^^ field in this struct
[INFO] [stderr]     |
[INFO] [stderr]     = help: consider removing this field
[INFO] [stderr] 
[INFO] [stderr] warning: function `check` is never used
[INFO] [stderr]    --> src/raw.rs:301:1
[INFO] [stderr]     |
[INFO] [stderr] 301 | /// The raw, encrypted header of an Earendil packet.
[INFO] [stderr]     | ^^^^^^^^^^^^^^^^^^^^^^^^^^^^^^^^^^^^^^^^^^^^^^^^^^^^
[INFO] [stderr] 
[INFO] [stderr] warning: `earendil_packet` (lib) generated 5 warnings
[INFO] [stderr] warning: `earendil_packet` (lib test) generated 5 warnings (5 duplicates)
[INFO] [stderr] warning: unused dependency `bs58`
[INFO] [stderr]   --> Cargo.toml:25:15
[INFO] [stderr]    |
[INFO] [stderr] 25 | [dependencies.bs58]
[INFO] [stderr]    |               ^^^^^
[INFO] [stderr]    |
[INFO] [stderr]    = note: `cargo::unused_dependencies` is set to `warn` by default
[INFO] [stderr] help: consider removing the dependency on `bs58`
[INFO] [stderr] warning: `earendil_packet` (manifest) generated 1 warning
[INFO] [stderr]     Finished `release` profile [optimized] target(s) in 0.15s
[INFO] [stderr]      Running unittests src/lib.rs (/opt/rustwide/target/release/build/earendil_packet/2b59b5e21ec7324f/out/earendil_packet-2b59b5e21ec7324f)
[INFO] [stdout] 
[INFO] [stdout] running 10 tests
[INFO] [stdout] test crypt::tests::aead_encryption_decryption ... ok
[INFO] [stdout] test crypt::tests::onion_public_serialize_deserialize ... ok
[INFO] [stdout] test tests::ten_hops_fail ... ok
[INFO] [stdout] test crypt::tests::shared_secret ... ok
[INFO] [stdout] test tests::one_hop ... FAILED
[INFO] [stdout] test tests::five_hops ... FAILED
[INFO] [stdout] test inner::tests::test_inner_packet_roundtrip ... ok
[INFO] [stdout] test crypt::tests::box_encrypt_decrypt ... ok
[INFO] [stdout] test tests::reply_block_five_hops ... ok
[INFO] [stdout] test tests::nine_hops ... FAILED
[INFO] [stdout] 
[INFO] [stdout] failures:
[INFO] [stdout] 
[INFO] [stdout] ---- tests::one_hop stdout ----
[INFO] [stdout] 
[INFO] [stdout] thread 'tests::one_hop' (1665) panicked at src/lib.rs:96:14:
[INFO] [stdout] Failed to peel packet: InnerPacketOpenError
[INFO] [stdout] stack backtrace:
[INFO] [stdout]    0:     0x5b3655b5cd01 - <<std[617be2ca0a6fd877]::sys::backtrace::BacktraceLock>::print::DisplayBacktrace as core[a373ad73a504971]::fmt::Display>::fmt
[INFO] [stdout]    1:     0x5b3655b725ca - core[a373ad73a504971]::fmt::write
[INFO] [stdout]    2:     0x5b3655b6141c - <alloc[2e1b2a31b91974c5]::vec::Vec<u8> as core[a373ad73a504971]::io::write::Write>::write_fmt
[INFO] [stdout]    3:     0x5b3655b38be6 - std[617be2ca0a6fd877]::panicking::default_hook::{closure#0}
[INFO] [stdout]    4:     0x5b3655b55379 - std[617be2ca0a6fd877]::panicking::default_hook
[INFO] [stdout]    5:     0x5b3655ad0dc0 - test[aada8e7e76ba119b]::test_main_inner::{closure#0}
[INFO] [stdout]    6:     0x5b3655b55532 - std[617be2ca0a6fd877]::panicking::panic_with_hook
[INFO] [stdout]    7:     0x5b3655b38c92 - std[617be2ca0a6fd877]::panicking::panic_handler::{closure#0}
[INFO] [stdout]    8:     0x5b3655b31419 - std[617be2ca0a6fd877]::sys::backtrace::__rust_end_short_backtrace::<std[617be2ca0a6fd877]::panicking::panic_handler::{closure#0}, !>
[INFO] [stdout]    9:     0x5b3655b399ad - __rustc[ea4f61d10b84890b]::rust_begin_unwind
[INFO] [stdout]   10:     0x5b3655b72cfc - core[a373ad73a504971]::panicking::panic_fmt
[INFO] [stdout]   11:     0x5b3655b72ad2 - core[a373ad73a504971]::result::unwrap_failed
[INFO] [stdout]   12:     0x5b3655abcb79 - earendil_packet[92e1eb71ff1c4190]::tests::test_packet_route
[INFO] [stdout]   13:     0x5b3655abeecf - <earendil_packet[92e1eb71ff1c4190]::tests::one_hop::{closure#0} as core[a373ad73a504971]::ops::function::FnOnce<()>>::call_once
[INFO] [stdout]   14:     0x5b3655ac420b - test[aada8e7e76ba119b]::__rust_begin_short_backtrace::<core[a373ad73a504971]::result::Result<(), alloc[2e1b2a31b91974c5]::string::String>, fn() -> core[a373ad73a504971]::result::Result<(), alloc[2e1b2a31b91974c5]::string::String>>
[INFO] [stdout]   15:     0x5b3655ad13e5 - test[aada8e7e76ba119b]::run_test::{closure#0}
[INFO] [stdout]   16:     0x5b3655acacd4 - std[617be2ca0a6fd877]::sys::backtrace::__rust_begin_short_backtrace::<test[aada8e7e76ba119b]::run_test::{closure#1}, ()>
[INFO] [stdout]   17:     0x5b3655ad4472 - <std[617be2ca0a6fd877]::thread::lifecycle::spawn_unchecked<test[aada8e7e76ba119b]::run_test::{closure#1}, ()>::{closure#1} as core[a373ad73a504971]::ops::function::FnOnce<()>>::call_once::{shim:vtable#0}
[INFO] [stdout]   18:     0x5b3655b5c55f - <std[617be2ca0a6fd877]::sys::thread::unix::Thread>::new::thread_start
[INFO] [stdout]   19:     0x786e6d849dfa - <unknown>
[INFO] [stdout]   20:     0x786e6d8dd3d4 - clone
[INFO] [stdout]   21:                0x0 - <unknown>
[INFO] [stdout] 
[INFO] [stdout] ---- tests::five_hops stdout ----
[INFO] [stdout] 
[INFO] [stdout] thread 'tests::five_hops' (1663) panicked at src/lib.rs:96:14:
[INFO] [stdout] Failed to peel packet: InnerPacketOpenError
[INFO] [stdout] stack backtrace:
[INFO] [stdout]    0:     0x5b3655b5cd01 - <<std[617be2ca0a6fd877]::sys::backtrace::BacktraceLock>::print::DisplayBacktrace as core[a373ad73a504971]::fmt::Display>::fmt
[INFO] [stdout]    1:     0x5b3655b725ca - core[a373ad73a504971]::fmt::write
[INFO] [stdout]    2:     0x5b3655b6141c - <alloc[2e1b2a31b91974c5]::vec::Vec<u8> as core[a373ad73a504971]::io::write::Write>::write_fmt
[INFO] [stdout]    3:     0x5b3655b38be6 - std[617be2ca0a6fd877]::panicking::default_hook::{closure#0}
[INFO] [stdout]    4:     0x5b3655b55379 - std[617be2ca0a6fd877]::panicking::default_hook
[INFO] [stdout]    5:     0x5b3655ad0dc0 - test[aada8e7e76ba119b]::test_main_inner::{closure#0}
[INFO] [stdout]    6:     0x5b3655b55532 - std[617be2ca0a6fd877]::panicking::panic_with_hook
[INFO] [stdout]    7:     0x5b3655b38c92 - std[617be2ca0a6fd877]::panicking::panic_handler::{closure#0}
[INFO] [stdout]    8:     0x5b3655b31419 - std[617be2ca0a6fd877]::sys::backtrace::__rust_end_short_backtrace::<std[617be2ca0a6fd877]::panicking::panic_handler::{closure#0}, !>
[INFO] [stdout]    9:     0x5b3655b399ad - __rustc[ea4f61d10b84890b]::rust_begin_unwind
[INFO] [stdout]   10:     0x5b3655b72cfc - core[a373ad73a504971]::panicking::panic_fmt
[INFO] [stdout]   11:     0x5b3655b72ad2 - core[a373ad73a504971]::result::unwrap_failed
[INFO] [stdout]   12:     0x5b3655abcb79 - earendil_packet[92e1eb71ff1c4190]::tests::test_packet_route
[INFO] [stdout]   13:     0x5b3655abef66 - <earendil_packet[92e1eb71ff1c4190]::tests::five_hops::{closure#0} as core[a373ad73a504971]::ops::function::FnOnce<()>>::call_once
[INFO] [stdout]   14:     0x5b3655ac420b - test[aada8e7e76ba119b]::__rust_begin_short_backtrace::<core[a373ad73a504971]::result::Result<(), alloc[2e1b2a31b91974c5]::string::String>, fn() -> core[a373ad73a504971]::result::Result<(), alloc[2e1b2a31b91974c5]::string::String>>
[INFO] [stdout]   15:     0x5b3655ad13e5 - test[aada8e7e76ba119b]::run_test::{closure#0}
[INFO] [stdout]   16:     0x5b3655acacd4 - std[617be2ca0a6fd877]::sys::backtrace::__rust_begin_short_backtrace::<test[aada8e7e76ba119b]::run_test::{closure#1}, ()>
[INFO] [stdout]   17:     0x5b3655ad4472 - <std[617be2ca0a6fd877]::thread::lifecycle::spawn_unchecked<test[aada8e7e76ba119b]::run_test::{closure#1}, ()>::{closure#1} as core[a373ad73a504971]::ops::function::FnOnce<()>>::call_once::{shim:vtable#0}
[INFO] [stdout]   18:     0x5b3655b5c55f - <std[617be2ca0a6fd877]::sys::thread::unix::Thread>::new::thread_start
[INFO] [stdout]   19:     0x786e6d849dfa - <unknown>
[INFO] [stdout]   20:     0x786e6d8dd3d4 - clone
[INFO] [stdout]   21:                0x0 - <unknown>
[INFO] [stdout] 
[INFO] [stdout] ---- tests::nine_hops stdout ----
[INFO] [stdout] 
[INFO] [stdout] thread 'tests::nine_hops' (1664) panicked at src/lib.rs:96:14:
[INFO] [stdout] Failed to peel packet: InnerPacketOpenError
[INFO] [stdout] stack backtrace:
[INFO] [stdout]    0:     0x5b3655b5cd01 - <<std[617be2ca0a6fd877]::sys::backtrace::BacktraceLock>::print::DisplayBacktrace as core[a373ad73a504971]::fmt::Display>::fmt
[INFO] [stdout]    1:     0x5b3655b725ca - core[a373ad73a504971]::fmt::write
[INFO] [stdout]    2:     0x5b3655b6141c - <alloc[2e1b2a31b91974c5]::vec::Vec<u8> as core[a373ad73a504971]::io::write::Write>::write_fmt
[INFO] [stdout]    3:     0x5b3655b38be6 - std[617be2ca0a6fd877]::panicking::default_hook::{closure#0}
[INFO] [stdout]    4:     0x5b3655b55379 - std[617be2ca0a6fd877]::panicking::default_hook
[INFO] [stdout]    5:     0x5b3655ad0dc0 - test[aada8e7e76ba119b]::test_main_inner::{closure#0}
[INFO] [stdout]    6:     0x5b3655b55532 - std[617be2ca0a6fd877]::panicking::panic_with_hook
[INFO] [stdout]    7:     0x5b3655b38c92 - std[617be2ca0a6fd877]::panicking::panic_handler::{closure#0}
[INFO] [stdout]    8:     0x5b3655b31419 - std[617be2ca0a6fd877]::sys::backtrace::__rust_end_short_backtrace::<std[617be2ca0a6fd877]::panicking::panic_handler::{closure#0}, !>
[INFO] [stdout]    9:     0x5b3655b399ad - __rustc[ea4f61d10b84890b]::rust_begin_unwind
[INFO] [stdout]   10:     0x5b3655b72cfc - core[a373ad73a504971]::panicking::panic_fmt
[INFO] [stdout]   11:     0x5b3655b72ad2 - core[a373ad73a504971]::result::unwrap_failed
[INFO] [stdout]   12:     0x5b3655abcb79 - earendil_packet[92e1eb71ff1c4190]::tests::test_packet_route
[INFO] [stdout]   13:     0x5b3655abf0b6 - <earendil_packet[92e1eb71ff1c4190]::tests::nine_hops::{closure#0} as core[a373ad73a504971]::ops::function::FnOnce<()>>::call_once
[INFO] [stdout]   14:     0x5b3655ac420b - test[aada8e7e76ba119b]::__rust_begin_short_backtrace::<core[a373ad73a504971]::result::Result<(), alloc[2e1b2a31b91974c5]::string::String>, fn() -> core[a373ad73a504971]::result::Result<(), alloc[2e1b2a31b91974c5]::string::String>>
[INFO] [stdout]   15:     0x5b3655ad13e5 - test[aada8e7e76ba119b]::run_test::{closure#0}
[INFO] [stdout]   16:     0x5b3655acacd4 - std[617be2ca0a6fd877]::sys::backtrace::__rust_begin_short_backtrace::<test[aada8e7e76ba119b]::run_test::{closure#1}, ()>
[INFO] [stdout]   17:     0x5b3655ad4472 - <std[617be2ca0a6fd877]::thread::lifecycle::spawn_unchecked<test[aada8e7e76ba119b]::run_test::{closure#1}, ()>::{closure#1} as core[a373ad73a504971]::ops::function::FnOnce<()>>::call_once::{shim:vtable#0}
[INFO] [stdout]   18:     0x5b3655b5c55f - <std[617be2ca0a6fd877]::sys::thread::unix::Thread>::new::thread_start
[INFO] [stdout]   19:     0x786e6d849dfa - <unknown>
[INFO] [stdout]   20:     0x786e6d8dd3d4 - clone
[INFO] [stdout]   21:                0x0 - <unknown>
[INFO] [stdout] 
[INFO] [stdout] 
[INFO] [stdout] failures:
[INFO] [stdout]     tests::five_hops
[INFO] [stdout]     tests::nine_hops
[INFO] [stdout]     tests::one_hop
[INFO] [stdout] 
[INFO] [stdout] test result: FAILED. 7 passed; 3 failed; 0 ignored; 0 measured; 0 filtered out; finished in 0.03s
[INFO] [stdout] 
[INFO] [stderr] error: test failed, to rerun pass `--lib`
[INFO] running `Command { std: "docker" "inspect" "384a712cfa06efcae84aeec24a23f31c646629c4686787d8bc1d2aff0aa8c08d", kill_on_drop: false }`
[INFO] running `Command { std: "docker" "rm" "-f" "384a712cfa06efcae84aeec24a23f31c646629c4686787d8bc1d2aff0aa8c08d", kill_on_drop: false }`
[INFO] [stdout] 384a712cfa06efcae84aeec24a23f31c646629c4686787d8bc1d2aff0aa8c08d
