[INFO] fetching crate e-utils 0.4.20...
[INFO] testing e-utils-0.4.20 against 1.99.0-beta.8+cargoflags=--release for beta-release-1.100-2
[INFO] extracting crate e-utils 0.4.20 into /workspace/builds/worker-6-tc1/source
[INFO] started tweaking crates.io crate e-utils 0.4.20
[INFO] finished tweaking crates.io crate e-utils 0.4.20
[INFO] tweaked toml for crates.io crate e-utils 0.4.20 written to /workspace/builds/worker-6-tc1/source/Cargo.toml
[INFO] validating manifest of crates.io crate e-utils 0.4.20 on toolchain 1.99.0-beta.8
[INFO] running `Command { std: CARGO_HOME="/workspace/cargo-home" RUSTUP_HOME="/workspace/rustup-home" "/workspace/cargo-home/bin/cargo" "+1.99.0-beta.8" "metadata" "--manifest-path" "Cargo.toml" "--no-deps", kill_on_drop: false }`
[INFO] crate crates.io crate e-utils 0.4.20 already has a lockfile, it will not be regenerated
[INFO] running `Command { std: CARGO_HOME="/workspace/cargo-home" RUSTUP_HOME="/workspace/rustup-home" "/workspace/cargo-home/bin/cargo" "+1.99.0-beta.8" "fetch" "--manifest-path" "Cargo.toml", kill_on_drop: false }`
[INFO] [stderr]  Downloading crates ...
[INFO] [stderr]   Downloaded redox_syscall v0.5.3
[INFO] [stderr]   Downloaded jobserver v0.1.30
[INFO] [stderr]   Downloaded thiserror-impl v2.0.6
[INFO] [stderr]   Downloaded thiserror v2.0.6
[INFO] [stderr]   Downloaded serde v1.0.201
[INFO] [stderr]   Downloaded zvariant_utils v2.0.0
[INFO] [stderr]   Downloaded zvariant_derive v4.1.2
[INFO] [stderr]   Downloaded rfd v0.15.0
[INFO] [stderr]   Downloaded serde_derive v1.0.201
[INFO] [stderr]   Downloaded endi v1.1.0
[INFO] [stderr]   Downloaded xdg-home v1.2.0
[INFO] [stderr]   Downloaded zvariant v4.1.2
[INFO] [stderr]   Downloaded zbus_macros v4.3.0
[INFO] [stderr]   Downloaded ashpd v0.9.2
[INFO] [stderr]   Downloaded zbus v4.3.0
[INFO] [stderr]   Downloaded event-listener v5.3.1
[INFO] [stderr]   Downloaded async-trait v0.1.82
[INFO] [stderr]   Downloaded event-listener-strategy v0.5.2
[INFO] [stderr]   Downloaded hermit-abi v0.4.0
[INFO] [stderr]   Downloaded async-channel v2.3.1
[INFO] [stderr]   Downloaded async-broadcast v0.7.1
[INFO] [stderr]   Downloaded async-signal v0.2.9
[INFO] [stderr]   Downloaded polling v3.7.2
[INFO] [stderr]   Downloaded async-process v2.3.0
[INFO] [stderr]   Downloaded futures-lite v2.3.0
[INFO] [stderr]   Downloaded blocking v1.6.1
[INFO] [stderr]   Downloaded async-io v2.3.3
[INFO] [stderr]   Downloaded security-framework-sys v2.10.0
[INFO] [stderr]   Downloaded wayland-sys v0.31.5
[INFO] [stderr]   Downloaded wayland-client v0.31.6
[INFO] [stderr]   Downloaded reqwest v0.12.3
[INFO] [stderr]   Downloaded wayland-protocols v0.32.4
[INFO] [stderr]   Downloaded wayland-scanner v0.31.5
[INFO] [stderr]   Downloaded wayland-backend v0.3.7
[INFO] [stderr]   Downloaded rustls-pki-types v1.4.1
[INFO] [stderr]   Downloaded hyper v1.3.0
[INFO] [stderr]   Downloaded base64 v0.22.0
[INFO] [stderr]   Downloaded hyper-util v0.1.3
[INFO] [stderr]   Downloaded http-body-util v0.1.1
[INFO] [stderr]   Downloaded h2 v0.4.4
[INFO] [stderr]   Downloaded regex v1.10.5
[INFO] [stderr]   Downloaded zune-jpeg v0.4.11
[INFO] [stderr]   Downloaded rgb v0.8.37
[INFO] [stderr]   Downloaded v_frame v0.3.8
[INFO] [stderr]   Downloaded ravif v0.11.5
[INFO] [stderr]   Downloaded rav1e v0.7.1
[INFO] [stderr]   Downloaded image v0.25.1
[INFO] [stderr]   Downloaded profiling-procmacros v1.0.15
[INFO] [stderr]   Downloaded libfuzzer-sys v0.4.7
[INFO] [stderr]   Downloaded built v0.7.2
[INFO] [stderr]   Downloaded bitstream-io v2.2.0
[INFO] [stderr]   Downloaded av1-grain v0.2.3
[INFO] [stderr]   Downloaded imgref v1.10.1
[INFO] [stderr]   Downloaded avif-serialize v0.8.1
[INFO] [stderr]   Downloaded fdeflate v0.3.4
[INFO] [stderr]   Downloaded png v0.17.13
[INFO] [stderr]   Downloaded image-webp v0.1.1
[INFO] [stderr]   Downloaded exr v1.72.0
[INFO] [stderr]   Downloaded clap v4.5.20
[INFO] [stderr]   Downloaded oorandom v11.1.4
[INFO] [stderr]   Downloaded is-terminal v0.4.13
[INFO] [stderr]   Downloaded clap_builder v4.5.20
[INFO] [stderr]   Downloaded clap_lex v0.7.2
[INFO] [stderr]   Downloaded anstyle v1.0.8
[INFO] running `Command { std: "docker" "create" "-v" "/var/lib/crater-agent-workspace/builds/worker-6-tc1/source:/opt/rustwide/workdir:ro,Z" "-v" "/var/lib/crater-agent-workspace/builds/worker-6-tc1/target:/opt/rustwide/target:rw,Z" "-v" "/var/lib/crater-agent-workspace/cargo-home:/opt/rustwide/cargo-home:ro,Z" "-v" "/var/lib/crater-agent-workspace/rustup-home:/opt/rustwide/rustup-home:ro,Z" "-m" "1610612736" "--network" "none" "ghcr.io/rust-lang/crates-build-env/linux@sha256:77db811e55d90add9212f6832c23229e3de5f1c1f9905e8cb07319ea15df73ac" "sleep" "infinity", kill_on_drop: false }`
[INFO] [stdout] 6b80800b996d2daebc830d6b7616a0365cf847709a3948716593e44510833e1f
[INFO] running `Command { std: "docker" "start" "6b80800b996d2daebc830d6b7616a0365cf847709a3948716593e44510833e1f", kill_on_drop: false }`
[INFO] running `Command { std: "docker" "inspect" "6b80800b996d2daebc830d6b7616a0365cf847709a3948716593e44510833e1f", kill_on_drop: false }`
[INFO] running `Command { std: "docker" "exec" "-e" "SOURCE_DIR=/opt/rustwide/workdir" "-e" "CARGO_HOME=/opt/rustwide/cargo-home" "-e" "RUSTUP_HOME=/opt/rustwide/rustup-home" "-e" "CARGO_TARGET_DIR=/opt/rustwide/target" "-w" "/opt/rustwide/workdir" "--user" "0:0" "6b80800b996d2daebc830d6b7616a0365cf847709a3948716593e44510833e1f" "/opt/rustwide/cargo-home/bin/cargo" "+1.99.0-beta.8" "metadata" "--no-deps" "--format-version=1", kill_on_drop: false }`
[INFO] running `Command { std: "docker" "inspect" "6b80800b996d2daebc830d6b7616a0365cf847709a3948716593e44510833e1f", kill_on_drop: false }`
[INFO] running `Command { std: "docker" "exec" "-e" "SOURCE_DIR=/opt/rustwide/workdir" "-e" "CARGO_HOME=/opt/rustwide/cargo-home" "-e" "RUSTUP_HOME=/opt/rustwide/rustup-home" "-e" "CARGO_TARGET_DIR=/opt/rustwide/target" "-e" "CARGO_INCREMENTAL=0" "-e" "RUST_BACKTRACE=full" "-e" "RUSTFLAGS=--cap-lints=warn" "-e" "RUSTDOCFLAGS=--cap-lints=warn" "-w" "/opt/rustwide/workdir" "--user" "0:0" "6b80800b996d2daebc830d6b7616a0365cf847709a3948716593e44510833e1f" "/opt/rustwide/cargo-home/bin/cargo" "+1.99.0-beta.8" "build" "--frozen" "--message-format=json" "--release", kill_on_drop: false }`
[INFO] [stderr]    Compiling proc-macro2 v1.0.92
[INFO] [stderr]    Compiling rustversion v1.0.17
[INFO] [stderr]    Compiling serde v1.0.201
[INFO] [stderr]    Compiling thiserror v2.0.6
[INFO] [stderr]    Compiling quote v1.0.36
[INFO] [stderr]    Compiling syn v2.0.90
[INFO] [stderr]    Compiling strum_macros v0.26.4
[INFO] [stderr]    Compiling thiserror-impl v2.0.6
[INFO] [stderr]    Compiling serde_derive v1.0.201
[INFO] [stderr]    Compiling strum v0.26.3
[INFO] [stderr]    Compiling e-utils v0.4.20 (/opt/rustwide/workdir)
[INFO] [stderr]     Finished `release` profile [optimized] target(s) in 11.23s
[INFO] running `Command { std: "docker" "inspect" "6b80800b996d2daebc830d6b7616a0365cf847709a3948716593e44510833e1f", kill_on_drop: false }`
[INFO] running `Command { std: "docker" "exec" "-e" "SOURCE_DIR=/opt/rustwide/workdir" "-e" "CARGO_HOME=/opt/rustwide/cargo-home" "-e" "RUSTUP_HOME=/opt/rustwide/rustup-home" "-e" "CARGO_TARGET_DIR=/opt/rustwide/target" "-e" "CARGO_INCREMENTAL=0" "-e" "RUST_BACKTRACE=full" "-e" "RUSTFLAGS=--cap-lints=warn" "-e" "RUSTDOCFLAGS=--cap-lints=warn" "-w" "/opt/rustwide/workdir" "--user" "0:0" "6b80800b996d2daebc830d6b7616a0365cf847709a3948716593e44510833e1f" "/opt/rustwide/cargo-home/bin/cargo" "+1.99.0-beta.8" "test" "--frozen" "--no-run" "--message-format=json" "--release", kill_on_drop: false }`
[INFO] [stderr]    Compiling serde v1.0.201
[INFO] [stderr]    Compiling crossbeam-utils v0.8.19
[INFO] [stderr]    Compiling autocfg v1.2.0
[INFO] [stderr]    Compiling libc v0.2.153
[INFO] [stderr]    Compiling rayon-core v1.12.1
[INFO] [stderr]    Compiling either v1.11.0
[INFO] [stderr]    Compiling serde_json v1.0.115
[INFO] [stderr]    Compiling itoa v1.0.11
[INFO] [stderr]    Compiling clap_lex v0.7.2
[INFO] [stderr]    Compiling regex-syntax v0.8.3
[INFO] [stderr]    Compiling half v2.4.1
[INFO] [stderr]    Compiling anstyle v1.0.8
[INFO] [stderr]    Compiling ryu v1.0.17
[INFO] [stderr]    Compiling oorandom v11.1.4
[INFO] [stderr]    Compiling once_cell v1.19.0
[INFO] [stderr]    Compiling itertools v0.10.5
[INFO] [stderr]    Compiling clap_builder v4.5.20
[INFO] [stderr]    Compiling num-traits v0.2.18
[INFO] [stderr]    Compiling ciborium-ll v0.2.2
[INFO] [stderr]    Compiling crossbeam-epoch v0.9.18
[INFO] [stderr]    Compiling is-terminal v0.4.13
[INFO] [stderr]    Compiling crossbeam-deque v0.8.5
[INFO] [stderr]    Compiling plotters v0.3.7
[INFO] [stderr]    Compiling regex-automata v0.4.6
[INFO] [stderr]    Compiling rayon v1.10.0
[INFO] [stderr]    Compiling criterion-plot v0.5.0
[INFO] [stderr]    Compiling clap v4.5.20
[INFO] [stderr]    Compiling ciborium v0.2.2
[INFO] [stderr]    Compiling e-utils v0.4.20 (/opt/rustwide/workdir)
[INFO] [stderr]    Compiling regex v1.10.5
[INFO] [stderr]    Compiling tinytemplate v1.2.1
[INFO] [stderr]    Compiling criterion v0.5.1
[INFO] [stderr]     Finished `release` profile [optimized] target(s) in 26.74s
[INFO] running `Command { std: "docker" "inspect" "6b80800b996d2daebc830d6b7616a0365cf847709a3948716593e44510833e1f", kill_on_drop: false }`
[INFO] running `Command { std: "docker" "exec" "-e" "SOURCE_DIR=/opt/rustwide/workdir" "-e" "CARGO_HOME=/opt/rustwide/cargo-home" "-e" "RUSTUP_HOME=/opt/rustwide/rustup-home" "-e" "CARGO_TARGET_DIR=/opt/rustwide/target" "-e" "CARGO_INCREMENTAL=0" "-e" "RUST_BACKTRACE=full" "-e" "RUSTFLAGS=--cap-lints=warn" "-e" "RUSTDOCFLAGS=--cap-lints=warn" "-w" "/opt/rustwide/workdir" "--user" "0:0" "6b80800b996d2daebc830d6b7616a0365cf847709a3948716593e44510833e1f" "/opt/rustwide/cargo-home/bin/cargo" "+1.99.0-beta.8" "test" "--frozen" "--release", kill_on_drop: false }`
[INFO] [stderr]     Finished `release` profile [optimized] target(s) in 0.13s
[INFO] [stderr]      Running unittests src/lib.rs (/opt/rustwide/target/release/deps/e_utils-74fed846a8071778)
[INFO] [stdout] 
[INFO] [stdout] running 0 tests
[INFO] [stdout] 
[INFO] [stdout] test result: ok. 0 passed; 0 failed; 0 ignored; 0 measured; 0 filtered out; finished in 0.00s
[INFO] [stdout] 
[INFO] [stderr]    Doc-tests e_utils
[INFO] [stdout] 
[INFO] [stdout] running 2 tests
[INFO] [stdout] test src/lib.rs - (line 5) - compile ... FAILED
[INFO] [stdout] test src/lib.rs - (line 18) - compile ... FAILED
[INFO] [stdout] 
[INFO] [stdout] failures:
[INFO] [stdout] 
[INFO] [stdout] ---- src/lib.rs - (line 5) stdout ----
[INFO] [stdout] error: cannot find macro `algorithm` in this scope
[INFO] [stdout]   --> src/lib.rs:14:60
[INFO] [stdout]    |
[INFO] [stdout] 14 |     println!("nanoid unsafe 10bytes [alphabet:expr]-> {}", algorithm!(nanoid unsafe 10, &['1','0']));
[INFO] [stdout]    |                                                            ^^^^^^^^^
[INFO] [stdout]    |
[INFO] [stdout] note: `algorithm` is imported here, but it is a module, not a macro
[INFO] [stdout]   --> src/lib.rs:8:9
[INFO] [stdout]    |
[INFO] [stdout]  8 |     use e_utils::algorithm;
[INFO] [stdout]    |         ^^^^^^^^^^^^^^^^^^
[INFO] [stdout] 
[INFO] [stdout] error: cannot find macro `algorithm` in this scope
[INFO] [stdout]   --> src/lib.rs:13:45
[INFO] [stdout]    |
[INFO] [stdout] 13 |     println!("nanoid unsafe 10bytes -> {}", algorithm!(nanoid unsafe 10));
[INFO] [stdout]    |                                             ^^^^^^^^^
[INFO] [stdout]    |
[INFO] [stdout] note: `algorithm` is imported here, but it is a module, not a macro
[INFO] [stdout]   --> src/lib.rs:8:9
[INFO] [stdout]    |
[INFO] [stdout]  8 |     use e_utils::algorithm;
[INFO] [stdout]    |         ^^^^^^^^^^^^^^^^^^
[INFO] [stdout] 
[INFO] [stdout] error: cannot find macro `algorithm` in this scope
[INFO] [stdout]   --> src/lib.rs:12:54
[INFO] [stdout]    |
[INFO] [stdout] 12 |     println!("nanoid 10bytes [alphabet:expr] -> {}", algorithm!(nanoid 16, &['1', 'b', 'c', '7']));
[INFO] [stdout]    |                                                      ^^^^^^^^^
[INFO] [stdout]    |
[INFO] [stdout] note: `algorithm` is imported here, but it is a module, not a macro
[INFO] [stdout]   --> src/lib.rs:8:9
[INFO] [stdout]    |
[INFO] [stdout]  8 |     use e_utils::algorithm;
[INFO] [stdout]    |         ^^^^^^^^^^^^^^^^^^
[INFO] [stdout] 
[INFO] [stdout] error: cannot find macro `algorithm` in this scope
[INFO] [stdout]   --> src/lib.rs:11:38
[INFO] [stdout]    |
[INFO] [stdout] 11 |     println!("nanoid 16bytes -> {}", algorithm!(nanoid 16));
[INFO] [stdout]    |                                      ^^^^^^^^^
[INFO] [stdout]    |
[INFO] [stdout] note: `algorithm` is imported here, but it is a module, not a macro
[INFO] [stdout]   --> src/lib.rs:8:9
[INFO] [stdout]    |
[INFO] [stdout]  8 |     use e_utils::algorithm;
[INFO] [stdout]    |         ^^^^^^^^^^^^^^^^^^
[INFO] [stdout] 
[INFO] [stdout] error: cannot find macro `algorithm` in this scope
[INFO] [stdout]   --> src/lib.rs:10:38
[INFO] [stdout]    |
[INFO] [stdout] 10 |     println!("nanoid 16bytes -> {}", algorithm!(nanoid 16));
[INFO] [stdout]    |                                      ^^^^^^^^^
[INFO] [stdout]    |
[INFO] [stdout] note: `algorithm` is imported here, but it is a module, not a macro
[INFO] [stdout]   --> src/lib.rs:8:9
[INFO] [stdout]    |
[INFO] [stdout]  8 |     use e_utils::algorithm;
[INFO] [stdout]    |         ^^^^^^^^^^^^^^^^^^
[INFO] [stdout] 
[INFO] [stdout] error: cannot find macro `algorithm` in this scope
[INFO] [stdout]  --> src/lib.rs:9:30
[INFO] [stdout]   |
[INFO] [stdout] 9 |     println!("nanoid -> {}", algorithm!(nanoid));
[INFO] [stdout]   |                              ^^^^^^^^^
[INFO] [stdout]   |
[INFO] [stdout] note: `algorithm` is imported here, but it is a module, not a macro
[INFO] [stdout]  --> src/lib.rs:8:9
[INFO] [stdout]   |
[INFO] [stdout] 8 |     use e_utils::algorithm;
[INFO] [stdout]   |         ^^^^^^^^^^^^^^^^^^
[INFO] [stdout] 
[INFO] [stdout] error: aborting due to 6 previous errors
[INFO] [stdout] 
[INFO] [stdout] Couldn't compile the test.
[INFO] [stdout] ---- src/lib.rs - (line 18) stdout ----
[INFO] [stdout] error: cannot find macro `algorithm` in this scope
[INFO] [stdout]   --> src/lib.rs:27:41
[INFO] [stdout]    |
[INFO] [stdout] 27 |    println!("random rgb range -> {:?}", algorithm!(rgb 100,255));
[INFO] [stdout]    |                                         ^^^^^^^^^
[INFO] [stdout]    |
[INFO] [stdout] note: `algorithm` is imported here, but it is a module, not a macro
[INFO] [stdout]   --> src/lib.rs:21:8
[INFO] [stdout]    |
[INFO] [stdout] 21 |    use e_utils::algorithm;
[INFO] [stdout]    |        ^^^^^^^^^^^^^^^^^^
[INFO] [stdout] 
[INFO] [stdout] error: cannot find macro `algorithm` in this scope
[INFO] [stdout]   --> src/lib.rs:26:35
[INFO] [stdout]    |
[INFO] [stdout] 26 |    println!("random range -> {}", algorithm!(0i32..13));
[INFO] [stdout]    |                                   ^^^^^^^^^
[INFO] [stdout]    |
[INFO] [stdout] note: `algorithm` is imported here, but it is a module, not a macro
[INFO] [stdout]   --> src/lib.rs:21:8
[INFO] [stdout]    |
[INFO] [stdout] 21 |    use e_utils::algorithm;
[INFO] [stdout]    |        ^^^^^^^^^^^^^^^^^^
[INFO] [stdout] 
[INFO] [stdout] error: cannot find macro `algorithm` in this scope
[INFO] [stdout]   --> src/lib.rs:25:40
[INFO] [stdout]    |
[INFO] [stdout] 25 |    println!("random range 0-13 -> {}", algorithm!(13));
[INFO] [stdout]    |                                        ^^^^^^^^^
[INFO] [stdout]    |
[INFO] [stdout] note: `algorithm` is imported here, but it is a module, not a macro
[INFO] [stdout]   --> src/lib.rs:21:8
[INFO] [stdout]    |
[INFO] [stdout] 21 |    use e_utils::algorithm;
[INFO] [stdout]    |        ^^^^^^^^^^^^^^^^^^
[INFO] [stdout] 
[INFO] [stdout] error: cannot find macro `algorithm` in this scope
[INFO] [stdout]   --> src/lib.rs:24:38
[INFO] [stdout]    |
[INFO] [stdout] 24 |    println!("random type[] -> {:?}", algorithm!([u32; 10]));
[INFO] [stdout]    |                                      ^^^^^^^^^
[INFO] [stdout]    |
[INFO] [stdout] note: `algorithm` is imported here, but it is a module, not a macro
[INFO] [stdout]   --> src/lib.rs:21:8
[INFO] [stdout]    |
[INFO] [stdout] 21 |    use e_utils::algorithm;
[INFO] [stdout]    |        ^^^^^^^^^^^^^^^^^^
[INFO] [stdout] 
[INFO] [stdout] error: cannot find macro `algorithm` in this scope
[INFO] [stdout]   --> src/lib.rs:23:34
[INFO] [stdout]    |
[INFO] [stdout] 23 |    println!("random type -> {}", algorithm!(#u32));
[INFO] [stdout]    |                                  ^^^^^^^^^
[INFO] [stdout]    |
[INFO] [stdout] note: `algorithm` is imported here, but it is a module, not a macro
[INFO] [stdout]   --> src/lib.rs:21:8
[INFO] [stdout]    |
[INFO] [stdout] 21 |    use e_utils::algorithm;
[INFO] [stdout]    |        ^^^^^^^^^^^^^^^^^^
[INFO] [stdout] 
[INFO] [stdout] error: cannot find macro `algorithm` in this scope
[INFO] [stdout]   --> src/lib.rs:22:34
[INFO] [stdout]    |
[INFO] [stdout] 22 |    println!("random bool -> {}", algorithm!());
[INFO] [stdout]    |                                  ^^^^^^^^^
[INFO] [stdout]    |
[INFO] [stdout] note: `algorithm` is imported here, but it is a module, not a macro
[INFO] [stdout]   --> src/lib.rs:21:8
[INFO] [stdout]    |
[INFO] [stdout] 21 |    use e_utils::algorithm;
[INFO] [stdout]    |        ^^^^^^^^^^^^^^^^^^
[INFO] [stdout] 
[INFO] [stdout] error: aborting due to 6 previous errors
[INFO] [stdout] 
[INFO] [stdout] Couldn't compile the test.
[INFO] [stdout] 
[INFO] [stdout] failures:
[INFO] [stdout]     src/lib.rs - (line 18)
[INFO] [stdout]     src/lib.rs - (line 5)
[INFO] [stdout] 
[INFO] [stdout] test result: FAILED. 0 passed; 2 failed; 0 ignored; 0 measured; 0 filtered out; finished in 0.16s
[INFO] [stdout] 
[INFO] [stderr] error: doctest failed, to rerun pass `--doc`
[INFO] running `Command { std: "docker" "inspect" "6b80800b996d2daebc830d6b7616a0365cf847709a3948716593e44510833e1f", kill_on_drop: false }`
[INFO] running `Command { std: "docker" "rm" "-f" "6b80800b996d2daebc830d6b7616a0365cf847709a3948716593e44510833e1f", kill_on_drop: false }`
[INFO] [stdout] 6b80800b996d2daebc830d6b7616a0365cf847709a3948716593e44510833e1f
