[INFO] fetching crate dynarust 0.3.3...
[INFO] testing dynarust-0.3.3 against 1.99.0-beta.8+cargoflags=--release for beta-release-1.100-2
[INFO] extracting crate dynarust 0.3.3 into /workspace/builds/worker-2-tc1/source
[INFO] started tweaking crates.io crate dynarust 0.3.3
[INFO] finished tweaking crates.io crate dynarust 0.3.3
[INFO] tweaked toml for crates.io crate dynarust 0.3.3 written to /workspace/builds/worker-2-tc1/source/Cargo.toml
[INFO] validating manifest of crates.io crate dynarust 0.3.3 on toolchain 1.99.0-beta.8
[INFO] running `Command { std: CARGO_HOME="/workspace/cargo-home" RUSTUP_HOME="/workspace/rustup-home" "/workspace/cargo-home/bin/cargo" "+1.99.0-beta.8" "metadata" "--manifest-path" "Cargo.toml" "--no-deps", kill_on_drop: false }`
[INFO] crate crates.io crate dynarust 0.3.3 already has a lockfile, it will not be regenerated
[INFO] running `Command { std: CARGO_HOME="/workspace/cargo-home" RUSTUP_HOME="/workspace/rustup-home" "/workspace/cargo-home/bin/cargo" "+1.99.0-beta.8" "fetch" "--manifest-path" "Cargo.toml", kill_on_drop: false }`
[INFO] [stderr]     Updating crates.io index
[INFO] [stderr]  Downloading crates ...
[INFO] [stderr]   Downloaded redox_syscall v0.5.9
[INFO] [stderr]   Downloaded pin-project v1.1.9
[INFO] [stderr]   Downloaded pin-project-internal v1.1.9
[INFO] [stderr]   Downloaded aws-types v0.54.1
[INFO] [stderr]   Downloaded hyper-rustls v0.23.2
[INFO] [stderr]   Downloaded aws-smithy-client v0.54.4
[INFO] [stderr]   Downloaded aws-smithy-types v0.54.4
[INFO] [stderr]   Downloaded aws-smithy-http-tower v0.54.4
[INFO] [stderr]   Downloaded aws-sig-auth v0.54.1
[INFO] [stderr]   Downloaded aws-smithy-async v0.54.4
[INFO] [stderr]   Downloaded aws-endpoint v0.54.1
[INFO] [stderr]   Downloaded aws-smithy-http v0.54.4
[INFO] [stderr]   Downloaded webpki v0.22.4
[INFO] [stderr]   Downloaded aws-smithy-xml v0.54.4
[INFO] [stderr]   Downloaded aws-smithy-json v0.54.4
[INFO] [stderr]   Downloaded aws-sigv4 v0.54.2
[INFO] [stderr]   Downloaded aws-http v0.54.1
[INFO] [stderr]   Downloaded serde_json v1.0.139
[INFO] [stderr]   Downloaded aws-credential-types v0.54.1
[INFO] [stderr]   Downloaded aws-smithy-query v0.54.4
[INFO] [stderr]   Downloaded aws-sdk-sts v0.24.0
[INFO] [stderr]   Downloaded aws-sdk-sso v0.24.0
[INFO] [stderr]   Downloaded aws-config v0.54.1
[INFO] [stderr]   Downloaded aws-sdk-dynamodb v0.24.0
[INFO] [stderr]   Downloaded rustls v0.20.9
[INFO] running `Command { std: "docker" "create" "-v" "/var/lib/crater-agent-workspace/builds/worker-2-tc1/source:/opt/rustwide/workdir:ro,Z" "-v" "/var/lib/crater-agent-workspace/builds/worker-2-tc1/target:/opt/rustwide/target:rw,Z" "-v" "/var/lib/crater-agent-workspace/cargo-home:/opt/rustwide/cargo-home:ro,Z" "-v" "/var/lib/crater-agent-workspace/rustup-home:/opt/rustwide/rustup-home:ro,Z" "-m" "1610612736" "--network" "none" "ghcr.io/rust-lang/crates-build-env/linux@sha256:77db811e55d90add9212f6832c23229e3de5f1c1f9905e8cb07319ea15df73ac" "sleep" "infinity", kill_on_drop: false }`
[INFO] [stdout] e7c5ca8ddd721dcfa6dcd30fb364ae8ce57ad8410b1fe3137e1e6932365a7cfa
[INFO] running `Command { std: "docker" "start" "e7c5ca8ddd721dcfa6dcd30fb364ae8ce57ad8410b1fe3137e1e6932365a7cfa", kill_on_drop: false }`
[INFO] running `Command { std: "docker" "inspect" "e7c5ca8ddd721dcfa6dcd30fb364ae8ce57ad8410b1fe3137e1e6932365a7cfa", kill_on_drop: false }`
[INFO] running `Command { std: "docker" "exec" "-e" "SOURCE_DIR=/opt/rustwide/workdir" "-e" "CARGO_HOME=/opt/rustwide/cargo-home" "-e" "RUSTUP_HOME=/opt/rustwide/rustup-home" "-e" "CARGO_TARGET_DIR=/opt/rustwide/target" "-w" "/opt/rustwide/workdir" "--user" "0:0" "e7c5ca8ddd721dcfa6dcd30fb364ae8ce57ad8410b1fe3137e1e6932365a7cfa" "/opt/rustwide/cargo-home/bin/cargo" "+1.99.0-beta.8" "metadata" "--no-deps" "--format-version=1", kill_on_drop: false }`
[INFO] running `Command { std: "docker" "inspect" "e7c5ca8ddd721dcfa6dcd30fb364ae8ce57ad8410b1fe3137e1e6932365a7cfa", kill_on_drop: false }`
[INFO] running `Command { std: "docker" "exec" "-e" "SOURCE_DIR=/opt/rustwide/workdir" "-e" "CARGO_HOME=/opt/rustwide/cargo-home" "-e" "RUSTUP_HOME=/opt/rustwide/rustup-home" "-e" "CARGO_TARGET_DIR=/opt/rustwide/target" "-e" "CARGO_INCREMENTAL=0" "-e" "RUST_BACKTRACE=full" "-e" "RUSTFLAGS=--cap-lints=warn" "-e" "RUSTDOCFLAGS=--cap-lints=warn" "-w" "/opt/rustwide/workdir" "--user" "0:0" "e7c5ca8ddd721dcfa6dcd30fb364ae8ce57ad8410b1fe3137e1e6932365a7cfa" "/opt/rustwide/cargo-home/bin/cargo" "+1.99.0-beta.8" "build" "--frozen" "--message-format=json" "--release", kill_on_drop: false }`
[INFO] [stderr]    Compiling unicode-ident v1.0.17
[INFO] [stderr]    Compiling libc v0.2.170
[INFO] [stderr]    Compiling log v0.4.26
[INFO] [stderr]    Compiling cc v1.2.16
[INFO] [stderr]    Compiling num-traits v0.2.19
[INFO] [stderr]    Compiling tracing-core v0.1.33
[INFO] [stderr]    Compiling httparse v1.10.0
[INFO] [stderr]    Compiling time v0.3.37
[INFO] [stderr]    Compiling http v0.2.12
[INFO] [stderr]    Compiling base64-simd v0.8.0
[INFO] [stderr]    Compiling indexmap v2.7.1
[INFO] [stderr]    Compiling typenum v1.18.0
[INFO] [stderr]    Compiling rustls v0.20.9
[INFO] [stderr]    Compiling semver v1.0.25
[INFO] [stderr]    Compiling either v1.14.0
[INFO] [stderr]    Compiling untrusted v0.7.1
[INFO] [stderr]    Compiling proc-macro2 v1.0.93
[INFO] [stderr]    Compiling spin v0.5.2
[INFO] [stderr]    Compiling rustls-native-certs v0.6.3
[INFO] [stderr]    Compiling bytes-utils v0.1.4
[INFO] [stderr]    Compiling regex-syntax v0.8.5
[INFO] [stderr]    Compiling fastrand v1.9.0
[INFO] [stderr]    Compiling form_urlencoded v1.2.1
[INFO] [stderr]    Compiling urlencoding v2.1.3
[INFO] [stderr]    Compiling rustc_version v0.4.1
[INFO] [stderr]    Compiling xmlparser v0.13.6
[INFO] [stderr]    Compiling serde v1.0.218
[INFO] [stderr]    Compiling serde_json v1.0.139
[INFO] [stderr]    Compiling quote v1.0.38
[INFO] [stderr]    Compiling syn v2.0.98
[INFO] [stderr]    Compiling aws-types v0.54.1
[INFO] [stderr]    Compiling generic-array v0.14.7
[INFO] [stderr]    Compiling aws-smithy-xml v0.54.4
[INFO] [stderr]    Compiling socket2 v0.5.8
[INFO] [stderr]    Compiling mio v1.0.3
[INFO] [stderr]    Compiling getrandom v0.2.15
[INFO] [stderr]    Compiling http-body v0.4.6
[INFO] [stderr]    Compiling rand_core v0.6.4
[INFO] [stderr]    Compiling num-integer v0.1.46
[INFO] [stderr]    Compiling ring v0.17.11
[INFO] [stderr]    Compiling ring v0.16.20
[INFO] [stderr]    Compiling aws-smithy-types v0.54.4
[INFO] [stderr]    Compiling block-buffer v0.10.4
[INFO] [stderr]    Compiling crypto-common v0.1.6
[INFO] [stderr]    Compiling tokio v1.43.0
[INFO] [stderr]    Compiling aws-smithy-json v0.54.4
[INFO] [stderr]    Compiling aws-smithy-query v0.54.4
[INFO] [stderr]    Compiling digest v0.10.7
[INFO] [stderr]    Compiling sha2 v0.10.8
[INFO] [stderr]    Compiling hmac v0.12.1
[INFO] [stderr]    Compiling regex-automata v0.4.9
[INFO] [stderr]    Compiling futures-macro v0.3.31
[INFO] [stderr]    Compiling tracing-attributes v0.1.28
[INFO] [stderr]    Compiling pin-project-internal v1.1.9
[INFO] [stderr]    Compiling zerocopy-derive v0.7.35
[INFO] [stderr]    Compiling serde_derive v1.0.218
[INFO] [stderr]    Compiling thiserror-impl v1.0.69
[INFO] [stderr]    Compiling futures-util v0.3.31
[INFO] [stderr]    Compiling zerocopy v0.7.35
[INFO] [stderr]    Compiling pin-project v1.1.9
[INFO] [stderr]    Compiling tracing v0.1.41
[INFO] [stderr]    Compiling regex v1.11.1
[INFO] [stderr]    Compiling thiserror v1.0.69
[INFO] [stderr]    Compiling ppv-lite86 v0.2.20
[INFO] [stderr]    Compiling rand_chacha v0.3.1
[INFO] [stderr]    Compiling tokio-util v0.7.13
[INFO] [stderr]    Compiling tokio-stream v0.1.17
[INFO] [stderr]    Compiling rand v0.8.5
[INFO] [stderr]    Compiling h2 v0.3.26
[INFO] [stderr]    Compiling aws-smithy-async v0.54.4
[INFO] [stderr]    Compiling tower v0.4.13
[INFO] [stderr]    Compiling aws-credential-types v0.54.1
[INFO] [stderr]    Compiling webpki v0.22.4
[INFO] [stderr]    Compiling sct v0.7.1
[INFO] [stderr]    Compiling hyper v0.14.32
[INFO] [stderr]    Compiling tokio-rustls v0.23.4
[INFO] [stderr]    Compiling aws-smithy-http v0.54.4
[INFO] [stderr]    Compiling hyper-rustls v0.23.2
[INFO] [stderr]    Compiling aws-smithy-http-tower v0.54.4
[INFO] [stderr]    Compiling aws-sigv4 v0.54.2
[INFO] [stderr]    Compiling aws-smithy-client v0.54.4
[INFO] [stderr]    Compiling aws-http v0.54.1
[INFO] [stderr]    Compiling aws-endpoint v0.54.1
[INFO] [stderr]    Compiling aws-sig-auth v0.54.1
[INFO] [stderr]    Compiling aws-sdk-sts v0.24.0
[INFO] [stderr]    Compiling aws-sdk-sso v0.24.0
[INFO] [stderr]    Compiling aws-sdk-dynamodb v0.24.0
[INFO] [stderr]    Compiling aws-config v0.54.1
[INFO] [stderr]    Compiling dynarust v0.3.3 (/opt/rustwide/workdir)
[INFO] [stdout] warning: unused import: `get::*`
[INFO] [stdout]   --> src/lib.rs:16:9
[INFO] [stdout]    |
[INFO] [stdout] 16 | pub use get::*;
[INFO] [stdout]    |         ^^^^^^
[INFO] [stdout]    |
[INFO] [stdout]    = note: `#[warn(unused_imports)]` (part of `#[warn(unused)]`) on by default
[INFO] [stdout] 
[INFO] [stdout] 
[INFO] [stdout] warning: unused import: `list::*`
[INFO] [stdout]   --> src/lib.rs:17:9
[INFO] [stdout]    |
[INFO] [stdout] 17 | pub use list::*;
[INFO] [stdout]    |         ^^^^^^^
[INFO] [stdout] 
[INFO] [stdout] 
[INFO] [stderr]     Finished `release` profile [optimized] target(s) in 1m 54s
[INFO] running `Command { std: "docker" "inspect" "e7c5ca8ddd721dcfa6dcd30fb364ae8ce57ad8410b1fe3137e1e6932365a7cfa", kill_on_drop: false }`
[INFO] running `Command { std: "docker" "exec" "-e" "SOURCE_DIR=/opt/rustwide/workdir" "-e" "CARGO_HOME=/opt/rustwide/cargo-home" "-e" "RUSTUP_HOME=/opt/rustwide/rustup-home" "-e" "CARGO_TARGET_DIR=/opt/rustwide/target" "-e" "CARGO_INCREMENTAL=0" "-e" "RUST_BACKTRACE=full" "-e" "RUSTFLAGS=--cap-lints=warn" "-e" "RUSTDOCFLAGS=--cap-lints=warn" "-w" "/opt/rustwide/workdir" "--user" "0:0" "e7c5ca8ddd721dcfa6dcd30fb364ae8ce57ad8410b1fe3137e1e6932365a7cfa" "/opt/rustwide/cargo-home/bin/cargo" "+1.99.0-beta.8" "test" "--frozen" "--no-run" "--message-format=json" "--release", kill_on_drop: false }`
[INFO] [stderr]    Compiling smallvec v1.14.0
[INFO] [stderr]    Compiling signal-hook-registry v1.4.2
[INFO] [stderr]    Compiling tokio-macros v2.5.0
[INFO] [stderr]    Compiling parking_lot_core v0.9.10
[INFO] [stderr]    Compiling parking_lot v0.12.3
[INFO] [stderr]    Compiling tokio v1.43.0
[INFO] [stderr]    Compiling tokio-util v0.7.13
[INFO] [stderr]    Compiling tokio-stream v0.1.17
[INFO] [stderr]    Compiling tokio-rustls v0.23.4
[INFO] [stderr]    Compiling tower v0.4.13
[INFO] [stderr]    Compiling h2 v0.3.26
[INFO] [stderr]    Compiling aws-smithy-async v0.54.4
[INFO] [stderr]    Compiling aws-credential-types v0.54.1
[INFO] [stderr]    Compiling hyper v0.14.32
[INFO] [stderr]    Compiling aws-smithy-http v0.54.4
[INFO] [stderr]    Compiling hyper-rustls v0.23.2
[INFO] [stderr]    Compiling aws-smithy-http-tower v0.54.4
[INFO] [stderr]    Compiling aws-sigv4 v0.54.2
[INFO] [stderr]    Compiling aws-smithy-client v0.54.4
[INFO] [stderr]    Compiling aws-types v0.54.1
[INFO] [stderr]    Compiling aws-sig-auth v0.54.1
[INFO] [stderr]    Compiling aws-http v0.54.1
[INFO] [stderr]    Compiling aws-endpoint v0.54.1
[INFO] [stderr]    Compiling aws-sdk-sts v0.24.0
[INFO] [stderr]    Compiling aws-sdk-sso v0.24.0
[INFO] [stderr]    Compiling aws-sdk-dynamodb v0.24.0
[INFO] [stderr]    Compiling aws-config v0.54.1
[INFO] [stderr]    Compiling dynarust v0.3.3 (/opt/rustwide/workdir)
[INFO] [stdout] warning: unused import: `get::*`
[INFO] [stdout]   --> src/lib.rs:16:9
[INFO] [stdout]    |
[INFO] [stdout] 16 | pub use get::*;
[INFO] [stdout]    |         ^^^^^^
[INFO] [stdout]    |
[INFO] [stdout]    = note: `#[warn(unused_imports)]` (part of `#[warn(unused)]`) on by default
[INFO] [stdout] 
[INFO] [stdout] 
[INFO] [stdout] warning: unused import: `list::*`
[INFO] [stdout]   --> src/lib.rs:17:9
[INFO] [stdout]    |
[INFO] [stdout] 17 | pub use list::*;
[INFO] [stdout]    |         ^^^^^^^
[INFO] [stdout] 
[INFO] [stdout] 
[INFO] [stderr]     Finished `release` profile [optimized] target(s) in 1m 42s
[INFO] running `Command { std: "docker" "inspect" "e7c5ca8ddd721dcfa6dcd30fb364ae8ce57ad8410b1fe3137e1e6932365a7cfa", kill_on_drop: false }`
[INFO] running `Command { std: "docker" "exec" "-e" "SOURCE_DIR=/opt/rustwide/workdir" "-e" "CARGO_HOME=/opt/rustwide/cargo-home" "-e" "RUSTUP_HOME=/opt/rustwide/rustup-home" "-e" "CARGO_TARGET_DIR=/opt/rustwide/target" "-e" "CARGO_INCREMENTAL=0" "-e" "RUST_BACKTRACE=full" "-e" "RUSTFLAGS=--cap-lints=warn" "-e" "RUSTDOCFLAGS=--cap-lints=warn" "-w" "/opt/rustwide/workdir" "--user" "0:0" "e7c5ca8ddd721dcfa6dcd30fb364ae8ce57ad8410b1fe3137e1e6932365a7cfa" "/opt/rustwide/cargo-home/bin/cargo" "+1.99.0-beta.8" "test" "--frozen" "--release", kill_on_drop: false }`
[INFO] [stderr] warning: unused import: `get::*`
[INFO] [stderr]   --> src/lib.rs:16:9
[INFO] [stderr]    |
[INFO] [stderr] 16 | pub use get::*;
[INFO] [stderr]    |         ^^^^^^
[INFO] [stderr]    |
[INFO] [stderr]    = note: `#[warn(unused_imports)]` (part of `#[warn(unused)]`) on by default
[INFO] [stderr] 
[INFO] [stderr] warning: unused import: `list::*`
[INFO] [stderr]   --> src/lib.rs:17:9
[INFO] [stderr]    |
[INFO] [stderr] 17 | pub use list::*;
[INFO] [stderr]    |         ^^^^^^^
[INFO] [stderr] 
[INFO] [stderr] warning: `dynarust` (lib test) generated 2 warnings (run `cargo fix --lib -p dynarust --tests` to apply 2 suggestions)
[INFO] [stderr]     Finished `release` profile [optimized] target(s) in 0.18s
[INFO] [stderr]      Running unittests src/lib.rs (/opt/rustwide/target/release/deps/dynarust-fd2c2ab0a4eec349)
[INFO] [stdout] 
[INFO] [stdout] running 17 tests
[INFO] [stdout] test update::tests::creates_and_updates_resources_transactionally ... FAILED
[INFO] [stdout] test create::tests::supports_nullable_values ... FAILED
[INFO] [stdout] test get::tests::creates_and_batch_gets_resource ... FAILED
[INFO] [stdout] test delete::tests::creates_deletes_gets_resource ... FAILED
[INFO] [stdout] test create::tests::supports_array_values ... FAILED
[INFO] [stdout] test create::tests::is_able_to_create_table ... FAILED
[INFO] [stdout] test create::tests::creates_two_resources_transactionally ... FAILED
[INFO] [stdout] test table::tests::test_no_connection_to_dynamo ... ok
[INFO] [stdout] test update::tests::updates_null_field ... FAILED
[INFO] [stdout] test update::tests::creates_updates_gets_resource ... FAILED
[INFO] [stdout] test get::tests::creates_and_gets_resource ... FAILED
[INFO] [stdout] test client::tests::creates_gets_updates_gets_resource ... FAILED
[INFO] [stdout] test delete::tests::cannot_delete_if_conditional_check_fails ... FAILED
[INFO] [stdout] test condition_check::tests::creates_only_if_other_exists ... FAILED
[INFO] [stdout] test list::tests::creates_lists_resources ... FAILED
[INFO] [stdout] test update::tests::creates_updates_conditional_check_fails ... FAILED
[INFO] [stdout] test get::tests::batch_gets_empty ... FAILED
[INFO] [stdout] 
[INFO] [stdout] failures:
[INFO] [stdout] 
[INFO] [stdout] ---- update::tests::creates_and_updates_resources_transactionally stdout ----
[INFO] [stdout] 
[INFO] [stdout] thread 'update::tests::creates_and_updates_resources_transactionally' (2780) panicked at src/update.rs:338:57:
[INFO] [stdout] called `Result::unwrap()` on an `Err` value: ConnectionError("")
[INFO] [stdout] stack backtrace:
[INFO] [stdout]    0:     0x653e338489b1 - <<std[70759c8f55707aa4]::sys::backtrace::BacktraceLock>::print::DisplayBacktrace as core[df12db4294e9bfd3]::fmt::Display>::fmt
[INFO] [stdout]    1:     0x653e3386226a - core[df12db4294e9bfd3]::fmt::write
[INFO] [stdout]    2:     0x653e3384eb5c - <alloc[2182bb758b4b3781]::vec::Vec<u8> as core[df12db4294e9bfd3]::io::write::Write>::write_fmt
[INFO] [stdout]    3:     0x653e338235f6 - std[70759c8f55707aa4]::panicking::default_hook::{closure#0}
[INFO] [stdout]    4:     0x653e33840549 - std[70759c8f55707aa4]::panicking::default_hook
[INFO] [stdout]    5:     0x653e334732f0 - test[9d35eded1c95d3be]::test_main_inner::<test[9d35eded1c95d3be]::test_main_static::{closure#0}>::{closure#0}
[INFO] [stdout]    6:     0x653e33840872 - std[70759c8f55707aa4]::panicking::panic_with_hook
[INFO] [stdout]    7:     0x653e338236a2 - std[70759c8f55707aa4]::panicking::panic_handler::{closure#0}
[INFO] [stdout]    8:     0x653e3381bf79 - std[70759c8f55707aa4]::sys::backtrace::__rust_end_short_backtrace::<std[70759c8f55707aa4]::panicking::panic_handler::{closure#0}, !>
[INFO] [stdout]    9:     0x653e3382452d - __rustc[8fa7c3cbc660c2b3]::rust_begin_unwind
[INFO] [stdout]   10:     0x653e33862a4c - core[df12db4294e9bfd3]::panicking::panic_fmt
[INFO] [stdout]   11:     0x653e33862822 - core[df12db4294e9bfd3]::result::unwrap_failed
[INFO] [stdout]   12:     0x653e33198278 - dynarust[7d2cda1b7233034d]::update::tests::creates_and_updates_resources_transactionally::{closure#0}
[INFO] [stdout]   13:     0x653e332e0723 - <tokio[a0da8b2d1423907d]::runtime::scheduler::current_thread::Context>::enter::<core[df12db4294e9bfd3]::task::poll::Poll<()>, <tokio[a0da8b2d1423907d]::runtime::scheduler::current_thread::CoreGuard>::block_on<core[df12db4294e9bfd3]::pin::Pin<&mut core[df12db4294e9bfd3]::pin::Pin<&mut dyn core[df12db4294e9bfd3]::future::future::Future<Output = ()>>>>::{closure#0}::{closure#0}>
[INFO] [stdout]   14:     0x653e332c3a42 - <tokio[a0da8b2d1423907d]::runtime::context::scoped::Scoped<tokio[a0da8b2d1423907d]::runtime::scheduler::Context>>::set::<<tokio[a0da8b2d1423907d]::runtime::scheduler::current_thread::CoreGuard>::enter<<tokio[a0da8b2d1423907d]::runtime::scheduler::current_thread::CoreGuard>::block_on<core[df12db4294e9bfd3]::pin::Pin<&mut core[df12db4294e9bfd3]::pin::Pin<&mut dyn core[df12db4294e9bfd3]::future::future::Future<Output = ()>>>>::{closure#0}, core[df12db4294e9bfd3]::option::Option<()>>::{closure#0}, (alloc[2182bb758b4b3781]::boxed::Box<tokio[a0da8b2d1423907d]::runtime::scheduler::current_thread::Core>, core[df12db4294e9bfd3]::option::Option<()>)>
[INFO] [stdout]   15:     0x653e332dfc19 - <tokio[a0da8b2d1423907d]::runtime::runtime::Runtime>::block_on::<core[df12db4294e9bfd3]::pin::Pin<&mut dyn core[df12db4294e9bfd3]::future::future::Future<Output = ()>>>
[INFO] [stdout]   16:     0x653e33198e6a - dynarust[7d2cda1b7233034d]::update::tests::creates_and_updates_resources_transactionally
[INFO] [stdout]   17:     0x653e332d4129 - <dynarust[7d2cda1b7233034d]::update::tests::creates_and_updates_resources_transactionally::{closure#0} as core[df12db4294e9bfd3]::ops::function::FnOnce<()>>::call_once
[INFO] [stdout]   18:     0x653e334665db - test[9d35eded1c95d3be]::__rust_begin_short_backtrace::<core[df12db4294e9bfd3]::result::Result<(), alloc[2182bb758b4b3781]::string::String>, fn() -> core[df12db4294e9bfd3]::result::Result<(), alloc[2182bb758b4b3781]::string::String>>
[INFO] [stdout]   19:     0x653e33473c45 - test[9d35eded1c95d3be]::run_test::{closure#0}
[INFO] [stdout]   20:     0x653e3346d504 - std[70759c8f55707aa4]::sys::backtrace::__rust_begin_short_backtrace::<test[9d35eded1c95d3be]::run_test::{closure#1}, ()>
[INFO] [stdout]   21:     0x653e33476da2 - <std[70759c8f55707aa4]::thread::lifecycle::spawn_unchecked<test[9d35eded1c95d3be]::run_test::{closure#1}, ()>::{closure#1} as core[df12db4294e9bfd3]::ops::function::FnOnce<()>>::call_once::{shim:vtable#0}
[INFO] [stdout]   22:     0x653e33847b39 - <std[70759c8f55707aa4]::sys::thread::unix::Thread>::new::thread_start
[INFO] [stdout]   23:     0x7486e2fa1dfa - <unknown>
[INFO] [stdout]   24:     0x7486e30353d4 - clone
[INFO] [stdout]   25:                0x0 - <unknown>
[INFO] [stdout] 
[INFO] [stdout] ---- create::tests::supports_nullable_values stdout ----
[INFO] [stdout] 
[INFO] [stdout] thread 'create::tests::supports_nullable_values' (2772) panicked at src/create.rs:176:57:
[INFO] [stdout] called `Result::unwrap()` on an `Err` value: ConnectionError("")
[INFO] [stdout] stack backtrace:
[INFO] [stdout]    0:     0x653e338489b1 - <<std[70759c8f55707aa4]::sys::backtrace::BacktraceLock>::print::DisplayBacktrace as core[df12db4294e9bfd3]::fmt::Display>::fmt
[INFO] [stdout]    1:     0x653e3386226a - core[df12db4294e9bfd3]::fmt::write
[INFO] [stdout]    2:     0x653e3384eb5c - <alloc[2182bb758b4b3781]::vec::Vec<u8> as core[df12db4294e9bfd3]::io::write::Write>::write_fmt
[INFO] [stdout]    3:     0x653e338235f6 - std[70759c8f55707aa4]::panicking::default_hook::{closure#0}
[INFO] [stdout]    4:     0x653e33840549 - std[70759c8f55707aa4]::panicking::default_hook
[INFO] [stdout]    5:     0x653e334732f0 - test[9d35eded1c95d3be]::test_main_inner::<test[9d35eded1c95d3be]::test_main_static::{closure#0}>::{closure#0}
[INFO] [stdout]    6:     0x653e33840872 - std[70759c8f55707aa4]::panicking::panic_with_hook
[INFO] [stdout]    7:     0x653e338236a2 - std[70759c8f55707aa4]::panicking::panic_handler::{closure#0}
[INFO] [stdout]    8:     0x653e3381bf79 - std[70759c8f55707aa4]::sys::backtrace::__rust_end_short_backtrace::<std[70759c8f55707aa4]::panicking::panic_handler::{closure#0}, !>
[INFO] [stdout]    9:     0x653e3382452d - __rustc[8fa7c3cbc660c2b3]::rust_begin_unwind
[INFO] [stdout]   10:     0x653e33862a4c - core[df12db4294e9bfd3]::panicking::panic_fmt
[INFO] [stdout]   11:     0x653e33862822 - core[df12db4294e9bfd3]::result::unwrap_failed
[INFO] [stdout]   12:     0x653e332143cf - dynarust[7d2cda1b7233034d]::create::tests::supports_nullable_values::{closure#0}
[INFO] [stdout]   13:     0x653e332e0723 - <tokio[a0da8b2d1423907d]::runtime::scheduler::current_thread::Context>::enter::<core[df12db4294e9bfd3]::task::poll::Poll<()>, <tokio[a0da8b2d1423907d]::runtime::scheduler::current_thread::CoreGuard>::block_on<core[df12db4294e9bfd3]::pin::Pin<&mut core[df12db4294e9bfd3]::pin::Pin<&mut dyn core[df12db4294e9bfd3]::future::future::Future<Output = ()>>>>::{closure#0}::{closure#0}>
[INFO] [stdout]   14:     0x653e332c3a42 - <tokio[a0da8b2d1423907d]::runtime::context::scoped::Scoped<tokio[a0da8b2d1423907d]::runtime::scheduler::Context>>::set::<<tokio[a0da8b2d1423907d]::runtime::scheduler::current_thread::CoreGuard>::enter<<tokio[a0da8b2d1423907d]::runtime::scheduler::current_thread::CoreGuard>::block_on<core[df12db4294e9bfd3]::pin::Pin<&mut core[df12db4294e9bfd3]::pin::Pin<&mut dyn core[df12db4294e9bfd3]::future::future::Future<Output = ()>>>>::{closure#0}, core[df12db4294e9bfd3]::option::Option<()>>::{closure#0}, (alloc[2182bb758b4b3781]::boxed::Box<tokio[a0da8b2d1423907d]::runtime::scheduler::current_thread::Core>, core[df12db4294e9bfd3]::option::Option<()>)>
[INFO] [stdout]   15:     0x653e332dfc19 - <tokio[a0da8b2d1423907d]::runtime::runtime::Runtime>::block_on::<core[df12db4294e9bfd3]::pin::Pin<&mut dyn core[df12db4294e9bfd3]::future::future::Future<Output = ()>>>
[INFO] [stdout]   16:     0x653e33215bba - dynarust[7d2cda1b7233034d]::create::tests::supports_nullable_values
[INFO] [stdout]   17:     0x653e332d4049 - <dynarust[7d2cda1b7233034d]::create::tests::supports_nullable_values::{closure#0} as core[df12db4294e9bfd3]::ops::function::FnOnce<()>>::call_once
[INFO] [stdout]   18:     0x653e334665db - test[9d35eded1c95d3be]::__rust_begin_short_backtrace::<core[df12db4294e9bfd3]::result::Result<(), alloc[2182bb758b4b3781]::string::String>, fn() -> core[df12db4294e9bfd3]::result::Result<(), alloc[2182bb758b4b3781]::string::String>>
[INFO] [stdout]   19:     0x653e33473c45 - test[9d35eded1c95d3be]::run_test::{closure#0}
[INFO] [stdout]   20:     0x653e3346d504 - std[70759c8f55707aa4]::sys::backtrace::__rust_begin_short_backtrace::<test[9d35eded1c95d3be]::run_test::{closure#1}, ()>
[INFO] [stdout]   21:     0x653e33476da2 - <std[70759c8f55707aa4]::thread::lifecycle::spawn_unchecked<test[9d35eded1c95d3be]::run_test::{closure#1}, ()>::{closure#1} as core[df12db4294e9bfd3]::ops::function::FnOnce<()>>::call_once::{shim:vtable#0}
[INFO] [stdout]   22:     0x653e33847b39 - <std[70759c8f55707aa4]::sys::thread::unix::Thread>::new::thread_start
[INFO] [stdout]   23:     0x7486e2fa1dfa - <unknown>
[INFO] [stdout]   24:     0x7486e30353d4 - clone
[INFO] [stdout]   25:                0x0 - <unknown>
[INFO] [stdout] 
[INFO] [stdout] ---- get::tests::creates_and_batch_gets_resource stdout ----
[INFO] [stdout] 
[INFO] [stdout] thread 'get::tests::creates_and_batch_gets_resource' (2776) panicked at src/get.rs:114:57:
[INFO] [stdout] called `Result::unwrap()` on an `Err` value: ConnectionError("")
[INFO] [stdout] stack backtrace:
[INFO] [stdout]    0:     0x653e338489b1 - <<std[70759c8f55707aa4]::sys::backtrace::BacktraceLock>::print::DisplayBacktrace as core[df12db4294e9bfd3]::fmt::Display>::fmt
[INFO] [stdout]    1:     0x653e3386226a - core[df12db4294e9bfd3]::fmt::write
[INFO] [stdout]    2:     0x653e3384eb5c - <alloc[2182bb758b4b3781]::vec::Vec<u8> as core[df12db4294e9bfd3]::io::write::Write>::write_fmt
[INFO] [stdout]    3:     0x653e338235f6 - std[70759c8f55707aa4]::panicking::default_hook::{closure#0}
[INFO] [stdout]    4:     0x653e33840549 - std[70759c8f55707aa4]::panicking::default_hook
[INFO] [stdout]    5:     0x653e334732f0 - test[9d35eded1c95d3be]::test_main_inner::<test[9d35eded1c95d3be]::test_main_static::{closure#0}>::{closure#0}
[INFO] [stdout]    6:     0x653e33840872 - std[70759c8f55707aa4]::panicking::panic_with_hook
[INFO] [stdout]    7:     0x653e338236a2 - std[70759c8f55707aa4]::panicking::panic_handler::{closure#0}
[INFO] [stdout]    8:     0x653e3381bf79 - std[70759c8f55707aa4]::sys::backtrace::__rust_end_short_backtrace::<std[70759c8f55707aa4]::panicking::panic_handler::{closure#0}, !>
[INFO] [stdout]    9:     0x653e3382452d - __rustc[8fa7c3cbc660c2b3]::rust_begin_unwind
[INFO] [stdout]   10:     0x653e33862a4c - core[df12db4294e9bfd3]::panicking::panic_fmt
[INFO] [stdout]   11:     0x653e33862822 - core[df12db4294e9bfd3]::result::unwrap_failed
[INFO] [stdout]   12:     0x653e331eb65d - dynarust[7d2cda1b7233034d]::get::tests::creates_and_batch_gets_resource::{closure#0}
[INFO] [stdout]   13:     0x653e332e0723 - <tokio[a0da8b2d1423907d]::runtime::scheduler::current_thread::Context>::enter::<core[df12db4294e9bfd3]::task::poll::Poll<()>, <tokio[a0da8b2d1423907d]::runtime::scheduler::current_thread::CoreGuard>::block_on<core[df12db4294e9bfd3]::pin::Pin<&mut core[df12db4294e9bfd3]::pin::Pin<&mut dyn core[df12db4294e9bfd3]::future::future::Future<Output = ()>>>>::{closure#0}::{closure#0}>
[INFO] [stdout]   14:     0x653e332c3a42 - <tokio[a0da8b2d1423907d]::runtime::context::scoped::Scoped<tokio[a0da8b2d1423907d]::runtime::scheduler::Context>>::set::<<tokio[a0da8b2d1423907d]::runtime::scheduler::current_thread::CoreGuard>::enter<<tokio[a0da8b2d1423907d]::runtime::scheduler::current_thread::CoreGuard>::block_on<core[df12db4294e9bfd3]::pin::Pin<&mut core[df12db4294e9bfd3]::pin::Pin<&mut dyn core[df12db4294e9bfd3]::future::future::Future<Output = ()>>>>::{closure#0}, core[df12db4294e9bfd3]::option::Option<()>>::{closure#0}, (alloc[2182bb758b4b3781]::boxed::Box<tokio[a0da8b2d1423907d]::runtime::scheduler::current_thread::Core>, core[df12db4294e9bfd3]::option::Option<()>)>
[INFO] [stdout]   15:     0x653e332dfc19 - <tokio[a0da8b2d1423907d]::runtime::runtime::Runtime>::block_on::<core[df12db4294e9bfd3]::pin::Pin<&mut dyn core[df12db4294e9bfd3]::future::future::Future<Output = ()>>>
[INFO] [stdout]   16:     0x653e331ec22a - dynarust[7d2cda1b7233034d]::get::tests::creates_and_batch_gets_resource
[INFO] [stdout]   17:     0x653e332d3f89 - <dynarust[7d2cda1b7233034d]::get::tests::creates_and_batch_gets_resource::{closure#0} as core[df12db4294e9bfd3]::ops::function::FnOnce<()>>::call_once
[INFO] [stdout]   18:     0x653e334665db - test[9d35eded1c95d3be]::__rust_begin_short_backtrace::<core[df12db4294e9bfd3]::result::Result<(), alloc[2182bb758b4b3781]::string::String>, fn() -> core[df12db4294e9bfd3]::result::Result<(), alloc[2182bb758b4b3781]::string::String>>
[INFO] [stdout]   19:     0x653e33473c45 - test[9d35eded1c95d3be]::run_test::{closure#0}
[INFO] [stdout]   20:     0x653e3346d504 - std[70759c8f55707aa4]::sys::backtrace::__rust_begin_short_backtrace::<test[9d35eded1c95d3be]::run_test::{closure#1}, ()>
[INFO] [stdout]   21:     0x653e33476da2 - <std[70759c8f55707aa4]::thread::lifecycle::spawn_unchecked<test[9d35eded1c95d3be]::run_test::{closure#1}, ()>::{closure#1} as core[df12db4294e9bfd3]::ops::function::FnOnce<()>>::call_once::{shim:vtable#0}
[INFO] [stdout]   22:     0x653e33847b39 - <std[70759c8f55707aa4]::sys::thread::unix::Thread>::new::thread_start
[INFO] [stdout]   23:     0x7486e2fa1dfa - <unknown>
[INFO] [stdout]   24:     0x7486e30353d4 - clone
[INFO] [stdout]   25:                0x0 - <unknown>
[INFO] [stdout] 
[INFO] [stdout] ---- delete::tests::creates_deletes_gets_resource stdout ----
[INFO] [stdout] 
[INFO] [stdout] thread 'delete::tests::creates_deletes_gets_resource' (2774) panicked at src/delete.rs:90:57:
[INFO] [stdout] called `Result::unwrap()` on an `Err` value: ConnectionError("")
[INFO] [stdout] stack backtrace:
[INFO] [stdout]    0:     0x653e338489b1 - <<std[70759c8f55707aa4]::sys::backtrace::BacktraceLock>::print::DisplayBacktrace as core[df12db4294e9bfd3]::fmt::Display>::fmt
[INFO] [stdout]    1:     0x653e3386226a - core[df12db4294e9bfd3]::fmt::write
[INFO] [stdout]    2:     0x653e3384eb5c - <alloc[2182bb758b4b3781]::vec::Vec<u8> as core[df12db4294e9bfd3]::io::write::Write>::write_fmt
[INFO] [stdout]    3:     0x653e338235f6 - std[70759c8f55707aa4]::panicking::default_hook::{closure#0}
[INFO] [stdout]    4:     0x653e33840549 - std[70759c8f55707aa4]::panicking::default_hook
[INFO] [stdout]    5:     0x653e334732f0 - test[9d35eded1c95d3be]::test_main_inner::<test[9d35eded1c95d3be]::test_main_static::{closure#0}>::{closure#0}
[INFO] [stdout]    6:     0x653e33840872 - std[70759c8f55707aa4]::panicking::panic_with_hook
[INFO] [stdout]    7:     0x653e338236a2 - std[70759c8f55707aa4]::panicking::panic_handler::{closure#0}
[INFO] [stdout]    8:     0x653e3381bf79 - std[70759c8f55707aa4]::sys::backtrace::__rust_end_short_backtrace::<std[70759c8f55707aa4]::panicking::panic_handler::{closure#0}, !>
[INFO] [stdout]    9:     0x653e3382452d - __rustc[8fa7c3cbc660c2b3]::rust_begin_unwind
[INFO] [stdout]   10:     0x653e33862a4c - core[df12db4294e9bfd3]::panicking::panic_fmt
[INFO] [stdout]   11:     0x653e33862822 - core[df12db4294e9bfd3]::result::unwrap_failed
[INFO] [stdout]   12:     0x653e3323c86a - dynarust[7d2cda1b7233034d]::delete::tests::creates_deletes_gets_resource::{closure#0}
[INFO] [stdout]   13:     0x653e332e0723 - <tokio[a0da8b2d1423907d]::runtime::scheduler::current_thread::Context>::enter::<core[df12db4294e9bfd3]::task::poll::Poll<()>, <tokio[a0da8b2d1423907d]::runtime::scheduler::current_thread::CoreGuard>::block_on<core[df12db4294e9bfd3]::pin::Pin<&mut core[df12db4294e9bfd3]::pin::Pin<&mut dyn core[df12db4294e9bfd3]::future::future::Future<Output = ()>>>>::{closure#0}::{closure#0}>
[INFO] [stdout]   14:     0x653e332c3a42 - <tokio[a0da8b2d1423907d]::runtime::context::scoped::Scoped<tokio[a0da8b2d1423907d]::runtime::scheduler::Context>>::set::<<tokio[a0da8b2d1423907d]::runtime::scheduler::current_thread::CoreGuard>::enter<<tokio[a0da8b2d1423907d]::runtime::scheduler::current_thread::CoreGuard>::block_on<core[df12db4294e9bfd3]::pin::Pin<&mut core[df12db4294e9bfd3]::pin::Pin<&mut dyn core[df12db4294e9bfd3]::future::future::Future<Output = ()>>>>::{closure#0}, core[df12db4294e9bfd3]::option::Option<()>>::{closure#0}, (alloc[2182bb758b4b3781]::boxed::Box<tokio[a0da8b2d1423907d]::runtime::scheduler::current_thread::Core>, core[df12db4294e9bfd3]::option::Option<()>)>
[INFO] [stdout]   15:     0x653e332dfc19 - <tokio[a0da8b2d1423907d]::runtime::runtime::Runtime>::block_on::<core[df12db4294e9bfd3]::pin::Pin<&mut dyn core[df12db4294e9bfd3]::future::future::Future<Output = ()>>>
[INFO] [stdout]   16:     0x653e3323d81a - dynarust[7d2cda1b7233034d]::delete::tests::creates_deletes_gets_resource
[INFO] [stdout]   17:     0x653e332d4089 - <dynarust[7d2cda1b7233034d]::delete::tests::creates_deletes_gets_resource::{closure#0} as core[df12db4294e9bfd3]::ops::function::FnOnce<()>>::call_once
[INFO] [stdout]   18:     0x653e334665db - test[9d35eded1c95d3be]::__rust_begin_short_backtrace::<core[df12db4294e9bfd3]::result::Result<(), alloc[2182bb758b4b3781]::string::String>, fn() -> core[df12db4294e9bfd3]::result::Result<(), alloc[2182bb758b4b3781]::string::String>>
[INFO] [stdout]   19:     0x653e33473c45 - test[9d35eded1c95d3be]::run_test::{closure#0}
[INFO] [stdout]   20:     0x653e3346d504 - std[70759c8f55707aa4]::sys::backtrace::__rust_begin_short_backtrace::<test[9d35eded1c95d3be]::run_test::{closure#1}, ()>
[INFO] [stdout]   21:     0x653e33476da2 - <std[70759c8f55707aa4]::thread::lifecycle::spawn_unchecked<test[9d35eded1c95d3be]::run_test::{closure#1}, ()>::{closure#1} as core[df12db4294e9bfd3]::ops::function::FnOnce<()>>::call_once::{shim:vtable#0}
[INFO] [stdout]   22:     0x653e33847b39 - <std[70759c8f55707aa4]::sys::thread::unix::Thread>::new::thread_start
[INFO] [stdout]   23:     0x7486e2fa1dfa - <unknown>
[INFO] [stdout]   24:     0x7486e30353d4 - clone
[INFO] [stdout]   25:                0x0 - <unknown>
[INFO] [stdout] 
[INFO] [stdout] ---- create::tests::supports_array_values stdout ----
[INFO] [stdout] 
[INFO] [stdout] thread 'create::tests::supports_array_values' (2771) panicked at src/create.rs:200:57:
[INFO] [stdout] called `Result::unwrap()` on an `Err` value: ConnectionError("")
[INFO] [stdout] stack backtrace:
[INFO] [stdout]    0:     0x653e338489b1 - <<std[70759c8f55707aa4]::sys::backtrace::BacktraceLock>::print::DisplayBacktrace as core[df12db4294e9bfd3]::fmt::Display>::fmt
[INFO] [stdout]    1:     0x653e3386226a - core[df12db4294e9bfd3]::fmt::write
[INFO] [stdout]    2:     0x653e3384eb5c - <alloc[2182bb758b4b3781]::vec::Vec<u8> as core[df12db4294e9bfd3]::io::write::Write>::write_fmt
[INFO] [stdout]    3:     0x653e338235f6 - std[70759c8f55707aa4]::panicking::default_hook::{closure#0}
[INFO] [stdout]    4:     0x653e33840549 - std[70759c8f55707aa4]::panicking::default_hook
[INFO] [stdout]    5:     0x653e334732f0 - test[9d35eded1c95d3be]::test_main_inner::<test[9d35eded1c95d3be]::test_main_static::{closure#0}>::{closure#0}
[INFO] [stdout]    6:     0x653e33840872 - std[70759c8f55707aa4]::panicking::panic_with_hook
[INFO] [stdout]    7:     0x653e338236a2 - std[70759c8f55707aa4]::panicking::panic_handler::{closure#0}
[INFO] [stdout]    8:     0x653e3381bf79 - std[70759c8f55707aa4]::sys::backtrace::__rust_end_short_backtrace::<std[70759c8f55707aa4]::panicking::panic_handler::{closure#0}, !>
[INFO] [stdout]    9:     0x653e3382452d - __rustc[8fa7c3cbc660c2b3]::rust_begin_unwind
[INFO] [stdout]   10:     0x653e33862a4c - core[df12db4294e9bfd3]::panicking::panic_fmt
[INFO] [stdout]   11:     0x653e33862822 - core[df12db4294e9bfd3]::result::unwrap_failed
[INFO] [stdout]   12:     0x653e332137be - dynarust[7d2cda1b7233034d]::create::tests::supports_array_values::{closure#0}
[INFO] [stdout]   13:     0x653e332e0723 - <tokio[a0da8b2d1423907d]::runtime::scheduler::current_thread::Context>::enter::<core[df12db4294e9bfd3]::task::poll::Poll<()>, <tokio[a0da8b2d1423907d]::runtime::scheduler::current_thread::CoreGuard>::block_on<core[df12db4294e9bfd3]::pin::Pin<&mut core[df12db4294e9bfd3]::pin::Pin<&mut dyn core[df12db4294e9bfd3]::future::future::Future<Output = ()>>>>::{closure#0}::{closure#0}>
[INFO] [stdout]   14:     0x653e332c3a42 - <tokio[a0da8b2d1423907d]::runtime::context::scoped::Scoped<tokio[a0da8b2d1423907d]::runtime::scheduler::Context>>::set::<<tokio[a0da8b2d1423907d]::runtime::scheduler::current_thread::CoreGuard>::enter<<tokio[a0da8b2d1423907d]::runtime::scheduler::current_thread::CoreGuard>::block_on<core[df12db4294e9bfd3]::pin::Pin<&mut core[df12db4294e9bfd3]::pin::Pin<&mut dyn core[df12db4294e9bfd3]::future::future::Future<Output = ()>>>>::{closure#0}, core[df12db4294e9bfd3]::option::Option<()>>::{closure#0}, (alloc[2182bb758b4b3781]::boxed::Box<tokio[a0da8b2d1423907d]::runtime::scheduler::current_thread::Core>, core[df12db4294e9bfd3]::option::Option<()>)>
[INFO] [stdout]   15:     0x653e332dfc19 - <tokio[a0da8b2d1423907d]::runtime::runtime::Runtime>::block_on::<core[df12db4294e9bfd3]::pin::Pin<&mut dyn core[df12db4294e9bfd3]::future::future::Future<Output = ()>>>
[INFO] [stdout]   16:     0x653e332158fa - dynarust[7d2cda1b7233034d]::create::tests::supports_array_values
[INFO] [stdout]   17:     0x653e332d4009 - <dynarust[7d2cda1b7233034d]::create::tests::supports_array_values::{closure#0} as core[df12db4294e9bfd3]::ops::function::FnOnce<()>>::call_once
[INFO] [stdout]   18:     0x653e334665db - test[9d35eded1c95d3be]::__rust_begin_short_backtrace::<core[df12db4294e9bfd3]::result::Result<(), alloc[2182bb758b4b3781]::string::String>, fn() -> core[df12db4294e9bfd3]::result::Result<(), alloc[2182bb758b4b3781]::string::String>>
[INFO] [stdout]   19:     0x653e33473c45 - test[9d35eded1c95d3be]::run_test::{closure#0}
[INFO] [stdout]   20:     0x653e3346d504 - std[70759c8f55707aa4]::sys::backtrace::__rust_begin_short_backtrace::<test[9d35eded1c95d3be]::run_test::{closure#1}, ()>
[INFO] [stdout]   21:     0x653e33476da2 - <std[70759c8f55707aa4]::thread::lifecycle::spawn_unchecked<test[9d35eded1c95d3be]::run_test::{closure#1}, ()>::{closure#1} as core[df12db4294e9bfd3]::ops::function::FnOnce<()>>::call_once::{shim:vtable#0}
[INFO] [stdout]   22:     0x653e33847b39 - <std[70759c8f55707aa4]::sys::thread::unix::Thread>::new::thread_start
[INFO] [stdout]   23:     0x7486e2fa1dfa - <unknown>
[INFO] [stdout]   24:     0x7486e30353d4 - clone
[INFO] [stdout]   25:                0x0 - <unknown>
[INFO] [stdout] 
[INFO] [stdout] ---- create::tests::is_able_to_create_table stdout ----
[INFO] [stdout] 
[INFO] [stdout] thread 'create::tests::is_able_to_create_table' (2770) panicked at src/create.rs:170:57:
[INFO] [stdout] called `Result::unwrap()` on an `Err` value: ConnectionError("")
[INFO] [stdout] stack backtrace:
[INFO] [stdout]    0:     0x653e338489b1 - <<std[70759c8f55707aa4]::sys::backtrace::BacktraceLock>::print::DisplayBacktrace as core[df12db4294e9bfd3]::fmt::Display>::fmt
[INFO] [stdout]    1:     0x653e3386226a - core[df12db4294e9bfd3]::fmt::write
[INFO] [stdout]    2:     0x653e3384eb5c - <alloc[2182bb758b4b3781]::vec::Vec<u8> as core[df12db4294e9bfd3]::io::write::Write>::write_fmt
[INFO] [stdout]    3:     0x653e338235f6 - std[70759c8f55707aa4]::panicking::default_hook::{closure#0}
[INFO] [stdout]    4:     0x653e33840549 - std[70759c8f55707aa4]::panicking::default_hook
[INFO] [stdout]    5:     0x653e334732f0 - test[9d35eded1c95d3be]::test_main_inner::<test[9d35eded1c95d3be]::test_main_static::{closure#0}>::{closure#0}
[INFO] [stdout]    6:     0x653e33840872 - std[70759c8f55707aa4]::panicking::panic_with_hook
[INFO] [stdout]    7:     0x653e338236a2 - std[70759c8f55707aa4]::panicking::panic_handler::{closure#0}
[INFO] [stdout]    8:     0x653e3381bf79 - std[70759c8f55707aa4]::sys::backtrace::__rust_end_short_backtrace::<std[70759c8f55707aa4]::panicking::panic_handler::{closure#0}, !>
[INFO] [stdout]    9:     0x653e3382452d - __rustc[8fa7c3cbc660c2b3]::rust_begin_unwind
[INFO] [stdout]   10:     0x653e33862a4c - core[df12db4294e9bfd3]::panicking::panic_fmt
[INFO] [stdout]   11:     0x653e33862822 - core[df12db4294e9bfd3]::result::unwrap_failed
[INFO] [stdout]   12:     0x653e33213bf1 - dynarust[7d2cda1b7233034d]::create::tests::is_able_to_create_table::{closure#0}
[INFO] [stdout]   13:     0x653e332e0723 - <tokio[a0da8b2d1423907d]::runtime::scheduler::current_thread::Context>::enter::<core[df12db4294e9bfd3]::task::poll::Poll<()>, <tokio[a0da8b2d1423907d]::runtime::scheduler::current_thread::CoreGuard>::block_on<core[df12db4294e9bfd3]::pin::Pin<&mut core[df12db4294e9bfd3]::pin::Pin<&mut dyn core[df12db4294e9bfd3]::future::future::Future<Output = ()>>>>::{closure#0}::{closure#0}>
[INFO] [stdout]   14:     0x653e332c3a42 - <tokio[a0da8b2d1423907d]::runtime::context::scoped::Scoped<tokio[a0da8b2d1423907d]::runtime::scheduler::Context>>::set::<<tokio[a0da8b2d1423907d]::runtime::scheduler::current_thread::CoreGuard>::enter<<tokio[a0da8b2d1423907d]::runtime::scheduler::current_thread::CoreGuard>::block_on<core[df12db4294e9bfd3]::pin::Pin<&mut core[df12db4294e9bfd3]::pin::Pin<&mut dyn core[df12db4294e9bfd3]::future::future::Future<Output = ()>>>>::{closure#0}, core[df12db4294e9bfd3]::option::Option<()>>::{closure#0}, (alloc[2182bb758b4b3781]::boxed::Box<tokio[a0da8b2d1423907d]::runtime::scheduler::current_thread::Core>, core[df12db4294e9bfd3]::option::Option<()>)>
[INFO] [stdout]   15:     0x653e332dfc19 - <tokio[a0da8b2d1423907d]::runtime::runtime::Runtime>::block_on::<core[df12db4294e9bfd3]::pin::Pin<&mut dyn core[df12db4294e9bfd3]::future::future::Future<Output = ()>>>
[INFO] [stdout]   16:     0x653e33215a5a - dynarust[7d2cda1b7233034d]::create::tests::is_able_to_create_table
[INFO] [stdout]   17:     0x653e332d4029 - <dynarust[7d2cda1b7233034d]::create::tests::is_able_to_create_table::{closure#0} as core[df12db4294e9bfd3]::ops::function::FnOnce<()>>::call_once
[INFO] [stdout]   18:     0x653e334665db - test[9d35eded1c95d3be]::__rust_begin_short_backtrace::<core[df12db4294e9bfd3]::result::Result<(), alloc[2182bb758b4b3781]::string::String>, fn() -> core[df12db4294e9bfd3]::result::Result<(), alloc[2182bb758b4b3781]::string::String>>
[INFO] [stdout]   19:     0x653e33473c45 - test[9d35eded1c95d3be]::run_test::{closure#0}
[INFO] [stdout]   20:     0x653e3346d504 - std[70759c8f55707aa4]::sys::backtrace::__rust_begin_short_backtrace::<test[9d35eded1c95d3be]::run_test::{closure#1}, ()>
[INFO] [stdout]   21:     0x653e33476da2 - <std[70759c8f55707aa4]::thread::lifecycle::spawn_unchecked<test[9d35eded1c95d3be]::run_test::{closure#1}, ()>::{closure#1} as core[df12db4294e9bfd3]::ops::function::FnOnce<()>>::call_once::{shim:vtable#0}
[INFO] [stdout]   22:     0x653e33847b39 - <std[70759c8f55707aa4]::sys::thread::unix::Thread>::new::thread_start
[INFO] [stdout]   23:     0x7486e2fa1dfa - <unknown>
[INFO] [stdout]   24:     0x7486e30353d4 - clone
[INFO] [stdout]   25:                0x0 - <unknown>
[INFO] [stdout] 
[INFO] [stdout] ---- create::tests::creates_two_resources_transactionally stdout ----
[INFO] [stdout] 
[INFO] [stdout] thread 'create::tests::creates_two_resources_transactionally' (2769) panicked at src/create.rs:216:57:
[INFO] [stdout] called `Result::unwrap()` on an `Err` value: ConnectionError("")
[INFO] [stdout] stack backtrace:
[INFO] [stdout]    0:     0x653e338489b1 - <<std[70759c8f55707aa4]::sys::backtrace::BacktraceLock>::print::DisplayBacktrace as core[df12db4294e9bfd3]::fmt::Display>::fmt
[INFO] [stdout]    1:     0x653e3386226a - core[df12db4294e9bfd3]::fmt::write
[INFO] [stdout]    2:     0x653e3384eb5c - <alloc[2182bb758b4b3781]::vec::Vec<u8> as core[df12db4294e9bfd3]::io::write::Write>::write_fmt
[INFO] [stdout]    3:     0x653e338235f6 - std[70759c8f55707aa4]::panicking::default_hook::{closure#0}
[INFO] [stdout]    4:     0x653e33840549 - std[70759c8f55707aa4]::panicking::default_hook
[INFO] [stdout]    5:     0x653e334732f0 - test[9d35eded1c95d3be]::test_main_inner::<test[9d35eded1c95d3be]::test_main_static::{closure#0}>::{closure#0}
[INFO] [stdout]    6:     0x653e33840872 - std[70759c8f55707aa4]::panicking::panic_with_hook
[INFO] [stdout]    7:     0x653e338236a2 - std[70759c8f55707aa4]::panicking::panic_handler::{closure#0}
[INFO] [stdout]    8:     0x653e3381bf79 - std[70759c8f55707aa4]::sys::backtrace::__rust_end_short_backtrace::<std[70759c8f55707aa4]::panicking::panic_handler::{closure#0}, !>
[INFO] [stdout]    9:     0x653e3382452d - __rustc[8fa7c3cbc660c2b3]::rust_begin_unwind
[INFO] [stdout]   10:     0x653e33862a4c - core[df12db4294e9bfd3]::panicking::panic_fmt
[INFO] [stdout]   11:     0x653e33862822 - core[df12db4294e9bfd3]::result::unwrap_failed
[INFO] [stdout]   12:     0x653e3321523f - dynarust[7d2cda1b7233034d]::create::tests::creates_two_resources_transactionally::{closure#0}
[INFO] [stdout]   13:     0x653e332e0723 - <tokio[a0da8b2d1423907d]::runtime::scheduler::current_thread::Context>::enter::<core[df12db4294e9bfd3]::task::poll::Poll<()>, <tokio[a0da8b2d1423907d]::runtime::scheduler::current_thread::CoreGuard>::block_on<core[df12db4294e9bfd3]::pin::Pin<&mut core[df12db4294e9bfd3]::pin::Pin<&mut dyn core[df12db4294e9bfd3]::future::future::Future<Output = ()>>>>::{closure#0}::{closure#0}>
[INFO] [stdout]   14:     0x653e332c3a42 - <tokio[a0da8b2d1423907d]::runtime::context::scoped::Scoped<tokio[a0da8b2d1423907d]::runtime::scheduler::Context>>::set::<<tokio[a0da8b2d1423907d]::runtime::scheduler::current_thread::CoreGuard>::enter<<tokio[a0da8b2d1423907d]::runtime::scheduler::current_thread::CoreGuard>::block_on<core[df12db4294e9bfd3]::pin::Pin<&mut core[df12db4294e9bfd3]::pin::Pin<&mut dyn core[df12db4294e9bfd3]::future::future::Future<Output = ()>>>>::{closure#0}, core[df12db4294e9bfd3]::option::Option<()>>::{closure#0}, (alloc[2182bb758b4b3781]::boxed::Box<tokio[a0da8b2d1423907d]::runtime::scheduler::current_thread::Core>, core[df12db4294e9bfd3]::option::Option<()>)>
[INFO] [stdout]   15:     0x653e332dfc19 - <tokio[a0da8b2d1423907d]::runtime::runtime::Runtime>::block_on::<core[df12db4294e9bfd3]::pin::Pin<&mut dyn core[df12db4294e9bfd3]::future::future::Future<Output = ()>>>
[INFO] [stdout]   16:     0x653e33215d1a - dynarust[7d2cda1b7233034d]::create::tests::creates_two_resources_transactionally
[INFO] [stdout]   17:     0x653e332d4069 - <dynarust[7d2cda1b7233034d]::create::tests::creates_two_resources_transactionally::{closure#0} as core[df12db4294e9bfd3]::ops::function::FnOnce<()>>::call_once
[INFO] [stdout]   18:     0x653e334665db - test[9d35eded1c95d3be]::__rust_begin_short_backtrace::<core[df12db4294e9bfd3]::result::Result<(), alloc[2182bb758b4b3781]::string::String>, fn() -> core[df12db4294e9bfd3]::result::Result<(), alloc[2182bb758b4b3781]::string::String>>
[INFO] [stdout]   19:     0x653e33473c45 - test[9d35eded1c95d3be]::run_test::{closure#0}
[INFO] [stdout]   20:     0x653e3346d504 - std[70759c8f55707aa4]::sys::backtrace::__rust_begin_short_backtrace::<test[9d35eded1c95d3be]::run_test::{closure#1}, ()>
[INFO] [stdout]   21:     0x653e33476da2 - <std[70759c8f55707aa4]::thread::lifecycle::spawn_unchecked<test[9d35eded1c95d3be]::run_test::{closure#1}, ()>::{closure#1} as core[df12db4294e9bfd3]::ops::function::FnOnce<()>>::call_once::{shim:vtable#0}
[INFO] [stdout]   22:     0x653e33847b39 - <std[70759c8f55707aa4]::sys::thread::unix::Thread>::new::thread_start
[INFO] [stdout]   23:     0x7486e2fa1dfa - <unknown>
[INFO] [stdout]   24:     0x7486e30353d4 - clone
[INFO] [stdout]   25:                0x0 - <unknown>
[INFO] [stdout] 
[INFO] [stdout] ---- update::tests::updates_null_field stdout ----
[INFO] [stdout] 
[INFO] [stdout] thread 'update::tests::updates_null_field' (2799) panicked at src/update.rs:275:57:
[INFO] [stdout] called `Result::unwrap()` on an `Err` value: ConnectionError("")
[INFO] [stdout] stack backtrace:
[INFO] [stdout]    0:     0x653e338489b1 - <<std[70759c8f55707aa4]::sys::backtrace::BacktraceLock>::print::DisplayBacktrace as core[df12db4294e9bfd3]::fmt::Display>::fmt
[INFO] [stdout]    1:     0x653e3386226a - core[df12db4294e9bfd3]::fmt::write
[INFO] [stdout]    2:     0x653e3384eb5c - <alloc[2182bb758b4b3781]::vec::Vec<u8> as core[df12db4294e9bfd3]::io::write::Write>::write_fmt
[INFO] [stdout]    3:     0x653e338235f6 - std[70759c8f55707aa4]::panicking::default_hook::{closure#0}
[INFO] [stdout]    4:     0x653e33840549 - std[70759c8f55707aa4]::panicking::default_hook
[INFO] [stdout]    5:     0x653e334732f0 - test[9d35eded1c95d3be]::test_main_inner::<test[9d35eded1c95d3be]::test_main_static::{closure#0}>::{closure#0}
[INFO] [stdout]    6:     0x653e33840872 - std[70759c8f55707aa4]::panicking::panic_with_hook
[INFO] [stdout]    7:     0x653e338236a2 - std[70759c8f55707aa4]::panicking::panic_handler::{closure#0}
[INFO] [stdout]    8:     0x653e3381bf79 - std[70759c8f55707aa4]::sys::backtrace::__rust_end_short_backtrace::<std[70759c8f55707aa4]::panicking::panic_handler::{closure#0}, !>
[INFO] [stdout]    9:     0x653e3382452d - __rustc[8fa7c3cbc660c2b3]::rust_begin_unwind
[INFO] [stdout]   10:     0x653e33862a4c - core[df12db4294e9bfd3]::panicking::panic_fmt
[INFO] [stdout]   11:     0x653e33862822 - core[df12db4294e9bfd3]::result::unwrap_failed
[INFO] [stdout]   12:     0x653e331950b2 - dynarust[7d2cda1b7233034d]::update::tests::updates_null_field::{closure#0}
[INFO] [stdout]   13:     0x653e332e0723 - <tokio[a0da8b2d1423907d]::runtime::scheduler::current_thread::Context>::enter::<core[df12db4294e9bfd3]::task::poll::Poll<()>, <tokio[a0da8b2d1423907d]::runtime::scheduler::current_thread::CoreGuard>::block_on<core[df12db4294e9bfd3]::pin::Pin<&mut core[df12db4294e9bfd3]::pin::Pin<&mut dyn core[df12db4294e9bfd3]::future::future::Future<Output = ()>>>>::{closure#0}::{closure#0}>
[INFO] [stdout]   14:     0x653e332c3a42 - <tokio[a0da8b2d1423907d]::runtime::context::scoped::Scoped<tokio[a0da8b2d1423907d]::runtime::scheduler::Context>>::set::<<tokio[a0da8b2d1423907d]::runtime::scheduler::current_thread::CoreGuard>::enter<<tokio[a0da8b2d1423907d]::runtime::scheduler::current_thread::CoreGuard>::block_on<core[df12db4294e9bfd3]::pin::Pin<&mut core[df12db4294e9bfd3]::pin::Pin<&mut dyn core[df12db4294e9bfd3]::future::future::Future<Output = ()>>>>::{closure#0}, core[df12db4294e9bfd3]::option::Option<()>>::{closure#0}, (alloc[2182bb758b4b3781]::boxed::Box<tokio[a0da8b2d1423907d]::runtime::scheduler::current_thread::Core>, core[df12db4294e9bfd3]::option::Option<()>)>
[INFO] [stdout]   15:     0x653e332dfc19 - <tokio[a0da8b2d1423907d]::runtime::runtime::Runtime>::block_on::<core[df12db4294e9bfd3]::pin::Pin<&mut dyn core[df12db4294e9bfd3]::future::future::Future<Output = ()>>>
[INFO] [stdout]   16:     0x653e33198a4a - dynarust[7d2cda1b7233034d]::update::tests::updates_null_field
[INFO] [stdout]   17:     0x653e332d40c9 - <dynarust[7d2cda1b7233034d]::update::tests::updates_null_field::{closure#0} as core[df12db4294e9bfd3]::ops::function::FnOnce<()>>::call_once
[INFO] [stdout]   18:     0x653e334665db - test[9d35eded1c95d3be]::__rust_begin_short_backtrace::<core[df12db4294e9bfd3]::result::Result<(), alloc[2182bb758b4b3781]::string::String>, fn() -> core[df12db4294e9bfd3]::result::Result<(), alloc[2182bb758b4b3781]::string::String>>
[INFO] [stdout]   19:     0x653e33473c45 - test[9d35eded1c95d3be]::run_test::{closure#0}
[INFO] [stdout]   20:     0x653e3346d504 - std[70759c8f55707aa4]::sys::backtrace::__rust_begin_short_backtrace::<test[9d35eded1c95d3be]::run_test::{closure#1}, ()>
[INFO] [stdout]   21:     0x653e33476da2 - <std[70759c8f55707aa4]::thread::lifecycle::spawn_unchecked<test[9d35eded1c95d3be]::run_test::{closure#1}, ()>::{closure#1} as core[df12db4294e9bfd3]::ops::function::FnOnce<()>>::call_once::{shim:vtable#0}
[INFO] [stdout]   22:     0x653e33847b39 - <std[70759c8f55707aa4]::sys::thread::unix::Thread>::new::thread_start
[INFO] [stdout]   23:     0x7486e2fa1dfa - <unknown>
[INFO] [stdout]   24:     0x7486e30353d4 - clone
[INFO] [stdout]   25:                0x0 - <unknown>
[INFO] [stdout] 
[INFO] [stdout] ---- update::tests::creates_updates_gets_resource stdout ----
[INFO] [stdout] 
[INFO] [stdout] thread 'update::tests::creates_updates_gets_resource' (2782) panicked at src/update.rs:248:57:
[INFO] [stdout] called `Result::unwrap()` on an `Err` value: ConnectionError("")
[INFO] [stdout] stack backtrace:
[INFO] [stdout]    0:     0x653e338489b1 - <<std[70759c8f55707aa4]::sys::backtrace::BacktraceLock>::print::DisplayBacktrace as core[df12db4294e9bfd3]::fmt::Display>::fmt
[INFO] [stdout]    1:     0x653e3386226a - core[df12db4294e9bfd3]::fmt::write
[INFO] [stdout]    2:     0x653e3384eb5c - <alloc[2182bb758b4b3781]::vec::Vec<u8> as core[df12db4294e9bfd3]::io::write::Write>::write_fmt
[INFO] [stdout]    3:     0x653e338235f6 - std[70759c8f55707aa4]::panicking::default_hook::{closure#0}
[INFO] [stdout]    4:     0x653e33840549 - std[70759c8f55707aa4]::panicking::default_hook
[INFO] [stdout]    5:     0x653e334732f0 - test[9d35eded1c95d3be]::test_main_inner::<test[9d35eded1c95d3be]::test_main_static::{closure#0}>::{closure#0}
[INFO] [stdout]    6:     0x653e33840872 - std[70759c8f55707aa4]::panicking::panic_with_hook
[INFO] [stdout]    7:     0x653e338236a2 - std[70759c8f55707aa4]::panicking::panic_handler::{closure#0}
[INFO] [stdout]    8:     0x653e3381bf79 - std[70759c8f55707aa4]::sys::backtrace::__rust_end_short_backtrace::<std[70759c8f55707aa4]::panicking::panic_handler::{closure#0}, !>
[INFO] [stdout]    9:     0x653e3382452d - __rustc[8fa7c3cbc660c2b3]::rust_begin_unwind
[INFO] [stdout]   10:     0x653e33862a4c - core[df12db4294e9bfd3]::panicking::panic_fmt
[INFO] [stdout]   11:     0x653e33862822 - core[df12db4294e9bfd3]::result::unwrap_failed
[INFO] [stdout]   12:     0x653e33196007 - dynarust[7d2cda1b7233034d]::update::tests::creates_updates_gets_resource::{closure#0}
[INFO] [stdout]   13:     0x653e332e0723 - <tokio[a0da8b2d1423907d]::runtime::scheduler::current_thread::Context>::enter::<core[df12db4294e9bfd3]::task::poll::Poll<()>, <tokio[a0da8b2d1423907d]::runtime::scheduler::current_thread::CoreGuard>::block_on<core[df12db4294e9bfd3]::pin::Pin<&mut core[df12db4294e9bfd3]::pin::Pin<&mut dyn core[df12db4294e9bfd3]::future::future::Future<Output = ()>>>>::{closure#0}::{closure#0}>
[INFO] [stdout]   14:     0x653e332c3a42 - <tokio[a0da8b2d1423907d]::runtime::context::scoped::Scoped<tokio[a0da8b2d1423907d]::runtime::scheduler::Context>>::set::<<tokio[a0da8b2d1423907d]::runtime::scheduler::current_thread::CoreGuard>::enter<<tokio[a0da8b2d1423907d]::runtime::scheduler::current_thread::CoreGuard>::block_on<core[df12db4294e9bfd3]::pin::Pin<&mut core[df12db4294e9bfd3]::pin::Pin<&mut dyn core[df12db4294e9bfd3]::future::future::Future<Output = ()>>>>::{closure#0}, core[df12db4294e9bfd3]::option::Option<()>>::{closure#0}, (alloc[2182bb758b4b3781]::boxed::Box<tokio[a0da8b2d1423907d]::runtime::scheduler::current_thread::Core>, core[df12db4294e9bfd3]::option::Option<()>)>
[INFO] [stdout]   15:     0x653e332dfc19 - <tokio[a0da8b2d1423907d]::runtime::runtime::Runtime>::block_on::<core[df12db4294e9bfd3]::pin::Pin<&mut dyn core[df12db4294e9bfd3]::future::future::Future<Output = ()>>>
[INFO] [stdout]   16:     0x653e33198baa - dynarust[7d2cda1b7233034d]::update::tests::creates_updates_gets_resource
[INFO] [stdout]   17:     0x653e332d40e9 - <dynarust[7d2cda1b7233034d]::update::tests::creates_updates_gets_resource::{closure#0} as core[df12db4294e9bfd3]::ops::function::FnOnce<()>>::call_once
[INFO] [stdout]   18:     0x653e334665db - test[9d35eded1c95d3be]::__rust_begin_short_backtrace::<core[df12db4294e9bfd3]::result::Result<(), alloc[2182bb758b4b3781]::string::String>, fn() -> core[df12db4294e9bfd3]::result::Result<(), alloc[2182bb758b4b3781]::string::String>>
[INFO] [stdout]   19:     0x653e33473c45 - test[9d35eded1c95d3be]::run_test::{closure#0}
[INFO] [stdout]   20:     0x653e3346d504 - std[70759c8f55707aa4]::sys::backtrace::__rust_begin_short_backtrace::<test[9d35eded1c95d3be]::run_test::{closure#1}, ()>
[INFO] [stdout]   21:     0x653e33476da2 - <std[70759c8f55707aa4]::thread::lifecycle::spawn_unchecked<test[9d35eded1c95d3be]::run_test::{closure#1}, ()>::{closure#1} as core[df12db4294e9bfd3]::ops::function::FnOnce<()>>::call_once::{shim:vtable#0}
[INFO] [stdout]   22:     0x653e33847b39 - <std[70759c8f55707aa4]::sys::thread::unix::Thread>::new::thread_start
[INFO] [stdout]   23:     0x7486e2fa1dfa - <unknown>
[INFO] [stdout]   24:     0x7486e30353d4 - clone
[INFO] [stdout]   25:                0x0 - <unknown>
[INFO] [stdout] 
[INFO] [stdout] ---- get::tests::creates_and_gets_resource stdout ----
[INFO] [stdout] 
[INFO] [stdout] thread 'get::tests::creates_and_gets_resource' (2777) panicked at src/get.rs:98:57:
[INFO] [stdout] called `Result::unwrap()` on an `Err` value: ConnectionError("")
[INFO] [stdout] stack backtrace:
[INFO] [stdout]    0:     0x653e338489b1 - <<std[70759c8f55707aa4]::sys::backtrace::BacktraceLock>::print::DisplayBacktrace as core[df12db4294e9bfd3]::fmt::Display>::fmt
[INFO] [stdout]    1:     0x653e3386226a - core[df12db4294e9bfd3]::fmt::write
[INFO] [stdout]    2:     0x653e3384eb5c - <alloc[2182bb758b4b3781]::vec::Vec<u8> as core[df12db4294e9bfd3]::io::write::Write>::write_fmt
[INFO] [stdout]    3:     0x653e338235f6 - std[70759c8f55707aa4]::panicking::default_hook::{closure#0}
[INFO] [stdout]    4:     0x653e33840549 - std[70759c8f55707aa4]::panicking::default_hook
[INFO] [stdout]    5:     0x653e334732f0 - test[9d35eded1c95d3be]::test_main_inner::<test[9d35eded1c95d3be]::test_main_static::{closure#0}>::{closure#0}
[INFO] [stdout]    6:     0x653e33840872 - std[70759c8f55707aa4]::panicking::panic_with_hook
[INFO] [stdout]    7:     0x653e338236a2 - std[70759c8f55707aa4]::panicking::panic_handler::{closure#0}
[INFO] [stdout]    8:     0x653e3381bf79 - std[70759c8f55707aa4]::sys::backtrace::__rust_end_short_backtrace::<std[70759c8f55707aa4]::panicking::panic_handler::{closure#0}, !>
[INFO] [stdout]    9:     0x653e3382452d - __rustc[8fa7c3cbc660c2b3]::rust_begin_unwind
[INFO] [stdout]   10:     0x653e33862a4c - core[df12db4294e9bfd3]::panicking::panic_fmt
[INFO] [stdout]   11:     0x653e33862822 - core[df12db4294e9bfd3]::result::unwrap_failed
[INFO] [stdout]   12:     0x653e331e9bea - dynarust[7d2cda1b7233034d]::get::tests::creates_and_gets_resource::{closure#0}
[INFO] [stdout]   13:     0x653e332e0723 - <tokio[a0da8b2d1423907d]::runtime::scheduler::current_thread::Context>::enter::<core[df12db4294e9bfd3]::task::poll::Poll<()>, <tokio[a0da8b2d1423907d]::runtime::scheduler::current_thread::CoreGuard>::block_on<core[df12db4294e9bfd3]::pin::Pin<&mut core[df12db4294e9bfd3]::pin::Pin<&mut dyn core[df12db4294e9bfd3]::future::future::Future<Output = ()>>>>::{closure#0}::{closure#0}>
[INFO] [stdout]   14:     0x653e332c3a42 - <tokio[a0da8b2d1423907d]::runtime::context::scoped::Scoped<tokio[a0da8b2d1423907d]::runtime::scheduler::Context>>::set::<<tokio[a0da8b2d1423907d]::runtime::scheduler::current_thread::CoreGuard>::enter<<tokio[a0da8b2d1423907d]::runtime::scheduler::current_thread::CoreGuard>::block_on<core[df12db4294e9bfd3]::pin::Pin<&mut core[df12db4294e9bfd3]::pin::Pin<&mut dyn core[df12db4294e9bfd3]::future::future::Future<Output = ()>>>>::{closure#0}, core[df12db4294e9bfd3]::option::Option<()>>::{closure#0}, (alloc[2182bb758b4b3781]::boxed::Box<tokio[a0da8b2d1423907d]::runtime::scheduler::current_thread::Core>, core[df12db4294e9bfd3]::option::Option<()>)>
[INFO] [stdout]   15:     0x653e332dfc19 - <tokio[a0da8b2d1423907d]::runtime::runtime::Runtime>::block_on::<core[df12db4294e9bfd3]::pin::Pin<&mut dyn core[df12db4294e9bfd3]::future::future::Future<Output = ()>>>
[INFO] [stdout]   16:     0x653e331ec0ca - dynarust[7d2cda1b7233034d]::get::tests::creates_and_gets_resource
[INFO] [stdout]   17:     0x653e332d3f69 - <dynarust[7d2cda1b7233034d]::get::tests::creates_and_gets_resource::{closure#0} as core[df12db4294e9bfd3]::ops::function::FnOnce<()>>::call_once
[INFO] [stdout]   18:     0x653e334665db - test[9d35eded1c95d3be]::__rust_begin_short_backtrace::<core[df12db4294e9bfd3]::result::Result<(), alloc[2182bb758b4b3781]::string::String>, fn() -> core[df12db4294e9bfd3]::result::Result<(), alloc[2182bb758b4b3781]::string::String>>
[INFO] [stdout]   19:     0x653e33473c45 - test[9d35eded1c95d3be]::run_test::{closure#0}
[INFO] [stdout]   20:     0x653e3346d504 - std[70759c8f55707aa4]::sys::backtrace::__rust_begin_short_backtrace::<test[9d35eded1c95d3be]::run_test::{closure#1}, ()>
[INFO] [stdout]   21:     0x653e33476da2 - <std[70759c8f55707aa4]::thread::lifecycle::spawn_unchecked<test[9d35eded1c95d3be]::run_test::{closure#1}, ()>::{closure#1} as core[df12db4294e9bfd3]::ops::function::FnOnce<()>>::call_once::{shim:vtable#0}
[INFO] [stdout]   22:     0x653e33847b39 - <std[70759c8f55707aa4]::sys::thread::unix::Thread>::new::thread_start
[INFO] [stdout]   23:     0x7486e2fa1dfa - <unknown>
[INFO] [stdout]   24:     0x7486e30353d4 - clone
[INFO] [stdout]   25:                0x0 - <unknown>
[INFO] [stdout] 
[INFO] [stdout] ---- client::tests::creates_gets_updates_gets_resource stdout ----
[INFO] [stdout] 
[INFO] [stdout] thread 'client::tests::creates_gets_updates_gets_resource' (2767) panicked at src/client.rs:292:57:
[INFO] [stdout] called `Result::unwrap()` on an `Err` value: ConnectionError("")
[INFO] [stdout] stack backtrace:
[INFO] [stdout]    0:     0x653e338489b1 - <<std[70759c8f55707aa4]::sys::backtrace::BacktraceLock>::print::DisplayBacktrace as core[df12db4294e9bfd3]::fmt::Display>::fmt
[INFO] [stdout]    1:     0x653e3386226a - core[df12db4294e9bfd3]::fmt::write
[INFO] [stdout]    2:     0x653e3384eb5c - <alloc[2182bb758b4b3781]::vec::Vec<u8> as core[df12db4294e9bfd3]::io::write::Write>::write_fmt
[INFO] [stdout]    3:     0x653e338235f6 - std[70759c8f55707aa4]::panicking::default_hook::{closure#0}
[INFO] [stdout]    4:     0x653e33840549 - std[70759c8f55707aa4]::panicking::default_hook
[INFO] [stdout]    5:     0x653e334732f0 - test[9d35eded1c95d3be]::test_main_inner::<test[9d35eded1c95d3be]::test_main_static::{closure#0}>::{closure#0}
[INFO] [stdout]    6:     0x653e33840872 - std[70759c8f55707aa4]::panicking::panic_with_hook
[INFO] [stdout]    7:     0x653e338236a2 - std[70759c8f55707aa4]::panicking::panic_handler::{closure#0}
[INFO] [stdout]    8:     0x653e3381bf79 - std[70759c8f55707aa4]::sys::backtrace::__rust_end_short_backtrace::<std[70759c8f55707aa4]::panicking::panic_handler::{closure#0}, !>
[INFO] [stdout]    9:     0x653e3382452d - __rustc[8fa7c3cbc660c2b3]::rust_begin_unwind
[INFO] [stdout]   10:     0x653e33862a4c - core[df12db4294e9bfd3]::panicking::panic_fmt
[INFO] [stdout]   11:     0x653e33862822 - core[df12db4294e9bfd3]::result::unwrap_failed
[INFO] [stdout]   12:     0x653e331be950 - dynarust[7d2cda1b7233034d]::client::tests::creates_gets_updates_gets_resource::{closure#0}
[INFO] [stdout]   13:     0x653e332e0723 - <tokio[a0da8b2d1423907d]::runtime::scheduler::current_thread::Context>::enter::<core[df12db4294e9bfd3]::task::poll::Poll<()>, <tokio[a0da8b2d1423907d]::runtime::scheduler::current_thread::CoreGuard>::block_on<core[df12db4294e9bfd3]::pin::Pin<&mut core[df12db4294e9bfd3]::pin::Pin<&mut dyn core[df12db4294e9bfd3]::future::future::Future<Output = ()>>>>::{closure#0}::{closure#0}>
[INFO] [stdout]   14:     0x653e332c3a42 - <tokio[a0da8b2d1423907d]::runtime::context::scoped::Scoped<tokio[a0da8b2d1423907d]::runtime::scheduler::Context>>::set::<<tokio[a0da8b2d1423907d]::runtime::scheduler::current_thread::CoreGuard>::enter<<tokio[a0da8b2d1423907d]::runtime::scheduler::current_thread::CoreGuard>::block_on<core[df12db4294e9bfd3]::pin::Pin<&mut core[df12db4294e9bfd3]::pin::Pin<&mut dyn core[df12db4294e9bfd3]::future::future::Future<Output = ()>>>>::{closure#0}, core[df12db4294e9bfd3]::option::Option<()>>::{closure#0}, (alloc[2182bb758b4b3781]::boxed::Box<tokio[a0da8b2d1423907d]::runtime::scheduler::current_thread::Core>, core[df12db4294e9bfd3]::option::Option<()>)>
[INFO] [stdout]   15:     0x653e332dfc19 - <tokio[a0da8b2d1423907d]::runtime::runtime::Runtime>::block_on::<core[df12db4294e9bfd3]::pin::Pin<&mut dyn core[df12db4294e9bfd3]::future::future::Future<Output = ()>>>
[INFO] [stdout]   16:     0x653e331c2a4a - dynarust[7d2cda1b7233034d]::client::tests::creates_gets_updates_gets_resource
[INFO] [stdout]   17:     0x653e332d3fe9 - <dynarust[7d2cda1b7233034d]::client::tests::creates_gets_updates_gets_resource::{closure#0} as core[df12db4294e9bfd3]::ops::function::FnOnce<()>>::call_once
[INFO] [stdout]   18:     0x653e334665db - test[9d35eded1c95d3be]::__rust_begin_short_backtrace::<core[df12db4294e9bfd3]::result::Result<(), alloc[2182bb758b4b3781]::string::String>, fn() -> core[df12db4294e9bfd3]::result::Result<(), alloc[2182bb758b4b3781]::string::String>>
[INFO] [stdout]   19:     0x653e33473c45 - test[9d35eded1c95d3be]::run_test::{closure#0}
[INFO] [stdout]   20:     0x653e3346d504 - std[70759c8f55707aa4]::sys::backtrace::__rust_begin_short_backtrace::<test[9d35eded1c95d3be]::run_test::{closure#1}, ()>
[INFO] [stdout]   21:     0x653e33476da2 - <std[70759c8f55707aa4]::thread::lifecycle::spawn_unchecked<test[9d35eded1c95d3be]::run_test::{closure#1}, ()>::{closure#1} as core[df12db4294e9bfd3]::ops::function::FnOnce<()>>::call_once::{shim:vtable#0}
[INFO] [stdout]   22:     0x653e33847b39 - <std[70759c8f55707aa4]::sys::thread::unix::Thread>::new::thread_start
[INFO] [stdout]   23:     0x7486e2fa1dfa - <unknown>
[INFO] [stdout]   24:     0x7486e30353d4 - clone
[INFO] [stdout]   25:                0x0 - <unknown>
[INFO] [stdout] 
[INFO] [stdout] ---- delete::tests::cannot_delete_if_conditional_check_fails stdout ----
[INFO] [stdout] 
[INFO] [stdout] thread 'delete::tests::cannot_delete_if_conditional_check_fails' (2773) panicked at src/delete.rs:115:57:
[INFO] [stdout] called `Result::unwrap()` on an `Err` value: ConnectionError("")
[INFO] [stdout] stack backtrace:
[INFO] [stdout]    0:     0x653e338489b1 - <<std[70759c8f55707aa4]::sys::backtrace::BacktraceLock>::print::DisplayBacktrace as core[df12db4294e9bfd3]::fmt::Display>::fmt
[INFO] [stdout]    1:     0x653e3386226a - core[df12db4294e9bfd3]::fmt::write
[INFO] [stdout]    2:     0x653e3384eb5c - <alloc[2182bb758b4b3781]::vec::Vec<u8> as core[df12db4294e9bfd3]::io::write::Write>::write_fmt
[INFO] [stdout]    3:     0x653e338235f6 - std[70759c8f55707aa4]::panicking::default_hook::{closure#0}
[INFO] [stdout]    4:     0x653e33840549 - std[70759c8f55707aa4]::panicking::default_hook
[INFO] [stdout]    5:     0x653e334732f0 - test[9d35eded1c95d3be]::test_main_inner::<test[9d35eded1c95d3be]::test_main_static::{closure#0}>::{closure#0}
[INFO] [stdout]    6:     0x653e33840872 - std[70759c8f55707aa4]::panicking::panic_with_hook
[INFO] [stdout]    7:     0x653e338236a2 - std[70759c8f55707aa4]::panicking::panic_handler::{closure#0}
[INFO] [stdout]    8:     0x653e3381bf79 - std[70759c8f55707aa4]::sys::backtrace::__rust_end_short_backtrace::<std[70759c8f55707aa4]::panicking::panic_handler::{closure#0}, !>
[INFO] [stdout]    9:     0x653e3382452d - __rustc[8fa7c3cbc660c2b3]::rust_begin_unwind
[INFO] [stdout]   10:     0x653e33862a4c - core[df12db4294e9bfd3]::panicking::panic_fmt
[INFO] [stdout]   11:     0x653e33862822 - core[df12db4294e9bfd3]::result::unwrap_failed
[INFO] [stdout]   12:     0x653e3323d3d0 - dynarust[7d2cda1b7233034d]::delete::tests::cannot_delete_if_conditional_check_fails::{closure#0}
[INFO] [stdout]   13:     0x653e332e0723 - <tokio[a0da8b2d1423907d]::runtime::scheduler::current_thread::Context>::enter::<core[df12db4294e9bfd3]::task::poll::Poll<()>, <tokio[a0da8b2d1423907d]::runtime::scheduler::current_thread::CoreGuard>::block_on<core[df12db4294e9bfd3]::pin::Pin<&mut core[df12db4294e9bfd3]::pin::Pin<&mut dyn core[df12db4294e9bfd3]::future::future::Future<Output = ()>>>>::{closure#0}::{closure#0}>
[INFO] [stdout]   14:     0x653e332c3a42 - <tokio[a0da8b2d1423907d]::runtime::context::scoped::Scoped<tokio[a0da8b2d1423907d]::runtime::scheduler::Context>>::set::<<tokio[a0da8b2d1423907d]::runtime::scheduler::current_thread::CoreGuard>::enter<<tokio[a0da8b2d1423907d]::runtime::scheduler::current_thread::CoreGuard>::block_on<core[df12db4294e9bfd3]::pin::Pin<&mut core[df12db4294e9bfd3]::pin::Pin<&mut dyn core[df12db4294e9bfd3]::future::future::Future<Output = ()>>>>::{closure#0}, core[df12db4294e9bfd3]::option::Option<()>>::{closure#0}, (alloc[2182bb758b4b3781]::boxed::Box<tokio[a0da8b2d1423907d]::runtime::scheduler::current_thread::Core>, core[df12db4294e9bfd3]::option::Option<()>)>
[INFO] [stdout]   15:     0x653e332dfc19 - <tokio[a0da8b2d1423907d]::runtime::runtime::Runtime>::block_on::<core[df12db4294e9bfd3]::pin::Pin<&mut dyn core[df12db4294e9bfd3]::future::future::Future<Output = ()>>>
[INFO] [stdout]   16:     0x653e3323d97a - dynarust[7d2cda1b7233034d]::delete::tests::cannot_delete_if_conditional_check_fails
[INFO] [stdout]   17:     0x653e332d40a9 - <dynarust[7d2cda1b7233034d]::delete::tests::cannot_delete_if_conditional_check_fails::{closure#0} as core[df12db4294e9bfd3]::ops::function::FnOnce<()>>::call_once
[INFO] [stdout]   18:     0x653e334665db - test[9d35eded1c95d3be]::__rust_begin_short_backtrace::<core[df12db4294e9bfd3]::result::Result<(), alloc[2182bb758b4b3781]::string::String>, fn() -> core[df12db4294e9bfd3]::result::Result<(), alloc[2182bb758b4b3781]::string::String>>
[INFO] [stdout]   19:     0x653e33473c45 - test[9d35eded1c95d3be]::run_test::{closure#0}
[INFO] [stdout]   20:     0x653e3346d504 - std[70759c8f55707aa4]::sys::backtrace::__rust_begin_short_backtrace::<test[9d35eded1c95d3be]::run_test::{closure#1}, ()>
[INFO] [stdout]   21:     0x653e33476da2 - <std[70759c8f55707aa4]::thread::lifecycle::spawn_unchecked<test[9d35eded1c95d3be]::run_test::{closure#1}, ()>::{closure#1} as core[df12db4294e9bfd3]::ops::function::FnOnce<()>>::call_once::{shim:vtable#0}
[INFO] [stdout]   22:     0x653e33847b39 - <std[70759c8f55707aa4]::sys::thread::unix::Thread>::new::thread_start
[INFO] [stdout]   23:     0x7486e2fa1dfa - <unknown>
[INFO] [stdout]   24:     0x7486e30353d4 - clone
[INFO] [stdout]   25:                0x0 - <unknown>
[INFO] [stdout] 
[INFO] [stdout] ---- condition_check::tests::creates_only_if_other_exists stdout ----
[INFO] [stdout] 
[INFO] [stdout] thread 'condition_check::tests::creates_only_if_other_exists' (2768) panicked at src/condition_check.rs:272:57:
[INFO] [stdout] called `Result::unwrap()` on an `Err` value: ConnectionError("")
[INFO] [stdout] stack backtrace:
[INFO] [stdout]    0:     0x653e338489b1 - <<std[70759c8f55707aa4]::sys::backtrace::BacktraceLock>::print::DisplayBacktrace as core[df12db4294e9bfd3]::fmt::Display>::fmt
[INFO] [stdout]    1:     0x653e3386226a - core[df12db4294e9bfd3]::fmt::write
[INFO] [stdout]    2:     0x653e3384eb5c - <alloc[2182bb758b4b3781]::vec::Vec<u8> as core[df12db4294e9bfd3]::io::write::Write>::write_fmt
[INFO] [stdout]    3:     0x653e338235f6 - std[70759c8f55707aa4]::panicking::default_hook::{closure#0}
[INFO] [stdout]    4:     0x653e33840549 - std[70759c8f55707aa4]::panicking::default_hook
[INFO] [stdout]    5:     0x653e334732f0 - test[9d35eded1c95d3be]::test_main_inner::<test[9d35eded1c95d3be]::test_main_static::{closure#0}>::{closure#0}
[INFO] [stdout]    6:     0x653e33840872 - std[70759c8f55707aa4]::panicking::panic_with_hook
[INFO] [stdout]    7:     0x653e338236a2 - std[70759c8f55707aa4]::panicking::panic_handler::{closure#0}
[INFO] [stdout]    8:     0x653e3381bf79 - std[70759c8f55707aa4]::sys::backtrace::__rust_end_short_backtrace::<std[70759c8f55707aa4]::panicking::panic_handler::{closure#0}, !>
[INFO] [stdout]    9:     0x653e3382452d - __rustc[8fa7c3cbc660c2b3]::rust_begin_unwind
[INFO] [stdout]   10:     0x653e33862a4c - core[df12db4294e9bfd3]::panicking::panic_fmt
[INFO] [stdout]   11:     0x653e33862822 - core[df12db4294e9bfd3]::result::unwrap_failed
[INFO] [stdout]   12:     0x653e3328d6bd - dynarust[7d2cda1b7233034d]::condition_check::tests::creates_only_if_other_exists::{closure#0}
[INFO] [stdout]   13:     0x653e332e0723 - <tokio[a0da8b2d1423907d]::runtime::scheduler::current_thread::Context>::enter::<core[df12db4294e9bfd3]::task::poll::Poll<()>, <tokio[a0da8b2d1423907d]::runtime::scheduler::current_thread::CoreGuard>::block_on<core[df12db4294e9bfd3]::pin::Pin<&mut core[df12db4294e9bfd3]::pin::Pin<&mut dyn core[df12db4294e9bfd3]::future::future::Future<Output = ()>>>>::{closure#0}::{closure#0}>
[INFO] [stdout]   14:     0x653e332c3a42 - <tokio[a0da8b2d1423907d]::runtime::context::scoped::Scoped<tokio[a0da8b2d1423907d]::runtime::scheduler::Context>>::set::<<tokio[a0da8b2d1423907d]::runtime::scheduler::current_thread::CoreGuard>::enter<<tokio[a0da8b2d1423907d]::runtime::scheduler::current_thread::CoreGuard>::block_on<core[df12db4294e9bfd3]::pin::Pin<&mut core[df12db4294e9bfd3]::pin::Pin<&mut dyn core[df12db4294e9bfd3]::future::future::Future<Output = ()>>>>::{closure#0}, core[df12db4294e9bfd3]::option::Option<()>>::{closure#0}, (alloc[2182bb758b4b3781]::boxed::Box<tokio[a0da8b2d1423907d]::runtime::scheduler::current_thread::Core>, core[df12db4294e9bfd3]::option::Option<()>)>
[INFO] [stdout]   15:     0x653e332dfc19 - <tokio[a0da8b2d1423907d]::runtime::runtime::Runtime>::block_on::<core[df12db4294e9bfd3]::pin::Pin<&mut dyn core[df12db4294e9bfd3]::future::future::Future<Output = ()>>>
[INFO] [stdout]   16:     0x653e3328e80a - dynarust[7d2cda1b7233034d]::condition_check::tests::creates_only_if_other_exists
[INFO] [stdout]   17:     0x653e332d3f29 - <dynarust[7d2cda1b7233034d]::condition_check::tests::creates_only_if_other_exists::{closure#0} as core[df12db4294e9bfd3]::ops::function::FnOnce<()>>::call_once
[INFO] [stdout]   18:     0x653e334665db - test[9d35eded1c95d3be]::__rust_begin_short_backtrace::<core[df12db4294e9bfd3]::result::Result<(), alloc[2182bb758b4b3781]::string::String>, fn() -> core[df12db4294e9bfd3]::result::Result<(), alloc[2182bb758b4b3781]::string::String>>
[INFO] [stdout]   19:     0x653e33473c45 - test[9d35eded1c95d3be]::run_test::{closure#0}
[INFO] [stdout]   20:     0x653e3346d504 - std[70759c8f55707aa4]::sys::backtrace::__rust_begin_short_backtrace::<test[9d35eded1c95d3be]::run_test::{closure#1}, ()>
[INFO] [stdout]   21:     0x653e33476da2 - <std[70759c8f55707aa4]::thread::lifecycle::spawn_unchecked<test[9d35eded1c95d3be]::run_test::{closure#1}, ()>::{closure#1} as core[df12db4294e9bfd3]::ops::function::FnOnce<()>>::call_once::{shim:vtable#0}
[INFO] [stdout]   22:     0x653e33847b39 - <std[70759c8f55707aa4]::sys::thread::unix::Thread>::new::thread_start
[INFO] [stdout]   23:     0x7486e2fa1dfa - <unknown>
[INFO] [stdout]   24:     0x7486e30353d4 - clone
[INFO] [stdout]   25:                0x0 - <unknown>
[INFO] [stdout] 
[INFO] [stdout] ---- list::tests::creates_lists_resources stdout ----
[INFO] [stdout] 
[INFO] [stdout] thread 'list::tests::creates_lists_resources' (2778) panicked at src/list.rs:104:57:
[INFO] [stdout] called `Result::unwrap()` on an `Err` value: ConnectionError("")
[INFO] [stdout] stack backtrace:
[INFO] [stdout]    0:     0x653e338489b1 - <<std[70759c8f55707aa4]::sys::backtrace::BacktraceLock>::print::DisplayBacktrace as core[df12db4294e9bfd3]::fmt::Display>::fmt
[INFO] [stdout]    1:     0x653e3386226a - core[df12db4294e9bfd3]::fmt::write
[INFO] [stdout]    2:     0x653e3384eb5c - <alloc[2182bb758b4b3781]::vec::Vec<u8> as core[df12db4294e9bfd3]::io::write::Write>::write_fmt
[INFO] [stdout]    3:     0x653e338235f6 - std[70759c8f55707aa4]::panicking::default_hook::{closure#0}
[INFO] [stdout]    4:     0x653e33840549 - std[70759c8f55707aa4]::panicking::default_hook
[INFO] [stdout]    5:     0x653e334732f0 - test[9d35eded1c95d3be]::test_main_inner::<test[9d35eded1c95d3be]::test_main_static::{closure#0}>::{closure#0}
[INFO] [stdout]    6:     0x653e33840872 - std[70759c8f55707aa4]::panicking::panic_with_hook
[INFO] [stdout]    7:     0x653e338236a2 - std[70759c8f55707aa4]::panicking::panic_handler::{closure#0}
[INFO] [stdout]    8:     0x653e3381bf79 - std[70759c8f55707aa4]::sys::backtrace::__rust_end_short_backtrace::<std[70759c8f55707aa4]::panicking::panic_handler::{closure#0}, !>
[INFO] [stdout]    9:     0x653e3382452d - __rustc[8fa7c3cbc660c2b3]::rust_begin_unwind
[INFO] [stdout]   10:     0x653e33862a4c - core[df12db4294e9bfd3]::panicking::panic_fmt
[INFO] [stdout]   11:     0x653e33862822 - core[df12db4294e9bfd3]::result::unwrap_failed
[INFO] [stdout]   12:     0x653e33258725 - dynarust[7d2cda1b7233034d]::list::tests::creates_lists_resources::{closure#0}
[INFO] [stdout]   13:     0x653e332e0723 - <tokio[a0da8b2d1423907d]::runtime::scheduler::current_thread::Context>::enter::<core[df12db4294e9bfd3]::task::poll::Poll<()>, <tokio[a0da8b2d1423907d]::runtime::scheduler::current_thread::CoreGuard>::block_on<core[df12db4294e9bfd3]::pin::Pin<&mut core[df12db4294e9bfd3]::pin::Pin<&mut dyn core[df12db4294e9bfd3]::future::future::Future<Output = ()>>>>::{closure#0}::{closure#0}>
[INFO] [stdout]   14:     0x653e332c3a42 - <tokio[a0da8b2d1423907d]::runtime::context::scoped::Scoped<tokio[a0da8b2d1423907d]::runtime::scheduler::Context>>::set::<<tokio[a0da8b2d1423907d]::runtime::scheduler::current_thread::CoreGuard>::enter<<tokio[a0da8b2d1423907d]::runtime::scheduler::current_thread::CoreGuard>::block_on<core[df12db4294e9bfd3]::pin::Pin<&mut core[df12db4294e9bfd3]::pin::Pin<&mut dyn core[df12db4294e9bfd3]::future::future::Future<Output = ()>>>>::{closure#0}, core[df12db4294e9bfd3]::option::Option<()>>::{closure#0}, (alloc[2182bb758b4b3781]::boxed::Box<tokio[a0da8b2d1423907d]::runtime::scheduler::current_thread::Core>, core[df12db4294e9bfd3]::option::Option<()>)>
[INFO] [stdout]   15:     0x653e332dfc19 - <tokio[a0da8b2d1423907d]::runtime::runtime::Runtime>::block_on::<core[df12db4294e9bfd3]::pin::Pin<&mut dyn core[df12db4294e9bfd3]::future::future::Future<Output = ()>>>
[INFO] [stdout]   16:     0x653e3326036a - dynarust[7d2cda1b7233034d]::list::tests::creates_lists_resources
[INFO] [stdout]   17:     0x653e332d3fa9 - <dynarust[7d2cda1b7233034d]::list::tests::creates_lists_resources::{closure#0} as core[df12db4294e9bfd3]::ops::function::FnOnce<()>>::call_once
[INFO] [stdout]   18:     0x653e334665db - test[9d35eded1c95d3be]::__rust_begin_short_backtrace::<core[df12db4294e9bfd3]::result::Result<(), alloc[2182bb758b4b3781]::string::String>, fn() -> core[df12db4294e9bfd3]::result::Result<(), alloc[2182bb758b4b3781]::string::String>>
[INFO] [stdout]   19:     0x653e33473c45 - test[9d35eded1c95d3be]::run_test::{closure#0}
[INFO] [stdout]   20:     0x653e3346d504 - std[70759c8f55707aa4]::sys::backtrace::__rust_begin_short_backtrace::<test[9d35eded1c95d3be]::run_test::{closure#1}, ()>
[INFO] [stdout]   21:     0x653e33476da2 - <std[70759c8f55707aa4]::thread::lifecycle::spawn_unchecked<test[9d35eded1c95d3be]::run_test::{closure#1}, ()>::{closure#1} as core[df12db4294e9bfd3]::ops::function::FnOnce<()>>::call_once::{shim:vtable#0}
[INFO] [stdout]   22:     0x653e33847b39 - <std[70759c8f55707aa4]::sys::thread::unix::Thread>::new::thread_start
[INFO] [stdout]   23:     0x7486e2fa1dfa - <unknown>
[INFO] [stdout]   24:     0x7486e30353d4 - clone
[INFO] [stdout]   25:                0x0 - <unknown>
[INFO] [stdout] 
[INFO] [stdout] ---- update::tests::creates_updates_conditional_check_fails stdout ----
[INFO] [stdout] 
[INFO] [stdout] thread 'update::tests::creates_updates_conditional_check_fails' (2781) panicked at src/update.rs:300:57:
[INFO] [stdout] called `Result::unwrap()` on an `Err` value: ConnectionError("")
[INFO] [stdout] stack backtrace:
[INFO] [stdout]    0:     0x653e338489b1 - <<std[70759c8f55707aa4]::sys::backtrace::BacktraceLock>::print::DisplayBacktrace as core[df12db4294e9bfd3]::fmt::Display>::fmt
[INFO] [stdout]    1:     0x653e3386226a - core[df12db4294e9bfd3]::fmt::write
[INFO] [stdout]    2:     0x653e3384eb5c - <alloc[2182bb758b4b3781]::vec::Vec<u8> as core[df12db4294e9bfd3]::io::write::Write>::write_fmt
[INFO] [stdout]    3:     0x653e338235f6 - std[70759c8f55707aa4]::panicking::default_hook::{closure#0}
[INFO] [stdout]    4:     0x653e33840549 - std[70759c8f55707aa4]::panicking::default_hook
[INFO] [stdout]    5:     0x653e334732f0 - test[9d35eded1c95d3be]::test_main_inner::<test[9d35eded1c95d3be]::test_main_static::{closure#0}>::{closure#0}
[INFO] [stdout]    6:     0x653e33840872 - std[70759c8f55707aa4]::panicking::panic_with_hook
[INFO] [stdout]    7:     0x653e338236a2 - std[70759c8f55707aa4]::panicking::panic_handler::{closure#0}
[INFO] [stdout]    8:     0x653e3381bf79 - std[70759c8f55707aa4]::sys::backtrace::__rust_end_short_backtrace::<std[70759c8f55707aa4]::panicking::panic_handler::{closure#0}, !>
[INFO] [stdout]    9:     0x653e3382452d - __rustc[8fa7c3cbc660c2b3]::rust_begin_unwind
[INFO] [stdout]   10:     0x653e33862a4c - core[df12db4294e9bfd3]::panicking::panic_fmt
[INFO] [stdout]   11:     0x653e33862822 - core[df12db4294e9bfd3]::result::unwrap_failed
[INFO] [stdout]   12:     0x653e3319705d - dynarust[7d2cda1b7233034d]::update::tests::creates_updates_conditional_check_fails::{closure#0}
[INFO] [stdout]   13:     0x653e332e0723 - <tokio[a0da8b2d1423907d]::runtime::scheduler::current_thread::Context>::enter::<core[df12db4294e9bfd3]::task::poll::Poll<()>, <tokio[a0da8b2d1423907d]::runtime::scheduler::current_thread::CoreGuard>::block_on<core[df12db4294e9bfd3]::pin::Pin<&mut core[df12db4294e9bfd3]::pin::Pin<&mut dyn core[df12db4294e9bfd3]::future::future::Future<Output = ()>>>>::{closure#0}::{closure#0}>
[INFO] [stdout]   14:     0x653e332c3a42 - <tokio[a0da8b2d1423907d]::runtime::context::scoped::Scoped<tokio[a0da8b2d1423907d]::runtime::scheduler::Context>>::set::<<tokio[a0da8b2d1423907d]::runtime::scheduler::current_thread::CoreGuard>::enter<<tokio[a0da8b2d1423907d]::runtime::scheduler::current_thread::CoreGuard>::block_on<core[df12db4294e9bfd3]::pin::Pin<&mut core[df12db4294e9bfd3]::pin::Pin<&mut dyn core[df12db4294e9bfd3]::future::future::Future<Output = ()>>>>::{closure#0}, core[df12db4294e9bfd3]::option::Option<()>>::{closure#0}, (alloc[2182bb758b4b3781]::boxed::Box<tokio[a0da8b2d1423907d]::runtime::scheduler::current_thread::Core>, core[df12db4294e9bfd3]::option::Option<()>)>
[INFO] [stdout]   15:     0x653e332dfc19 - <tokio[a0da8b2d1423907d]::runtime::runtime::Runtime>::block_on::<core[df12db4294e9bfd3]::pin::Pin<&mut dyn core[df12db4294e9bfd3]::future::future::Future<Output = ()>>>
[INFO] [stdout]   16:     0x653e33198d0a - dynarust[7d2cda1b7233034d]::update::tests::creates_updates_conditional_check_fails
[INFO] [stdout]   17:     0x653e332d4109 - <dynarust[7d2cda1b7233034d]::update::tests::creates_updates_conditional_check_fails::{closure#0} as core[df12db4294e9bfd3]::ops::function::FnOnce<()>>::call_once
[INFO] [stdout]   18:     0x653e334665db - test[9d35eded1c95d3be]::__rust_begin_short_backtrace::<core[df12db4294e9bfd3]::result::Result<(), alloc[2182bb758b4b3781]::string::String>, fn() -> core[df12db4294e9bfd3]::result::Result<(), alloc[2182bb758b4b3781]::string::String>>
[INFO] [stdout]   19:     0x653e33473c45 - test[9d35eded1c95d3be]::run_test::{closure#0}
[INFO] [stdout]   20:     0x653e3346d504 - std[70759c8f55707aa4]::sys::backtrace::__rust_begin_short_backtrace::<test[9d35eded1c95d3be]::run_test::{closure#1}, ()>
[INFO] [stdout]   21:     0x653e33476da2 - <std[70759c8f55707aa4]::thread::lifecycle::spawn_unchecked<test[9d35eded1c95d3be]::run_test::{closure#1}, ()>::{closure#1} as core[df12db4294e9bfd3]::ops::function::FnOnce<()>>::call_once::{shim:vtable#0}
[INFO] [stdout]   22:     0x653e33847b39 - <std[70759c8f55707aa4]::sys::thread::unix::Thread>::new::thread_start
[INFO] [stdout]   23:     0x7486e2fa1dfa - <unknown>
[INFO] [stdout]   24:     0x7486e30353d4 - clone
[INFO] [stdout]   25:                0x0 - <unknown>
[INFO] [stdout] 
[INFO] [stdout] ---- get::tests::batch_gets_empty stdout ----
[INFO] [stdout] 
[INFO] [stdout] thread 'get::tests::batch_gets_empty' (2775) panicked at src/get.rs:145:57:
[INFO] [stdout] called `Result::unwrap()` on an `Err` value: ConnectionError("")
[INFO] [stdout] stack backtrace:
[INFO] [stdout]    0:     0x653e338489b1 - <<std[70759c8f55707aa4]::sys::backtrace::BacktraceLock>::print::DisplayBacktrace as core[df12db4294e9bfd3]::fmt::Display>::fmt
[INFO] [stdout]    1:     0x653e3386226a - core[df12db4294e9bfd3]::fmt::write
[INFO] [stdout]    2:     0x653e3384eb5c - <alloc[2182bb758b4b3781]::vec::Vec<u8> as core[df12db4294e9bfd3]::io::write::Write>::write_fmt
[INFO] [stdout]    3:     0x653e338235f6 - std[70759c8f55707aa4]::panicking::default_hook::{closure#0}
[INFO] [stdout]    4:     0x653e33840549 - std[70759c8f55707aa4]::panicking::default_hook
[INFO] [stdout]    5:     0x653e334732f0 - test[9d35eded1c95d3be]::test_main_inner::<test[9d35eded1c95d3be]::test_main_static::{closure#0}>::{closure#0}
[INFO] [stdout]    6:     0x653e33840872 - std[70759c8f55707aa4]::panicking::panic_with_hook
[INFO] [stdout]    7:     0x653e338236a2 - std[70759c8f55707aa4]::panicking::panic_handler::{closure#0}
[INFO] [stdout]    8:     0x653e3381bf79 - std[70759c8f55707aa4]::sys::backtrace::__rust_end_short_backtrace::<std[70759c8f55707aa4]::panicking::panic_handler::{closure#0}, !>
[INFO] [stdout]    9:     0x653e3382452d - __rustc[8fa7c3cbc660c2b3]::rust_begin_unwind
[INFO] [stdout]   10:     0x653e33862a4c - core[df12db4294e9bfd3]::panicking::panic_fmt
[INFO] [stdout]   11:     0x653e33862822 - core[df12db4294e9bfd3]::result::unwrap_failed
[INFO] [stdout]   12:     0x653e331e4a05 - dynarust[7d2cda1b7233034d]::get::tests::batch_gets_empty::{closure#0}
[INFO] [stdout]   13:     0x653e332e0723 - <tokio[a0da8b2d1423907d]::runtime::scheduler::current_thread::Context>::enter::<core[df12db4294e9bfd3]::task::poll::Poll<()>, <tokio[a0da8b2d1423907d]::runtime::scheduler::current_thread::CoreGuard>::block_on<core[df12db4294e9bfd3]::pin::Pin<&mut core[df12db4294e9bfd3]::pin::Pin<&mut dyn core[df12db4294e9bfd3]::future::future::Future<Output = ()>>>>::{closure#0}::{closure#0}>
[INFO] [stdout]   14:     0x653e332c3a42 - <tokio[a0da8b2d1423907d]::runtime::context::scoped::Scoped<tokio[a0da8b2d1423907d]::runtime::scheduler::Context>>::set::<<tokio[a0da8b2d1423907d]::runtime::scheduler::current_thread::CoreGuard>::enter<<tokio[a0da8b2d1423907d]::runtime::scheduler::current_thread::CoreGuard>::block_on<core[df12db4294e9bfd3]::pin::Pin<&mut core[df12db4294e9bfd3]::pin::Pin<&mut dyn core[df12db4294e9bfd3]::future::future::Future<Output = ()>>>>::{closure#0}, core[df12db4294e9bfd3]::option::Option<()>>::{closure#0}, (alloc[2182bb758b4b3781]::boxed::Box<tokio[a0da8b2d1423907d]::runtime::scheduler::current_thread::Core>, core[df12db4294e9bfd3]::option::Option<()>)>
[INFO] [stdout]   15:     0x653e332dfc19 - <tokio[a0da8b2d1423907d]::runtime::runtime::Runtime>::block_on::<core[df12db4294e9bfd3]::pin::Pin<&mut dyn core[df12db4294e9bfd3]::future::future::Future<Output = ()>>>
[INFO] [stdout]   16:     0x653e331ebf6a - dynarust[7d2cda1b7233034d]::get::tests::batch_gets_empty
[INFO] [stdout]   17:     0x653e332d3f49 - <dynarust[7d2cda1b7233034d]::get::tests::batch_gets_empty::{closure#0} as core[df12db4294e9bfd3]::ops::function::FnOnce<()>>::call_once
[INFO] [stdout]   18:     0x653e334665db - test[9d35eded1c95d3be]::__rust_begin_short_backtrace::<core[df12db4294e9bfd3]::result::Result<(), alloc[2182bb758b4b3781]::string::String>, fn() -> core[df12db4294e9bfd3]::result::Result<(), alloc[2182bb758b4b3781]::string::String>>
[INFO] [stdout]   19:     0x653e33473c45 - test[9d35eded1c95d3be]::run_test::{closure#0}
[INFO] [stdout]   20:     0x653e3346d504 - std[70759c8f55707aa4]::sys::backtrace::__rust_begin_short_backtrace::<test[9d35eded1c95d3be]::run_test::{closure#1}, ()>
[INFO] [stdout]   21:     0x653e33476da2 - <std[70759c8f55707aa4]::thread::lifecycle::spawn_unchecked<test[9d35eded1c95d3be]::run_test::{closure#1}, ()>::{closure#1} as core[df12db4294e9bfd3]::ops::function::FnOnce<()>>::call_once::{shim:vtable#0}
[INFO] [stdout]   22:     0x653e33847b39 - <std[70759c8f55707aa4]::sys::thread::unix::Thread>::new::thread_start
[INFO] [stdout]   23:     0x7486e2fa1dfa - <unknown>
[INFO] [stdout]   24:     0x7486e30353d4 - clone
[INFO] [stdout]   25:                0x0 - <unknown>
[INFO] [stdout] 
[INFO] [stdout] 
[INFO] [stdout] failures:
[INFO] [stdout]     client::tests::creates_gets_updates_gets_resource
[INFO] [stdout]     condition_check::tests::creates_only_if_other_exists
[INFO] [stdout]     create::tests::creates_two_resources_transactionally
[INFO] [stdout]     create::tests::is_able_to_create_table
[INFO] [stdout]     create::tests::supports_array_values
[INFO] [stdout]     create::tests::supports_nullable_values
[INFO] [stdout]     delete::tests::cannot_delete_if_conditional_check_fails
[INFO] [stdout]     delete::tests::creates_deletes_gets_resource
[INFO] [stdout]     get::tests::batch_gets_empty
[INFO] [stdout]     get::tests::creates_and_batch_gets_resource
[INFO] [stdout]     get::tests::creates_and_gets_resource
[INFO] [stdout]     list::tests::creates_lists_resources
[INFO] [stdout]     update::tests::creates_and_updates_resources_transactionally
[INFO] [stdout]     update::tests::creates_updates_conditional_check_fails
[INFO] [stdout]     update::tests::creates_updates_gets_resource
[INFO] [stdout]     update::tests::updates_null_field
[INFO] [stdout] 
[INFO] [stdout] test result: FAILED. 1 passed; 16 failed; 0 ignored; 0 measured; 0 filtered out; finished in 2.88s
[INFO] [stdout] 
[INFO] [stderr] error: test failed, to rerun pass `--lib`
[INFO] running `Command { std: "docker" "inspect" "e7c5ca8ddd721dcfa6dcd30fb364ae8ce57ad8410b1fe3137e1e6932365a7cfa", kill_on_drop: false }`
[INFO] running `Command { std: "docker" "rm" "-f" "e7c5ca8ddd721dcfa6dcd30fb364ae8ce57ad8410b1fe3137e1e6932365a7cfa", kill_on_drop: false }`
[INFO] [stdout] e7c5ca8ddd721dcfa6dcd30fb364ae8ce57ad8410b1fe3137e1e6932365a7cfa
