[INFO] fetching crate dynamo-subscriber 0.1.1...
[INFO] testing dynamo-subscriber-0.1.1 against 1.99.0-beta.8+cargoflags=--release for beta-release-1.100-2
[INFO] extracting crate dynamo-subscriber 0.1.1 into /workspace/builds/worker-0-tc1/source
[INFO] started tweaking crates.io crate dynamo-subscriber 0.1.1
[INFO] finished tweaking crates.io crate dynamo-subscriber 0.1.1
[INFO] tweaked toml for crates.io crate dynamo-subscriber 0.1.1 written to /workspace/builds/worker-0-tc1/source/Cargo.toml
[INFO] validating manifest of crates.io crate dynamo-subscriber 0.1.1 on toolchain 1.99.0-beta.8
[INFO] running `Command { std: CARGO_HOME="/workspace/cargo-home" RUSTUP_HOME="/workspace/rustup-home" "/workspace/cargo-home/bin/cargo" "+1.99.0-beta.8" "metadata" "--manifest-path" "Cargo.toml" "--no-deps", kill_on_drop: false }`
[INFO] running `Command { std: CARGO_HOME="/workspace/cargo-home" RUSTUP_HOME="/workspace/rustup-home" "/workspace/cargo-home/bin/cargo" "+1.99.0-beta.8" "generate-lockfile" "--manifest-path" "Cargo.toml", kill_on_drop: false }`
[INFO] [stderr]     Updating crates.io index
[INFO] [stderr]      Locking 222 packages to highest compatible versions
[INFO] [stderr]       Adding generic-array v0.14.7 (available: v0.14.9)
[INFO] [stderr]       Adding itertools v0.12.1 (available: v0.15.0)
[INFO] [stderr]       Adding thiserror v1.0.69 (available: v2.0.21)
[INFO] [stderr]       Adding ulid v1.2.1 (available: v3.0.0)
[INFO] running `Command { std: CARGO_HOME="/workspace/cargo-home" RUSTUP_HOME="/workspace/rustup-home" "/workspace/cargo-home/bin/cargo" "+1.99.0-beta.8" "fetch" "--manifest-path" "Cargo.toml", kill_on_drop: false }`
[INFO] [stderr]  Downloading crates ...
[INFO] [stderr]   Downloaded powerfmt v0.2.1
[INFO] [stderr]   Downloaded deranged v0.5.9
[INFO] [stderr]   Downloaded aws-smithy-runtime-api v1.19.0
[INFO] [stderr]   Downloaded sha2 v0.11.1
[INFO] [stderr]   Downloaded rustls-native-certs v0.8.5
[INFO] [stderr]   Downloaded aws-smithy-http v0.64.1
[INFO] [stderr]   Downloaded ctutils v0.4.3
[INFO] [stderr]   Downloaded schannel v0.1.30
[INFO] [stderr]   Downloaded async-recursion v1.2.0
[INFO] [stderr]   Downloaded aws-smithy-types v1.8.1
[INFO] [stderr]   Downloaded uuid v1.28.0
[INFO] [stderr]   Downloaded aws-runtime v1.10.0
[INFO] [stderr]   Downloaded aws-sigv4 v1.6.0
[INFO] [stderr]   Downloaded aws-sdk-sso v1.114.0
[INFO] [stderr]   Downloaded aws-sdk-dynamodbstreams v1.117.0
[INFO] [stderr]   Downloaded aws-sdk-ssooidc v1.116.0
[INFO] [stderr]   Downloaded aws-smithy-runtime v1.16.0
[INFO] [stderr]   Downloaded h2 v0.4.20
[INFO] [stderr]   Downloaded hyper v1.12.0
[INFO] [stderr]   Downloaded aws-lc-rs v1.18.2
[INFO] [stderr]   Downloaded aws-sdk-sts v1.119.0
[INFO] [stderr]   Downloaded rustls v0.23.46
[INFO] [stderr]   Downloaded aws-smithy-http-client v1.5.0
[INFO] [stderr]   Downloaded aws-sdk-dynamodb v1.130.0
[INFO] [stderr]   Downloaded aws-lc-sys v0.46.0
[INFO] running `Command { std: "docker" "create" "-v" "/var/lib/crater-agent-workspace/builds/worker-0-tc1/source:/opt/rustwide/workdir:ro,Z" "-v" "/var/lib/crater-agent-workspace/builds/worker-0-tc1/target:/opt/rustwide/target:rw,Z" "-v" "/var/lib/crater-agent-workspace/cargo-home:/opt/rustwide/cargo-home:ro,Z" "-v" "/var/lib/crater-agent-workspace/rustup-home:/opt/rustwide/rustup-home:ro,Z" "-m" "1610612736" "--network" "none" "ghcr.io/rust-lang/crates-build-env/linux@sha256:77db811e55d90add9212f6832c23229e3de5f1c1f9905e8cb07319ea15df73ac" "sleep" "infinity", kill_on_drop: false }`
[INFO] [stdout] 54cb49ea6d1fd223d3ab1fb0b98c99ab87e805759a9d74087ce2632ed8166eaa
[INFO] running `Command { std: "docker" "start" "54cb49ea6d1fd223d3ab1fb0b98c99ab87e805759a9d74087ce2632ed8166eaa", kill_on_drop: false }`
[INFO] running `Command { std: "docker" "inspect" "54cb49ea6d1fd223d3ab1fb0b98c99ab87e805759a9d74087ce2632ed8166eaa", kill_on_drop: false }`
[INFO] running `Command { std: "docker" "exec" "-e" "SOURCE_DIR=/opt/rustwide/workdir" "-e" "CARGO_HOME=/opt/rustwide/cargo-home" "-e" "RUSTUP_HOME=/opt/rustwide/rustup-home" "-e" "CARGO_TARGET_DIR=/opt/rustwide/target" "-w" "/opt/rustwide/workdir" "--user" "0:0" "54cb49ea6d1fd223d3ab1fb0b98c99ab87e805759a9d74087ce2632ed8166eaa" "/opt/rustwide/cargo-home/bin/cargo" "+1.99.0-beta.8" "metadata" "--no-deps" "--format-version=1", kill_on_drop: false }`
[INFO] running `Command { std: "docker" "inspect" "54cb49ea6d1fd223d3ab1fb0b98c99ab87e805759a9d74087ce2632ed8166eaa", kill_on_drop: false }`
[INFO] running `Command { std: "docker" "exec" "-e" "SOURCE_DIR=/opt/rustwide/workdir" "-e" "CARGO_HOME=/opt/rustwide/cargo-home" "-e" "RUSTUP_HOME=/opt/rustwide/rustup-home" "-e" "CARGO_TARGET_DIR=/opt/rustwide/target" "-e" "CARGO_INCREMENTAL=0" "-e" "RUST_BACKTRACE=full" "-e" "RUSTFLAGS=--cap-lints=warn" "-e" "RUSTDOCFLAGS=--cap-lints=warn" "-w" "/opt/rustwide/workdir" "--user" "0:0" "54cb49ea6d1fd223d3ab1fb0b98c99ab87e805759a9d74087ce2632ed8166eaa" "/opt/rustwide/cargo-home/bin/cargo" "+1.99.0-beta.8" "build" "--frozen" "--message-format=json" "--release", kill_on_drop: false }`
[INFO] [stderr]    Compiling libc v0.2.191
[INFO] [stderr]    Compiling unicode-ident v1.0.27
[INFO] [stderr]    Compiling futures-core v0.3.34
[INFO] [stderr]    Compiling shlex v2.0.1
[INFO] [stderr]    Compiling find-msvc-tools v0.1.14
[INFO] [stderr]    Compiling fnv v1.0.7
[INFO] [stderr]    Compiling futures-sink v0.3.34
[INFO] [stderr]    Compiling zeroize v1.9.1
[INFO] [stderr]    Compiling futures-task v0.3.34
[INFO] [stderr]    Compiling http v1.5.0
[INFO] [stderr]    Compiling num-traits v0.2.19
[INFO] [stderr]    Compiling num-conv v0.2.2
[INFO] [stderr]    Compiling either v1.19.0
[INFO] [stderr]    Compiling vsimd v0.8.0
[INFO] [stderr]    Compiling outref v0.5.2
[INFO] [stderr]    Compiling deranged v0.5.9
[INFO] [stderr]    Compiling http v0.2.12
[INFO] [stderr]    Compiling time-core v0.1.9
[INFO] [stderr]    Compiling powerfmt v0.2.1
[INFO] [stderr]    Compiling ryu v1.0.23
[INFO] [stderr]    Compiling proc-macro2 v1.0.107
[INFO] [stderr]    Compiling pin-utils v0.1.1
[INFO] [stderr]    Compiling futures-util v0.3.34
[INFO] [stderr]    Compiling untrusted v0.9.0
[INFO] [stderr]    Compiling cfg-if v1.0.5
[INFO] [stderr]    Compiling fs_extra v1.3.0
[INFO] [stderr]    Compiling pkg-config v0.3.34
[INFO] [stderr]    Compiling typenum v1.20.1
[INFO] [stderr]    Compiling equivalent v1.0.3
[INFO] [stderr]    Compiling bytes-utils v0.1.4
[INFO] [stderr]    Compiling hashbrown v0.17.1
[INFO] [stderr]    Compiling aws-lc-rs v1.18.2
[INFO] [stderr]    Compiling smallvec v1.16.3
[INFO] [stderr]    Compiling percent-encoding v2.3.2
[INFO] [stderr]    Compiling try-lock v0.2.5
[INFO] [stderr]    Compiling quote v1.0.47
[INFO] [stderr]    Compiling stable_deref_trait v1.2.1
[INFO] [stderr]    Compiling want v0.3.2
[INFO] [stderr]    Compiling futures-channel v0.3.34
[INFO] [stderr]    Compiling rustls-pki-types v1.15.1
[INFO] [stderr]    Compiling tower-service v0.3.3
[INFO] [stderr]    Compiling rustls v0.21.12
[INFO] [stderr]    Compiling rustls v0.23.46
[INFO] [stderr]    Compiling syn v2.0.119
[INFO] [stderr]    Compiling syn v3.0.9
[INFO] [stderr]    Compiling base64-simd v0.8.0
[INFO] [stderr]    Compiling atomic-waker v1.1.2
[INFO] [stderr]    Compiling log v0.4.34
[INFO] [stderr]    Compiling cmov v0.5.4
[INFO] [stderr]    Compiling subtle v2.6.1
[INFO] [stderr]    Compiling semver v1.0.28
[INFO] [stderr]    Compiling ipnet v2.12.2
[INFO] [stderr]    Compiling ctutils v0.4.3
[INFO] [stderr]    Compiling const-oid v0.10.2
[INFO] [stderr]    Compiling openssl-probe v0.2.1
[INFO] [stderr]    Compiling http-body v0.4.6
[INFO] [stderr]    Compiling num-integer v0.1.47
[INFO] [stderr]    Compiling indexmap v2.14.2
[INFO] [stderr]    Compiling http-body v1.1.0
[INFO] [stderr]    Compiling httpdate v1.0.3
[INFO] [stderr]    Compiling base64 v0.23.1
[INFO] [stderr]    Compiling http-body-util v0.1.5
[INFO] [stderr]    Compiling hybrid-array v0.4.15
[INFO] [stderr]    Compiling time v0.3.55
[INFO] [stderr]    Compiling rustls-native-certs v0.8.5
[INFO] [stderr]    Compiling jobserver v0.1.35
[INFO] [stderr]    Compiling rustc_version v0.4.1
[INFO] [stderr]    Compiling tower-layer v0.3.3
[INFO] [stderr]    Compiling form_urlencoded v1.2.2
[INFO] [stderr]    Compiling errno v0.3.14
[INFO] [stderr]    Compiling socket2 v0.6.5
[INFO] [stderr]    Compiling signal-hook-registry v1.4.8
[INFO] [stderr]    Compiling mio v1.2.4
[INFO] [stderr]    Compiling getrandom v0.2.17
[INFO] [stderr]    Compiling cc v1.8.0
[INFO] [stderr]    Compiling socket2 v0.5.10
[INFO] [stderr]    Compiling aws-types v1.6.0
[INFO] [stderr]    Compiling tower v0.5.3
[INFO] [stderr]    Compiling writeable v0.6.4
[INFO] [stderr]    Compiling rustversion v1.0.23
[INFO] [stderr]    Compiling cpufeatures v0.3.1
[INFO] [stderr]    Compiling block-buffer v0.12.1
[INFO] [stderr]    Compiling crypto-common v0.2.2
[INFO] [stderr]    Compiling tokio v1.53.3
[INFO] [stderr]    Compiling litemap v0.8.3
[INFO] [stderr]    Compiling utf8_iter v1.0.4
[INFO] [stderr]    Compiling hex v0.4.3
[INFO] [stderr]    Compiling fastrand v2.5.0
[INFO] [stderr]    Compiling icu_normalizer_data v2.3.0
[INFO] [stderr]    Compiling icu_properties_data v2.3.0
[INFO] [stderr]    Compiling uuid v1.28.0
[INFO] [stderr]    Compiling regex-lite v0.1.9
[INFO] [stderr]    Compiling generic-array v0.14.7
[INFO] [stderr]    Compiling xmlparser v0.13.6
[INFO] [stderr]    Compiling urlencoding v2.1.3
[INFO] [stderr]    Compiling thiserror v1.0.69
[INFO] [stderr]    Compiling arc-swap v1.9.2
[INFO] [stderr]    Compiling cmake v0.1.58
[INFO] [stderr]    Compiling digest v0.11.3
[INFO] [stderr]    Compiling block-buffer v0.10.4
[INFO] [stderr]    Compiling crypto-common v0.1.7
[INFO] [stderr]    Compiling sha2 v0.11.1
[INFO] [stderr]    Compiling hmac v0.13.0
[INFO] [stderr]    Compiling digest v0.10.7
[INFO] [stderr]    Compiling aws-lc-sys v0.46.0
[INFO] [stderr]    Compiling ring v0.17.14
[INFO] [stderr]    Compiling sha1 v0.10.7
[INFO] [stderr]    Compiling synstructure v0.14.0
[INFO] [stderr]    Compiling tracing-attributes v0.1.31
[INFO] [stderr]    Compiling aws-smithy-runtime-api-macros v1.1.0
[INFO] [stderr]    Compiling thiserror-impl v1.0.69
[INFO] [stderr]    Compiling zerofrom-derive v0.1.8
[INFO] [stderr]    Compiling yoke-derive v0.8.4
[INFO] [stderr]    Compiling tracing v0.1.44
[INFO] [stderr]    Compiling zerovec-derive v0.11.6
[INFO] [stderr]    Compiling displaydoc v0.2.7
[INFO] [stderr]    Compiling async-recursion v1.2.0
[INFO] [stderr]    Compiling zerofrom v0.1.8
[INFO] [stderr]    Compiling yoke v0.8.3
[INFO] [stderr]    Compiling async-trait v0.1.92
[INFO] [stderr]    Compiling zerovec v0.11.8
[INFO] [stderr]    Compiling zerotrie v0.2.5
[INFO] [stderr]    Compiling tinystr v0.8.4
[INFO] [stderr]    Compiling icu_locale_core v2.3.0
[INFO] [stderr]    Compiling potential_utf v0.1.6
[INFO] [stderr]    Compiling icu_collections v2.3.0
[INFO] [stderr]    Compiling tokio-util v0.7.20
[INFO] [stderr]    Compiling aws-smithy-async v1.3.0
[INFO] [stderr]    Compiling icu_provider v2.3.1
[INFO] [stderr]    Compiling aws-smithy-types v1.8.1
[INFO] [stderr]    Compiling h2 v0.4.20
[INFO] [stderr]    Compiling h2 v0.3.27
[INFO] [stderr]    Compiling icu_normalizer v2.3.0
[INFO] [stderr]    Compiling icu_properties v2.3.0
[INFO] [stderr]    Compiling tokio-stream v0.1.19
[INFO] [stderr]    Compiling rustls-webpki v0.101.7
[INFO] [stderr]    Compiling sct v0.7.1
[INFO] [stderr]    Compiling aws-smithy-runtime-api v1.19.0
[INFO] [stderr]    Compiling idna_adapter v1.2.2
[INFO] [stderr]    Compiling idna v1.1.0
[INFO] [stderr]    Compiling url v2.5.8
[INFO] [stderr]    Compiling aws-smithy-schema v0.2.1
[INFO] [stderr]    Compiling aws-smithy-http v0.64.1
[INFO] [stderr]    Compiling aws-credential-types v1.3.0
[INFO] [stderr]    Compiling aws-smithy-observability v0.3.0
[INFO] [stderr]    Compiling aws-sigv4 v1.6.0
[INFO] [stderr]    Compiling hyper v0.14.32
[INFO] [stderr]    Compiling aws-smithy-json v0.63.1
[INFO] [stderr]    Compiling aws-smithy-xml v0.62.1
[INFO] [stderr]    Compiling hyper v1.12.0
[INFO] [stderr]    Compiling aws-smithy-query v0.62.1
[INFO] [stderr]    Compiling tokio-rustls v0.24.1
[INFO] [stderr]    Compiling hyper-util v0.1.21
[INFO] [stderr]    Compiling hyper-rustls v0.24.2
[INFO] [stderr]    Compiling rustls-webpki v0.103.15
[INFO] [stderr]    Compiling tokio-rustls v0.26.6
[INFO] [stderr]    Compiling hyper-rustls v0.27.10
[INFO] [stderr]    Compiling aws-smithy-http-client v1.5.0
[INFO] [stderr]    Compiling aws-smithy-runtime v1.16.0
[INFO] [stderr]    Compiling aws-runtime v1.10.0
[INFO] [stderr]    Compiling aws-sdk-sso v1.114.0
[INFO] [stderr]    Compiling aws-sdk-ssooidc v1.116.0
[INFO] [stderr]    Compiling aws-sdk-sts v1.119.0
[INFO] [stderr]    Compiling aws-sdk-dynamodbstreams v1.117.0
[INFO] [stderr]    Compiling aws-sdk-dynamodb v1.130.0
[INFO] [stderr]    Compiling aws-config v1.12.0
[INFO] [stderr]    Compiling dynamo-subscriber v0.1.1 (/opt/rustwide/workdir)
[INFO] [stderr]     Finished `release` profile [optimized] target(s) in 5m 15s
[INFO] running `Command { std: "docker" "inspect" "54cb49ea6d1fd223d3ab1fb0b98c99ab87e805759a9d74087ce2632ed8166eaa", kill_on_drop: false }`
[INFO] running `Command { std: "docker" "exec" "-e" "SOURCE_DIR=/opt/rustwide/workdir" "-e" "CARGO_HOME=/opt/rustwide/cargo-home" "-e" "RUSTUP_HOME=/opt/rustwide/rustup-home" "-e" "CARGO_TARGET_DIR=/opt/rustwide/target" "-e" "CARGO_INCREMENTAL=0" "-e" "RUST_BACKTRACE=full" "-e" "RUSTFLAGS=--cap-lints=warn" "-e" "RUSTDOCFLAGS=--cap-lints=warn" "-w" "/opt/rustwide/workdir" "--user" "0:0" "54cb49ea6d1fd223d3ab1fb0b98c99ab87e805759a9d74087ce2632ed8166eaa" "/opt/rustwide/cargo-home/bin/cargo" "+1.99.0-beta.8" "test" "--frozen" "--no-run" "--message-format=json" "--release", kill_on_drop: false }`
[INFO] [stderr]    Compiling either v1.19.0
[INFO] [stderr]    Compiling tokio-macros v2.7.2
[INFO] [stderr]    Compiling zerocopy v0.8.63
[INFO] [stderr]    Compiling getrandom v0.3.4
[INFO] [stderr]    Compiling rand_core v0.9.5
[INFO] [stderr]    Compiling bytes-utils v0.1.4
[INFO] [stderr]    Compiling itertools v0.12.1
[INFO] [stderr]    Compiling tokio v1.53.3
[INFO] [stderr]    Compiling ppv-lite86 v0.2.21
[INFO] [stderr]    Compiling rand_chacha v0.9.0
[INFO] [stderr]    Compiling rand v0.9.5
[INFO] [stderr]    Compiling tokio-util v0.7.20
[INFO] [stderr]    Compiling aws-smithy-async v1.3.0
[INFO] [stderr]    Compiling tokio-rustls v0.26.6
[INFO] [stderr]    Compiling tokio-rustls v0.24.1
[INFO] [stderr]    Compiling tokio-stream v0.1.19
[INFO] [stderr]    Compiling aws-smithy-types v1.8.1
[INFO] [stderr]    Compiling h2 v0.4.20
[INFO] [stderr]    Compiling h2 v0.3.27
[INFO] [stderr]    Compiling ulid v1.2.1
[INFO] [stderr]    Compiling aws-smithy-runtime-api v1.19.0
[INFO] [stderr]    Compiling aws-smithy-schema v0.2.1
[INFO] [stderr]    Compiling aws-credential-types v1.3.0
[INFO] [stderr]    Compiling aws-smithy-http v0.64.1
[INFO] [stderr]    Compiling aws-smithy-observability v0.3.0
[INFO] [stderr]    Compiling aws-sigv4 v1.6.0
[INFO] [stderr]    Compiling aws-types v1.6.0
[INFO] [stderr]    Compiling aws-smithy-json v0.63.1
[INFO] [stderr]    Compiling aws-smithy-xml v0.62.1
[INFO] [stderr]    Compiling hyper v1.12.0
[INFO] [stderr]    Compiling aws-smithy-query v0.62.1
[INFO] [stderr]    Compiling hyper v0.14.32
[INFO] [stderr]    Compiling hyper-util v0.1.21
[INFO] [stderr]    Compiling hyper-rustls v0.27.10
[INFO] [stderr]    Compiling hyper-rustls v0.24.2
[INFO] [stderr]    Compiling aws-smithy-http-client v1.5.0
[INFO] [stderr]    Compiling aws-smithy-runtime v1.16.0
[INFO] [stderr]    Compiling aws-runtime v1.10.0
[INFO] [stderr]    Compiling aws-sdk-sts v1.119.0
[INFO] [stderr]    Compiling aws-sdk-sso v1.114.0
[INFO] [stderr]    Compiling aws-sdk-ssooidc v1.116.0
[INFO] [stderr]    Compiling aws-sdk-dynamodbstreams v1.117.0
[INFO] [stderr]    Compiling aws-sdk-dynamodb v1.130.0
[INFO] [stderr]    Compiling aws-config v1.12.0
[INFO] [stderr]    Compiling dynamo-subscriber v0.1.1 (/opt/rustwide/workdir)
[INFO] [stderr]     Finished `release` profile [optimized] target(s) in 3m 32s
[INFO] running `Command { std: "docker" "inspect" "54cb49ea6d1fd223d3ab1fb0b98c99ab87e805759a9d74087ce2632ed8166eaa", kill_on_drop: false }`
[INFO] running `Command { std: "docker" "exec" "-e" "SOURCE_DIR=/opt/rustwide/workdir" "-e" "CARGO_HOME=/opt/rustwide/cargo-home" "-e" "RUSTUP_HOME=/opt/rustwide/rustup-home" "-e" "CARGO_TARGET_DIR=/opt/rustwide/target" "-e" "CARGO_INCREMENTAL=0" "-e" "RUST_BACKTRACE=full" "-e" "RUSTFLAGS=--cap-lints=warn" "-e" "RUSTDOCFLAGS=--cap-lints=warn" "-w" "/opt/rustwide/workdir" "--user" "0:0" "54cb49ea6d1fd223d3ab1fb0b98c99ab87e805759a9d74087ce2632ed8166eaa" "/opt/rustwide/cargo-home/bin/cargo" "+1.99.0-beta.8" "test" "--frozen" "--release", kill_on_drop: false }`
[INFO] [stderr]     Finished `release` profile [optimized] target(s) in 0.32s
[INFO] [stderr]      Running unittests src/lib.rs (/opt/rustwide/target/release/deps/dynamo_subscriber-3e0a0bf82515518f)
[INFO] [stdout] 
[INFO] [stdout] running 6 tests
[INFO] [stdout] test client::tests::empty_records_converts_some_errors_to_ok ... ok
[INFO] [stdout] test client::tests::empty_iterator_converts_some_errors_to_ok ... ok
[INFO] [stdout] test types::lineage::tests::shards_are_transformed_into_multiple_lineages ... ok
[INFO] [stdout] test types::lineage::tests::lineage_length_is_equal_to_the_number_of_shards_it_has ... ok
[INFO] [stdout] test types::lineage::tests::lineages_get_records_returns_shards_and_records ... ok
[INFO] [stdout] test types::lineage::tests::a_lineage_has_tree_structure ... ok
[INFO] [stdout] 
[INFO] [stdout] test result: ok. 6 passed; 0 failed; 0 ignored; 0 measured; 0 filtered out; finished in 2.07s
[INFO] [stdout] 
[INFO] [stderr]      Running tests/integration_tests.rs (/opt/rustwide/target/release/deps/integration_tests-cea6df32fa7ed027)
[INFO] [stdout] 
[INFO] [stdout] running 1 test
[INFO] [stderr] error: test failed, to rerun pass `--test integration_tests`
[INFO] [stdout] test it_can_be_consumed_as_stream ... FAILED
[INFO] [stdout] 
[INFO] [stdout] failures:
[INFO] [stdout] 
[INFO] [stdout] ---- it_can_be_consumed_as_stream stdout ----
[INFO] [stdout] 
[INFO] [stdout] thread 'it_can_be_consumed_as_stream' (5575) panicked at tests/common/mod.rs:118:10:
[INFO] [stdout] called `Result::unwrap()` on an `Err` value: DispatchFailure(DispatchFailure { source: ConnectorError { kind: Io, source: hyper_util::client::legacy::Error(Connect, ConnectError("tcp connect error", 127.0.0.1:8000, Os { code: 111, kind: ConnectionRefused, message: "Connection refused" })), connection: Unknown } })
[INFO] [stdout] stack backtrace:
[INFO] [stdout]    0:     0x5774c6cb5e21 - <<std[70759c8f55707aa4]::sys::backtrace::BacktraceLock>::print::DisplayBacktrace as core[df12db4294e9bfd3]::fmt::Display>::fmt
[INFO] [stdout]    1:     0x5774c6ccea6a - core[df12db4294e9bfd3]::fmt::write
[INFO] [stdout]    2:     0x5774c6cbae5c - <alloc[2182bb758b4b3781]::vec::Vec<u8> as core[df12db4294e9bfd3]::io::write::Write>::write_fmt
[INFO] [stdout]    3:     0x5774c6c90836 - std[70759c8f55707aa4]::panicking::default_hook::{closure#0}
[INFO] [stdout]    4:     0x5774c6cad8c9 - std[70759c8f55707aa4]::panicking::default_hook
[INFO] [stdout]    5:     0x5774c650ae10 - test[9d35eded1c95d3be]::test_main_inner::<test[9d35eded1c95d3be]::test_main_static::{closure#0}>::{closure#0}
[INFO] [stdout]    6:     0x5774c6cadbf2 - std[70759c8f55707aa4]::panicking::panic_with_hook
[INFO] [stdout]    7:     0x5774c6c908e2 - std[70759c8f55707aa4]::panicking::panic_handler::{closure#0}
[INFO] [stdout]    8:     0x5774c6c89359 - std[70759c8f55707aa4]::sys::backtrace::__rust_end_short_backtrace::<std[70759c8f55707aa4]::panicking::panic_handler::{closure#0}, !>
[INFO] [stdout]    9:     0x5774c6c916cd - __rustc[8fa7c3cbc660c2b3]::rust_begin_unwind
[INFO] [stdout]   10:     0x5774c6ccf1cc - core[df12db4294e9bfd3]::panicking::panic_fmt
[INFO] [stdout]   11:     0x5774c6ccefa2 - core[df12db4294e9bfd3]::result::unwrap_failed
[INFO] [stdout]   12:     0x5774c64b677a - integration_tests[67d0c23298c7805d]::it_can_be_consumed_as_stream::{closure#0}
[INFO] [stdout]   13:     0x5774c64c6e43 - <tokio[33271d135e6b686c]::runtime::scheduler::current_thread::Context>::enter::<core[df12db4294e9bfd3]::task::poll::Poll<()>, <tokio[33271d135e6b686c]::runtime::scheduler::current_thread::CoreGuard>::block_on<core[df12db4294e9bfd3]::pin::Pin<&mut core[df12db4294e9bfd3]::pin::Pin<&mut dyn core[df12db4294e9bfd3]::future::future::Future<Output = ()>>>>::{closure#0}::{closure#0}>
[INFO] [stdout]   14:     0x5774c64d938c - <tokio[33271d135e6b686c]::runtime::context::scoped::Scoped<tokio[33271d135e6b686c]::runtime::scheduler::Context>>::set::<<tokio[33271d135e6b686c]::runtime::scheduler::current_thread::CoreGuard>::enter<<tokio[33271d135e6b686c]::runtime::scheduler::current_thread::CoreGuard>::block_on<core[df12db4294e9bfd3]::pin::Pin<&mut core[df12db4294e9bfd3]::pin::Pin<&mut dyn core[df12db4294e9bfd3]::future::future::Future<Output = ()>>>>::{closure#0}, core[df12db4294e9bfd3]::option::Option<()>>::{closure#0}, (alloc[2182bb758b4b3781]::boxed::Box<tokio[33271d135e6b686c]::runtime::scheduler::current_thread::Core>, core[df12db4294e9bfd3]::option::Option<()>)>
[INFO] [stdout]   15:     0x5774c64c66b0 - <tokio[33271d135e6b686c]::runtime::runtime::Runtime>::block_on::<core[df12db4294e9bfd3]::pin::Pin<&mut dyn core[df12db4294e9bfd3]::future::future::Future<Output = ()>>>
[INFO] [stdout]   16:     0x5774c64ba6dc - <integration_tests[67d0c23298c7805d]::it_can_be_consumed_as_stream::{closure#0} as core[df12db4294e9bfd3]::ops::function::FnOnce<()>>::call_once
[INFO] [stdout]   17:     0x5774c64fe0fb - test[9d35eded1c95d3be]::__rust_begin_short_backtrace::<core[df12db4294e9bfd3]::result::Result<(), alloc[2182bb758b4b3781]::string::String>, fn() -> core[df12db4294e9bfd3]::result::Result<(), alloc[2182bb758b4b3781]::string::String>>
[INFO] [stdout]   18:     0x5774c650b765 - test[9d35eded1c95d3be]::run_test::{closure#0}
[INFO] [stdout]   19:     0x5774c6505024 - std[70759c8f55707aa4]::sys::backtrace::__rust_begin_short_backtrace::<test[9d35eded1c95d3be]::run_test::{closure#1}, ()>
[INFO] [stdout]   20:     0x5774c650e8c2 - <std[70759c8f55707aa4]::thread::lifecycle::spawn_unchecked<test[9d35eded1c95d3be]::run_test::{closure#1}, ()>::{closure#1} as core[df12db4294e9bfd3]::ops::function::FnOnce<()>>::call_once::{shim:vtable#0}
[INFO] [stdout]   21:     0x5774c6cb4fd9 - <std[70759c8f55707aa4]::sys::thread::unix::Thread>::new::thread_start
[INFO] [stdout]   22:     0x798a384ffdfa - <unknown>
[INFO] [stdout]   23:     0x798a385933d4 - clone
[INFO] [stdout]   24:                0x0 - <unknown>
[INFO] [stdout] 
[INFO] [stdout] 
[INFO] [stdout] failures:
[INFO] [stdout]     it_can_be_consumed_as_stream
[INFO] [stdout] 
[INFO] [stdout] test result: FAILED. 0 passed; 1 failed; 0 ignored; 0 measured; 0 filtered out; finished in 8.32s
[INFO] [stdout] 
[INFO] running `Command { std: "docker" "inspect" "54cb49ea6d1fd223d3ab1fb0b98c99ab87e805759a9d74087ce2632ed8166eaa", kill_on_drop: false }`
[INFO] running `Command { std: "docker" "rm" "-f" "54cb49ea6d1fd223d3ab1fb0b98c99ab87e805759a9d74087ce2632ed8166eaa", kill_on_drop: false }`
[INFO] [stdout] 54cb49ea6d1fd223d3ab1fb0b98c99ab87e805759a9d74087ce2632ed8166eaa
