[INFO] fetching crate dynamics-parse 0.0.3...
[INFO] testing dynamics-parse-0.0.3 against 1.99.0-beta.8+cargoflags=--release for beta-release-1.100-2
[INFO] extracting crate dynamics-parse 0.0.3 into /workspace/builds/worker-4-tc1/source
[INFO] started tweaking crates.io crate dynamics-parse 0.0.3
[INFO] finished tweaking crates.io crate dynamics-parse 0.0.3
[INFO] tweaked toml for crates.io crate dynamics-parse 0.0.3 written to /workspace/builds/worker-4-tc1/source/Cargo.toml
[INFO] validating manifest of crates.io crate dynamics-parse 0.0.3 on toolchain 1.99.0-beta.8
[INFO] running `Command { std: CARGO_HOME="/workspace/cargo-home" RUSTUP_HOME="/workspace/rustup-home" "/workspace/cargo-home/bin/cargo" "+1.99.0-beta.8" "metadata" "--manifest-path" "Cargo.toml" "--no-deps", kill_on_drop: false }`
[INFO] crate crates.io crate dynamics-parse 0.0.3 already has a lockfile, it will not be regenerated
[INFO] running `Command { std: CARGO_HOME="/workspace/cargo-home" RUSTUP_HOME="/workspace/rustup-home" "/workspace/cargo-home/bin/cargo" "+1.99.0-beta.8" "fetch" "--manifest-path" "Cargo.toml", kill_on_drop: false }`
[INFO] [stderr]     Updating crates.io index
[INFO] [stderr]  Downloading crates ...
[INFO] [stderr]   Downloaded pyo3-macros-backend v0.24.2
[INFO] [stderr]   Downloaded pyo3-build-config v0.24.2
[INFO] [stderr]   Downloaded pyo3-macros v0.24.2
[INFO] [stderr]   Downloaded pyo3-ffi v0.24.2
[INFO] [stderr]   Downloaded collider-shape v0.0.3
[INFO] [stderr]   Downloaded dynamics-inertia v0.0.3
[INFO] [stderr]   Downloaded collider-mesh v0.0.3
[INFO] [stderr]   Downloaded collider-rs v0.0.3
[INFO] [stderr]   Downloaded pest_generator v2.8.5
[INFO] [stderr]   Downloaded dynamics-joint v0.0.3
[INFO] [stderr]   Downloaded dynamics-spatial v0.0.3
[INFO] [stderr]   Downloaded rust-ini v0.20.0
[INFO] [stderr]   Downloaded pest_derive v2.8.5
[INFO] [stderr]   Downloaded dynamics-model v0.0.3
[INFO] [stderr]   Downloaded pest_meta v2.8.5
[INFO] [stderr]   Downloaded config v0.14.1
[INFO] [stderr]   Downloaded numpy v0.24.0
[INFO] [stderr]   Downloaded ptree v0.5.2
[INFO] [stderr]   Downloaded pest v2.8.5
[INFO] [stderr]   Downloaded yaml-rust2 v0.8.1
[INFO] [stderr]   Downloaded pyo3 v0.24.2
[INFO] running `Command { std: "docker" "create" "-v" "/var/lib/crater-agent-workspace/builds/worker-4-tc1/source:/opt/rustwide/workdir:ro,Z" "-v" "/var/lib/crater-agent-workspace/builds/worker-4-tc1/target:/opt/rustwide/target:rw,Z" "-v" "/var/lib/crater-agent-workspace/cargo-home:/opt/rustwide/cargo-home:ro,Z" "-v" "/var/lib/crater-agent-workspace/rustup-home:/opt/rustwide/rustup-home:ro,Z" "-m" "1610612736" "--network" "none" "ghcr.io/rust-lang/crates-build-env/linux@sha256:77db811e55d90add9212f6832c23229e3de5f1c1f9905e8cb07319ea15df73ac" "sleep" "infinity", kill_on_drop: false }`
[INFO] [stdout] 671647fdf3a594239398270aff0b3915fff2c8fb66b30c63d54ff4477511ccfd
[INFO] running `Command { std: "docker" "start" "671647fdf3a594239398270aff0b3915fff2c8fb66b30c63d54ff4477511ccfd", kill_on_drop: false }`
[INFO] running `Command { std: "docker" "inspect" "671647fdf3a594239398270aff0b3915fff2c8fb66b30c63d54ff4477511ccfd", kill_on_drop: false }`
[INFO] running `Command { std: "docker" "exec" "-e" "SOURCE_DIR=/opt/rustwide/workdir" "-e" "CARGO_HOME=/opt/rustwide/cargo-home" "-e" "RUSTUP_HOME=/opt/rustwide/rustup-home" "-e" "CARGO_TARGET_DIR=/opt/rustwide/target" "-w" "/opt/rustwide/workdir" "--user" "0:0" "671647fdf3a594239398270aff0b3915fff2c8fb66b30c63d54ff4477511ccfd" "/opt/rustwide/cargo-home/bin/cargo" "+1.99.0-beta.8" "metadata" "--no-deps" "--format-version=1", kill_on_drop: false }`
[INFO] running `Command { std: "docker" "inspect" "671647fdf3a594239398270aff0b3915fff2c8fb66b30c63d54ff4477511ccfd", kill_on_drop: false }`
[INFO] running `Command { std: "docker" "exec" "-e" "SOURCE_DIR=/opt/rustwide/workdir" "-e" "CARGO_HOME=/opt/rustwide/cargo-home" "-e" "RUSTUP_HOME=/opt/rustwide/rustup-home" "-e" "CARGO_TARGET_DIR=/opt/rustwide/target" "-e" "CARGO_INCREMENTAL=0" "-e" "RUST_BACKTRACE=full" "-e" "RUSTFLAGS=--cap-lints=warn" "-e" "RUSTDOCFLAGS=--cap-lints=warn" "-w" "/opt/rustwide/workdir" "--user" "0:0" "671647fdf3a594239398270aff0b3915fff2c8fb66b30c63d54ff4477511ccfd" "/opt/rustwide/cargo-home/bin/cargo" "+1.99.0-beta.8" "build" "--frozen" "--message-format=json" "--release", kill_on_drop: false }`
[INFO] [stderr]    Compiling proc-macro2 v1.0.105
[INFO] [stderr]    Compiling quote v1.0.43
[INFO] [stderr]    Compiling zerocopy v0.8.33
[INFO] [stderr]    Compiling libc v0.2.180
[INFO] [stderr]    Compiling num-traits v0.2.19
[INFO] [stderr]    Compiling bytemuck v1.24.0
[INFO] [stderr]    Compiling crunchy v0.2.4
[INFO] [stderr]    Compiling tiny-keccak v2.0.2
[INFO] [stderr]    Compiling once_cell v1.21.3
[INFO] [stderr]    Compiling safe_arch v0.7.4
[INFO] [stderr]    Compiling pest v2.8.5
[INFO] [stderr]    Compiling zmij v1.0.19
[INFO] [stderr]    Compiling wide v0.7.33
[INFO] [stderr]    Compiling winnow v0.7.14
[INFO] [stderr]    Compiling getrandom v0.2.17
[INFO] [stderr]    Compiling num-integer v0.1.46
[INFO] [stderr]    Compiling syn v2.0.114
[INFO] [stderr]    Compiling approx v0.5.1
[INFO] [stderr]    Compiling num-complex v0.4.6
[INFO] [stderr]    Compiling getrandom v0.3.4
[INFO] [stderr]    Compiling num-rational v0.4.2
[INFO] [stderr]    Compiling const-random-macro v0.1.16
[INFO] [stderr]    Compiling const-random v0.1.18
[INFO] [stderr]    Compiling pest_meta v2.8.5
[INFO] [stderr]    Compiling rand_core v0.9.5
[INFO] [stderr]    Compiling dlv-list v0.5.2
[INFO] [stderr]    Compiling bitflags v2.10.0
[INFO] [stderr]    Compiling ahash v0.8.12
[INFO] [stderr]    Compiling ppv-lite86 v0.2.21
[INFO] [stderr]    Compiling hashbrown v0.14.5
[INFO] [stderr]    Compiling convert_case v0.6.0
[INFO] [stderr]    Compiling dirs-sys v0.4.1
[INFO] [stderr]    Compiling simba v0.9.1
[INFO] [stderr]    Compiling rand_chacha v0.9.0
[INFO] [stderr]    Compiling ordered-multimap v0.7.3
[INFO] [stderr]    Compiling hashlink v0.8.4
[INFO] [stderr]    Compiling rand v0.9.2
[INFO] [stderr]    Compiling pest_generator v2.8.5
[INFO] [stderr]    Compiling rust-ini v0.20.0
[INFO] [stderr]    Compiling nom v7.1.3
[INFO] [stderr]    Compiling yaml-rust2 v0.8.1
[INFO] [stderr]    Compiling serde_json v1.0.149
[INFO] [stderr]    Compiling ordered-float v2.10.1
[INFO] [stderr]    Compiling fixedbitset v0.4.2
[INFO] [stderr]    Compiling lazy_static v0.2.11
[INFO] [stderr]    Compiling tint v1.0.1
[INFO] [stderr]    Compiling petgraph v0.6.5
[INFO] [stderr]    Compiling serde_derive v1.0.228
[INFO] [stderr]    Compiling nalgebra-macros v0.2.2
[INFO] [stderr]    Compiling pest_derive v2.8.5
[INFO] [stderr]    Compiling async-trait v0.1.89
[INFO] [stderr]    Compiling directories v5.0.1
[INFO] [stderr]    Compiling serde v1.0.228
[INFO] [stderr]    Compiling toml_datetime v0.6.11
[INFO] [stderr]    Compiling serde_spanned v0.6.9
[INFO] [stderr]    Compiling json5 v0.4.1
[INFO] [stderr]    Compiling ron v0.8.1
[INFO] [stderr]    Compiling serde-value v0.7.0
[INFO] [stderr]    Compiling nalgebra v0.33.2
[INFO] [stderr]    Compiling toml_edit v0.22.27
[INFO] [stderr]    Compiling toml v0.8.23
[INFO] [stderr]    Compiling config v0.14.1
[INFO] [stderr]    Compiling ptree v0.5.2
[INFO] [stderr]    Compiling collider-shape v0.0.3
[INFO] [stderr]    Compiling dynamics-spatial v0.0.3
[INFO] [stderr]    Compiling collider-mesh v0.0.3
[INFO] [stderr]    Compiling collider-rs v0.0.3
[INFO] [stderr]    Compiling dynamics-joint v0.0.3
[INFO] [stderr]    Compiling dynamics-inertia v0.0.3
[INFO] [stderr]    Compiling dynamics-model v0.0.3
[INFO] [stderr]    Compiling dynamics-parse v0.0.3 (/opt/rustwide/workdir)
[INFO] [stderr]     Finished `release` profile [optimized] target(s) in 1m 42s
[INFO] running `Command { std: "docker" "inspect" "671647fdf3a594239398270aff0b3915fff2c8fb66b30c63d54ff4477511ccfd", kill_on_drop: false }`
[INFO] running `Command { std: "docker" "exec" "-e" "SOURCE_DIR=/opt/rustwide/workdir" "-e" "CARGO_HOME=/opt/rustwide/cargo-home" "-e" "RUSTUP_HOME=/opt/rustwide/rustup-home" "-e" "CARGO_TARGET_DIR=/opt/rustwide/target" "-e" "CARGO_INCREMENTAL=0" "-e" "RUST_BACKTRACE=full" "-e" "RUSTFLAGS=--cap-lints=warn" "-e" "RUSTDOCFLAGS=--cap-lints=warn" "-w" "/opt/rustwide/workdir" "--user" "0:0" "671647fdf3a594239398270aff0b3915fff2c8fb66b30c63d54ff4477511ccfd" "/opt/rustwide/cargo-home/bin/cargo" "+1.99.0-beta.8" "test" "--frozen" "--no-run" "--message-format=json" "--release", kill_on_drop: false }`
[INFO] [stderr]    Compiling dynamics-parse v0.0.3 (/opt/rustwide/workdir)
[INFO] [stderr]     Finished `release` profile [optimized] target(s) in 2.69s
[INFO] running `Command { std: "docker" "inspect" "671647fdf3a594239398270aff0b3915fff2c8fb66b30c63d54ff4477511ccfd", kill_on_drop: false }`
[INFO] running `Command { std: "docker" "exec" "-e" "SOURCE_DIR=/opt/rustwide/workdir" "-e" "CARGO_HOME=/opt/rustwide/cargo-home" "-e" "RUSTUP_HOME=/opt/rustwide/rustup-home" "-e" "CARGO_TARGET_DIR=/opt/rustwide/target" "-e" "CARGO_INCREMENTAL=0" "-e" "RUST_BACKTRACE=full" "-e" "RUSTFLAGS=--cap-lints=warn" "-e" "RUSTDOCFLAGS=--cap-lints=warn" "-w" "/opt/rustwide/workdir" "--user" "0:0" "671647fdf3a594239398270aff0b3915fff2c8fb66b30c63d54ff4477511ccfd" "/opt/rustwide/cargo-home/bin/cargo" "+1.99.0-beta.8" "test" "--frozen" "--release", kill_on_drop: false }`
[INFO] [stderr]     Finished `release` profile [optimized] target(s) in 0.14s
[INFO] [stderr]      Running unittests src/lib.rs (/opt/rustwide/target/release/deps/dynamics_parse-41e5489568d0495e)
[INFO] [stdout] 
[INFO] [stdout] running 8 tests
[INFO] [stdout] test tests::test_visuals ... FAILED
[INFO] [stdout] test tests::test_origins ... FAILED
[INFO] [stdout] test tests::test_multipleshapes ... FAILED
[INFO] [stdout] test tests::test_double_pendulum_simple ... FAILED
[INFO] [stdout] test tests::test_ur5_classical ... FAILED
[INFO] [stdout] test tests::test_ur5_example_robot_data ... FAILED
[INFO] [stdout] test tests::test_materials ... FAILED
[INFO] [stdout] test tests::test_myfirst ... FAILED
[INFO] [stdout] 
[INFO] [stdout] failures:
[INFO] [stdout] 
[INFO] [stdout] ---- tests::test_visuals stdout ----
[INFO] [stdout] 
[INFO] [stdout] thread 'tests::test_visuals' (1312) panicked at src/tests.rs:53:81:
[INFO] [stdout] called `Result::unwrap()` on an `Err` value: IoError(Os { code: 2, kind: NotFound, message: "No such file or directory" }, "../../examples/descriptions/visuals.urdf")
[INFO] [stdout] stack backtrace:
[INFO] [stdout]    0:     0x609f53671881 - <<std[70759c8f55707aa4]::sys::backtrace::BacktraceLock>::print::DisplayBacktrace as core[df12db4294e9bfd3]::fmt::Display>::fmt
[INFO] [stdout]    1:     0x609f53686a6a - core[df12db4294e9bfd3]::fmt::write
[INFO] [stdout]    2:     0x609f53675dec - <alloc[2182bb758b4b3781]::vec::Vec<u8> as core[df12db4294e9bfd3]::io::write::Write>::write_fmt
[INFO] [stdout]    3:     0x609f5364d6a6 - std[70759c8f55707aa4]::panicking::default_hook::{closure#0}
[INFO] [stdout]    4:     0x609f53669b49 - std[70759c8f55707aa4]::panicking::default_hook
[INFO] [stdout]    5:     0x609f535f3280 - test[9d35eded1c95d3be]::test_main_inner::<test[9d35eded1c95d3be]::test_main_static::{closure#0}>::{closure#0}
[INFO] [stdout]    6:     0x609f53669d02 - std[70759c8f55707aa4]::panicking::panic_with_hook
[INFO] [stdout]    7:     0x609f5364d752 - std[70759c8f55707aa4]::panicking::panic_handler::{closure#0}
[INFO] [stdout]    8:     0x609f536460d9 - std[70759c8f55707aa4]::sys::backtrace::__rust_end_short_backtrace::<std[70759c8f55707aa4]::panicking::panic_handler::{closure#0}, !>
[INFO] [stdout]    9:     0x609f5364e3ed - __rustc[8fa7c3cbc660c2b3]::rust_begin_unwind
[INFO] [stdout]   10:     0x609f5368719c - core[df12db4294e9bfd3]::panicking::panic_fmt
[INFO] [stdout]   11:     0x609f53686f72 - core[df12db4294e9bfd3]::result::unwrap_failed
[INFO] [stdout]   12:     0x609f535e1e49 - dynamics_parse[cdbdab3171bceaad]::tests::test_visuals
[INFO] [stdout]   13:     0x609f535df0e9 - <dynamics_parse[cdbdab3171bceaad]::tests::test_visuals::{closure#0} as core[df12db4294e9bfd3]::ops::function::FnOnce<()>>::call_once
[INFO] [stdout]   14:     0x609f535e656b - test[9d35eded1c95d3be]::__rust_begin_short_backtrace::<core[df12db4294e9bfd3]::result::Result<(), alloc[2182bb758b4b3781]::string::String>, fn() -> core[df12db4294e9bfd3]::result::Result<(), alloc[2182bb758b4b3781]::string::String>>
[INFO] [stdout]   15:     0x609f535f3bd5 - test[9d35eded1c95d3be]::run_test::{closure#0}
[INFO] [stdout]   16:     0x609f535ed494 - std[70759c8f55707aa4]::sys::backtrace::__rust_begin_short_backtrace::<test[9d35eded1c95d3be]::run_test::{closure#1}, ()>
[INFO] [stdout]   17:     0x609f535f6d32 - <std[70759c8f55707aa4]::thread::lifecycle::spawn_unchecked<test[9d35eded1c95d3be]::run_test::{closure#1}, ()>::{closure#1} as core[df12db4294e9bfd3]::ops::function::FnOnce<()>>::call_once::{shim:vtable#0}
[INFO] [stdout]   18:     0x609f53670de9 - <std[70759c8f55707aa4]::sys::thread::unix::Thread>::new::thread_start
[INFO] [stdout]   19:     0x7f0a4fe37dfa - <unknown>
[INFO] [stdout]   20:     0x7f0a4fecb3d4 - clone
[INFO] [stdout]   21:                0x0 - <unknown>
[INFO] [stdout] 
[INFO] [stdout] ---- tests::test_origins stdout ----
[INFO] [stdout] 
[INFO] [stdout] thread 'tests::test_origins' (1309) panicked at src/tests.rs:32:49:
[INFO] [stdout] called `Result::unwrap()` on an `Err` value: IoError(Os { code: 2, kind: NotFound, message: "No such file or directory" }, "../../examples/descriptions/origins.urdf")
[INFO] [stdout] stack backtrace:
[INFO] [stdout]    0:     0x609f53671881 - <<std[70759c8f55707aa4]::sys::backtrace::BacktraceLock>::print::DisplayBacktrace as core[df12db4294e9bfd3]::fmt::Display>::fmt
[INFO] [stdout]    1:     0x609f53686a6a - core[df12db4294e9bfd3]::fmt::write
[INFO] [stdout]    2:     0x609f53675dec - <alloc[2182bb758b4b3781]::vec::Vec<u8> as core[df12db4294e9bfd3]::io::write::Write>::write_fmt
[INFO] [stdout]    3:     0x609f5364d6a6 - std[70759c8f55707aa4]::panicking::default_hook::{closure#0}
[INFO] [stdout]    4:     0x609f53669b49 - std[70759c8f55707aa4]::panicking::default_hook
[INFO] [stdout]    5:     0x609f535f3280 - test[9d35eded1c95d3be]::test_main_inner::<test[9d35eded1c95d3be]::test_main_static::{closure#0}>::{closure#0}
[INFO] [stdout]    6:     0x609f53669d02 - std[70759c8f55707aa4]::panicking::panic_with_hook
[INFO] [stdout]    7:     0x609f5364d752 - std[70759c8f55707aa4]::panicking::panic_handler::{closure#0}
[INFO] [stdout]    8:     0x609f536460d9 - std[70759c8f55707aa4]::sys::backtrace::__rust_end_short_backtrace::<std[70759c8f55707aa4]::panicking::panic_handler::{closure#0}, !>
[INFO] [stdout]    9:     0x609f5364e3ed - __rustc[8fa7c3cbc660c2b3]::rust_begin_unwind
[INFO] [stdout]   10:     0x609f5368719c - core[df12db4294e9bfd3]::panicking::panic_fmt
[INFO] [stdout]   11:     0x609f53686f72 - core[df12db4294e9bfd3]::result::unwrap_failed
[INFO] [stdout]   12:     0x609f535e1b5a - dynamics_parse[cdbdab3171bceaad]::tests::test_origins
[INFO] [stdout]   13:     0x609f535df0c9 - <dynamics_parse[cdbdab3171bceaad]::tests::test_origins::{closure#0} as core[df12db4294e9bfd3]::ops::function::FnOnce<()>>::call_once
[INFO] [stdout]   14:     0x609f535e656b - test[9d35eded1c95d3be]::__rust_begin_short_backtrace::<core[df12db4294e9bfd3]::result::Result<(), alloc[2182bb758b4b3781]::string::String>, fn() -> core[df12db4294e9bfd3]::result::Result<(), alloc[2182bb758b4b3781]::string::String>>
[INFO] [stdout]   15:     0x609f535f3bd5 - test[9d35eded1c95d3be]::run_test::{closure#0}
[INFO] [stdout]   16:     0x609f535ed494 - std[70759c8f55707aa4]::sys::backtrace::__rust_begin_short_backtrace::<test[9d35eded1c95d3be]::run_test::{closure#1}, ()>
[INFO] [stdout]   17:     0x609f535f6d32 - <std[70759c8f55707aa4]::thread::lifecycle::spawn_unchecked<test[9d35eded1c95d3be]::run_test::{closure#1}, ()>::{closure#1} as core[df12db4294e9bfd3]::ops::function::FnOnce<()>>::call_once::{shim:vtable#0}
[INFO] [stdout]   18:     0x609f53670de9 - <std[70759c8f55707aa4]::sys::thread::unix::Thread>::new::thread_start
[INFO] [stdout]   19:     0x7f0a4fe37dfa - <unknown>
[INFO] [stdout]   20:     0x7f0a4fecb3d4 - clone
[INFO] [stdout]   21:                0x0 - <unknown>
[INFO] [stdout] 
[INFO] [stdout] ---- tests::test_multipleshapes stdout ----
[INFO] [stdout] 
[INFO] [stdout] thread 'tests::test_multipleshapes' (1307) panicked at src/tests.rs:21:49:
[INFO] [stdout] called `Result::unwrap()` on an `Err` value: IoError(Os { code: 2, kind: NotFound, message: "No such file or directory" }, "../../examples/descriptions/multipleshapes.urdf")
[INFO] [stdout] stack backtrace:
[INFO] [stdout]    0:     0x609f53671881 - <<std[70759c8f55707aa4]::sys::backtrace::BacktraceLock>::print::DisplayBacktrace as core[df12db4294e9bfd3]::fmt::Display>::fmt
[INFO] [stdout]    1:     0x609f53686a6a - core[df12db4294e9bfd3]::fmt::write
[INFO] [stdout]    2:     0x609f53675dec - <alloc[2182bb758b4b3781]::vec::Vec<u8> as core[df12db4294e9bfd3]::io::write::Write>::write_fmt
[INFO] [stdout]    3:     0x609f5364d6a6 - std[70759c8f55707aa4]::panicking::default_hook::{closure#0}
[INFO] [stdout]    4:     0x609f53669b49 - std[70759c8f55707aa4]::panicking::default_hook
[INFO] [stdout]    5:     0x609f535f3280 - test[9d35eded1c95d3be]::test_main_inner::<test[9d35eded1c95d3be]::test_main_static::{closure#0}>::{closure#0}
[INFO] [stdout]    6:     0x609f53669d02 - std[70759c8f55707aa4]::panicking::panic_with_hook
[INFO] [stdout]    7:     0x609f5364d752 - std[70759c8f55707aa4]::panicking::panic_handler::{closure#0}
[INFO] [stdout]    8:     0x609f536460d9 - std[70759c8f55707aa4]::sys::backtrace::__rust_end_short_backtrace::<std[70759c8f55707aa4]::panicking::panic_handler::{closure#0}, !>
[INFO] [stdout]    9:     0x609f5364e3ed - __rustc[8fa7c3cbc660c2b3]::rust_begin_unwind
[INFO] [stdout]   10:     0x609f5368719c - core[df12db4294e9bfd3]::panicking::panic_fmt
[INFO] [stdout]   11:     0x609f53686f72 - core[df12db4294e9bfd3]::result::unwrap_failed
[INFO] [stdout]   12:     0x609f535e271a - dynamics_parse[cdbdab3171bceaad]::tests::test_multipleshapes
[INFO] [stdout]   13:     0x609f535df149 - <dynamics_parse[cdbdab3171bceaad]::tests::test_multipleshapes::{closure#0} as core[df12db4294e9bfd3]::ops::function::FnOnce<()>>::call_once
[INFO] [stdout]   14:     0x609f535e656b - test[9d35eded1c95d3be]::__rust_begin_short_backtrace::<core[df12db4294e9bfd3]::result::Result<(), alloc[2182bb758b4b3781]::string::String>, fn() -> core[df12db4294e9bfd3]::result::Result<(), alloc[2182bb758b4b3781]::string::String>>
[INFO] [stdout]   15:     0x609f535f3bd5 - test[9d35eded1c95d3be]::run_test::{closure#0}
[INFO] [stdout]   16:     0x609f535ed494 - std[70759c8f55707aa4]::sys::backtrace::__rust_begin_short_backtrace::<test[9d35eded1c95d3be]::run_test::{closure#1}, ()>
[INFO] [stdout]   17:     0x609f535f6d32 - <std[70759c8f55707aa4]::thread::lifecycle::spawn_unchecked<test[9d35eded1c95d3be]::run_test::{closure#1}, ()>::{closure#1} as core[df12db4294e9bfd3]::ops::function::FnOnce<()>>::call_once::{shim:vtable#0}
[INFO] [stdout]   18:     0x609f53670de9 - <std[70759c8f55707aa4]::sys::thread::unix::Thread>::new::thread_start
[INFO] [stdout]   19:     0x7f0a4fe37dfa - <unknown>
[INFO] [stdout]   20:     0x7f0a4fecb3d4 - clone
[INFO] [stdout]   21:                0x0 - <unknown>
[INFO] [stdout] 
[INFO] [stdout] ---- tests::test_double_pendulum_simple stdout ----
[INFO] [stdout] 
[INFO] [stdout] thread 'tests::test_double_pendulum_simple' (1305) panicked at src/tests.rs:64:49:
[INFO] [stdout] called `Result::unwrap()` on an `Err` value: IoError(Os { code: 2, kind: NotFound, message: "No such file or directory" }, "../../examples/descriptions/double_pendulum_simple.urdf")
[INFO] [stdout] stack backtrace:
[INFO] [stdout]    0:     0x609f53671881 - <<std[70759c8f55707aa4]::sys::backtrace::BacktraceLock>::print::DisplayBacktrace as core[df12db4294e9bfd3]::fmt::Display>::fmt
[INFO] [stdout]    1:     0x609f53686a6a - core[df12db4294e9bfd3]::fmt::write
[INFO] [stdout]    2:     0x609f53675dec - <alloc[2182bb758b4b3781]::vec::Vec<u8> as core[df12db4294e9bfd3]::io::write::Write>::write_fmt
[INFO] [stdout]    3:     0x609f5364d6a6 - std[70759c8f55707aa4]::panicking::default_hook::{closure#0}
[INFO] [stdout]    4:     0x609f53669b49 - std[70759c8f55707aa4]::panicking::default_hook
[INFO] [stdout]    5:     0x609f535f3280 - test[9d35eded1c95d3be]::test_main_inner::<test[9d35eded1c95d3be]::test_main_static::{closure#0}>::{closure#0}
[INFO] [stdout]    6:     0x609f53669d02 - std[70759c8f55707aa4]::panicking::panic_with_hook
[INFO] [stdout]    7:     0x609f5364d752 - std[70759c8f55707aa4]::panicking::panic_handler::{closure#0}
[INFO] [stdout]    8:     0x609f536460d9 - std[70759c8f55707aa4]::sys::backtrace::__rust_end_short_backtrace::<std[70759c8f55707aa4]::panicking::panic_handler::{closure#0}, !>
[INFO] [stdout]    9:     0x609f5364e3ed - __rustc[8fa7c3cbc660c2b3]::rust_begin_unwind
[INFO] [stdout]   10:     0x609f5368719c - core[df12db4294e9bfd3]::panicking::panic_fmt
[INFO] [stdout]   11:     0x609f53686f72 - core[df12db4294e9bfd3]::result::unwrap_failed
[INFO] [stdout]   12:     0x609f535e2a48 - dynamics_parse[cdbdab3171bceaad]::tests::test_double_pendulum_simple
[INFO] [stdout]   13:     0x609f535df169 - <dynamics_parse[cdbdab3171bceaad]::tests::test_double_pendulum_simple::{closure#0} as core[df12db4294e9bfd3]::ops::function::FnOnce<()>>::call_once
[INFO] [stdout]   14:     0x609f535e656b - test[9d35eded1c95d3be]::__rust_begin_short_backtrace::<core[df12db4294e9bfd3]::result::Result<(), alloc[2182bb758b4b3781]::string::String>, fn() -> core[df12db4294e9bfd3]::result::Result<(), alloc[2182bb758b4b3781]::string::String>>
[INFO] [stdout]   15:     0x609f535f3bd5 - test[9d35eded1c95d3be]::run_test::{closure#0}
[INFO] [stdout]   16:     0x609f535ed494 - std[70759c8f55707aa4]::sys::backtrace::__rust_begin_short_backtrace::<test[9d35eded1c95d3be]::run_test::{closure#1}, ()>
[INFO] [stdout]   17:     0x609f535f6d32 - <std[70759c8f55707aa4]::thread::lifecycle::spawn_unchecked<test[9d35eded1c95d3be]::run_test::{closure#1}, ()>::{closure#1} as core[df12db4294e9bfd3]::ops::function::FnOnce<()>>::call_once::{shim:vtable#0}
[INFO] [stdout]   18:     0x609f53670de9 - <std[70759c8f55707aa4]::sys::thread::unix::Thread>::new::thread_start
[INFO] [stdout]   19:     0x7f0a4fe37dfa - <unknown>
[INFO] [stdout]   20:     0x7f0a4fecb3d4 - clone
[INFO] [stdout]   21:                0x0 - <unknown>
[INFO] [stdout] 
[INFO] [stdout] ---- tests::test_ur5_classical stdout ----
[INFO] [stdout] 
[INFO] [stdout] thread 'tests::test_ur5_classical' (1310) panicked at src/tests.rs:76:49:
[INFO] [stdout] called `Result::unwrap()` on an `Err` value: IoError(Os { code: 2, kind: NotFound, message: "No such file or directory" }, "../../examples/descriptions/ur5/ur5_robot.urdf")
[INFO] [stdout] stack backtrace:
[INFO] [stdout]    0:     0x609f53671881 - <<std[70759c8f55707aa4]::sys::backtrace::BacktraceLock>::print::DisplayBacktrace as core[df12db4294e9bfd3]::fmt::Display>::fmt
[INFO] [stdout]    1:     0x609f53686a6a - core[df12db4294e9bfd3]::fmt::write
[INFO] [stdout]    2:     0x609f53675dec - <alloc[2182bb758b4b3781]::vec::Vec<u8> as core[df12db4294e9bfd3]::io::write::Write>::write_fmt
[INFO] [stdout]    3:     0x609f5364d6a6 - std[70759c8f55707aa4]::panicking::default_hook::{closure#0}
[INFO] [stdout]    4:     0x609f53669b49 - std[70759c8f55707aa4]::panicking::default_hook
[INFO] [stdout]    5:     0x609f535f3280 - test[9d35eded1c95d3be]::test_main_inner::<test[9d35eded1c95d3be]::test_main_static::{closure#0}>::{closure#0}
[INFO] [stdout]    6:     0x609f53669d02 - std[70759c8f55707aa4]::panicking::panic_with_hook
[INFO] [stdout]    7:     0x609f5364d752 - std[70759c8f55707aa4]::panicking::panic_handler::{closure#0}
[INFO] [stdout]    8:     0x609f536460d9 - std[70759c8f55707aa4]::sys::backtrace::__rust_end_short_backtrace::<std[70759c8f55707aa4]::panicking::panic_handler::{closure#0}, !>
[INFO] [stdout]    9:     0x609f5364e3ed - __rustc[8fa7c3cbc660c2b3]::rust_begin_unwind
[INFO] [stdout]   10:     0x609f5368719c - core[df12db4294e9bfd3]::panicking::panic_fmt
[INFO] [stdout]   11:     0x609f53686f72 - core[df12db4294e9bfd3]::result::unwrap_failed
[INFO] [stdout]   12:     0x609f535e2448 - dynamics_parse[cdbdab3171bceaad]::tests::test_ur5_classical
[INFO] [stdout]   13:     0x609f535df129 - <dynamics_parse[cdbdab3171bceaad]::tests::test_ur5_classical::{closure#0} as core[df12db4294e9bfd3]::ops::function::FnOnce<()>>::call_once
[INFO] [stdout]   14:     0x609f535e656b - test[9d35eded1c95d3be]::__rust_begin_short_backtrace::<core[df12db4294e9bfd3]::result::Result<(), alloc[2182bb758b4b3781]::string::String>, fn() -> core[df12db4294e9bfd3]::result::Result<(), alloc[2182bb758b4b3781]::string::String>>
[INFO] [stdout]   15:     0x609f535f3bd5 - test[9d35eded1c95d3be]::run_test::{closure#0}
[INFO] [stdout]   16:     0x609f535ed494 - std[70759c8f55707aa4]::sys::backtrace::__rust_begin_short_backtrace::<test[9d35eded1c95d3be]::run_test::{closure#1}, ()>
[INFO] [stdout]   17:     0x609f535f6d32 - <std[70759c8f55707aa4]::thread::lifecycle::spawn_unchecked<test[9d35eded1c95d3be]::run_test::{closure#1}, ()>::{closure#1} as core[df12db4294e9bfd3]::ops::function::FnOnce<()>>::call_once::{shim:vtable#0}
[INFO] [stdout]   18:     0x609f53670de9 - <std[70759c8f55707aa4]::sys::thread::unix::Thread>::new::thread_start
[INFO] [stdout]   19:     0x7f0a4fe37dfa - <unknown>
[INFO] [stdout]   20:     0x7f0a4fecb3d4 - clone
[INFO] [stdout]   21:                0x0 - <unknown>
[INFO] [stdout] 
[INFO] [stdout] ---- tests::test_ur5_example_robot_data stdout ----
[INFO] [stdout] 
[INFO] [stdout] thread 'tests::test_ur5_example_robot_data' (1311) panicked at src/tests.rs:100:49:
[INFO] [stdout] called `Result::unwrap()` on an `Err` value: IoError(Os { code: 2, kind: NotFound, message: "No such file or directory" }, "../../examples/descriptions/example-robot-data/robots/ur_description/urdf/ur5_robot.urdf")
[INFO] [stdout] stack backtrace:
[INFO] [stdout]    0:     0x609f53671881 - <<std[70759c8f55707aa4]::sys::backtrace::BacktraceLock>::print::DisplayBacktrace as core[df12db4294e9bfd3]::fmt::Display>::fmt
[INFO] [stdout]    1:     0x609f53686a6a - core[df12db4294e9bfd3]::fmt::write
[INFO] [stdout]    2:     0x609f53675dec - <alloc[2182bb758b4b3781]::vec::Vec<u8> as core[df12db4294e9bfd3]::io::write::Write>::write_fmt
[INFO] [stdout]    3:     0x609f5364d6a6 - std[70759c8f55707aa4]::panicking::default_hook::{closure#0}
[INFO] [stdout]    4:     0x609f53669b49 - std[70759c8f55707aa4]::panicking::default_hook
[INFO] [stdout]    5:     0x609f535f3280 - test[9d35eded1c95d3be]::test_main_inner::<test[9d35eded1c95d3be]::test_main_static::{closure#0}>::{closure#0}
[INFO] [stdout]    6:     0x609f53669d02 - std[70759c8f55707aa4]::panicking::panic_with_hook
[INFO] [stdout]    7:     0x609f5364d752 - std[70759c8f55707aa4]::panicking::panic_handler::{closure#0}
[INFO] [stdout]    8:     0x609f536460d9 - std[70759c8f55707aa4]::sys::backtrace::__rust_end_short_backtrace::<std[70759c8f55707aa4]::panicking::panic_handler::{closure#0}, !>
[INFO] [stdout]    9:     0x609f5364e3ed - __rustc[8fa7c3cbc660c2b3]::rust_begin_unwind
[INFO] [stdout]   10:     0x609f5368719c - core[df12db4294e9bfd3]::panicking::panic_fmt
[INFO] [stdout]   11:     0x609f53686f72 - core[df12db4294e9bfd3]::result::unwrap_failed
[INFO] [stdout]   12:     0x609f535e2f0e - dynamics_parse[cdbdab3171bceaad]::tests::test_ur5_example_robot_data
[INFO] [stdout]   13:     0x609f535df189 - <dynamics_parse[cdbdab3171bceaad]::tests::test_ur5_example_robot_data::{closure#0} as core[df12db4294e9bfd3]::ops::function::FnOnce<()>>::call_once
[INFO] [stdout]   14:     0x609f535e656b - test[9d35eded1c95d3be]::__rust_begin_short_backtrace::<core[df12db4294e9bfd3]::result::Result<(), alloc[2182bb758b4b3781]::string::String>, fn() -> core[df12db4294e9bfd3]::result::Result<(), alloc[2182bb758b4b3781]::string::String>>
[INFO] [stdout]   15:     0x609f535f3bd5 - test[9d35eded1c95d3be]::run_test::{closure#0}
[INFO] [stdout]   16:     0x609f535ed494 - std[70759c8f55707aa4]::sys::backtrace::__rust_begin_short_backtrace::<test[9d35eded1c95d3be]::run_test::{closure#1}, ()>
[INFO] [stdout]   17:     0x609f535f6d32 - <std[70759c8f55707aa4]::thread::lifecycle::spawn_unchecked<test[9d35eded1c95d3be]::run_test::{closure#1}, ()>::{closure#1} as core[df12db4294e9bfd3]::ops::function::FnOnce<()>>::call_once::{shim:vtable#0}
[INFO] [stdout]   18:     0x609f53670de9 - <std[70759c8f55707aa4]::sys::thread::unix::Thread>::new::thread_start
[INFO] [stdout]   19:     0x7f0a4fe37dfa - <unknown>
[INFO] [stdout]   20:     0x7f0a4fecb3d4 - clone
[INFO] [stdout]   21:                0x0 - <unknown>
[INFO] [stdout] 
[INFO] [stdout] ---- tests::test_materials stdout ----
[INFO] [stdout] 
[INFO] [stdout] thread 'tests::test_materials' (1306) panicked at src/tests.rs:43:49:
[INFO] [stdout] called `Result::unwrap()` on an `Err` value: IoError(Os { code: 2, kind: NotFound, message: "No such file or directory" }, "../../examples/descriptions/materials.urdf")
[INFO] [stdout] stack backtrace:
[INFO] [stdout]    0:     0x609f53671881 - <<std[70759c8f55707aa4]::sys::backtrace::BacktraceLock>::print::DisplayBacktrace as core[df12db4294e9bfd3]::fmt::Display>::fmt
[INFO] [stdout]    1:     0x609f53686a6a - core[df12db4294e9bfd3]::fmt::write
[INFO] [stdout]    2:     0x609f53675dec - <alloc[2182bb758b4b3781]::vec::Vec<u8> as core[df12db4294e9bfd3]::io::write::Write>::write_fmt
[INFO] [stdout]    3:     0x609f5364d6a6 - std[70759c8f55707aa4]::panicking::default_hook::{closure#0}
[INFO] [stdout]    4:     0x609f53669b49 - std[70759c8f55707aa4]::panicking::default_hook
[INFO] [stdout]    5:     0x609f535f3280 - test[9d35eded1c95d3be]::test_main_inner::<test[9d35eded1c95d3be]::test_main_static::{closure#0}>::{closure#0}
[INFO] [stdout]    6:     0x609f53669d02 - std[70759c8f55707aa4]::panicking::panic_with_hook
[INFO] [stdout]    7:     0x609f5364d752 - std[70759c8f55707aa4]::panicking::panic_handler::{closure#0}
[INFO] [stdout]    8:     0x609f536460d9 - std[70759c8f55707aa4]::sys::backtrace::__rust_end_short_backtrace::<std[70759c8f55707aa4]::panicking::panic_handler::{closure#0}, !>
[INFO] [stdout]    9:     0x609f5364e3ed - __rustc[8fa7c3cbc660c2b3]::rust_begin_unwind
[INFO] [stdout]   10:     0x609f5368719c - core[df12db4294e9bfd3]::panicking::panic_fmt
[INFO] [stdout]   11:     0x609f53686f72 - core[df12db4294e9bfd3]::result::unwrap_failed
[INFO] [stdout]   12:     0x609f535e211a - dynamics_parse[cdbdab3171bceaad]::tests::test_materials
[INFO] [stdout]   13:     0x609f535df109 - <dynamics_parse[cdbdab3171bceaad]::tests::test_materials::{closure#0} as core[df12db4294e9bfd3]::ops::function::FnOnce<()>>::call_once
[INFO] [stdout]   14:     0x609f535e656b - test[9d35eded1c95d3be]::__rust_begin_short_backtrace::<core[df12db4294e9bfd3]::result::Result<(), alloc[2182bb758b4b3781]::string::String>, fn() -> core[df12db4294e9bfd3]::result::Result<(), alloc[2182bb758b4b3781]::string::String>>
[INFO] [stdout]   15:     0x609f535f3bd5 - test[9d35eded1c95d3be]::run_test::{closure#0}
[INFO] [stdout]   16:     0x609f535ed494 - std[70759c8f55707aa4]::sys::backtrace::__rust_begin_short_backtrace::<test[9d35eded1c95d3be]::run_test::{closure#1}, ()>
[INFO] [stdout]   17:     0x609f535f6d32 - <std[70759c8f55707aa4]::thread::lifecycle::spawn_unchecked<test[9d35eded1c95d3be]::run_test::{closure#1}, ()>::{closure#1} as core[df12db4294e9bfd3]::ops::function::FnOnce<()>>::call_once::{shim:vtable#0}
[INFO] [stdout]   18:     0x609f53670de9 - <std[70759c8f55707aa4]::sys::thread::unix::Thread>::new::thread_start
[INFO] [stdout]   19:     0x7f0a4fe37dfa - <unknown>
[INFO] [stdout]   20:     0x7f0a4fecb3d4 - clone
[INFO] [stdout]   21:                0x0 - <unknown>
[INFO] [stdout] 
[INFO] [stdout] ---- tests::test_myfirst stdout ----
[INFO] [stdout] 
[INFO] [stdout] thread 'tests::test_myfirst' (1308) panicked at src/tests.rs:7:49:
[INFO] [stdout] called `Result::unwrap()` on an `Err` value: IoError(Os { code: 2, kind: NotFound, message: "No such file or directory" }, "../../examples/descriptions/myfirst.urdf")
[INFO] [stdout] stack backtrace:
[INFO] [stdout]    0:     0x609f53671881 - <<std[70759c8f55707aa4]::sys::backtrace::BacktraceLock>::print::DisplayBacktrace as core[df12db4294e9bfd3]::fmt::Display>::fmt
[INFO] [stdout]    1:     0x609f53686a6a - core[df12db4294e9bfd3]::fmt::write
[INFO] [stdout]    2:     0x609f53675dec - <alloc[2182bb758b4b3781]::vec::Vec<u8> as core[df12db4294e9bfd3]::io::write::Write>::write_fmt
[INFO] [stdout]    3:     0x609f5364d6a6 - std[70759c8f55707aa4]::panicking::default_hook::{closure#0}
[INFO] [stdout]    4:     0x609f53669b49 - std[70759c8f55707aa4]::panicking::default_hook
[INFO] [stdout]    5:     0x609f535f3280 - test[9d35eded1c95d3be]::test_main_inner::<test[9d35eded1c95d3be]::test_main_static::{closure#0}>::{closure#0}
[INFO] [stdout]    6:     0x609f53669d02 - std[70759c8f55707aa4]::panicking::panic_with_hook
[INFO] [stdout]    7:     0x609f5364d752 - std[70759c8f55707aa4]::panicking::panic_handler::{closure#0}
[INFO] [stdout]    8:     0x609f536460d9 - std[70759c8f55707aa4]::sys::backtrace::__rust_end_short_backtrace::<std[70759c8f55707aa4]::panicking::panic_handler::{closure#0}, !>
[INFO] [stdout]    9:     0x609f5364e3ed - __rustc[8fa7c3cbc660c2b3]::rust_begin_unwind
[INFO] [stdout]   10:     0x609f5368719c - core[df12db4294e9bfd3]::panicking::panic_fmt
[INFO] [stdout]   11:     0x609f53686f72 - core[df12db4294e9bfd3]::result::unwrap_failed
[INFO] [stdout]   12:     0x609f535e188b - dynamics_parse[cdbdab3171bceaad]::tests::test_myfirst
[INFO] [stdout]   13:     0x609f535df0a9 - <dynamics_parse[cdbdab3171bceaad]::tests::test_myfirst::{closure#0} as core[df12db4294e9bfd3]::ops::function::FnOnce<()>>::call_once
[INFO] [stdout]   14:     0x609f535e656b - test[9d35eded1c95d3be]::__rust_begin_short_backtrace::<core[df12db4294e9bfd3]::result::Result<(), alloc[2182bb758b4b3781]::string::String>, fn() -> core[df12db4294e9bfd3]::result::Result<(), alloc[2182bb758b4b3781]::string::String>>
[INFO] [stdout]   15:     0x609f535f3bd5 - test[9d35eded1c95d3be]::run_test::{closure#0}
[INFO] [stdout]   16:     0x609f535ed494 - std[70759c8f55707aa4]::sys::backtrace::__rust_begin_short_backtrace::<test[9d35eded1c95d3be]::run_test::{closure#1}, ()>
[INFO] [stdout]   17:     0x609f535f6d32 - <std[70759c8f55707aa4]::thread::lifecycle::spawn_unchecked<test[9d35eded1c95d3be]::run_test::{closure#1}, ()>::{closure#1} as core[df12db4294e9bfd3]::ops::function::FnOnce<()>>::call_once::{shim:vtable#0}
[INFO] [stdout]   18:     0x609f53670de9 - <std[70759c8f55707aa4]::sys::thread::unix::Thread>::new::thread_start
[INFO] [stdout]   19:     0x7f0a4fe37dfa - <unknown>
[INFO] [stdout]   20:     0x7f0a4fecb3d4 - clone
[INFO] [stdout]   21:                0x0 - <unknown>
[INFO] [stdout] 
[INFO] [stdout] 
[INFO] [stdout] failures:
[INFO] [stdout]     tests::test_double_pendulum_simple
[INFO] [stdout]     tests::test_materials
[INFO] [stdout]     tests::test_multipleshapes
[INFO] [stdout]     tests::test_myfirst
[INFO] [stdout]     tests::test_origins
[INFO] [stdout]     tests::test_ur5_classical
[INFO] [stdout]     tests::test_ur5_example_robot_data
[INFO] [stdout]     tests::test_visuals
[INFO] [stdout] 
[INFO] [stdout] test result: FAILED. 0 passed; 8 failed; 0 ignored; 0 measured; 0 filtered out; finished in 0.01s
[INFO] [stdout] 
[INFO] [stderr] error: test failed, to rerun pass `--lib`
[INFO] running `Command { std: "docker" "inspect" "671647fdf3a594239398270aff0b3915fff2c8fb66b30c63d54ff4477511ccfd", kill_on_drop: false }`
[INFO] running `Command { std: "docker" "rm" "-f" "671647fdf3a594239398270aff0b3915fff2c8fb66b30c63d54ff4477511ccfd", kill_on_drop: false }`
[INFO] [stdout] 671647fdf3a594239398270aff0b3915fff2c8fb66b30c63d54ff4477511ccfd
