[INFO] fetching crate dynamic-arena 0.1.6...
[INFO] testing dynamic-arena-0.1.6 against 1.100.0-beta.1+cargoflags=--release for beta-release-1.100-2
[INFO] extracting crate dynamic-arena 0.1.6 into /workspace/builds/worker-4-tc2/source
[INFO] started tweaking crates.io crate dynamic-arena 0.1.6
[INFO] finished tweaking crates.io crate dynamic-arena 0.1.6
[INFO] tweaked toml for crates.io crate dynamic-arena 0.1.6 written to /workspace/builds/worker-4-tc2/source/Cargo.toml
[INFO] validating manifest of crates.io crate dynamic-arena 0.1.6 on toolchain 1.100.0-beta.1
[INFO] running `Command { std: CARGO_HOME="/workspace/cargo-home" RUSTUP_HOME="/workspace/rustup-home" "/workspace/cargo-home/bin/cargo" "+1.100.0-beta.1" "metadata" "--manifest-path" "Cargo.toml" "--no-deps", kill_on_drop: false }`
[INFO] running `Command { std: CARGO_HOME="/workspace/cargo-home" RUSTUP_HOME="/workspace/rustup-home" "/workspace/cargo-home/bin/cargo" "+1.100.0-beta.1" "generate-lockfile" "--manifest-path" "Cargo.toml", kill_on_drop: false }`
[INFO] [stderr]     Updating crates.io index
[INFO] [stderr]      Locking 28 packages to highest compatible versions
[INFO] running `Command { std: CARGO_HOME="/workspace/cargo-home" RUSTUP_HOME="/workspace/rustup-home" "/workspace/cargo-home/bin/cargo" "+1.100.0-beta.1" "fetch" "--manifest-path" "Cargo.toml", kill_on_drop: false }`
[INFO] running `Command { std: "docker" "create" "-v" "/var/lib/crater-agent-workspace/builds/worker-4-tc2/source:/opt/rustwide/workdir:ro,Z" "-v" "/var/lib/crater-agent-workspace/builds/worker-4-tc2/target:/opt/rustwide/target:rw,Z" "-v" "/var/lib/crater-agent-workspace/cargo-home:/opt/rustwide/cargo-home:ro,Z" "-v" "/var/lib/crater-agent-workspace/rustup-home:/opt/rustwide/rustup-home:ro,Z" "-m" "1610612736" "--network" "none" "ghcr.io/rust-lang/crates-build-env/linux@sha256:77db811e55d90add9212f6832c23229e3de5f1c1f9905e8cb07319ea15df73ac" "sleep" "infinity", kill_on_drop: false }`
[INFO] [stdout] 7b5831482e7d579b08512e213e7ace5a011b98ce2cf68c23179725a1945ab1f0
[INFO] running `Command { std: "docker" "start" "7b5831482e7d579b08512e213e7ace5a011b98ce2cf68c23179725a1945ab1f0", kill_on_drop: false }`
[INFO] running `Command { std: "docker" "inspect" "7b5831482e7d579b08512e213e7ace5a011b98ce2cf68c23179725a1945ab1f0", kill_on_drop: false }`
[INFO] running `Command { std: "docker" "exec" "-e" "SOURCE_DIR=/opt/rustwide/workdir" "-e" "CARGO_HOME=/opt/rustwide/cargo-home" "-e" "RUSTUP_HOME=/opt/rustwide/rustup-home" "-e" "CARGO_TARGET_DIR=/opt/rustwide/target" "-w" "/opt/rustwide/workdir" "--user" "0:0" "7b5831482e7d579b08512e213e7ace5a011b98ce2cf68c23179725a1945ab1f0" "/opt/rustwide/cargo-home/bin/cargo" "+1.100.0-beta.1" "metadata" "--no-deps" "--format-version=1", kill_on_drop: false }`
[INFO] running `Command { std: "docker" "inspect" "7b5831482e7d579b08512e213e7ace5a011b98ce2cf68c23179725a1945ab1f0", kill_on_drop: false }`
[INFO] running `Command { std: "docker" "exec" "-e" "SOURCE_DIR=/opt/rustwide/workdir" "-e" "CARGO_HOME=/opt/rustwide/cargo-home" "-e" "RUSTUP_HOME=/opt/rustwide/rustup-home" "-e" "CARGO_TARGET_DIR=/opt/rustwide/target" "-e" "CARGO_INCREMENTAL=0" "-e" "RUST_BACKTRACE=full" "-e" "RUSTFLAGS=--cap-lints=warn" "-e" "RUSTDOCFLAGS=--cap-lints=warn" "-w" "/opt/rustwide/workdir" "--user" "0:0" "7b5831482e7d579b08512e213e7ace5a011b98ce2cf68c23179725a1945ab1f0" "/opt/rustwide/cargo-home/bin/cargo" "+1.100.0-beta.1" "build" "--frozen" "--message-format=json" "--release", kill_on_drop: false }`
[INFO] [stderr]    Compiling dynamic-arena v0.1.6 (/opt/rustwide/workdir)
[INFO] [stderr]     Finished `release` profile [optimized] target(s) in 0.11s
[INFO] running `Command { std: "docker" "inspect" "7b5831482e7d579b08512e213e7ace5a011b98ce2cf68c23179725a1945ab1f0", kill_on_drop: false }`
[INFO] running `Command { std: "docker" "exec" "-e" "SOURCE_DIR=/opt/rustwide/workdir" "-e" "CARGO_HOME=/opt/rustwide/cargo-home" "-e" "RUSTUP_HOME=/opt/rustwide/rustup-home" "-e" "CARGO_TARGET_DIR=/opt/rustwide/target" "-e" "CARGO_INCREMENTAL=0" "-e" "RUST_BACKTRACE=full" "-e" "RUSTFLAGS=--cap-lints=warn" "-e" "RUSTDOCFLAGS=--cap-lints=warn" "-w" "/opt/rustwide/workdir" "--user" "0:0" "7b5831482e7d579b08512e213e7ace5a011b98ce2cf68c23179725a1945ab1f0" "/opt/rustwide/cargo-home/bin/cargo" "+1.100.0-beta.1" "test" "--frozen" "--no-run" "--message-format=json" "--release", kill_on_drop: false }`
[INFO] [stderr]    Compiling serde_core v1.0.229
[INFO] [stderr]    Compiling target-tuple v1.0.2
[INFO] [stderr]    Compiling toml_writer v1.1.3+spec-1.1.0
[INFO] [stderr]    Compiling termcolor v1.4.1
[INFO] [stderr]    Compiling glob v0.3.4
[INFO] [stderr]    Compiling toml_parser v1.1.5+spec-1.1.0
[INFO] [stderr]    Compiling toml_datetime v1.1.2+spec-1.1.0
[INFO] [stderr]    Compiling serde_spanned v1.1.2
[INFO] [stderr]    Compiling serde_json v1.0.154
[INFO] [stderr]    Compiling serde v1.0.229
[INFO] [stderr]    Compiling toml v1.1.8+spec-1.1.0
[INFO] [stderr]    Compiling trybuild v1.0.122
[INFO] [stderr]    Compiling dynamic-arena v0.1.6 (/opt/rustwide/workdir)
[INFO] [stdout] warning: field `0` is never read
[INFO] [stdout]    --> src/lib.rs:308:36
[INFO] [stdout]     |
[INFO] [stdout] 308 |     pub struct SelfReferential<'a>(u32, Option<&'a SelfReferential<'a>>);
[INFO] [stdout]     |                ---------------     ^^^
[INFO] [stdout]     |                |
[INFO] [stdout]     |                field in this struct
[INFO] [stdout]     |
[INFO] [stdout]     = note: `SelfReferential` has a derived impl for the trait `Clone`, but this is intentionally ignored during dead code analysis
[INFO] [stdout]     = note: `#[warn(dead_code)]` (part of `#[warn(unused)]`) on by default
[INFO] [stdout] help: consider changing the field to be of unit type to suppress this warning while preserving the field numbering, or remove the field
[INFO] [stdout]     |
[INFO] [stdout] 308 -     pub struct SelfReferential<'a>(u32, Option<&'a SelfReferential<'a>>);
[INFO] [stdout] 308 +     pub struct SelfReferential<'a>((), Option<&'a SelfReferential<'a>>);
[INFO] [stdout]     |
[INFO] [stdout] 
[INFO] [stdout] 
[INFO] [stderr]     Finished `release` profile [optimized] target(s) in 17.88s
[INFO] running `Command { std: "docker" "inspect" "7b5831482e7d579b08512e213e7ace5a011b98ce2cf68c23179725a1945ab1f0", kill_on_drop: false }`
[INFO] running `Command { std: "docker" "exec" "-e" "SOURCE_DIR=/opt/rustwide/workdir" "-e" "CARGO_HOME=/opt/rustwide/cargo-home" "-e" "RUSTUP_HOME=/opt/rustwide/rustup-home" "-e" "CARGO_TARGET_DIR=/opt/rustwide/target" "-e" "CARGO_INCREMENTAL=0" "-e" "RUST_BACKTRACE=full" "-e" "RUSTFLAGS=--cap-lints=warn" "-e" "RUSTDOCFLAGS=--cap-lints=warn" "-w" "/opt/rustwide/workdir" "--user" "0:0" "7b5831482e7d579b08512e213e7ace5a011b98ce2cf68c23179725a1945ab1f0" "/opt/rustwide/cargo-home/bin/cargo" "+1.100.0-beta.1" "test" "--frozen" "--release", kill_on_drop: false }`
[INFO] [stderr] warning: field `0` is never read
[INFO] [stderr]    --> src/lib.rs:308:36
[INFO] [stderr]     |
[INFO] [stderr] 308 |     pub struct SelfReferential<'a>(u32, Option<&'a SelfReferential<'a>>);
[INFO] [stderr]     |                ---------------     ^^^
[INFO] [stderr]     |                |
[INFO] [stderr]     |                field in this struct
[INFO] [stderr]     |
[INFO] [stderr]     = note: `SelfReferential` has a derived impl for the trait `Clone`, but this is intentionally ignored during dead code analysis
[INFO] [stderr]     = note: `#[warn(dead_code)]` (part of `#[warn(unused)]`) on by default
[INFO] [stderr] help: consider changing the field to be of unit type to suppress this warning while preserving the field numbering, or remove the field
[INFO] [stderr]     |
[INFO] [stderr] 308 -     pub struct SelfReferential<'a>(u32, Option<&'a SelfReferential<'a>>);
[INFO] [stderr] 308 +     pub struct SelfReferential<'a>((), Option<&'a SelfReferential<'a>>);
[INFO] [stderr]     |
[INFO] [stderr] 
[INFO] [stderr] warning: `dynamic-arena` (lib test) generated 1 warning
[INFO] [stderr]     Finished `release` profile [optimized] target(s) in 0.04s
[INFO] [stderr]      Running unittests src/lib.rs (/opt/rustwide/target/release/build/dynamic-arena/af1b2753445852d6/out/dynamic_arena-af1b2753445852d6)
[INFO] [stderr]      Running tests/compiletest.rs (/opt/rustwide/target/release/build/dynamic-arena/f16804dd8edc2357/out/compiletest-f16804dd8edc2357)
[INFO] [stdout] 
[INFO] [stdout] running 5 tests
[INFO] [stdout] test test::self_referential ... ok
[INFO] [stdout] test test::drop_counted ... ok
[INFO] [stdout] test test::test_send ... ok
[INFO] [stdout] test test::copyable ... ok
[INFO] [stdout] test test::mixed ... ok
[INFO] [stdout] 
[INFO] [stdout] test result: ok. 5 passed; 0 failed; 0 ignored; 0 measured; 0 filtered out; finished in 0.00s
[INFO] [stdout] 
[INFO] [stdout] 
[INFO] [stdout] running 1 test
[INFO] [stderr]     Checking bumpalo v3.20.3
[INFO] [stderr]     Checking dynamic-arena v0.1.6 (/opt/rustwide/workdir)
[INFO] [stderr]     Checking dynamic-arena-tests v0.0.0 (/opt/rustwide/target/tests/trybuild/dynamic-arena)
[INFO] [stderr]     Finished `dev` profile [unoptimized + debuginfo] target(s) in 0.35s
[INFO] [stderr] 
[INFO] [stderr] 
[INFO] [stderr] test tests/compile-fail/invalid_drop_counted.rs ... mismatch
[INFO] [stderr] 
[INFO] [stderr] EXPECTED:
[INFO] [stderr] ┈┈┈┈┈┈┈┈┈┈┈┈┈┈┈┈┈┈┈┈┈┈┈┈┈┈┈┈┈┈┈┈┈┈┈┈┈┈┈┈┈┈┈┈┈┈┈┈┈┈┈┈┈┈┈┈┈┈┈┈
[INFO] [stderr] error[E0597]: `cell` does not live long enough
[INFO] [stderr]   --> tests/compile-fail/invalid_drop_counted.rs:13:37
[INFO] [stderr]    |
[INFO] [stderr] 13 |             arena.alloc(DropCounted(&cell));
[INFO] [stderr]    |                                     ^^^^^ borrowed value does not live long enough
[INFO] [stderr] 14 |         }
[INFO] [stderr] 15 |     }
[INFO] [stderr]    |     - `cell` dropped here while still borrowed
[INFO] [stderr] ...
[INFO] [stderr] 21 | }
[INFO] [stderr]    | - borrow might be used here, when `arena` is dropped and runs the `Drop` code for type `DynamicArena`
[INFO] [stderr]    |
[INFO] [stderr]    = note: values in a scope are dropped in the opposite order they are defined
[INFO] [stderr] ┈┈┈┈┈┈┈┈┈┈┈┈┈┈┈┈┈┈┈┈┈┈┈┈┈┈┈┈┈┈┈┈┈┈┈┈┈┈┈┈┈┈┈┈┈┈┈┈┈┈┈┈┈┈┈┈┈┈┈┈
[INFO] [stderr] 
[INFO] [stderr] ACTUAL OUTPUT:
[INFO] [stderr] ┈┈┈┈┈┈┈┈┈┈┈┈┈┈┈┈┈┈┈┈┈┈┈┈┈┈┈┈┈┈┈┈┈┈┈┈┈┈┈┈┈┈┈┈┈┈┈┈┈┈┈┈┈┈┈┈┈┈┈┈
[INFO] [stderr] error[E0597]: `cell` does not live long enough
[INFO] [stderr]   --> tests/compile-fail/invalid_drop_counted.rs:13:37
[INFO] [stderr]    |
[INFO] [stderr] 11 |         let cell = Box::new(Cell::new(0));
[INFO] [stderr]    |             ---- binding `cell` declared here
[INFO] [stderr] 12 |         for _i in 0..5 {
[INFO] [stderr] 13 |             arena.alloc(DropCounted(&cell));
[INFO] [stderr]    |                                     ^^^^^ borrowed value does not live long enough
[INFO] [stderr] 14 |         }
[INFO] [stderr] 15 |     }
[INFO] [stderr]    |     - `cell` dropped here while still borrowed
[INFO] [stderr] ...
[INFO] [stderr] 20 |     drop(arena);
[INFO] [stderr]    |          ----- borrow later used here
[INFO] [stderr] ┈┈┈┈┈┈┈┈┈┈┈┈┈┈┈┈┈┈┈┈┈┈┈┈┈┈┈┈┈┈┈┈┈┈┈┈┈┈┈┈┈┈┈┈┈┈┈┈┈┈┈┈┈┈┈┈┈┈┈┈
[INFO] [stderr] note: If the actual output is the correct output you can bless it by rerunning
[INFO] [stderr]       your test with the environment variable TRYBUILD=overwrite
[INFO] [stderr] 
[INFO] [stderr] 
[INFO] [stderr] 
[INFO] [stdout] test compile_test ... FAILED
[INFO] [stdout] 
[INFO] [stdout] failures:
[INFO] [stdout] 
[INFO] [stdout] ---- compile_test stdout ----
[INFO] [stdout] 
[INFO] [stdout] thread 'compile_test' (430) panicked at /opt/rustwide/cargo-home/registry/src/index.crates.io-1949cf8c6b5b557f/trybuild-1.0.122/src/run.rs:103:13:
[INFO] [stdout] 1 of 1 tests failed
[INFO] [stdout] stack backtrace:
[INFO] [stdout]    0:     0x60fd257d6be1 - <<std[617be2ca0a6fd877]::sys::backtrace::BacktraceLock>::print::DisplayBacktrace as core[a373ad73a504971]::fmt::Display>::fmt
[INFO] [stdout]    1:     0x60fd257ececa - core[a373ad73a504971]::fmt::write
[INFO] [stdout]    2:     0x60fd257db42c - <alloc[2e1b2a31b91974c5]::vec::Vec<u8> as core[a373ad73a504971]::io::write::Write>::write_fmt
[INFO] [stdout]    3:     0x60fd257b0046 - std[617be2ca0a6fd877]::panicking::default_hook::{closure#0}
[INFO] [stdout]    4:     0x60fd257ce189 - std[617be2ca0a6fd877]::panicking::default_hook
[INFO] [stdout]    5:     0x60fd25767790 - test[aada8e7e76ba119b]::test_main_inner::{closure#0}
[INFO] [stdout]    6:     0x60fd257ce342 - std[617be2ca0a6fd877]::panicking::panic_with_hook
[INFO] [stdout]    7:     0x60fd257b00f2 - std[617be2ca0a6fd877]::panicking::panic_handler::{closure#0}
[INFO] [stdout]    8:     0x60fd257a8949 - std[617be2ca0a6fd877]::sys::backtrace::__rust_end_short_backtrace::<std[617be2ca0a6fd877]::panicking::panic_handler::{closure#0}, !>
[INFO] [stdout]    9:     0x60fd257b0cfd - __rustc[ea4f61d10b84890b]::rust_begin_unwind
[INFO] [stdout]   10:     0x60fd257ed63c - core[a373ad73a504971]::panicking::panic_fmt
[INFO] [stdout]   11:     0x60fd256ba6bb - <trybuild[6656fc012ad59154]::Runner>::run
[INFO] [stdout]   12:     0x60fd256bd930 - <trybuild[6656fc012ad59154]::TestCases as core[a373ad73a504971]::ops::drop::Drop>::drop
[INFO] [stdout]   13:     0x60fd256b3eb8 - compiletest[d7cdaffadb3cdc59]::compile_test
[INFO] [stdout]   14:     0x60fd256b40b9 - <compiletest[d7cdaffadb3cdc59]::compile_test::{closure#0} as core[a373ad73a504971]::ops::function::FnOnce<()>>::call_once
[INFO] [stdout]   15:     0x60fd2575abdb - test[aada8e7e76ba119b]::__rust_begin_short_backtrace::<core[a373ad73a504971]::result::Result<(), alloc[2e1b2a31b91974c5]::string::String>, fn() -> core[a373ad73a504971]::result::Result<(), alloc[2e1b2a31b91974c5]::string::String>>
[INFO] [stdout]   16:     0x60fd25767db5 - test[aada8e7e76ba119b]::run_test::{closure#0}
[INFO] [stdout]   17:     0x60fd257616a4 - std[617be2ca0a6fd877]::sys::backtrace::__rust_begin_short_backtrace::<test[aada8e7e76ba119b]::run_test::{closure#1}, ()>
[INFO] [stdout]   18:     0x60fd2576ae42 - <std[617be2ca0a6fd877]::thread::lifecycle::spawn_unchecked<test[aada8e7e76ba119b]::run_test::{closure#1}, ()>::{closure#1} as core[a373ad73a504971]::ops::function::FnOnce<()>>::call_once::{shim:vtable#0}
[INFO] [stdout]   19:     0x60fd257d5e3f - <std[617be2ca0a6fd877]::sys::thread::unix::Thread>::new::thread_start
[INFO] [stdout]   20:     0x7393d8f05dfa - <unknown>
[INFO] [stdout]   21:     0x7393d8f993d4 - clone
[INFO] [stdout]   22:                0x0 - <unknown>
[INFO] [stdout] 
[INFO] [stdout] 
[INFO] [stdout] failures:
[INFO] [stdout]     compile_test
[INFO] [stdout] 
[INFO] [stdout] test result: FAILED. 0 passed; 1 failed; 0 ignored; 0 measured; 0 filtered out; finished in 0.89s
[INFO] [stdout] 
[INFO] [stderr] error: test failed, to rerun pass `--test compiletest`
[INFO] running `Command { std: "docker" "inspect" "7b5831482e7d579b08512e213e7ace5a011b98ce2cf68c23179725a1945ab1f0", kill_on_drop: false }`
[INFO] running `Command { std: "docker" "rm" "-f" "7b5831482e7d579b08512e213e7ace5a011b98ce2cf68c23179725a1945ab1f0", kill_on_drop: false }`
[INFO] [stdout] 7b5831482e7d579b08512e213e7ace5a011b98ce2cf68c23179725a1945ab1f0
