[INFO] fetching crate dver 0.4.0...
[INFO] testing dver-0.4.0 against 1.100.0-beta.1+cargoflags=--release for beta-release-1.100-2
[INFO] extracting crate dver 0.4.0 into /workspace/builds/worker-7-tc2/source
[INFO] started tweaking crates.io crate dver 0.4.0
[INFO] finished tweaking crates.io crate dver 0.4.0
[INFO] tweaked toml for crates.io crate dver 0.4.0 written to /workspace/builds/worker-7-tc2/source/Cargo.toml
[INFO] validating manifest of crates.io crate dver 0.4.0 on toolchain 1.100.0-beta.1
[INFO] running `Command { std: CARGO_HOME="/workspace/cargo-home" RUSTUP_HOME="/workspace/rustup-home" "/workspace/cargo-home/bin/cargo" "+1.100.0-beta.1" "metadata" "--manifest-path" "Cargo.toml" "--no-deps", kill_on_drop: false }`
[INFO] crate crates.io crate dver 0.4.0 already has a lockfile, it will not be regenerated
[INFO] running `Command { std: CARGO_HOME="/workspace/cargo-home" RUSTUP_HOME="/workspace/rustup-home" "/workspace/cargo-home/bin/cargo" "+1.100.0-beta.1" "fetch" "--manifest-path" "Cargo.toml", kill_on_drop: false }`
[INFO] [stderr] warning: `package.homepage` is redundant with `package.repository`
[INFO] [stderr]   --> Cargo.toml:56:12
[INFO] [stderr]    |
[INFO] [stderr] 56 | homepage = "https://github.com/stescobedo92/dotnet-version-manager"
[INFO] [stderr]    |            ^^^^^^^^^^^^^^^^^^^^^^^^^^^^^^^^^^^^^^^^^^^^^^^^^^^^^^^^
[INFO] [stderr] ...
[INFO] [stderr] 61 | repository = "https://github.com/stescobedo92/dotnet-version-manager"
[INFO] [stderr]    |              --------------------------------------------------------
[INFO] [stderr]    |
[INFO] [stderr]    = note: `cargo::redundant_homepage` is set to `warn` by default
[INFO] [stderr] help: consider removing `package.homepage`
[INFO] [stderr] warning: `dver` (manifest) generated 1 warning
[INFO] running `Command { std: "docker" "create" "-v" "/var/lib/crater-agent-workspace/builds/worker-7-tc2/source:/opt/rustwide/workdir:ro,Z" "-v" "/var/lib/crater-agent-workspace/builds/worker-7-tc2/target:/opt/rustwide/target:rw,Z" "-v" "/var/lib/crater-agent-workspace/cargo-home:/opt/rustwide/cargo-home:ro,Z" "-v" "/var/lib/crater-agent-workspace/rustup-home:/opt/rustwide/rustup-home:ro,Z" "-m" "1610612736" "--network" "none" "ghcr.io/rust-lang/crates-build-env/linux@sha256:77db811e55d90add9212f6832c23229e3de5f1c1f9905e8cb07319ea15df73ac" "sleep" "infinity", kill_on_drop: false }`
[INFO] [stdout] c5251a26412eb2b3d130d2fad8abbc1ff452766eb566701e421c9599c667575c
[INFO] running `Command { std: "docker" "start" "c5251a26412eb2b3d130d2fad8abbc1ff452766eb566701e421c9599c667575c", kill_on_drop: false }`
[INFO] running `Command { std: "docker" "inspect" "c5251a26412eb2b3d130d2fad8abbc1ff452766eb566701e421c9599c667575c", kill_on_drop: false }`
[INFO] running `Command { std: "docker" "exec" "-e" "SOURCE_DIR=/opt/rustwide/workdir" "-e" "CARGO_HOME=/opt/rustwide/cargo-home" "-e" "RUSTUP_HOME=/opt/rustwide/rustup-home" "-e" "CARGO_TARGET_DIR=/opt/rustwide/target" "-w" "/opt/rustwide/workdir" "--user" "0:0" "c5251a26412eb2b3d130d2fad8abbc1ff452766eb566701e421c9599c667575c" "/opt/rustwide/cargo-home/bin/cargo" "+1.100.0-beta.1" "metadata" "--no-deps" "--format-version=1", kill_on_drop: false }`
[INFO] running `Command { std: "docker" "inspect" "c5251a26412eb2b3d130d2fad8abbc1ff452766eb566701e421c9599c667575c", kill_on_drop: false }`
[INFO] running `Command { std: "docker" "exec" "-e" "SOURCE_DIR=/opt/rustwide/workdir" "-e" "CARGO_HOME=/opt/rustwide/cargo-home" "-e" "RUSTUP_HOME=/opt/rustwide/rustup-home" "-e" "CARGO_TARGET_DIR=/opt/rustwide/target" "-e" "CARGO_INCREMENTAL=0" "-e" "RUST_BACKTRACE=full" "-e" "RUSTFLAGS=--cap-lints=warn" "-e" "RUSTDOCFLAGS=--cap-lints=warn" "-w" "/opt/rustwide/workdir" "--user" "0:0" "c5251a26412eb2b3d130d2fad8abbc1ff452766eb566701e421c9599c667575c" "/opt/rustwide/cargo-home/bin/cargo" "+1.100.0-beta.1" "build" "--frozen" "--message-format=json" "--release", kill_on_drop: false }`
[INFO] [stderr] warning: `package.homepage` is redundant with `package.repository`
[INFO] [stderr]   --> Cargo.toml:56:12
[INFO] [stderr]    |
[INFO] [stderr] 56 | homepage = "https://github.com/stescobedo92/dotnet-version-manager"
[INFO] [stderr]    |            ^^^^^^^^^^^^^^^^^^^^^^^^^^^^^^^^^^^^^^^^^^^^^^^^^^^^^^^^
[INFO] [stderr] ...
[INFO] [stderr] 61 | repository = "https://github.com/stescobedo92/dotnet-version-manager"
[INFO] [stderr]    |              --------------------------------------------------------
[INFO] [stderr]    |
[INFO] [stderr]    = note: `cargo::redundant_homepage` is set to `warn` by default
[INFO] [stderr] help: consider removing `package.homepage`
[INFO] [stderr] warning: `dver` (manifest) generated 1 warning
[INFO] [stderr]    Compiling proc-macro2 v1.0.107
[INFO] [stderr]    Compiling quote v1.0.47
[INFO] [stderr]    Compiling unicode-ident v1.0.24
[INFO] [stderr]    Compiling libc v0.2.186
[INFO] [stderr]    Compiling cfg-if v1.0.4
[INFO] [stderr]    Compiling find-msvc-tools v0.1.9
[INFO] [stderr]    Compiling shlex v2.0.1
[INFO] [stderr]    Compiling pkg-config v0.3.33
[INFO] [stderr]    Compiling version_check v0.9.5
[INFO] [stderr]    Compiling stable_deref_trait v1.2.1
[INFO] [stderr]    Compiling typenum v1.20.1
[INFO] [stderr]    Compiling smallvec v1.15.2
[INFO] [stderr]    Compiling parking_lot_core v0.9.12
[INFO] [stderr]    Compiling vcpkg v0.2.15
[INFO] [stderr]    Compiling pin-project-lite v0.2.17
[INFO] [stderr]    Compiling scopeguard v1.2.0
[INFO] [stderr]    Compiling bytes v1.12.1
[INFO] [stderr]    Compiling bitflags v2.13.1
[INFO] [stderr]    Compiling itoa v1.0.18
[INFO] [stderr]    Compiling lock_api v0.4.14
[INFO] [stderr]    Compiling litemap v0.8.2
[INFO] [stderr]    Compiling writeable v0.6.3
[INFO] [stderr]    Compiling icu_normalizer_data v2.2.0
[INFO] [stderr]    Compiling subtle v2.6.1
[INFO] [stderr]    Compiling icu_properties_data v2.2.0
[INFO] [stderr]    Compiling utf8_iter v1.0.4
[INFO] [stderr]    Compiling generic-array v0.14.7
[INFO] [stderr]    Compiling futures-core v0.3.33
[INFO] [stderr]    Compiling once_cell v1.21.4
[INFO] [stderr]    Compiling foreign-types-shared v0.1.1
[INFO] [stderr]    Compiling equivalent v1.0.2
[INFO] [stderr]    Compiling serde_core v1.0.229
[INFO] [stderr]    Compiling hashbrown v0.17.1
[INFO] [stderr]    Compiling log v0.4.33
[INFO] [stderr]    Compiling openssl v0.10.81
[INFO] [stderr]    Compiling fnv v1.0.7
[INFO] [stderr]    Compiling foreign-types v0.3.2
[INFO] [stderr]    Compiling futures-task v0.3.33
[INFO] [stderr]    Compiling httparse v1.10.1
[INFO] [stderr]    Compiling native-tls v0.2.18
[INFO] [stderr]    Compiling cpufeatures v0.2.17
[INFO] [stderr]    Compiling tracing-core v0.1.36
[INFO] [stderr]    Compiling futures-sink v0.3.33
[INFO] [stderr]    Compiling crc32fast v1.5.0
[INFO] [stderr]    Compiling slab v0.4.12
[INFO] [stderr]    Compiling simd-adler32 v0.3.10
[INFO] [stderr]    Compiling serde v1.0.229
[INFO] [stderr]    Compiling percent-encoding v2.3.2
[INFO] [stderr]    Compiling zmij v1.0.23
[INFO] [stderr]    Compiling zstd-safe v7.2.4
[INFO] [stderr]    Compiling rustix v1.1.4
[INFO] [stderr]    Compiling utf8parse v0.2.2
[INFO] [stderr]    Compiling try-lock v0.2.5
[INFO] [stderr]    Compiling openssl-probe v0.2.1
[INFO] [stderr]    Compiling anstyle-parse v1.0.0
[INFO] [stderr]    Compiling want v0.3.1
[INFO] [stderr]    Compiling form_urlencoded v1.2.2
[INFO] [stderr]    Compiling futures-channel v0.3.33
[INFO] [stderr]    Compiling memchr v2.8.3
[INFO] [stderr]    Compiling tower-service v0.3.3
[INFO] [stderr]    Compiling is_terminal_polyfill v1.70.2
[INFO] [stderr]    Compiling anstyle-query v1.1.5
[INFO] [stderr]    Compiling adler2 v2.0.1
[INFO] [stderr]    Compiling portable-atomic v1.14.0
[INFO] [stderr]    Compiling httpdate v1.0.3
[INFO] [stderr]    Compiling syn v2.0.119
[INFO] [stderr]    Compiling syn v3.0.0
[INFO] [stderr]    Compiling linux-raw-sys v0.12.1
[INFO] [stderr]    Compiling serde_json v1.0.150
[INFO] [stderr]    Compiling getrandom v0.3.4
[INFO] [stderr]    Compiling anstyle v1.0.14
[INFO] [stderr]    Compiling colorchoice v1.0.5
[INFO] [stderr]    Compiling http v0.2.12
[INFO] [stderr]    Compiling tracing v0.1.44
[INFO] [stderr]    Compiling miniz_oxide v0.8.9
[INFO] [stderr]    Compiling anstream v1.0.0
[INFO] [stderr]    Compiling clap_lex v1.1.0
[INFO] [stderr]    Compiling jobserver v0.1.35
[INFO] [stderr]    Compiling indexmap v2.14.0
[INFO] [stderr]    Compiling libbz2-rs-sys v0.2.5
[INFO] [stderr]    Compiling cc v1.3.0
[INFO] [stderr]    Compiling errno v0.3.14
[INFO] [stderr]    Compiling mio v1.2.2
[INFO] [stderr]    Compiling signal-hook-registry v1.4.8
[INFO] [stderr]    Compiling crypto-common v0.1.7
[INFO] [stderr]    Compiling block-buffer v0.10.4
[INFO] [stderr]    Compiling socket2 v0.6.5
[INFO] [stderr]    Compiling parking_lot v0.12.5
[INFO] [stderr]    Compiling digest v0.10.7
[INFO] [stderr]    Compiling inout v0.1.4
[INFO] [stderr]    Compiling socket2 v0.5.10
[INFO] [stderr]    Compiling cipher v0.4.4
[INFO] [stderr]    Compiling strsim v0.11.1
[INFO] [stderr]    Compiling sha2 v0.10.9
[INFO] [stderr]    Compiling hmac v0.12.1
[INFO] [stderr]    Compiling zlib-rs v0.6.6
[INFO] [stderr]    Compiling http-body v0.4.6
[INFO] [stderr]    Compiling ryu v1.0.23
[INFO] [stderr]    Compiling num-conv v0.2.2
[INFO] [stderr]    Compiling bumpalo v3.20.3
[INFO] [stderr]    Compiling unicode-width v0.2.2
[INFO] [stderr]    Compiling powerfmt v0.2.0
[INFO] [stderr]    Compiling deranged v0.5.8
[INFO] [stderr]    Compiling heck v0.5.0
[INFO] [stderr]    Compiling base64 v0.21.7
[INFO] [stderr]    Compiling time-core v0.1.9
[INFO] [stderr]    Compiling lzma-rust2 v0.15.8
[INFO] [stderr]    Compiling pbkdf2 v0.12.2
[INFO] [stderr]    Compiling zopfli v0.8.3
[INFO] [stderr]    Compiling console v0.16.4
[INFO] [stderr]    Compiling clap_builder v4.6.2
[INFO] [stderr]    Compiling rustls-pemfile v1.0.4
[INFO] [stderr]    Compiling aes v0.8.4
[INFO] [stderr]    Compiling bzip2 v0.6.1
[INFO] [stderr]    Compiling sha1 v0.10.7
[INFO] [stderr]    Compiling filetime v0.2.29
[INFO] [stderr]    Compiling encoding_rs v0.8.35
[INFO] [stderr]    Compiling unit-prefix v0.5.2
[INFO] [stderr]    Compiling deflate64 v0.1.12
[INFO] [stderr]    Compiling mime v0.3.17
[INFO] [stderr]    Compiling sync_wrapper v0.1.2
[INFO] [stderr]    Compiling typed-path v0.12.3
[INFO] [stderr]    Compiling openssl-sys v0.9.117
[INFO] [stderr]    Compiling zstd-sys v2.0.16+zstd.1.5.7
[INFO] [stderr]    Compiling time v0.3.53
[INFO] [stderr]    Compiling ipnet v2.12.0
[INFO] [stderr]    Compiling constant_time_eq v0.3.1
[INFO] [stderr]    Compiling ppmd-rust v1.4.0
[INFO] [stderr]    Compiling indicatif v0.18.6
[INFO] [stderr]    Compiling serde_derive v1.0.229
[INFO] [stderr]    Compiling semver v1.0.28
[INFO] [stderr]    Compiling xattr v1.6.1
[INFO] [stderr]    Compiling tar v0.4.46
[INFO] [stderr]    Compiling synstructure v0.13.2
[INFO] [stderr]    Compiling flate2 v1.1.9
[INFO] [stderr]    Compiling zerofrom-derive v0.1.7
[INFO] [stderr]    Compiling yoke-derive v0.8.2
[INFO] [stderr]    Compiling zerovec-derive v0.11.3
[INFO] [stderr]    Compiling displaydoc v0.2.6
[INFO] [stderr]    Compiling tokio-macros v2.7.1
[INFO] [stderr]    Compiling futures-macro v0.3.33
[INFO] [stderr]    Compiling openssl-macros v0.1.1
[INFO] [stderr]    Compiling tokio v1.53.0
[INFO] [stderr]    Compiling zeroize_derive v1.5.0
[INFO] [stderr]    Compiling serde_urlencoded v0.7.1
[INFO] [stderr]    Compiling futures-util v0.3.33
[INFO] [stderr]    Compiling clap_derive v4.6.1
[INFO] [stderr]    Compiling zeroize v1.9.0
[INFO] [stderr]    Compiling zerofrom v0.1.8
[INFO] [stderr]    Compiling yoke v0.8.3
[INFO] [stderr]    Compiling zerovec v0.11.6
[INFO] [stderr]    Compiling zerotrie v0.2.4
[INFO] [stderr]    Compiling tinystr v0.8.3
[INFO] [stderr]    Compiling potential_utf v0.1.5
[INFO] [stderr]    Compiling icu_collections v2.2.0
[INFO] [stderr]    Compiling icu_locale_core v2.2.0
[INFO] [stderr]    Compiling clap v4.6.2
[INFO] [stderr]    Compiling icu_provider v2.2.0
[INFO] [stderr]    Compiling icu_normalizer v2.2.0
[INFO] [stderr]    Compiling icu_properties v2.2.0
[INFO] [stderr]    Compiling idna_adapter v1.2.2
[INFO] [stderr]    Compiling idna v1.1.0
[INFO] [stderr]    Compiling url v2.5.8
[INFO] [stderr]    Compiling tokio-util v0.7.18
[INFO] [stderr]    Compiling tokio-native-tls v0.3.1
[INFO] [stderr]    Compiling h2 v0.3.27
[INFO] [stderr]    Compiling hyper v0.14.32
[INFO] [stderr]    Compiling zstd v0.13.3
[INFO] [stderr]    Compiling zip v7.2.0
[INFO] [stderr]    Compiling hyper-tls v0.5.0
[INFO] [stderr]    Compiling reqwest v0.11.27
[INFO] [stderr]    Compiling dver v0.4.0 (/opt/rustwide/workdir)
[INFO] [stderr]     Finished `release` profile [optimized] target(s) in 2m 20s
[INFO] running `Command { std: "docker" "inspect" "c5251a26412eb2b3d130d2fad8abbc1ff452766eb566701e421c9599c667575c", kill_on_drop: false }`
[INFO] running `Command { std: "docker" "exec" "-e" "SOURCE_DIR=/opt/rustwide/workdir" "-e" "CARGO_HOME=/opt/rustwide/cargo-home" "-e" "RUSTUP_HOME=/opt/rustwide/rustup-home" "-e" "CARGO_TARGET_DIR=/opt/rustwide/target" "-e" "CARGO_INCREMENTAL=0" "-e" "RUST_BACKTRACE=full" "-e" "RUSTFLAGS=--cap-lints=warn" "-e" "RUSTDOCFLAGS=--cap-lints=warn" "-w" "/opt/rustwide/workdir" "--user" "0:0" "c5251a26412eb2b3d130d2fad8abbc1ff452766eb566701e421c9599c667575c" "/opt/rustwide/cargo-home/bin/cargo" "+1.100.0-beta.1" "test" "--frozen" "--no-run" "--message-format=json" "--release", kill_on_drop: false }`
[INFO] [stderr] warning: `package.homepage` is redundant with `package.repository`
[INFO] [stderr]   --> Cargo.toml:56:12
[INFO] [stderr]    |
[INFO] [stderr] 56 | homepage = "https://github.com/stescobedo92/dotnet-version-manager"
[INFO] [stderr]    |            ^^^^^^^^^^^^^^^^^^^^^^^^^^^^^^^^^^^^^^^^^^^^^^^^^^^^^^^^
[INFO] [stderr] ...
[INFO] [stderr] 61 | repository = "https://github.com/stescobedo92/dotnet-version-manager"
[INFO] [stderr]    |              --------------------------------------------------------
[INFO] [stderr]    |
[INFO] [stderr]    = note: `cargo::redundant_homepage` is set to `warn` by default
[INFO] [stderr] help: consider removing `package.homepage`
[INFO] [stderr] warning: `dver` (manifest) generated 1 warning
[INFO] [stderr]    Compiling libc v0.2.186
[INFO] [stderr]    Compiling cfg-if v1.0.4
[INFO] [stderr]    Compiling stable_deref_trait v1.2.1
[INFO] [stderr]    Compiling typenum v1.20.1
[INFO] [stderr]    Compiling smallvec v1.15.2
[INFO] [stderr]    Compiling pin-project-lite v0.2.17
[INFO] [stderr]    Compiling scopeguard v1.2.0
[INFO] [stderr]    Compiling bytes v1.12.1
[INFO] [stderr]    Compiling writeable v0.6.3
[INFO] [stderr]    Compiling bitflags v2.13.1
[INFO] [stderr]    Compiling itoa v1.0.18
[INFO] [stderr]    Compiling zerofrom v0.1.8
[INFO] [stderr]    Compiling litemap v0.8.2
[INFO] [stderr]    Compiling subtle v2.6.1
[INFO] [stderr]    Compiling utf8_iter v1.0.4
[INFO] [stderr]    Compiling futures-core v0.3.33
[INFO] [stderr]    Compiling equivalent v1.0.2
[INFO] [stderr]    Compiling hashbrown v0.17.1
[INFO] [stderr]    Compiling lock_api v0.4.14
[INFO] [stderr]    Compiling once_cell v1.21.4
[INFO] [stderr]    Compiling fnv v1.0.7
[INFO] [stderr]    Compiling foreign-types-shared v0.1.1
[INFO] [stderr]    Compiling log v0.4.33
[INFO] [stderr]    Compiling icu_normalizer_data v2.2.0
[INFO] [stderr]    Compiling yoke v0.8.3
[INFO] [stderr]    Compiling icu_properties_data v2.2.0
[INFO] [stderr]    Compiling foreign-types v0.3.2
[INFO] [stderr]    Compiling futures-sink v0.3.33
[INFO] [stderr]    Compiling futures-task v0.3.33
[INFO] [stderr]    Compiling tracing-core v0.1.36
[INFO] [stderr]    Compiling cpufeatures v0.2.17
[INFO] [stderr]    Compiling slab v0.4.12
[INFO] [stderr]    Compiling serde_core v1.0.229
[INFO] [stderr]    Compiling try-lock v0.2.5
[INFO] [stderr]    Compiling simd-adler32 v0.3.10
[INFO] [stderr]    Compiling zerovec v0.11.6
[INFO] [stderr]    Compiling zerotrie v0.2.4
[INFO] [stderr]    Compiling utf8parse v0.2.2
[INFO] [stderr]    Compiling percent-encoding v2.3.2
[INFO] [stderr]    Compiling openssl-probe v0.2.1
[INFO] [stderr]    Compiling anstyle-parse v1.0.0
[INFO] [stderr]    Compiling want v0.3.1
[INFO] [stderr]    Compiling futures-util v0.3.33
[INFO] [stderr]    Compiling form_urlencoded v1.2.2
[INFO] [stderr]    Compiling httparse v1.10.1
[INFO] [stderr]    Compiling crc32fast v1.5.0
[INFO] [stderr]    Compiling zstd-sys v2.0.16+zstd.1.5.7
[INFO] [stderr]    Compiling futures-channel v0.3.33
[INFO] [stderr]    Compiling memchr v2.8.3
[INFO] [stderr]    Compiling adler2 v2.0.1
[INFO] [stderr]    Compiling tower-service v0.3.3
[INFO] [stderr]    Compiling linux-raw-sys v0.12.1
[INFO] [stderr]    Compiling anstyle v1.0.14
[INFO] [stderr]    Compiling httpdate v1.0.3
[INFO] [stderr]    Compiling colorchoice v1.0.5
[INFO] [stderr]    Compiling is_terminal_polyfill v1.70.2
[INFO] [stderr]    Compiling anstyle-query v1.1.5
[INFO] [stderr]    Compiling tracing v0.1.44
[INFO] [stderr]    Compiling zstd-safe v7.2.4
[INFO] [stderr]    Compiling miniz_oxide v0.8.9
[INFO] [stderr]    Compiling generic-array v0.14.7
[INFO] [stderr]    Compiling anstream v1.0.0
[INFO] [stderr]    Compiling zmij v1.0.23
[INFO] [stderr]    Compiling rustix v1.1.4
[INFO] [stderr]    Compiling time-core v0.1.9
[INFO] [stderr]    Compiling libbz2-rs-sys v0.2.5
[INFO] [stderr]    Compiling base64 v0.21.7
[INFO] [stderr]    Compiling num-conv v0.2.2
[INFO] [stderr]    Compiling indexmap v2.14.0
[INFO] [stderr]    Compiling tinystr v0.8.3
[INFO] [stderr]    Compiling potential_utf v0.1.5
[INFO] [stderr]    Compiling zlib-rs v0.6.6
[INFO] [stderr]    Compiling http v0.2.12
[INFO] [stderr]    Compiling icu_collections v2.2.0
[INFO] [stderr]    Compiling ryu v1.0.23
[INFO] [stderr]    Compiling unicode-width v0.2.2
[INFO] [stderr]    Compiling bumpalo v3.20.3
[INFO] [stderr]    Compiling icu_locale_core v2.2.0
[INFO] [stderr]    Compiling crypto-common v0.1.7
[INFO] [stderr]    Compiling block-buffer v0.10.4
[INFO] [stderr]    Compiling inout v0.1.4
[INFO] [stderr]    Compiling clap_lex v1.1.0
[INFO] [stderr]    Compiling digest v0.10.7
[INFO] [stderr]    Compiling errno v0.3.14
[INFO] [stderr]    Compiling parking_lot_core v0.9.12
[INFO] [stderr]    Compiling socket2 v0.6.5
[INFO] [stderr]    Compiling signal-hook-registry v1.4.8
[INFO] [stderr]    Compiling mio v1.2.2
[INFO] [stderr]    Compiling parking_lot v0.12.5
[INFO] [stderr]    Compiling openssl-sys v0.9.117
[INFO] [stderr]    Compiling socket2 v0.5.10
[INFO] [stderr]    Compiling hmac v0.12.1
[INFO] [stderr]    Compiling sha2 v0.10.9
[INFO] [stderr]    Compiling cipher v0.4.4
[INFO] [stderr]    Compiling deranged v0.5.8
[INFO] [stderr]    Compiling powerfmt v0.2.0
[INFO] [stderr]    Compiling openssl v0.10.81
[INFO] [stderr]    Compiling strsim v0.11.1
[INFO] [stderr]    Compiling icu_provider v2.2.0
[INFO] [stderr]    Compiling tokio v1.53.0
[INFO] [stderr]    Compiling http-body v0.4.6
[INFO] [stderr]    Compiling aes v0.8.4
[INFO] [stderr]    Compiling icu_normalizer v2.2.0
[INFO] [stderr]    Compiling icu_properties v2.2.0
[INFO] [stderr]    Compiling clap_builder v4.6.2
[INFO] [stderr]    Compiling lzma-rust2 v0.15.8
[INFO] [stderr]    Compiling xattr v1.6.1
[INFO] [stderr]    Compiling pbkdf2 v0.12.2
[INFO] [stderr]    Compiling sha1 v0.10.7
[INFO] [stderr]    Compiling zopfli v0.8.3
[INFO] [stderr]    Compiling console v0.16.4
[INFO] [stderr]    Compiling getrandom v0.3.4
[INFO] [stderr]    Compiling filetime v0.2.29
[INFO] [stderr]    Compiling bzip2 v0.6.1
[INFO] [stderr]    Compiling rustls-pemfile v1.0.4
[INFO] [stderr]    Compiling zeroize v1.9.0
[INFO] [stderr]    Compiling zstd v0.13.3
[INFO] [stderr]    Compiling portable-atomic v1.14.0
[INFO] [stderr]    Compiling encoding_rs v0.8.35
[INFO] [stderr]    Compiling deflate64 v0.1.12
[INFO] [stderr]    Compiling mime v0.3.17
[INFO] [stderr]    Compiling sync_wrapper v0.1.2
[INFO] [stderr]    Compiling ipnet v2.12.0
[INFO] [stderr]    Compiling typed-path v0.12.3
[INFO] [stderr]    Compiling unit-prefix v0.5.2
[INFO] [stderr]    Compiling constant_time_eq v0.3.1
[INFO] [stderr]    Compiling ppmd-rust v1.4.0
[INFO] [stderr]    Compiling tar v0.4.46
[INFO] [stderr]    Compiling semver v1.0.28
[INFO] [stderr]    Compiling serde v1.0.229
[INFO] [stderr]    Compiling serde_json v1.0.150
[INFO] [stderr]    Compiling time v0.3.53
[INFO] [stderr]    Compiling indicatif v0.18.6
[INFO] [stderr]    Compiling idna_adapter v1.2.2
[INFO] [stderr]    Compiling idna v1.1.0
[INFO] [stderr]    Compiling flate2 v1.1.9
[INFO] [stderr]    Compiling serde_urlencoded v0.7.1
[INFO] [stderr]    Compiling url v2.5.8
[INFO] [stderr]    Compiling zip v7.2.0
[INFO] [stderr]    Compiling clap v4.6.2
[INFO] [stderr]    Compiling native-tls v0.2.18
[INFO] [stderr]    Compiling tokio-util v0.7.18
[INFO] [stderr]    Compiling tokio-native-tls v0.3.1
[INFO] [stderr]    Compiling h2 v0.3.27
[INFO] [stderr]    Compiling hyper v0.14.32
[INFO] [stderr]    Compiling hyper-tls v0.5.0
[INFO] [stderr]    Compiling reqwest v0.11.27
[INFO] [stderr]    Compiling dver v0.4.0 (/opt/rustwide/workdir)
[INFO] [stderr]     Finished `release` profile [optimized] target(s) in 1m 21s
[INFO] running `Command { std: "docker" "inspect" "c5251a26412eb2b3d130d2fad8abbc1ff452766eb566701e421c9599c667575c", kill_on_drop: false }`
[INFO] running `Command { std: "docker" "exec" "-e" "SOURCE_DIR=/opt/rustwide/workdir" "-e" "CARGO_HOME=/opt/rustwide/cargo-home" "-e" "RUSTUP_HOME=/opt/rustwide/rustup-home" "-e" "CARGO_TARGET_DIR=/opt/rustwide/target" "-e" "CARGO_INCREMENTAL=0" "-e" "RUST_BACKTRACE=full" "-e" "RUSTFLAGS=--cap-lints=warn" "-e" "RUSTDOCFLAGS=--cap-lints=warn" "-w" "/opt/rustwide/workdir" "--user" "0:0" "c5251a26412eb2b3d130d2fad8abbc1ff452766eb566701e421c9599c667575c" "/opt/rustwide/cargo-home/bin/cargo" "+1.100.0-beta.1" "test" "--frozen" "--release", kill_on_drop: false }`
[INFO] [stderr] warning: `package.homepage` is redundant with `package.repository`
[INFO] [stderr]   --> Cargo.toml:56:12
[INFO] [stderr]    |
[INFO] [stderr] 56 | homepage = "https://github.com/stescobedo92/dotnet-version-manager"
[INFO] [stderr]    |            ^^^^^^^^^^^^^^^^^^^^^^^^^^^^^^^^^^^^^^^^^^^^^^^^^^^^^^^^
[INFO] [stderr] ...
[INFO] [stderr] 61 | repository = "https://github.com/stescobedo92/dotnet-version-manager"
[INFO] [stderr]    |              --------------------------------------------------------
[INFO] [stderr]    |
[INFO] [stderr]    = note: `cargo::redundant_homepage` is set to `warn` by default
[INFO] [stderr] help: consider removing `package.homepage`
[INFO] [stderr] warning: `dver` (manifest) generated 1 warning
[INFO] [stderr]     Finished `release` profile [optimized] target(s) in 0.26s
[INFO] [stderr]      Running unittests src/main.rs (/opt/rustwide/target/release/build/dver/137e211552ed1e6a/out/dver-137e211552ed1e6a)
[INFO] [stdout] 
[INFO] [stdout] running 9 tests
[INFO] [stdout] test utils::releases::tests::derives_channel_from_sdk_version ... ok
[INFO] [stdout] test utils::sdk::tests::rejects_ambiguous_prefix ... ok
[INFO] [stdout] test utils::sdk::tests::resolves_unique_prefix ... ok
[INFO] [stdout] test utils::sdk::tests::rejects_partial_patch_prefix_without_boundary ... ok
[INFO] [stdout] test utils::sdk::tests::resolves_exact_version_first ... ok
[INFO] [stdout] test commands::setup::tests::appends_new_dver_block ... ok
[INFO] [stdout] test utils::releases::tests::prefers_zip_archives ... ok
[INFO] [stdout] test commands::setup::tests::replaces_existing_dver_block ... ok
[INFO] [stdout] test utils::releases::tests::resolves_lts_channel_to_concrete_sdk ... FAILED
[INFO] [stdout] 
[INFO] [stdout] failures:
[INFO] [stdout] 
[INFO] [stdout] ---- utils::releases::tests::resolves_lts_channel_to_concrete_sdk stdout ----
[INFO] [stdout] 
[INFO] [stdout] thread 'utils::releases::tests::resolves_lts_channel_to_concrete_sdk' (3462) panicked at src/utils/releases.rs:363:14:
[INFO] [stdout] LTS should resolve via releases-index: reqwest::Error { kind: Request, url: Url { scheme: "https", cannot_be_a_base: false, username: "", password: None, host: Some(Domain("builds.dotnet.microsoft.com")), port: None, path: "/dotnet/release-metadata/releases-index.json", query: None, fragment: None }, source: hyper::Error(Connect, ConnectError("dns error", Custom { kind: Uncategorized, error: "failed to lookup address information: Temporary failure in name resolution" })) }
[INFO] [stdout] stack backtrace:
[INFO] [stdout]    0:     0x5f5aebf42137 - <unknown>
[INFO] [stdout]    1:     0x5f5aebe66d8a - <unknown>
[INFO] [stdout]    2:     0x5f5aebf416eb - <unknown>
[INFO] [stdout]    3:     0x5f5aebf411cf - <unknown>
[INFO] [stdout]    4:     0x5f5aebf40dfa - <unknown>
[INFO] [stdout]    5:     0x5f5aebf40935 - <unknown>
[INFO] [stdout]    6:     0x5f5aebf67781 - <unknown>
[INFO] [stdout]    7:     0x5f5aebf67739 - <unknown>
[INFO] [stdout]    8:     0x5f5aebf67c3c - <unknown>
[INFO] [stdout]    9:     0x5f5aebe66c1b - <unknown>
[INFO] [stdout]   10:     0x5f5aebe6ad21 - <unknown>
[INFO] [stdout]   11:     0x5f5aebe57cc1 - <unknown>
[INFO] [stdout]   12:     0x5f5aebe615d3 - <unknown>
[INFO] [stdout]   13:     0x5f5aebf8263b - <unknown>
[INFO] [stdout]   14:     0x5f5aebf7e062 - <unknown>
[INFO] [stdout]   15:     0x5f5aebf7dacc - <unknown>
[INFO] [stdout]   16:     0x5f5aebf9badc - <unknown>
[INFO] [stdout]   17:     0x5f5aebf696a4 - <unknown>
[INFO] [stdout]   18:     0x767f7c1f1dfa - <unknown>
[INFO] [stdout]   19:     0x767f7c2853d4 - clone
[INFO] [stdout]   20:                0x0 - <unknown>
[INFO] [stdout] 
[INFO] [stdout] 
[INFO] [stdout] failures:
[INFO] [stdout]     utils::releases::tests::resolves_lts_channel_to_concrete_sdk
[INFO] [stdout] 
[INFO] [stdout] test result: FAILED. 8 passed; 1 failed; 0 ignored; 0 measured; 0 filtered out; finished in 0.09s
[INFO] [stdout] 
[INFO] [stderr] error: test failed, to rerun pass `--bin dver`
[INFO] running `Command { std: "docker" "inspect" "c5251a26412eb2b3d130d2fad8abbc1ff452766eb566701e421c9599c667575c", kill_on_drop: false }`
[INFO] running `Command { std: "docker" "rm" "-f" "c5251a26412eb2b3d130d2fad8abbc1ff452766eb566701e421c9599c667575c", kill_on_drop: false }`
[INFO] [stdout] c5251a26412eb2b3d130d2fad8abbc1ff452766eb566701e421c9599c667575c
