[INFO] fetching crate dvb-conformance 11.1.0...
[INFO] testing dvb-conformance-11.1.0 against 1.99.0-beta.8+cargoflags=--release for beta-release-1.100-2
[INFO] extracting crate dvb-conformance 11.1.0 into /workspace/builds/worker-7-tc1/source
[INFO] started tweaking crates.io crate dvb-conformance 11.1.0
[INFO] removed 0 missing examples
[INFO] removed 0 missing tests
[INFO] finished tweaking crates.io crate dvb-conformance 11.1.0
[INFO] tweaked toml for crates.io crate dvb-conformance 11.1.0 written to /workspace/builds/worker-7-tc1/source/Cargo.toml
[INFO] validating manifest of crates.io crate dvb-conformance 11.1.0 on toolchain 1.99.0-beta.8
[INFO] running `Command { std: CARGO_HOME="/workspace/cargo-home" RUSTUP_HOME="/workspace/rustup-home" "/workspace/cargo-home/bin/cargo" "+1.99.0-beta.8" "metadata" "--manifest-path" "Cargo.toml" "--no-deps", kill_on_drop: false }`
[INFO] crate crates.io crate dvb-conformance 11.1.0 already has a lockfile, it will not be regenerated
[INFO] running `Command { std: CARGO_HOME="/workspace/cargo-home" RUSTUP_HOME="/workspace/rustup-home" "/workspace/cargo-home/bin/cargo" "+1.99.0-beta.8" "fetch" "--manifest-path" "Cargo.toml", kill_on_drop: false }`
[INFO] [stderr]     Updating crates.io index
[INFO] [stderr]  Downloading crates ...
[INFO] [stderr]   Downloaded cc v1.4.1
[INFO] [stderr]   Downloaded mpeg-ts v0.5.0
[INFO] [stderr]   Downloaded broadcast-common v9.4.0
[INFO] [stderr]   Downloaded dvb-si v11.1.0
[INFO] running `Command { std: "docker" "create" "-v" "/var/lib/crater-agent-workspace/builds/worker-7-tc1/source:/opt/rustwide/workdir:ro,Z" "-v" "/var/lib/crater-agent-workspace/builds/worker-7-tc1/target:/opt/rustwide/target:rw,Z" "-v" "/var/lib/crater-agent-workspace/cargo-home:/opt/rustwide/cargo-home:ro,Z" "-v" "/var/lib/crater-agent-workspace/rustup-home:/opt/rustwide/rustup-home:ro,Z" "-m" "1610612736" "--network" "none" "ghcr.io/rust-lang/crates-build-env/linux@sha256:77db811e55d90add9212f6832c23229e3de5f1c1f9905e8cb07319ea15df73ac" "sleep" "infinity", kill_on_drop: false }`
[INFO] [stdout] 88980ca20fe5ffc7b4ead1ed78ab396a101a2b1ce01f865a7d3dc5674eb96eb0
[INFO] running `Command { std: "docker" "start" "88980ca20fe5ffc7b4ead1ed78ab396a101a2b1ce01f865a7d3dc5674eb96eb0", kill_on_drop: false }`
[INFO] running `Command { std: "docker" "inspect" "88980ca20fe5ffc7b4ead1ed78ab396a101a2b1ce01f865a7d3dc5674eb96eb0", kill_on_drop: false }`
[INFO] running `Command { std: "docker" "exec" "-e" "SOURCE_DIR=/opt/rustwide/workdir" "-e" "CARGO_HOME=/opt/rustwide/cargo-home" "-e" "RUSTUP_HOME=/opt/rustwide/rustup-home" "-e" "CARGO_TARGET_DIR=/opt/rustwide/target" "-w" "/opt/rustwide/workdir" "--user" "0:0" "88980ca20fe5ffc7b4ead1ed78ab396a101a2b1ce01f865a7d3dc5674eb96eb0" "/opt/rustwide/cargo-home/bin/cargo" "+1.99.0-beta.8" "metadata" "--no-deps" "--format-version=1", kill_on_drop: false }`
[INFO] running `Command { std: "docker" "inspect" "88980ca20fe5ffc7b4ead1ed78ab396a101a2b1ce01f865a7d3dc5674eb96eb0", kill_on_drop: false }`
[INFO] running `Command { std: "docker" "exec" "-e" "SOURCE_DIR=/opt/rustwide/workdir" "-e" "CARGO_HOME=/opt/rustwide/cargo-home" "-e" "RUSTUP_HOME=/opt/rustwide/rustup-home" "-e" "CARGO_TARGET_DIR=/opt/rustwide/target" "-e" "CARGO_INCREMENTAL=0" "-e" "RUST_BACKTRACE=full" "-e" "RUSTFLAGS=--cap-lints=warn" "-e" "RUSTDOCFLAGS=--cap-lints=warn" "-w" "/opt/rustwide/workdir" "--user" "0:0" "88980ca20fe5ffc7b4ead1ed78ab396a101a2b1ce01f865a7d3dc5674eb96eb0" "/opt/rustwide/cargo-home/bin/cargo" "+1.99.0-beta.8" "build" "--frozen" "--message-format=json" "--release", kill_on_drop: false }`
[INFO] [stderr]    Compiling syn v3.0.3
[INFO] [stderr]    Compiling typeid v1.0.3
[INFO] [stderr]    Compiling thiserror v2.0.21
[INFO] [stderr]    Compiling syn v2.0.119
[INFO] [stderr]    Compiling hex v0.4.3
[INFO] [stderr]    Compiling erased-serde v0.4.10
[INFO] [stderr]    Compiling simdutf8 v0.1.5
[INFO] [stderr]    Compiling encoding_rs v0.8.42
[INFO] [stderr]    Compiling multiversion_no_op v1.0.0
[INFO] [stderr]    Compiling core_detect v1.0.0
[INFO] [stderr]    Compiling bytes v1.12.1
[INFO] [stderr]    Compiling toml_edit v0.25.13+spec-1.1.0
[INFO] [stderr]    Compiling dvb-si v11.1.0
[INFO] [stderr]    Compiling broadcast-common v9.4.0
[INFO] [stderr]    Compiling proc-macro-crate v3.5.0
[INFO] [stderr]    Compiling serde_derive v1.0.229
[INFO] [stderr]    Compiling thiserror-impl v2.0.21
[INFO] [stderr]    Compiling num_enum_derive v0.7.6
[INFO] [stderr]    Compiling num_enum v0.7.6
[INFO] [stderr]    Compiling serde v1.0.229
[INFO] [stderr]    Compiling mpeg-ts v0.5.0
[INFO] [stderr]    Compiling dvb-conformance v11.1.0 (/opt/rustwide/workdir)
[INFO] [stderr]     Finished `release` profile [optimized] target(s) in 31.75s
[INFO] running `Command { std: "docker" "inspect" "88980ca20fe5ffc7b4ead1ed78ab396a101a2b1ce01f865a7d3dc5674eb96eb0", kill_on_drop: false }`
[INFO] running `Command { std: "docker" "exec" "-e" "SOURCE_DIR=/opt/rustwide/workdir" "-e" "CARGO_HOME=/opt/rustwide/cargo-home" "-e" "RUSTUP_HOME=/opt/rustwide/rustup-home" "-e" "CARGO_TARGET_DIR=/opt/rustwide/target" "-e" "CARGO_INCREMENTAL=0" "-e" "RUST_BACKTRACE=full" "-e" "RUSTFLAGS=--cap-lints=warn" "-e" "RUSTDOCFLAGS=--cap-lints=warn" "-w" "/opt/rustwide/workdir" "--user" "0:0" "88980ca20fe5ffc7b4ead1ed78ab396a101a2b1ce01f865a7d3dc5674eb96eb0" "/opt/rustwide/cargo-home/bin/cargo" "+1.99.0-beta.8" "test" "--frozen" "--no-run" "--message-format=json" "--release", kill_on_drop: false }`
[INFO] [stderr]    Compiling broadcast-common v9.4.0
[INFO] [stderr]    Compiling mpeg-ts v0.5.0
[INFO] [stderr]    Compiling dvb-si v11.1.0
[INFO] [stderr]    Compiling dvb-conformance v11.1.0 (/opt/rustwide/workdir)
[INFO] [stderr]     Finished `release` profile [optimized] target(s) in 23.67s
[INFO] running `Command { std: "docker" "inspect" "88980ca20fe5ffc7b4ead1ed78ab396a101a2b1ce01f865a7d3dc5674eb96eb0", kill_on_drop: false }`
[INFO] running `Command { std: "docker" "exec" "-e" "SOURCE_DIR=/opt/rustwide/workdir" "-e" "CARGO_HOME=/opt/rustwide/cargo-home" "-e" "RUSTUP_HOME=/opt/rustwide/rustup-home" "-e" "CARGO_TARGET_DIR=/opt/rustwide/target" "-e" "CARGO_INCREMENTAL=0" "-e" "RUST_BACKTRACE=full" "-e" "RUSTFLAGS=--cap-lints=warn" "-e" "RUSTDOCFLAGS=--cap-lints=warn" "-w" "/opt/rustwide/workdir" "--user" "0:0" "88980ca20fe5ffc7b4ead1ed78ab396a101a2b1ce01f865a7d3dc5674eb96eb0" "/opt/rustwide/cargo-home/bin/cargo" "+1.99.0-beta.8" "test" "--frozen" "--release", kill_on_drop: false }`
[INFO] [stderr]     Finished `release` profile [optimized] target(s) in 0.06s
[INFO] [stderr]      Running unittests src/lib.rs (/opt/rustwide/target/release/deps/dvb_conformance-47eccdfdcce1129c)
[INFO] [stdout] 
[INFO] [stdout] running 94 tests
[INFO] [stdout] test tests::buffer_error_absent_when_large_section_paced_realistically ... ok
[INFO] [stdout] test tests::cat_error_scrambled_without_cat ... ok
[INFO] [stdout] test tests::cat_error_absent_when_cat_seen_then_scrambled ... ok
[INFO] [stdout] test tests::buffer_error_absent_on_small_sections ... ok
[INFO] [stdout] test tests::cc_discontinuity_indicator_skips_check ... ok
[INFO] [stdout] test tests::cc_correct_increment_no_error ... ok
[INFO] [stdout] test tests::cc_no_payload_holds_cc ... ok
[INFO] [stdout] test tests::eit_error_schedule_table_id_is_allowed ... ok
[INFO] [stdout] test tests::crc_error_absent_on_valid_pat ... ok
[INFO] [stdout] test tests::cc_error_trips_on_jump ... ok
[INFO] [stdout] test tests::eit_error_absent_on_compliant_stream ... ok
[INFO] [stdout] test tests::cc_single_duplicate_is_legal ... ok
[INFO] [stdout] test tests::cc_double_duplicate_is_error ... ok
[INFO] [stdout] test tests::eit_pf_error_per_sub_table_not_global ... ok
[INFO] [stdout] test tests::cc_null_pid_skipped ... ok
[INFO] [stdout] test tests::eit_error_trips_on_pf_actual_absence_timeout ... ok
[INFO] [stdout] test tests::eit_pf_error_trips_when_only_section_0_present ... ok
[INFO] [stdout] test tests::cat_error_wrong_table_id_on_pid_cat ... ok
[INFO] [stdout] test tests::eit_error_trips_on_wrong_table_id ... ok
[INFO] [stdout] test tests::buffer_error_trips_on_tbsys_overflow ... ok
[INFO] [stdout] test tests::nit_error_trips_on_wrong_table_id ... ok
[INFO] [stdout] test tests::eit_pf_error_absent_when_both_sections_present ... ok
[INFO] [stdout] test tests::nit_other_on_eit_pid_no_error ... ok
[INFO] [stdout] test tests::nit_error_absent_on_compliant_stream ... ok
[INFO] [stdout] test tests::other_indicators_suppressed_while_not_in_sync ... ok
[INFO] [stdout] test tests::nit_error_trips_on_actual_absence_timeout ... ok
[INFO] [stdout] test tests::crc_error_trips_on_corrupted_pat ... ok
[INFO] [stdout] test tests::other_repetition_silent_when_within_interval ... ok
[INFO] [stdout] test tests::pat_error_timeout_when_all_sections_fail_crc ... ok
[INFO] [stdout] test tests::pat_error_timeout ... ok
[INFO] [stdout] test tests::pat_error_timeout_when_sections_carry_wrong_table_id ... ok
[INFO] [stdout] test tests::data_delay_error_absent_with_rapid_drain ... ok
[INFO] [stdout] test tests::pat_timeout_emits_once_not_per_packet ... ok
[INFO] [stdout] test tests::pcr_discontinuity_error_absent_within_range ... ok
[INFO] [stdout] test tests::eit_pf_error_trips_when_only_section_1_present ... ok
[INFO] [stdout] test tests::epoch_based_caller_clock_anchors_all_timers ... ok
[INFO] [stdout] test tests::pat_error_timeout_when_sections_never_complete ... ok
[INFO] [stdout] test tests::pcr_discontinuity_error_suppressed_with_indicator ... ok
[INFO] [stdout] test tests::other_repetition_no_false_positive_if_table_absent ... ok
[INFO] [stdout] test tests::pat_compliant_no_error ... ok
[INFO] [stdout] test tests::pat_error_wrong_table_id ... ok
[INFO] [stdout] test tests::other_repetition_trips_on_interval_exceeded ... ok
[INFO] [stdout] test tests::empty_buffer_error_absent_when_buffer_empties_normally ... ok
[INFO] [stdout] test tests::es_pid_removed_by_new_pmt_version_stops_firing_and_becomes_unreferenced ... ok
[INFO] [stdout] test tests::pcr_discontinuity_error_trips_on_large_delta_without_indicator ... ok
[INFO] [stdout] test tests::pid_error_timeout ... ok
[INFO] [stdout] test tests::pid_compliant_no_error ... ok
[INFO] [stdout] test tests::pmt_compliant_no_error ... ok
[INFO] [stdout] test tests::pcr_repetition_error_absent_within_limit ... ok
[INFO] [stdout] test tests::pat_error_scrambling ... ok
[INFO] [stdout] test tests::pmt_error_timeout ... ok
[INFO] [stdout] test tests::sdt_error_trips_on_wrong_table_id ... ok
[INFO] [stdout] test tests::si_min_gap_absent_for_same_section_number_of_different_sub_tables ... ok
[INFO] [stdout] test tests::pcr_repetition_error_trips_on_large_gap ... ok
[INFO] [stdout] test tests::rst_error_absent_on_stuffing_table_id ... ok
[INFO] [stdout] test tests::si_min_gap_absent_when_25ms_or_more ... ok
[INFO] [stdout] test tests::sdt_error_absent_on_compliant_stream ... ok
[INFO] [stdout] test tests::si_min_gap_trips_for_consecutive_sections_of_one_sub_table ... ok
[INFO] [stdout] test tests::rst_error_absent_on_valid_rst ... ok
[INFO] [stdout] test tests::si_min_gap_trips_when_same_section_number_too_close ... ok
[INFO] [stdout] test tests::pmt_removed_by_new_pat_version_stops_firing_and_becomes_unreferenced ... ok
[INFO] [stdout] test tests::sdt_error_trips_on_actual_absence_timeout ... ok
[INFO] [stdout] test tests::pts_error_absent_within_limit ... ok
[INFO] [stdout] test tests::pts_error_not_armed_without_first_pts ... ok
[INFO] [stdout] test tests::pts_error_trips_on_large_gap ... ok
[INFO] [stdout] test tests::rst_error_trips_on_wrong_table_id ... ok
[INFO] [stdout] test tests::si_repetition_sdt_compliant_within_interval ... ok
[INFO] [stdout] test tests::si_repetition_nit_compliant_within_interval ... ok
[INFO] [stdout] test tests::si_repetition_emits_once_not_per_packet ... ok
[INFO] [stdout] test tests::si_repetition_nit_trips_on_timeout ... ok
[INFO] [stdout] test tests::si_repetition_sdt_trips_on_timeout ... ok
[INFO] [stdout] test tests::si_repetition_not_armed_before_first_section ... ok
[INFO] [stdout] test tests::si_repetition_tdt_trips_on_timeout ... ok
[INFO] [stdout] test tests::sync_byte_error_trips_on_bad_sync ... ok
[INFO] [stdout] test tests::tdt_error_absent_on_compliant_stream ... ok
[INFO] [stdout] test tests::sync_byte_error_absent_on_good_sync ... ok
[INFO] [stdout] test tests::cc_same_cc_different_payload_is_error ... ok
[INFO] [stdout] test tests::stats_track_packets_and_events ... ok
[INFO] [stdout] test tests::pmt_error_scrambling ... ok
[INFO] [stdout] test tests::si_repetition_tdt_compliant_within_interval ... ok
[INFO] [stdout] test tests::unreferenced_pid_trips_after_persistence_threshold ... ok
[INFO] [stdout] test tests::data_delay_error_trips_when_data_lingers_over_1s ... ok
[INFO] [stdout] test tests::unreferenced_pid_absent_when_referenced_by_pmt ... ok
[INFO] [stdout] test tests::transport_error_trips_on_tei_set ... ok
[INFO] [stdout] test tests::ts_sync_loss_after_bad_run_then_reacquire ... ok
[INFO] [stdout] test tests::transport_error_absent_on_tei_clear ... ok
[INFO] [stdout] test tests::unreferenced_pid_absent_within_persistence_threshold ... ok
[INFO] [stdout] test tests::tdt_error_trips_on_absence_timeout ... ok
[INFO] [stdout] test tests::ts_sync_loss_not_emitted_while_in_sync ... ok
[INFO] [stdout] test tests::unreferenced_pid_absent_for_well_known_si_pids ... ok
[INFO] [stdout] test tests::tdt_error_trips_on_wrong_table_id ... ok
[INFO] [stdout] test tests::si_repetition_eit_pf_compliant_within_interval ... ok
[INFO] [stdout] test tests::si_repetition_eit_pf_trips_on_timeout ... ok
[INFO] [stdout] test tests::empty_buffer_error_trips_when_tbsys_never_empties_for_1s ... ok
[INFO] [stderr]      Running tests/fixtures_clean.rs (/opt/rustwide/target/release/deps/fixtures_clean-954bfdaebba6379e)
[INFO] [stdout] 
[INFO] [stdout] test result: ok. 94 passed; 0 failed; 0 ignored; 0 measured; 0 filtered out; finished in 0.04s
[INFO] [stdout] 
[INFO] [stdout] 
[INFO] [stdout] running 3 tests
[INFO] [stdout] test france_tnt_uhf32_clean_on_new_736_indicators ... ok
[INFO] [stdout] test tnt_fixture_events_are_documented ... FAILED
[INFO] [stdout] test m6_single_no_non_cc_priority1_events ... FAILED
[INFO] [stdout] 
[INFO] [stdout] failures:
[INFO] [stdout] 
[INFO] [stdout] ---- tnt_fixture_events_are_documented stdout ----
[INFO] [stdout] 
[INFO] [stdout] thread 'tnt_fixture_events_are_documented' (1065) panicked at tests/fixtures_clean.rs:55:54:
[INFO] [stdout] cannot open /opt/rustwide/workdir/../fixtures/dvb-si/tnt-5w-12732v-isi6-10s.ts: No such file or directory (os error 2)
[INFO] [stdout] stack backtrace:
[INFO] [stdout]    0:     0x587ecdcf4f91 - <<std[70759c8f55707aa4]::sys::backtrace::BacktraceLock>::print::DisplayBacktrace as core[df12db4294e9bfd3]::fmt::Display>::fmt
[INFO] [stdout]    1:     0x587ecdd0959a - core[df12db4294e9bfd3]::fmt::write
[INFO] [stdout]    2:     0x587ecdcf942c - <alloc[2182bb758b4b3781]::vec::Vec<u8> as core[df12db4294e9bfd3]::io::write::Write>::write_fmt
[INFO] [stdout]    3:     0x587ecdcd1376 - std[70759c8f55707aa4]::panicking::default_hook::{closure#0}
[INFO] [stdout]    4:     0x587ecdced6f9 - std[70759c8f55707aa4]::panicking::default_hook
[INFO] [stdout]    5:     0x587ecdc68b90 - test[9d35eded1c95d3be]::test_main_inner::<test[9d35eded1c95d3be]::test_main_static::{closure#0}>::{closure#0}
[INFO] [stdout]    6:     0x587ecdced8b2 - std[70759c8f55707aa4]::panicking::panic_with_hook
[INFO] [stdout]    7:     0x587ecdcd1422 - std[70759c8f55707aa4]::panicking::panic_handler::{closure#0}
[INFO] [stdout]    8:     0x587ecdcca1a9 - std[70759c8f55707aa4]::sys::backtrace::__rust_end_short_backtrace::<std[70759c8f55707aa4]::panicking::panic_handler::{closure#0}, !>
[INFO] [stdout]    9:     0x587ecdcd201d - __rustc[8fa7c3cbc660c2b3]::rust_begin_unwind
[INFO] [stdout]   10:     0x587ecdd09ccc - core[df12db4294e9bfd3]::panicking::panic_fmt
[INFO] [stdout]   11:     0x587ecdc5a95a - fixtures_clean[c81749573ca04efb]::read_fixture::{closure#0}
[INFO] [stdout]   12:     0x587ecdc5afcd - fixtures_clean[c81749573ca04efb]::run_monitor_on_fixture
[INFO] [stdout]   13:     0x587ecdc5b1a6 - <fixtures_clean[c81749573ca04efb]::tnt_fixture_events_are_documented::{closure#0} as core[df12db4294e9bfd3]::ops::function::FnOnce<()>>::call_once
[INFO] [stdout]   14:     0x587ecdc5be7b - test[9d35eded1c95d3be]::__rust_begin_short_backtrace::<core[df12db4294e9bfd3]::result::Result<(), alloc[2182bb758b4b3781]::string::String>, fn() -> core[df12db4294e9bfd3]::result::Result<(), alloc[2182bb758b4b3781]::string::String>>
[INFO] [stdout]   15:     0x587ecdc694e5 - test[9d35eded1c95d3be]::run_test::{closure#0}
[INFO] [stdout]   16:     0x587ecdc62da4 - std[70759c8f55707aa4]::sys::backtrace::__rust_begin_short_backtrace::<test[9d35eded1c95d3be]::run_test::{closure#1}, ()>
[INFO] [stdout]   17:     0x587ecdc6c642 - <std[70759c8f55707aa4]::thread::lifecycle::spawn_unchecked<test[9d35eded1c95d3be]::run_test::{closure#1}, ()>::{closure#1} as core[df12db4294e9bfd3]::ops::function::FnOnce<()>>::call_once::{shim:vtable#0}
[INFO] [stdout]   18:     0x587ecdcf4869 - <std[70759c8f55707aa4]::sys::thread::unix::Thread>::new::thread_start
[INFO] [stdout]   19:     0x787ee1e49dfa - <unknown>
[INFO] [stdout]   20:     0x787ee1edd3d4 - clone
[INFO] [stdout]   21:                0x0 - <unknown>
[INFO] [stdout] 
[INFO] [stdout] ---- m6_single_no_non_cc_priority1_events stdout ----
[INFO] [stdout] 
[INFO] [stdout] thread 'm6_single_no_non_cc_priority1_events' (1064) panicked at tests/fixtures_clean.rs:55:54:
[INFO] [stdout] cannot open /opt/rustwide/workdir/../fixtures/ts/m6-single.ts: No such file or directory (os error 2)
[INFO] [stdout] stack backtrace:
[INFO] [stdout]    0:     0x587ecdcf4f91 - <<std[70759c8f55707aa4]::sys::backtrace::BacktraceLock>::print::DisplayBacktrace as core[df12db4294e9bfd3]::fmt::Display>::fmt
[INFO] [stdout]    1:     0x587ecdd0959a - core[df12db4294e9bfd3]::fmt::write
[INFO] [stdout]    2:     0x587ecdcf942c - <alloc[2182bb758b4b3781]::vec::Vec<u8> as core[df12db4294e9bfd3]::io::write::Write>::write_fmt
[INFO] [stdout]    3:     0x587ecdcd1376 - std[70759c8f55707aa4]::panicking::default_hook::{closure#0}
[INFO] [stdout]    4:     0x587ecdced6f9 - std[70759c8f55707aa4]::panicking::default_hook
[INFO] [stdout]    5:     0x587ecdc68b90 - test[9d35eded1c95d3be]::test_main_inner::<test[9d35eded1c95d3be]::test_main_static::{closure#0}>::{closure#0}
[INFO] [stdout]    6:     0x587ecdced8b2 - std[70759c8f55707aa4]::panicking::panic_with_hook
[INFO] [stdout]    7:     0x587ecdcd1422 - std[70759c8f55707aa4]::panicking::panic_handler::{closure#0}
[INFO] [stdout]    8:     0x587ecdcca1a9 - std[70759c8f55707aa4]::sys::backtrace::__rust_end_short_backtrace::<std[70759c8f55707aa4]::panicking::panic_handler::{closure#0}, !>
[INFO] [stdout]    9:     0x587ecdcd201d - __rustc[8fa7c3cbc660c2b3]::rust_begin_unwind
[INFO] [stdout]   10:     0x587ecdd09ccc - core[df12db4294e9bfd3]::panicking::panic_fmt
[INFO] [stdout]   11:     0x587ecdc5a95a - fixtures_clean[c81749573ca04efb]::read_fixture::{closure#0}
[INFO] [stdout]   12:     0x587ecdc5afcd - fixtures_clean[c81749573ca04efb]::run_monitor_on_fixture
[INFO] [stdout]   13:     0x587ecdc5b39a - <fixtures_clean[c81749573ca04efb]::m6_single_no_non_cc_priority1_events::{closure#0} as core[df12db4294e9bfd3]::ops::function::FnOnce<()>>::call_once
[INFO] [stdout]   14:     0x587ecdc5be7b - test[9d35eded1c95d3be]::__rust_begin_short_backtrace::<core[df12db4294e9bfd3]::result::Result<(), alloc[2182bb758b4b3781]::string::String>, fn() -> core[df12db4294e9bfd3]::result::Result<(), alloc[2182bb758b4b3781]::string::String>>
[INFO] [stdout]   15:     0x587ecdc694e5 - test[9d35eded1c95d3be]::run_test::{closure#0}
[INFO] [stdout]   16:     0x587ecdc62da4 - std[70759c8f55707aa4]::sys::backtrace::__rust_begin_short_backtrace::<test[9d35eded1c95d3be]::run_test::{closure#1}, ()>
[INFO] [stdout]   17:     0x587ecdc6c642 - <std[70759c8f55707aa4]::thread::lifecycle::spawn_unchecked<test[9d35eded1c95d3be]::run_test::{closure#1}, ()>::{closure#1} as core[df12db4294e9bfd3]::ops::function::FnOnce<()>>::call_once::{shim:vtable#0}
[INFO] [stdout]   18:     0x587ecdcf4869 - <std[70759c8f55707aa4]::sys::thread::unix::Thread>::new::thread_start
[INFO] [stdout]   19:     0x787ee1e49dfa - <unknown>
[INFO] [stdout]   20:     0x787ee1edd3d4 - clone
[INFO] [stdout]   21:                0x0 - <unknown>
[INFO] [stdout] 
[INFO] [stdout] 
[INFO] [stdout] failures:
[INFO] [stdout]     m6_single_no_non_cc_priority1_events
[INFO] [stdout]     tnt_fixture_events_are_documented
[INFO] [stdout] 
[INFO] [stdout] test result: FAILED. 1 passed; 2 failed; 0 ignored; 0 measured; 0 filtered out; finished in 0.00s
[INFO] [stdout] 
[INFO] [stderr] error: test failed, to rerun pass `--test fixtures_clean`
[INFO] running `Command { std: "docker" "inspect" "88980ca20fe5ffc7b4ead1ed78ab396a101a2b1ce01f865a7d3dc5674eb96eb0", kill_on_drop: false }`
[INFO] running `Command { std: "docker" "rm" "-f" "88980ca20fe5ffc7b4ead1ed78ab396a101a2b1ce01f865a7d3dc5674eb96eb0", kill_on_drop: false }`
[INFO] [stdout] 88980ca20fe5ffc7b4ead1ed78ab396a101a2b1ce01f865a7d3dc5674eb96eb0
