[INFO] fetching crate duvis 0.1.8...
[INFO] testing duvis-0.1.8 against 1.100.0-beta.1+cargoflags=--release for beta-release-1.100-2
[INFO] extracting crate duvis 0.1.8 into /workspace/builds/worker-2-tc2/source
[INFO] started tweaking crates.io crate duvis 0.1.8
[INFO] finished tweaking crates.io crate duvis 0.1.8
[INFO] tweaked toml for crates.io crate duvis 0.1.8 written to /workspace/builds/worker-2-tc2/source/Cargo.toml
[INFO] validating manifest of crates.io crate duvis 0.1.8 on toolchain 1.100.0-beta.1
[INFO] running `Command { std: CARGO_HOME="/workspace/cargo-home" RUSTUP_HOME="/workspace/rustup-home" "/workspace/cargo-home/bin/cargo" "+1.100.0-beta.1" "metadata" "--manifest-path" "Cargo.toml" "--no-deps", kill_on_drop: false }`
[INFO] crate crates.io crate duvis 0.1.8 already has a lockfile, it will not be regenerated
[INFO] running `Command { std: CARGO_HOME="/workspace/cargo-home" RUSTUP_HOME="/workspace/rustup-home" "/workspace/cargo-home/bin/cargo" "+1.100.0-beta.1" "fetch" "--manifest-path" "Cargo.toml", kill_on_drop: false }`
[INFO] [stderr] warning: `package.homepage` is redundant with `package.repository`
[INFO] [stderr]   --> Cargo.toml:82:12
[INFO] [stderr]    |
[INFO] [stderr] 82 | homepage = "https://github.com/yamadashy/duvis"
[INFO] [stderr]    |            ^^^^^^^^^^^^^^^^^^^^^^^^^^^^^^^^^^^^
[INFO] [stderr] ...
[INFO] [stderr] 88 | repository = "https://github.com/yamadashy/duvis"
[INFO] [stderr]    |              ------------------------------------
[INFO] [stderr]    |
[INFO] [stderr]    = note: `cargo::redundant_homepage` is set to `warn` by default
[INFO] [stderr] help: consider removing `package.homepage`
[INFO] [stderr] warning: `duvis` (manifest) generated 1 warning
[INFO] running `Command { std: "docker" "create" "-v" "/var/lib/crater-agent-workspace/builds/worker-2-tc2/source:/opt/rustwide/workdir:ro,Z" "-v" "/var/lib/crater-agent-workspace/builds/worker-2-tc2/target:/opt/rustwide/target:rw,Z" "-v" "/var/lib/crater-agent-workspace/cargo-home:/opt/rustwide/cargo-home:ro,Z" "-v" "/var/lib/crater-agent-workspace/rustup-home:/opt/rustwide/rustup-home:ro,Z" "-m" "1610612736" "--network" "none" "ghcr.io/rust-lang/crates-build-env/linux@sha256:77db811e55d90add9212f6832c23229e3de5f1c1f9905e8cb07319ea15df73ac" "sleep" "infinity", kill_on_drop: false }`
[INFO] [stdout] 7f057e0c67e702a4f2024dc427d0f42be9b7e336e7bd0962b1482d9b1b85040f
[INFO] running `Command { std: "docker" "start" "7f057e0c67e702a4f2024dc427d0f42be9b7e336e7bd0962b1482d9b1b85040f", kill_on_drop: false }`
[INFO] running `Command { std: "docker" "inspect" "7f057e0c67e702a4f2024dc427d0f42be9b7e336e7bd0962b1482d9b1b85040f", kill_on_drop: false }`
[INFO] running `Command { std: "docker" "exec" "-e" "SOURCE_DIR=/opt/rustwide/workdir" "-e" "CARGO_HOME=/opt/rustwide/cargo-home" "-e" "RUSTUP_HOME=/opt/rustwide/rustup-home" "-e" "CARGO_TARGET_DIR=/opt/rustwide/target" "-w" "/opt/rustwide/workdir" "--user" "0:0" "7f057e0c67e702a4f2024dc427d0f42be9b7e336e7bd0962b1482d9b1b85040f" "/opt/rustwide/cargo-home/bin/cargo" "+1.100.0-beta.1" "metadata" "--no-deps" "--format-version=1", kill_on_drop: false }`
[INFO] running `Command { std: "docker" "inspect" "7f057e0c67e702a4f2024dc427d0f42be9b7e336e7bd0962b1482d9b1b85040f", kill_on_drop: false }`
[INFO] running `Command { std: "docker" "exec" "-e" "SOURCE_DIR=/opt/rustwide/workdir" "-e" "CARGO_HOME=/opt/rustwide/cargo-home" "-e" "RUSTUP_HOME=/opt/rustwide/rustup-home" "-e" "CARGO_TARGET_DIR=/opt/rustwide/target" "-e" "CARGO_INCREMENTAL=0" "-e" "RUST_BACKTRACE=full" "-e" "RUSTFLAGS=--cap-lints=warn" "-e" "RUSTDOCFLAGS=--cap-lints=warn" "-w" "/opt/rustwide/workdir" "--user" "0:0" "7f057e0c67e702a4f2024dc427d0f42be9b7e336e7bd0962b1482d9b1b85040f" "/opt/rustwide/cargo-home/bin/cargo" "+1.100.0-beta.1" "build" "--frozen" "--message-format=json" "--release", kill_on_drop: false }`
[INFO] [stderr] warning: `package.homepage` is redundant with `package.repository`
[INFO] [stderr]   --> Cargo.toml:82:12
[INFO] [stderr]    |
[INFO] [stderr] 82 | homepage = "https://github.com/yamadashy/duvis"
[INFO] [stderr]    |            ^^^^^^^^^^^^^^^^^^^^^^^^^^^^^^^^^^^^
[INFO] [stderr] ...
[INFO] [stderr] 88 | repository = "https://github.com/yamadashy/duvis"
[INFO] [stderr]    |              ------------------------------------
[INFO] [stderr]    |
[INFO] [stderr]    = note: `cargo::redundant_homepage` is set to `warn` by default
[INFO] [stderr] help: consider removing `package.homepage`
[INFO] [stderr] warning: `duvis` (manifest) generated 1 warning
[INFO] [stderr]    Compiling tokio-macros v2.7.0
[INFO] [stderr]    Compiling serde_derive v1.0.228
[INFO] [stderr]    Compiling http v1.4.0
[INFO] [stderr]    Compiling serde_json v1.0.149
[INFO] [stderr]    Compiling futures-channel v0.3.32
[INFO] [stderr]    Compiling tracing v0.1.44
[INFO] [stderr]    Compiling socket2 v0.6.3
[INFO] [stderr]    Compiling mio v1.2.0
[INFO] [stderr]    Compiling futures-task v0.3.32
[INFO] [stderr]    Compiling slab v0.4.12
[INFO] [stderr]    Compiling is-docker v0.2.0
[INFO] [stderr]    Compiling aho-corasick v1.1.4
[INFO] [stderr]    Compiling regex-syntax v0.8.10
[INFO] [stderr]    Compiling clap_builder v4.6.0
[INFO] [stderr]    Compiling clap_derive v4.6.1
[INFO] [stderr]    Compiling serde_path_to_error v0.1.20
[INFO] [stderr]    Compiling is-wsl v0.4.0
[INFO] [stderr]    Compiling futures-util v0.3.32
[INFO] [stderr]    Compiling bstr v1.12.1
[INFO] [stderr]    Compiling duvis v0.1.8 (/opt/rustwide/workdir)
[INFO] [stderr]    Compiling pathdiff v0.2.3
[INFO] [stderr]    Compiling either v1.15.0
[INFO] [stderr]    Compiling open v5.3.5
[INFO] [stderr]    Compiling rayon v1.12.0
[INFO] [stderr]    Compiling tokio v1.52.3
[INFO] [stderr]    Compiling http-body v1.0.1
[INFO] [stderr]    Compiling http-body-util v0.1.3
[INFO] [stderr]    Compiling axum-core v0.5.6
[INFO] [stderr]    Compiling regex-automata v0.4.14
[INFO] [stderr]    Compiling serde v1.0.228
[INFO] [stderr]    Compiling clap v4.6.1
[INFO] [stderr]    Compiling serde_urlencoded v0.7.1
[INFO] [stderr]    Compiling toon-format v0.5.0
[INFO] [stderr]    Compiling hyper v1.9.0
[INFO] [stderr]    Compiling tower v0.5.3
[INFO] [stderr]    Compiling globset v0.4.18
[INFO] [stderr]    Compiling hyper-util v0.1.20
[INFO] [stderr]    Compiling axum v0.8.9
[INFO] [stderr]     Finished `release` profile [optimized] target(s) in 1m 00s
[INFO] running `Command { std: "docker" "inspect" "7f057e0c67e702a4f2024dc427d0f42be9b7e336e7bd0962b1482d9b1b85040f", kill_on_drop: false }`
[INFO] running `Command { std: "docker" "exec" "-e" "SOURCE_DIR=/opt/rustwide/workdir" "-e" "CARGO_HOME=/opt/rustwide/cargo-home" "-e" "RUSTUP_HOME=/opt/rustwide/rustup-home" "-e" "CARGO_TARGET_DIR=/opt/rustwide/target" "-e" "CARGO_INCREMENTAL=0" "-e" "RUST_BACKTRACE=full" "-e" "RUSTFLAGS=--cap-lints=warn" "-e" "RUSTDOCFLAGS=--cap-lints=warn" "-w" "/opt/rustwide/workdir" "--user" "0:0" "7f057e0c67e702a4f2024dc427d0f42be9b7e336e7bd0962b1482d9b1b85040f" "/opt/rustwide/cargo-home/bin/cargo" "+1.100.0-beta.1" "test" "--frozen" "--no-run" "--message-format=json" "--release", kill_on_drop: false }`
[INFO] [stderr] warning: `package.homepage` is redundant with `package.repository`
[INFO] [stderr]   --> Cargo.toml:82:12
[INFO] [stderr]    |
[INFO] [stderr] 82 | homepage = "https://github.com/yamadashy/duvis"
[INFO] [stderr]    |            ^^^^^^^^^^^^^^^^^^^^^^^^^^^^^^^^^^^^
[INFO] [stderr] ...
[INFO] [stderr] 88 | repository = "https://github.com/yamadashy/duvis"
[INFO] [stderr]    |              ------------------------------------
[INFO] [stderr]    |
[INFO] [stderr]    = note: `cargo::redundant_homepage` is set to `warn` by default
[INFO] [stderr] help: consider removing `package.homepage`
[INFO] [stderr] warning: `duvis` (manifest) generated 1 warning
[INFO] [stderr]    Compiling regex-automata v0.4.14
[INFO] [stderr]    Compiling float-cmp v0.10.0
[INFO] [stderr]    Compiling getrandom v0.4.2
[INFO] [stderr]    Compiling assert_cmd v2.2.2
[INFO] [stderr]    Compiling console v0.16.3
[INFO] [stderr]    Compiling duvis v0.1.8 (/opt/rustwide/workdir)
[INFO] [stderr]    Compiling wait-timeout v0.2.1
[INFO] [stderr]    Compiling tempfile v3.27.0
[INFO] [stderr]    Compiling regex v1.12.3
[INFO] [stderr]    Compiling bstr v1.12.1
[INFO] [stderr]    Compiling predicates v3.1.4
[INFO] [stderr]    Compiling insta v1.47.2
[INFO] [stderr]    Compiling globset v0.4.18
[INFO] [stderr]     Finished `release` profile [optimized] target(s) in 45.70s
[INFO] running `Command { std: "docker" "inspect" "7f057e0c67e702a4f2024dc427d0f42be9b7e336e7bd0962b1482d9b1b85040f", kill_on_drop: false }`
[INFO] running `Command { std: "docker" "exec" "-e" "SOURCE_DIR=/opt/rustwide/workdir" "-e" "CARGO_HOME=/opt/rustwide/cargo-home" "-e" "RUSTUP_HOME=/opt/rustwide/rustup-home" "-e" "CARGO_TARGET_DIR=/opt/rustwide/target" "-e" "CARGO_INCREMENTAL=0" "-e" "RUST_BACKTRACE=full" "-e" "RUSTFLAGS=--cap-lints=warn" "-e" "RUSTDOCFLAGS=--cap-lints=warn" "-w" "/opt/rustwide/workdir" "--user" "0:0" "7f057e0c67e702a4f2024dc427d0f42be9b7e336e7bd0962b1482d9b1b85040f" "/opt/rustwide/cargo-home/bin/cargo" "+1.100.0-beta.1" "test" "--frozen" "--release", kill_on_drop: false }`
[INFO] [stderr] warning: `package.homepage` is redundant with `package.repository`
[INFO] [stderr]   --> Cargo.toml:82:12
[INFO] [stderr]    |
[INFO] [stderr] 82 | homepage = "https://github.com/yamadashy/duvis"
[INFO] [stderr]    |            ^^^^^^^^^^^^^^^^^^^^^^^^^^^^^^^^^^^^
[INFO] [stderr] ...
[INFO] [stderr] 88 | repository = "https://github.com/yamadashy/duvis"
[INFO] [stderr]    |              ------------------------------------
[INFO] [stderr]    |
[INFO] [stderr]    = note: `cargo::redundant_homepage` is set to `warn` by default
[INFO] [stderr] help: consider removing `package.homepage`
[INFO] [stderr] warning: `duvis` (manifest) generated 1 warning
[INFO] [stderr]    Compiling duvis v0.1.8 (/opt/rustwide/workdir)
[INFO] [stderr]     Finished `release` profile [optimized] target(s) in 17.14s
[INFO] [stderr]      Running unittests src/lib.rs (/opt/rustwide/target/release/build/duvis/2d2104a68ae8127b/out/duvis-2d2104a68ae8127b)
[INFO] [stdout] 
[INFO] [stdout] running 84 tests
[INFO] [stdout] test classify::rules::tests::ai_model_stores_classify_as_model_cache ... ok
[INFO] [stdout] test classify::rules::tests::archive_files_classify_as_archive ... ok
[INFO] [stdout] test classify::rules::tests::classifies_additional_ide_and_vcs ... ok
[INFO] [stdout] test classify::rules::tests::classifies_known_directories ... ok
[INFO] [stdout] test classify::category::tests::tier_split_matches_intent ... ok
[INFO] [stdout] test classify::rules::tests::classifies_language_toolchains_as_cache ... ok
[INFO] [stdout] test classify::rules::tests::explain_dir_reports_default_when_unmatched ... ok
[INFO] [stdout] test classify::category::tests::category_display_round_trips_through_from_str ... ok
[INFO] [stdout] test classify::rules::tests::backup_files_classify_as_backup ... ok
[INFO] [stdout] test classify::category::tests::category_from_str_is_case_insensitive ... ok
[INFO] [stdout] test classify::rules::tests::vm_images_classify_as_vm_image ... ok
[INFO] [stdout] test classify::rules::tests::raw_photo_classifies_as_media ... ok
[INFO] [stdout] test classify::rules::tests::explain_dir_reports_partial_cache_match ... ok
[INFO] [stdout] test classify::rules::tests::explain_file_reports_default_when_unmatched ... ok
[INFO] [stdout] test classify::rules::tests::time_machine_backup_directories_classify_as_backup ... ok
[INFO] [stdout] test classify::rules::tests::explain_file_reports_extension_needle ... ok
[INFO] [stdout] test classify::category::tests::category_from_str_rejects_unknown_with_full_list ... ok
[INFO] [stdout] test classify::rules::tests::classifies_directory_names_case_insensitively ... ok
[INFO] [stdout] test entry::tests::dir_size_is_sum_of_children ... ok
[INFO] [stdout] test filter::parse::tests::parse_duration_days_works ... ok
[INFO] [stdout] test entry::tests::file_has_no_children ... ok
[INFO] [stdout] test classify::rules::tests::explain_dir_reports_extended_winning_over_cache ... ok
[INFO] [stdout] test classify::rules::tests::explain_file_reports_filename_suffix_for_orbstack ... ok
[INFO] [stdout] test filter::parse::tests::parse_duration_rejects_unknown_suffix ... ok
[INFO] [stdout] test filter::tests::category_and_type_filters_combine_with_and ... ok
[INFO] [stdout] test entry::tests::sort_reverse_flips_order ... ok
[INFO] [stdout] test entry::tests::sort_by_name_ascending ... ok
[INFO] [stdout] test filter::parse::tests::parse_size_1024_based ... ok
[INFO] [stdout] test entry::tests::sort_by_size_descending_by_default ... ok
[INFO] [stdout] test filter::tests::min_size_filter ... ok
[INFO] [stdout] test entry::tests::sort_recurses_into_children ... ok
[INFO] [stdout] test filter::tests::empty_filter_matches_everything ... ok
[INFO] [stdout] test classify::rules::tests::partial_match_catches_cache_directories ... ok
[INFO] [stdout] test cli::help::tests::ui_help_mentions_ui_flags ... ok
[INFO] [stdout] test classify::rules::tests::classifies_files_by_extension ... ok
[INFO] [stdout] test filter::parse::tests::parse_size_rejects_garbage ... ok
[INFO] [stdout] test filter::parse::tests::parse_size_rejects_non_finite_and_overflow ... ok
[INFO] [stdout] test filter::subtree::tests::precompute_subtree_match_keeps_ancestors_of_matches ... ok
[INFO] [stdout] test classify::rules::tests::installer_files_classify_as_installer ... ok
[INFO] [stdout] test classify::rules::tests::typescript_files_are_not_media ... ok
[INFO] [stdout] test render::format::tests::formats_bytes ... ok
[INFO] [stdout] test render::largest::tests::render_path_for_text_truncates_long_paths_from_the_front ... ok
[INFO] [stdout] test render::format::tests::formats_megabytes_and_above ... ok
[INFO] [stdout] test render::largest::tests::collect_all_excludes_root_and_visits_every_descendant ... ok
[INFO] [stdout] test render::largest::tests::collect_all_includes_file_scan_root ... ok
[INFO] [stdout] test filter::tests::mtime_filters ... ok
[INFO] [stdout] test filter::tests::name_filter_combines_globs_with_or ... ok
[INFO] [stdout] test render::largest::tests::write_ndjson_emits_meta_then_one_line_per_result ... ok
[INFO] [stdout] test render::format::tests::formats_kilobytes ... ok
[INFO] [stdout] test render::json::tests::relative_path_root_is_dot_and_descendants_use_forward_slashes ... ok
[INFO] [stdout] test classify::rules::tests::explain_dir_reports_exact_match_needle ... ok
[INFO] [stdout] test render::json::tests::meta_block_carries_scan_root_and_hardlinks ... ok
[INFO] [stdout] test render::largest::tests::select_largest_orders_by_size_desc_with_path_tiebreak ... ok
[INFO] [stdout] test render::json::tests::file_and_dir_counts_aggregate_recursively ... ok
[INFO] [stdout] test render::ndjson::tests::each_entry_carries_full_subtree_counts ... ok
[INFO] [stdout] test render::largest::tests::write_text_renders_aligned_table_with_dir_marker ... ok
[INFO] [stdout] test render::largest::tests::write_json_returns_meta_plus_flat_largest_array ... ok
[INFO] [stdout] test render::ndjson::tests::first_line_is_meta_then_dfs_pre_order_entries ... ok
[INFO] [stdout] test render::toon::tests::emits_indentation_based_meta_and_tree_without_json_braces ... ok
[INFO] [stdout] test render::toon::tests::quotes_names_containing_the_field_delimiter ... ok
[INFO] [stdout] test render::json::tests::truncated_counts_reflect_top_drops ... ok
[INFO] [stdout] test ui::reveal::tests::accepts_file_inside_canonicalized_root ... ok
[INFO] [stdout] test ui::reveal::tests::rejects_non_canonical_root_that_would_escape_starts_with ... ok
[INFO] [stdout] test ui::reveal::tests::rejects_traversal_segments ... ok
[INFO] [stdout] test ui::server::tests::data_json_returns_ready_with_meta ... ok
[INFO] [stdout] test ui::server::tests::index_serves_html_shell ... ok
[INFO] [stdout] test wire::entry::tests::empty_directory_serializes_with_an_empty_children_array ... ok
[INFO] [stdout] test ui::server::tests::reveal_rejects_path_traversal_segments ... ok
[INFO] [stdout] test wire::category::tests::serializes_to_snake_case_label ... ok
[INFO] [stdout] test ui::server::tests::reveal_rejects_nonexistent_segment ... ok
[INFO] [stdout] test wire::entry::tests::modified_days_ago_is_emitted_when_present ... ok
[INFO] [stdout] test wire::entry::tests::wire_shape_matches_v0_1_0_format ... ok
[INFO] [stdout] test wire::explain::tests::wire_shape_matches_v0_1_x_explain_format ... ok
[INFO] [stdout] test scan::walk::tests::category_propagates_into_node_modules ... ok
[INFO] [stdout] test scan::walk::tests::hardlink_dedup_obeys_policy ... ok
[INFO] [stdout] test scan::walk::tests::leaves_keep_own_category_outside_named_dirs ... ok
[INFO] [stdout] test scan::walk::tests::counts_are_populated_on_clean_scan ... ok
[INFO] [stdout] test wire::category::tests::every_variant_serializes_to_its_label ... ok
[INFO] [stdout] test ui::reveal::tests::rejects_missing_segment_with_not_found ... ok
[INFO] [stdout] test scan::walk::tests::unreadable_directory_is_counted_as_skipped ... FAILED
[INFO] [stdout] test ui::server::tests::data_json_returns_scanning_initially ... ok
[INFO] [stdout] test ui::server::tests::rescan_returns_accepted ... ok
[INFO] [stdout] test scan::walk::tests::outermost_ancestor_wins ... ok
[INFO] [stdout] test scan::walk::tests::scan_walks_a_real_directory ... ok
[INFO] [stdout] 
[INFO] [stdout] failures:
[INFO] [stdout] 
[INFO] [stdout] ---- scan::walk::tests::unreadable_directory_is_counted_as_skipped stdout ----
[INFO] [stdout] 
[INFO] [stdout] thread 'scan::walk::tests::unreadable_directory_is_counted_as_skipped' (1501) panicked at src/scan/walk.rs:310:9:
[INFO] [stdout] expected ≥1 skip, got 0
[INFO] [stdout] stack backtrace:
[INFO] [stdout]    0:     0x62bf1ef492a1 - <<std[617be2ca0a6fd877]::sys::backtrace::BacktraceLock>::print::DisplayBacktrace as core[a373ad73a504971]::fmt::Display>::fmt
[INFO] [stdout]    1:     0x62bf1ef6227a - core[a373ad73a504971]::fmt::write
[INFO] [stdout]    2:     0x62bf1ef4f11c - <alloc[2e1b2a31b91974c5]::vec::Vec<u8> as core[a373ad73a504971]::io::write::Write>::write_fmt
[INFO] [stdout]    3:     0x62bf1ef22556 - std[617be2ca0a6fd877]::panicking::default_hook::{closure#0}
[INFO] [stdout]    4:     0x62bf1ef40289 - std[617be2ca0a6fd877]::panicking::default_hook
[INFO] [stdout]    5:     0x62bf1edba1e0 - test[aada8e7e76ba119b]::test_main_inner::{closure#0}
[INFO] [stdout]    6:     0x62bf1ef405b2 - std[617be2ca0a6fd877]::panicking::panic_with_hook
[INFO] [stdout]    7:     0x62bf1ef22602 - std[617be2ca0a6fd877]::panicking::panic_handler::{closure#0}
[INFO] [stdout]    8:     0x62bf1ef1a999 - std[617be2ca0a6fd877]::sys::backtrace::__rust_end_short_backtrace::<std[617be2ca0a6fd877]::panicking::panic_handler::{closure#0}, !>
[INFO] [stdout]    9:     0x62bf1ef234cd - __rustc[ea4f61d10b84890b]::rust_begin_unwind
[INFO] [stdout]   10:     0x62bf1ef62a5c - core[a373ad73a504971]::panicking::panic_fmt
[INFO] [stdout]   11:     0x62bf1ed99b4a - <duvis[e8cdee998b012215]::scan::walk::tests::unreadable_directory_is_counted_as_skipped::{closure#0} as core[a373ad73a504971]::ops::function::FnOnce<()>>::call_once
[INFO] [stdout]   12:     0x62bf1edad62b - test[aada8e7e76ba119b]::__rust_begin_short_backtrace::<core[a373ad73a504971]::result::Result<(), alloc[2e1b2a31b91974c5]::string::String>, fn() -> core[a373ad73a504971]::result::Result<(), alloc[2e1b2a31b91974c5]::string::String>>
[INFO] [stdout]   13:     0x62bf1edba805 - test[aada8e7e76ba119b]::run_test::{closure#0}
[INFO] [stdout]   14:     0x62bf1edb40f4 - std[617be2ca0a6fd877]::sys::backtrace::__rust_begin_short_backtrace::<test[aada8e7e76ba119b]::run_test::{closure#1}, ()>
[INFO] [stdout]   15:     0x62bf1edbd892 - <std[617be2ca0a6fd877]::thread::lifecycle::spawn_unchecked<test[aada8e7e76ba119b]::run_test::{closure#1}, ()>::{closure#1} as core[a373ad73a504971]::ops::function::FnOnce<()>>::call_once::{shim:vtable#0}
[INFO] [stdout]   16:     0x62bf1ef484ff - <std[617be2ca0a6fd877]::sys::thread::unix::Thread>::new::thread_start
[INFO] [stdout]   17:     0x7347cca03dfa - <unknown>
[INFO] [stdout]   18:     0x7347cca973d4 - clone
[INFO] [stdout]   19:                0x0 - <unknown>
[INFO] [stdout] 
[INFO] [stdout] 
[INFO] [stdout] failures:
[INFO] [stdout]     scan::walk::tests::unreadable_directory_is_counted_as_skipped
[INFO] [stdout] 
[INFO] [stdout] test result: FAILED. 83 passed; 1 failed; 0 ignored; 0 measured; 0 filtered out; finished in 0.02s
[INFO] [stdout] 
[INFO] [stderr] error: test failed, to rerun pass `--lib`
[INFO] running `Command { std: "docker" "inspect" "7f057e0c67e702a4f2024dc427d0f42be9b7e336e7bd0962b1482d9b1b85040f", kill_on_drop: false }`
[INFO] running `Command { std: "docker" "rm" "-f" "7f057e0c67e702a4f2024dc427d0f42be9b7e336e7bd0962b1482d9b1b85040f", kill_on_drop: false }`
[INFO] [stdout] 7f057e0c67e702a4f2024dc427d0f42be9b7e336e7bd0962b1482d9b1b85040f
