[INFO] fetching crate durable-db 0.11.3...
[INFO] testing durable-db-0.11.3 against 1.100.0-beta.1+cargoflags=--release for beta-release-1.100-2
[INFO] extracting crate durable-db 0.11.3 into /workspace/builds/worker-6-tc2/source
[INFO] started tweaking crates.io crate durable-db 0.11.3
[INFO] removed 0 missing tests
[INFO] finished tweaking crates.io crate durable-db 0.11.3
[INFO] tweaked toml for crates.io crate durable-db 0.11.3 written to /workspace/builds/worker-6-tc2/source/Cargo.toml
[INFO] validating manifest of crates.io crate durable-db 0.11.3 on toolchain 1.100.0-beta.1
[INFO] running `Command { std: CARGO_HOME="/workspace/cargo-home" RUSTUP_HOME="/workspace/rustup-home" "/workspace/cargo-home/bin/cargo" "+1.100.0-beta.1" "metadata" "--manifest-path" "Cargo.toml" "--no-deps", kill_on_drop: false }`
[INFO] crate crates.io crate durable-db 0.11.3 already has a lockfile, it will not be regenerated
[INFO] running `Command { std: CARGO_HOME="/workspace/cargo-home" RUSTUP_HOME="/workspace/rustup-home" "/workspace/cargo-home/bin/cargo" "+1.100.0-beta.1" "fetch" "--manifest-path" "Cargo.toml", kill_on_drop: false }`
[INFO] running `Command { std: "docker" "create" "-v" "/var/lib/crater-agent-workspace/builds/worker-6-tc2/source:/opt/rustwide/workdir:ro,Z" "-v" "/var/lib/crater-agent-workspace/builds/worker-6-tc2/target:/opt/rustwide/target:rw,Z" "-v" "/var/lib/crater-agent-workspace/cargo-home:/opt/rustwide/cargo-home:ro,Z" "-v" "/var/lib/crater-agent-workspace/rustup-home:/opt/rustwide/rustup-home:ro,Z" "-m" "1610612736" "--network" "none" "ghcr.io/rust-lang/crates-build-env/linux@sha256:77db811e55d90add9212f6832c23229e3de5f1c1f9905e8cb07319ea15df73ac" "sleep" "infinity", kill_on_drop: false }`
[INFO] [stdout] e5911bb57447d461fa5e2c182ad4656d84a3df2e11ffe50caf9fe44a54a5da91
[INFO] running `Command { std: "docker" "start" "e5911bb57447d461fa5e2c182ad4656d84a3df2e11ffe50caf9fe44a54a5da91", kill_on_drop: false }`
[INFO] running `Command { std: "docker" "inspect" "e5911bb57447d461fa5e2c182ad4656d84a3df2e11ffe50caf9fe44a54a5da91", kill_on_drop: false }`
[INFO] running `Command { std: "docker" "exec" "-e" "SOURCE_DIR=/opt/rustwide/workdir" "-e" "CARGO_HOME=/opt/rustwide/cargo-home" "-e" "RUSTUP_HOME=/opt/rustwide/rustup-home" "-e" "CARGO_TARGET_DIR=/opt/rustwide/target" "-w" "/opt/rustwide/workdir" "--user" "0:0" "e5911bb57447d461fa5e2c182ad4656d84a3df2e11ffe50caf9fe44a54a5da91" "/opt/rustwide/cargo-home/bin/cargo" "+1.100.0-beta.1" "metadata" "--no-deps" "--format-version=1", kill_on_drop: false }`
[INFO] running `Command { std: "docker" "inspect" "e5911bb57447d461fa5e2c182ad4656d84a3df2e11ffe50caf9fe44a54a5da91", kill_on_drop: false }`
[INFO] running `Command { std: "docker" "exec" "-e" "SOURCE_DIR=/opt/rustwide/workdir" "-e" "CARGO_HOME=/opt/rustwide/cargo-home" "-e" "RUSTUP_HOME=/opt/rustwide/rustup-home" "-e" "CARGO_TARGET_DIR=/opt/rustwide/target" "-e" "CARGO_INCREMENTAL=0" "-e" "RUST_BACKTRACE=full" "-e" "RUSTFLAGS=--cap-lints=warn" "-e" "RUSTDOCFLAGS=--cap-lints=warn" "-w" "/opt/rustwide/workdir" "--user" "0:0" "e5911bb57447d461fa5e2c182ad4656d84a3df2e11ffe50caf9fe44a54a5da91" "/opt/rustwide/cargo-home/bin/cargo" "+1.100.0-beta.1" "build" "--frozen" "--message-format=json" "--release", kill_on_drop: false }`
[INFO] [stderr]    Compiling serde_core v1.0.228
[INFO] [stderr]    Compiling libc v0.2.183
[INFO] [stderr]    Compiling serde v1.0.228
[INFO] [stderr]    Compiling typenum v1.19.0
[INFO] [stderr]    Compiling num-traits v0.2.19
[INFO] [stderr]    Compiling zerovec-derive v0.11.2
[INFO] [stderr]    Compiling zerofrom-derive v0.1.6
[INFO] [stderr]    Compiling yoke-derive v0.8.1
[INFO] [stderr]    Compiling icu_properties_data v2.1.2
[INFO] [stderr]    Compiling cc v1.2.57
[INFO] [stderr]    Compiling generic-array v0.14.7
[INFO] [stderr]    Compiling crossbeam-utils v0.8.21
[INFO] [stderr]    Compiling rustls-pki-types v1.14.0
[INFO] [stderr]    Compiling zerocopy v0.8.47
[INFO] [stderr]    Compiling zerofrom v0.1.6
[INFO] [stderr]    Compiling heck v0.4.1
[INFO] [stderr]    Compiling yoke v0.8.1
[INFO] [stderr]    Compiling getrandom v0.2.17
[INFO] [stderr]    Compiling mio v1.1.1
[INFO] [stderr]    Compiling zerovec v0.11.5
[INFO] [stderr]    Compiling zerotrie v0.2.3
[INFO] [stderr]    Compiling crypto-common v0.1.7
[INFO] [stderr]    Compiling ring v0.17.14
[INFO] [stderr]    Compiling block-buffer v0.10.4
[INFO] [stderr]    Compiling socket2 v0.6.3
[INFO] [stderr]    Compiling digest v0.10.7
[INFO] [stderr]    Compiling num-integer v0.1.46
[INFO] [stderr]    Compiling tokio-macros v2.6.1
[INFO] [stderr]    Compiling bigdecimal v0.4.10
[INFO] [stderr]    Compiling time-core v0.1.8
[INFO] [stderr]    Compiling tinystr v0.8.2
[INFO] [stderr]    Compiling potential_utf v0.1.4
[INFO] [stderr]    Compiling log v0.4.29
[INFO] [stderr]    Compiling icu_locale_core v2.1.1
[INFO] [stderr]    Compiling icu_collections v2.1.1
[INFO] [stderr]    Compiling serde_json v1.0.149
[INFO] [stderr]    Compiling futures-sink v0.3.32
[INFO] [stderr]    Compiling num-conv v0.2.0
[INFO] [stderr]    Compiling rust_decimal v1.40.0
[INFO] [stderr]    Compiling time-macros v0.2.27
[INFO] [stderr]    Compiling form_urlencoded v1.2.2
[INFO] [stderr]    Compiling tokio v1.50.0
[INFO] [stderr]    Compiling tracing v0.1.44
[INFO] [stderr]    Compiling num-bigint v0.4.6
[INFO] [stderr]    Compiling deranged v0.5.8
[INFO] [stderr]    Compiling smallvec v1.15.1
[INFO] [stderr]    Compiling icu_provider v2.1.1
[INFO] [stderr]    Compiling parking_lot_core v0.9.12
[INFO] [stderr]    Compiling icu_normalizer v2.1.1
[INFO] [stderr]    Compiling icu_properties v2.1.2
[INFO] [stderr]    Compiling chrono v0.4.44
[INFO] [stderr]    Compiling foldhash v0.1.5
[INFO] [stderr]    Compiling arrayvec v0.7.6
[INFO] [stderr]    Compiling rustls v0.23.37
[INFO] [stderr]    Compiling idna_adapter v1.2.1
[INFO] [stderr]    Compiling idna v1.1.0
[INFO] [stderr]    Compiling futures-io v0.3.32
[INFO] [stderr]    Compiling darling_core v0.20.11
[INFO] [stderr]    Compiling url v2.5.8
[INFO] [stderr]    Compiling futures-util v0.3.32
[INFO] [stderr]    Compiling ppv-lite86 v0.2.21
[INFO] [stderr]    Compiling time v0.3.47
[INFO] [stderr]    Compiling hashbrown v0.15.5
[INFO] [stderr]    Compiling tinyvec v1.11.0
[INFO] [stderr]    Compiling parking_lot v0.12.5
[INFO] [stderr]    Compiling uuid v1.22.0
[INFO] [stderr]    Compiling concurrent-queue v2.5.0
[INFO] [stderr]    Compiling webpki-roots v1.0.6
[INFO] [stderr]    Compiling rand_core v0.6.4
[INFO] [stderr]    Compiling hashbrown v0.16.1
[INFO] [stderr]    Compiling thiserror v2.0.18
[INFO] [stderr]    Compiling sha2 v0.10.9
[INFO] [stderr]    Compiling event-listener v5.4.1
[INFO] [stderr]    Compiling indexmap v2.13.0
[INFO] [stderr]    Compiling crc v3.4.0
[INFO] [stderr]    Compiling rand_chacha v0.3.1
[INFO] [stderr]    Compiling webpki-roots v0.26.11
[INFO] [stderr]    Compiling futures-intrusive v0.5.0
[INFO] [stderr]    Compiling hashlink v0.10.0
[INFO] [stderr]    Compiling unicode-normalization v0.1.25
[INFO] [stderr]    Compiling darling_macro v0.20.11
[INFO] [stderr]    Compiling tokio-stream v0.1.18
[INFO] [stderr]    Compiling either v1.15.0
[INFO] [stderr]    Compiling futures-channel v0.3.32
[INFO] [stderr]    Compiling hmac v0.12.1
[INFO] [stderr]    Compiling crossbeam-queue v0.3.12
[INFO] [stderr]    Compiling stringprep v0.1.5
[INFO] [stderr]    Compiling hkdf v0.12.4
[INFO] [stderr]    Compiling darling v0.20.11
[INFO] [stderr]    Compiling rand v0.8.5
[INFO] [stderr]    Compiling md-5 v0.10.6
[INFO] [stderr]    Compiling atoi v2.0.0
[INFO] [stderr]    Compiling proc-macro2-diagnostics v0.10.1
[INFO] [stderr]    Compiling bitflags v2.11.0
[INFO] [stderr]    Compiling home v0.5.12
[INFO] [stderr]    Compiling whoami v1.6.1
[INFO] [stderr]    Compiling sea-query-derive v0.4.3
[INFO] [stderr]    Compiling ordered-float v4.6.0
[INFO] [stderr]    Compiling rustls-webpki v0.103.10
[INFO] [stderr]    Compiling inherent v1.0.13
[INFO] [stderr]    Compiling proc-macro-error-attr2 v2.0.0
[INFO] [stderr]    Compiling yansi v1.0.1
[INFO] [stderr]    Compiling proc-macro-error2 v2.0.1
[INFO] [stderr]    Compiling sea-query v0.32.7
[INFO] [stderr]    Compiling derive_more-impl v2.1.1
[INFO] [stderr]    Compiling ouroboros_macro v0.18.5
[INFO] [stderr]    Compiling clap_builder v4.6.0
[INFO] [stderr]    Compiling strum_macros v0.26.4
[INFO] [stderr]    Compiling sea-bae v0.2.1
[INFO] [stderr]    Compiling clap_derive v4.6.0
[INFO] [stderr]    Compiling aliasable v0.1.3
[INFO] [stderr]    Compiling ouroboros v0.18.5
[INFO] [stderr]    Compiling tracing-subscriber v0.3.23
[INFO] [stderr]    Compiling sea-orm-macros v1.1.19
[INFO] [stderr]    Compiling derive_more v2.1.1
[INFO] [stderr]    Compiling futures v0.3.32
[INFO] [stderr]    Compiling sea-schema-derive v0.3.0
[INFO] [stderr]    Compiling strum v0.26.3
[INFO] [stderr]    Compiling clap v4.6.0
[INFO] [stderr]    Compiling sea-orm-cli v1.1.19
[INFO] [stderr]    Compiling sqlx-core v0.8.6
[INFO] [stderr]    Compiling sqlx-postgres v0.8.6
[INFO] [stderr]    Compiling sqlx v0.8.6
[INFO] [stderr]    Compiling sea-query-binder v0.7.0
[INFO] [stderr]    Compiling sea-schema v0.16.2
[INFO] [stderr]    Compiling sea-orm v1.1.19
[INFO] [stderr]    Compiling sea-orm-migration v1.1.19
[INFO] [stderr]    Compiling durable-db v0.11.3 (/opt/rustwide/workdir)
[INFO] [stderr]     Finished `release` profile [optimized] target(s) in 4m 59s
[INFO] [stderr] warning: the following packages contain code that will be rejected by a future version of Rust: proc-macro-error2 v2.0.1
[INFO] [stderr] note: to see what the problems were, use the option `--future-incompat-report`, or run `cargo report future-incompatibilities --id 4`
[INFO] running `Command { std: "docker" "inspect" "e5911bb57447d461fa5e2c182ad4656d84a3df2e11ffe50caf9fe44a54a5da91", kill_on_drop: false }`
[INFO] running `Command { std: "docker" "exec" "-e" "SOURCE_DIR=/opt/rustwide/workdir" "-e" "CARGO_HOME=/opt/rustwide/cargo-home" "-e" "RUSTUP_HOME=/opt/rustwide/rustup-home" "-e" "CARGO_TARGET_DIR=/opt/rustwide/target" "-e" "CARGO_INCREMENTAL=0" "-e" "RUST_BACKTRACE=full" "-e" "RUSTFLAGS=--cap-lints=warn" "-e" "RUSTDOCFLAGS=--cap-lints=warn" "-w" "/opt/rustwide/workdir" "--user" "0:0" "e5911bb57447d461fa5e2c182ad4656d84a3df2e11ffe50caf9fe44a54a5da91" "/opt/rustwide/cargo-home/bin/cargo" "+1.100.0-beta.1" "test" "--frozen" "--no-run" "--message-format=json" "--release", kill_on_drop: false }`
[INFO] [stderr]    Compiling errno v0.3.14
[INFO] [stderr]    Compiling getrandom v0.4.2
[INFO] [stderr]    Compiling uuid v1.22.0
[INFO] [stderr]    Compiling signal-hook-registry v1.4.8
[INFO] [stderr]    Compiling tokio v1.50.0
[INFO] [stderr]    Compiling sea-query v0.32.7
[INFO] [stderr]    Compiling tokio-stream v0.1.18
[INFO] [stderr]    Compiling sea-orm-cli v1.1.19
[INFO] [stderr]    Compiling sqlx-core v0.8.6
[INFO] [stderr]    Compiling sqlx-postgres v0.8.6
[INFO] [stderr]    Compiling sqlx v0.8.6
[INFO] [stderr]    Compiling sea-query-binder v0.7.0
[INFO] [stderr]    Compiling sea-schema v0.16.2
[INFO] [stderr]    Compiling sea-orm v1.1.19
[INFO] [stderr]    Compiling sea-orm-migration v1.1.19
[INFO] [stderr]    Compiling durable-db v0.11.3 (/opt/rustwide/workdir)
[INFO] [stderr]     Finished `release` profile [optimized] target(s) in 2m 44s
[INFO] [stderr] warning: the following packages contain code that will be rejected by a future version of Rust: proc-macro-error2 v2.0.1
[INFO] [stderr] note: to see what the problems were, use the option `--future-incompat-report`, or run `cargo report future-incompatibilities --id 4`
[INFO] running `Command { std: "docker" "inspect" "e5911bb57447d461fa5e2c182ad4656d84a3df2e11ffe50caf9fe44a54a5da91", kill_on_drop: false }`
[INFO] running `Command { std: "docker" "exec" "-e" "SOURCE_DIR=/opt/rustwide/workdir" "-e" "CARGO_HOME=/opt/rustwide/cargo-home" "-e" "RUSTUP_HOME=/opt/rustwide/rustup-home" "-e" "CARGO_TARGET_DIR=/opt/rustwide/target" "-e" "CARGO_INCREMENTAL=0" "-e" "RUST_BACKTRACE=full" "-e" "RUSTFLAGS=--cap-lints=warn" "-e" "RUSTDOCFLAGS=--cap-lints=warn" "-w" "/opt/rustwide/workdir" "--user" "0:0" "e5911bb57447d461fa5e2c182ad4656d84a3df2e11ffe50caf9fe44a54a5da91" "/opt/rustwide/cargo-home/bin/cargo" "+1.100.0-beta.1" "test" "--frozen" "--release", kill_on_drop: false }`
[INFO] [stderr]     Finished `release` profile [optimized] target(s) in 0.28s
[INFO] [stderr] warning: the following packages contain code that will be rejected by a future version of Rust: proc-macro-error2 v2.0.1
[INFO] [stderr] note: to see what the problems were, use the option `--future-incompat-report`, or run `cargo report future-incompatibilities --id 4`
[INFO] [stderr]      Running unittests src/lib.rs (/opt/rustwide/target/release/build/durable-db/6c5f930285581715/out/durable_db-6c5f930285581715)
[INFO] [stdout] 
[INFO] [stdout] running 2 tests
[INFO] [stdout] test entity::sea_orm_active_enums::tests::task_status_iden_is_schema_qualified ... ok
[INFO] [stdout] test entity::sea_orm_active_enums::tests::task_status_sql_is_schema_qualified ... ok
[INFO] [stderr]      Running tests/integration.rs (/opt/rustwide/target/release/build/durable-db/7b25b1a8fbaa3e81/out/integration-7b25b1a8fbaa3e81)
[INFO] [stdout] 
[INFO] [stdout] test result: ok. 2 passed; 0 failed; 0 ignored; 0 measured; 0 filtered out; finished in 0.00s
[INFO] [stdout] 
[INFO] [stdout] 
[INFO] [stdout] running 24 tests
[INFO] [stdout] test cascade_delete_children_on_parent_delete ... FAILED
[INFO] [stdout] test cascade_delete_removes_scheduled_children has been running for over 60 seconds
[INFO] [stdout] test default_values has been running for over 60 seconds
[INFO] [stdout] test insert_and_query_task_queue has been running for over 60 seconds
[INFO] [stdout] test insert_child_steps has been running for over 60 seconds
[INFO] [stdout] test insert_root_workflow has been running for over 60 seconds
[INFO] [stdout] test insert_scheduled_task_with_cron_and_next_run has been running for over 60 seconds
[INFO] [stdout] test migration_creates_indexes has been running for over 60 seconds
[INFO] [stdout] test insert_and_query_task_queue ... FAILED
[INFO] [stdout] test migration_creates_schema_and_tables has been running for over 60 seconds
[INFO] [stdout] test insert_root_workflow ... FAILED
[INFO] [stdout] test migration_down_drops_everything has been running for over 60 seconds
[INFO] [stdout] test insert_child_steps ... FAILED
[INFO] [stdout] test migration_is_idempotent has been running for over 60 seconds
[INFO] [stdout] test cascade_delete_removes_scheduled_children ... FAILED
[INFO] [stdout] test null_parent_allows_multiple_root_tasks has been running for over 60 seconds
[INFO] [stdout] test default_values ... FAILED
[INFO] [stdout] test queue_foreign_key has been running for over 60 seconds
[INFO] [stdout] test insert_scheduled_task_with_cron_and_next_run ... FAILED
[INFO] [stdout] test schedule_index_is_used_for_due_tasks_query has been running for over 60 seconds
[INFO] [stdout] test migration_creates_indexes ... FAILED
[INFO] [stdout] test scheduled_parent_can_spawn_child_instances has been running for over 60 seconds
[INFO] [stdout] test migration_creates_schema_and_tables ... FAILED
[INFO] [stdout] test scheduled_task_null_cron_means_one_shot has been running for over 60 seconds
[INFO] [stdout] test migration_down_drops_everything ... FAILED
[INFO] [stdout] test task_queue_rate_limit_columns has been running for over 60 seconds
[INFO] [stdout] test migration_is_idempotent ... FAILED
[INFO] [stdout] test task_timestamps_auto_set has been running for over 60 seconds
[INFO] [stdout] test null_parent_allows_multiple_root_tasks ... FAILED
[INFO] [stdout] test task_with_jsonb_input_output has been running for over 60 seconds
[INFO] [stdout] test queue_foreign_key ... FAILED
[INFO] [stdout] test test_executor_heartbeat_crud has been running for over 60 seconds
[INFO] [stdout] test schedule_index_is_used_for_due_tasks_query ... FAILED
[INFO] [stdout] test test_migration_creates_executor_heartbeat_table has been running for over 60 seconds
[INFO] [stdout] test scheduled_parent_can_spawn_child_instances ... FAILED
[INFO] [stdout] test unique_constraint_parent_name has been running for over 60 seconds
[INFO] [stdout] test scheduled_task_null_cron_means_one_shot ... FAILED
[INFO] [stdout] test unique_constraint_parent_sequence has been running for over 60 seconds
[INFO] [stdout] test task_queue_rate_limit_columns ... FAILED
[INFO] [stdout] test update_next_run_at_after_trigger has been running for over 60 seconds
[INFO] [stdout] test task_timestamps_auto_set ... FAILED
[INFO] [stdout] test task_with_jsonb_input_output ... FAILED
[INFO] [stdout] test test_executor_heartbeat_crud ... FAILED
[INFO] [stdout] test test_migration_creates_executor_heartbeat_table ... FAILED
[INFO] [stdout] test unique_constraint_parent_name ... FAILED
[INFO] [stdout] test unique_constraint_parent_sequence ... FAILED
[INFO] [stdout] test update_next_run_at_after_trigger ... FAILED
[INFO] [stdout] 
[INFO] [stdout] failures:
[INFO] [stdout] 
[INFO] [stderr] error: test failed, to rerun pass `--test integration`
[INFO] [stdout] ---- cascade_delete_children_on_parent_delete stdout ----
[INFO] [stdout] 
[INFO] [stdout] thread 'cascade_delete_children_on_parent_delete' (3008) panicked at tests/integration.rs:36:10:
[INFO] [stdout] failed to connect to database: Conn(SqlxError(PoolTimedOut))
[INFO] [stdout] stack backtrace:
[INFO] [stdout]    0:     0x57a34b8f8e41 - <<std[617be2ca0a6fd877]::sys::backtrace::BacktraceLock>::print::DisplayBacktrace as core[a373ad73a504971]::fmt::Display>::fmt
[INFO] [stdout]    1:     0x57a34b910b4a - core[a373ad73a504971]::fmt::write
[INFO] [stdout]    2:     0x57a34b8fd61c - <alloc[2e1b2a31b91974c5]::vec::Vec<u8> as core[a373ad73a504971]::io::write::Write>::write_fmt
[INFO] [stdout]    3:     0x57a34b8d3b66 - std[617be2ca0a6fd877]::panicking::default_hook::{closure#0}
[INFO] [stdout]    4:     0x57a34b8f0a29 - std[617be2ca0a6fd877]::panicking::default_hook
[INFO] [stdout]    5:     0x57a34b55dc20 - test[aada8e7e76ba119b]::test_main_inner::{closure#0}
[INFO] [stdout]    6:     0x57a34b8f0d52 - std[617be2ca0a6fd877]::panicking::panic_with_hook
[INFO] [stdout]    7:     0x57a34b8d3c12 - std[617be2ca0a6fd877]::panicking::panic_handler::{closure#0}
[INFO] [stdout]    8:     0x57a34b8cc6b9 - std[617be2ca0a6fd877]::sys::backtrace::__rust_end_short_backtrace::<std[617be2ca0a6fd877]::panicking::panic_handler::{closure#0}, !>
[INFO] [stdout]    9:     0x57a34b8d4a0d - __rustc[ea4f61d10b84890b]::rust_begin_unwind
[INFO] [stdout]   10:     0x57a34b9112ac - core[a373ad73a504971]::panicking::panic_fmt
[INFO] [stdout]   11:     0x57a34b911082 - core[a373ad73a504971]::result::unwrap_failed
[INFO] [stdout]   12:     0x57a34b4c2740 - integration[73169ce08b3b08de]::setup::{closure#0}
[INFO] [stdout]   13:     0x57a34b4c8d8f - integration[73169ce08b3b08de]::cascade_delete_children_on_parent_delete::{closure#0}
[INFO] [stdout]   14:     0x57a34b527dd3 - <tokio[2e1177366d118354]::runtime::scheduler::current_thread::Context>::enter::<core[a373ad73a504971]::task::poll::Poll<()>, <tokio[2e1177366d118354]::runtime::scheduler::current_thread::CoreGuard>::block_on<core[a373ad73a504971]::pin::Pin<&mut core[a373ad73a504971]::pin::Pin<&mut dyn core[a373ad73a504971]::future::future::Future<Output = ()>>>>::{closure#0}::{closure#0}>
[INFO] [stdout]   15:     0x57a34b54537c - <tokio[2e1177366d118354]::runtime::context::scoped::Scoped<tokio[2e1177366d118354]::runtime::scheduler::Context>>::set::<<tokio[2e1177366d118354]::runtime::scheduler::current_thread::CoreGuard>::enter<<tokio[2e1177366d118354]::runtime::scheduler::current_thread::CoreGuard>::block_on<core[a373ad73a504971]::pin::Pin<&mut core[a373ad73a504971]::pin::Pin<&mut dyn core[a373ad73a504971]::future::future::Future<Output = ()>>>>::{closure#0}, core[a373ad73a504971]::option::Option<()>>::{closure#0}, (alloc[2e1b2a31b91974c5]::boxed::Box<tokio[2e1177366d118354]::runtime::scheduler::current_thread::Core>, core[a373ad73a504971]::option::Option<()>)>
[INFO] [stdout]   16:     0x57a34b5278df - <tokio[2e1177366d118354]::runtime::scheduler::current_thread::CurrentThread>::block_on::<core[a373ad73a504971]::pin::Pin<&mut dyn core[a373ad73a504971]::future::future::Future<Output = ()>>>
[INFO] [stdout]   17:     0x57a34b51f482 - <tokio[2e1177366d118354]::runtime::runtime::Runtime>::block_on::<core[a373ad73a504971]::pin::Pin<&mut dyn core[a373ad73a504971]::future::future::Future<Output = ()>>>
[INFO] [stdout]   18:     0x57a34b4d189e - <integration[73169ce08b3b08de]::cascade_delete_children_on_parent_delete::{closure#0} as core[a373ad73a504971]::ops::function::FnOnce<()>>::call_once
[INFO] [stdout]   19:     0x57a34b55106b - test[aada8e7e76ba119b]::__rust_begin_short_backtrace::<core[a373ad73a504971]::result::Result<(), alloc[2e1b2a31b91974c5]::string::String>, fn() -> core[a373ad73a504971]::result::Result<(), alloc[2e1b2a31b91974c5]::string::String>>
[INFO] [stdout]   20:     0x57a34b55e245 - test[aada8e7e76ba119b]::run_test::{closure#0}
[INFO] [stdout]   21:     0x57a34b557b34 - std[617be2ca0a6fd877]::sys::backtrace::__rust_begin_short_backtrace::<test[aada8e7e76ba119b]::run_test::{closure#1}, ()>
[INFO] [stdout]   22:     0x57a34b5612d2 - <std[617be2ca0a6fd877]::thread::lifecycle::spawn_unchecked<test[aada8e7e76ba119b]::run_test::{closure#1}, ()>::{closure#1} as core[a373ad73a504971]::ops::function::FnOnce<()>>::call_once::{shim:vtable#0}
[INFO] [stdout]   23:     0x57a34b8f7fdf - <std[617be2ca0a6fd877]::sys::thread::unix::Thread>::new::thread_start
[INFO] [stdout]   24:     0x7abfc6a92dfa - <unknown>
[INFO] [stdout]   25:     0x7abfc6b263d4 - clone
[INFO] [stdout]   26:                0x0 - <unknown>
[INFO] [stdout] 
[INFO] [stdout] ---- insert_and_query_task_queue stdout ----
[INFO] [stdout] 
[INFO] [stdout] thread 'insert_and_query_task_queue' (3011) panicked at tests/integration.rs:36:10:
[INFO] [stdout] failed to connect to database: Conn(SqlxError(PoolTimedOut))
[INFO] [stdout] stack backtrace:
[INFO] [stdout]    0:     0x57a34b8f8e41 - <<std[617be2ca0a6fd877]::sys::backtrace::BacktraceLock>::print::DisplayBacktrace as core[a373ad73a504971]::fmt::Display>::fmt
[INFO] [stdout]    1:     0x57a34b910b4a - core[a373ad73a504971]::fmt::write
[INFO] [stdout]    2:     0x57a34b8fd61c - <alloc[2e1b2a31b91974c5]::vec::Vec<u8> as core[a373ad73a504971]::io::write::Write>::write_fmt
[INFO] [stdout]    3:     0x57a34b8d3b66 - std[617be2ca0a6fd877]::panicking::default_hook::{closure#0}
[INFO] [stdout]    4:     0x57a34b8f0a29 - std[617be2ca0a6fd877]::panicking::default_hook
[INFO] [stdout]    5:     0x57a34b55dc20 - test[aada8e7e76ba119b]::test_main_inner::{closure#0}
[INFO] [stdout]    6:     0x57a34b8f0d52 - std[617be2ca0a6fd877]::panicking::panic_with_hook
[INFO] [stdout]    7:     0x57a34b8d3c12 - std[617be2ca0a6fd877]::panicking::panic_handler::{closure#0}
[INFO] [stdout]    8:     0x57a34b8cc6b9 - std[617be2ca0a6fd877]::sys::backtrace::__rust_end_short_backtrace::<std[617be2ca0a6fd877]::panicking::panic_handler::{closure#0}, !>
[INFO] [stdout]    9:     0x57a34b8d4a0d - __rustc[ea4f61d10b84890b]::rust_begin_unwind
[INFO] [stdout]   10:     0x57a34b9112ac - core[a373ad73a504971]::panicking::panic_fmt
[INFO] [stdout]   11:     0x57a34b911082 - core[a373ad73a504971]::result::unwrap_failed
[INFO] [stdout]   12:     0x57a34b4c2740 - integration[73169ce08b3b08de]::setup::{closure#0}
[INFO] [stdout]   13:     0x57a34b4c5211 - integration[73169ce08b3b08de]::insert_and_query_task_queue::{closure#0}
[INFO] [stdout]   14:     0x57a34b527dd3 - <tokio[2e1177366d118354]::runtime::scheduler::current_thread::Context>::enter::<core[a373ad73a504971]::task::poll::Poll<()>, <tokio[2e1177366d118354]::runtime::scheduler::current_thread::CoreGuard>::block_on<core[a373ad73a504971]::pin::Pin<&mut core[a373ad73a504971]::pin::Pin<&mut dyn core[a373ad73a504971]::future::future::Future<Output = ()>>>>::{closure#0}::{closure#0}>
[INFO] [stdout]   15:     0x57a34b54537c - <tokio[2e1177366d118354]::runtime::context::scoped::Scoped<tokio[2e1177366d118354]::runtime::scheduler::Context>>::set::<<tokio[2e1177366d118354]::runtime::scheduler::current_thread::CoreGuard>::enter<<tokio[2e1177366d118354]::runtime::scheduler::current_thread::CoreGuard>::block_on<core[a373ad73a504971]::pin::Pin<&mut core[a373ad73a504971]::pin::Pin<&mut dyn core[a373ad73a504971]::future::future::Future<Output = ()>>>>::{closure#0}, core[a373ad73a504971]::option::Option<()>>::{closure#0}, (alloc[2e1b2a31b91974c5]::boxed::Box<tokio[2e1177366d118354]::runtime::scheduler::current_thread::Core>, core[a373ad73a504971]::option::Option<()>)>
[INFO] [stdout]   16:     0x57a34b5278df - <tokio[2e1177366d118354]::runtime::scheduler::current_thread::CurrentThread>::block_on::<core[a373ad73a504971]::pin::Pin<&mut dyn core[a373ad73a504971]::future::future::Future<Output = ()>>>
[INFO] [stdout]   17:     0x57a34b51f482 - <tokio[2e1177366d118354]::runtime::runtime::Runtime>::block_on::<core[a373ad73a504971]::pin::Pin<&mut dyn core[a373ad73a504971]::future::future::Future<Output = ()>>>
[INFO] [stdout]   18:     0x57a34b4d097e - <integration[73169ce08b3b08de]::insert_and_query_task_queue::{closure#0} as core[a373ad73a504971]::ops::function::FnOnce<()>>::call_once
[INFO] [stdout]   19:     0x57a34b55106b - test[aada8e7e76ba119b]::__rust_begin_short_backtrace::<core[a373ad73a504971]::result::Result<(), alloc[2e1b2a31b91974c5]::string::String>, fn() -> core[a373ad73a504971]::result::Result<(), alloc[2e1b2a31b91974c5]::string::String>>
[INFO] [stdout]   20:     0x57a34b55e245 - test[aada8e7e76ba119b]::run_test::{closure#0}
[INFO] [stdout]   21:     0x57a34b557b34 - std[617be2ca0a6fd877]::sys::backtrace::__rust_begin_short_backtrace::<test[aada8e7e76ba119b]::run_test::{closure#1}, ()>
[INFO] [stdout]   22:     0x57a34b5612d2 - <std[617be2ca0a6fd877]::thread::lifecycle::spawn_unchecked<test[aada8e7e76ba119b]::run_test::{closure#1}, ()>::{closure#1} as core[a373ad73a504971]::ops::function::FnOnce<()>>::call_once::{shim:vtable#0}
[INFO] [stdout]   23:     0x57a34b8f7fdf - <std[617be2ca0a6fd877]::sys::thread::unix::Thread>::new::thread_start
[INFO] [stdout]   24:     0x7abfc6a92dfa - <unknown>
[INFO] [stdout]   25:     0x7abfc6b263d4 - clone
[INFO] [stdout]   26:                0x0 - <unknown>
[INFO] [stdout] 
[INFO] [stdout] ---- insert_root_workflow stdout ----
[INFO] [stdout] 
[INFO] [stdout] thread 'insert_root_workflow' (3013) panicked at tests/integration.rs:36:10:
[INFO] [stdout] failed to connect to database: Conn(SqlxError(PoolTimedOut))
[INFO] [stdout] stack backtrace:
[INFO] [stdout]    0:     0x57a34b8f8e41 - <<std[617be2ca0a6fd877]::sys::backtrace::BacktraceLock>::print::DisplayBacktrace as core[a373ad73a504971]::fmt::Display>::fmt
[INFO] [stdout]    1:     0x57a34b910b4a - core[a373ad73a504971]::fmt::write
[INFO] [stdout]    2:     0x57a34b8fd61c - <alloc[2e1b2a31b91974c5]::vec::Vec<u8> as core[a373ad73a504971]::io::write::Write>::write_fmt
[INFO] [stdout]    3:     0x57a34b8d3b66 - std[617be2ca0a6fd877]::panicking::default_hook::{closure#0}
[INFO] [stdout]    4:     0x57a34b8f0a29 - std[617be2ca0a6fd877]::panicking::default_hook
[INFO] [stdout]    5:     0x57a34b55dc20 - test[aada8e7e76ba119b]::test_main_inner::{closure#0}
[INFO] [stdout]    6:     0x57a34b8f0d52 - std[617be2ca0a6fd877]::panicking::panic_with_hook
[INFO] [stdout]    7:     0x57a34b8d3c12 - std[617be2ca0a6fd877]::panicking::panic_handler::{closure#0}
[INFO] [stdout]    8:     0x57a34b8cc6b9 - std[617be2ca0a6fd877]::sys::backtrace::__rust_end_short_backtrace::<std[617be2ca0a6fd877]::panicking::panic_handler::{closure#0}, !>
[INFO] [stdout]    9:     0x57a34b8d4a0d - __rustc[ea4f61d10b84890b]::rust_begin_unwind
[INFO] [stdout]   10:     0x57a34b9112ac - core[a373ad73a504971]::panicking::panic_fmt
[INFO] [stdout]   11:     0x57a34b911082 - core[a373ad73a504971]::result::unwrap_failed
[INFO] [stdout]   12:     0x57a34b4c2740 - integration[73169ce08b3b08de]::setup::{closure#0}
[INFO] [stdout]   13:     0x57a34b4c42e4 - integration[73169ce08b3b08de]::insert_root_workflow::{closure#0}
[INFO] [stdout]   14:     0x57a34b527dd3 - <tokio[2e1177366d118354]::runtime::scheduler::current_thread::Context>::enter::<core[a373ad73a504971]::task::poll::Poll<()>, <tokio[2e1177366d118354]::runtime::scheduler::current_thread::CoreGuard>::block_on<core[a373ad73a504971]::pin::Pin<&mut core[a373ad73a504971]::pin::Pin<&mut dyn core[a373ad73a504971]::future::future::Future<Output = ()>>>>::{closure#0}::{closure#0}>
[INFO] [stdout]   15:     0x57a34b54537c - <tokio[2e1177366d118354]::runtime::context::scoped::Scoped<tokio[2e1177366d118354]::runtime::scheduler::Context>>::set::<<tokio[2e1177366d118354]::runtime::scheduler::current_thread::CoreGuard>::enter<<tokio[2e1177366d118354]::runtime::scheduler::current_thread::CoreGuard>::block_on<core[a373ad73a504971]::pin::Pin<&mut core[a373ad73a504971]::pin::Pin<&mut dyn core[a373ad73a504971]::future::future::Future<Output = ()>>>>::{closure#0}, core[a373ad73a504971]::option::Option<()>>::{closure#0}, (alloc[2e1b2a31b91974c5]::boxed::Box<tokio[2e1177366d118354]::runtime::scheduler::current_thread::Core>, core[a373ad73a504971]::option::Option<()>)>
[INFO] [stdout]   16:     0x57a34b5278df - <tokio[2e1177366d118354]::runtime::scheduler::current_thread::CurrentThread>::block_on::<core[a373ad73a504971]::pin::Pin<&mut dyn core[a373ad73a504971]::future::future::Future<Output = ()>>>
[INFO] [stdout]   17:     0x57a34b51f482 - <tokio[2e1177366d118354]::runtime::runtime::Runtime>::block_on::<core[a373ad73a504971]::pin::Pin<&mut dyn core[a373ad73a504971]::future::future::Future<Output = ()>>>
[INFO] [stdout]   18:     0x57a34b4d03fe - <integration[73169ce08b3b08de]::insert_root_workflow::{closure#0} as core[a373ad73a504971]::ops::function::FnOnce<()>>::call_once
[INFO] [stdout]   19:     0x57a34b55106b - test[aada8e7e76ba119b]::__rust_begin_short_backtrace::<core[a373ad73a504971]::result::Result<(), alloc[2e1b2a31b91974c5]::string::String>, fn() -> core[a373ad73a504971]::result::Result<(), alloc[2e1b2a31b91974c5]::string::String>>
[INFO] [stdout]   20:     0x57a34b55e245 - test[aada8e7e76ba119b]::run_test::{closure#0}
[INFO] [stdout]   21:     0x57a34b557b34 - std[617be2ca0a6fd877]::sys::backtrace::__rust_begin_short_backtrace::<test[aada8e7e76ba119b]::run_test::{closure#1}, ()>
[INFO] [stdout]   22:     0x57a34b5612d2 - <std[617be2ca0a6fd877]::thread::lifecycle::spawn_unchecked<test[aada8e7e76ba119b]::run_test::{closure#1}, ()>::{closure#1} as core[a373ad73a504971]::ops::function::FnOnce<()>>::call_once::{shim:vtable#0}
[INFO] [stdout]   23:     0x57a34b8f7fdf - <std[617be2ca0a6fd877]::sys::thread::unix::Thread>::new::thread_start
[INFO] [stdout]   24:     0x7abfc6a92dfa - <unknown>
[INFO] [stdout]   25:     0x7abfc6b263d4 - clone
[INFO] [stdout]   26:                0x0 - <unknown>
[INFO] [stdout] 
[INFO] [stdout] ---- insert_child_steps stdout ----
[INFO] [stdout] 
[INFO] [stdout] thread 'insert_child_steps' (3012) panicked at tests/integration.rs:36:10:
[INFO] [stdout] failed to connect to database: Conn(SqlxError(PoolTimedOut))
[INFO] [stdout] stack backtrace:
[INFO] [stdout]    0:     0x57a34b8f8e41 - <<std[617be2ca0a6fd877]::sys::backtrace::BacktraceLock>::print::DisplayBacktrace as core[a373ad73a504971]::fmt::Display>::fmt
[INFO] [stdout]    1:     0x57a34b910b4a - core[a373ad73a504971]::fmt::write
[INFO] [stdout]    2:     0x57a34b8fd61c - <alloc[2e1b2a31b91974c5]::vec::Vec<u8> as core[a373ad73a504971]::io::write::Write>::write_fmt
[INFO] [stdout]    3:     0x57a34b8d3b66 - std[617be2ca0a6fd877]::panicking::default_hook::{closure#0}
[INFO] [stdout]    4:     0x57a34b8f0a29 - std[617be2ca0a6fd877]::panicking::default_hook
[INFO] [stdout]    5:     0x57a34b55dc20 - test[aada8e7e76ba119b]::test_main_inner::{closure#0}
[INFO] [stdout]    6:     0x57a34b8f0d52 - std[617be2ca0a6fd877]::panicking::panic_with_hook
[INFO] [stdout]    7:     0x57a34b8d3c12 - std[617be2ca0a6fd877]::panicking::panic_handler::{closure#0}
[INFO] [stdout]    8:     0x57a34b8cc6b9 - std[617be2ca0a6fd877]::sys::backtrace::__rust_end_short_backtrace::<std[617be2ca0a6fd877]::panicking::panic_handler::{closure#0}, !>
[INFO] [stdout]    9:     0x57a34b8d4a0d - __rustc[ea4f61d10b84890b]::rust_begin_unwind
[INFO] [stdout]   10:     0x57a34b9112ac - core[a373ad73a504971]::panicking::panic_fmt
[INFO] [stdout]   11:     0x57a34b911082 - core[a373ad73a504971]::result::unwrap_failed
[INFO] [stdout]   12:     0x57a34b4c2740 - integration[73169ce08b3b08de]::setup::{closure#0}
[INFO] [stdout]   13:     0x57a34b4c3bbf - integration[73169ce08b3b08de]::insert_child_steps::{closure#0}
[INFO] [stdout]   14:     0x57a34b527dd3 - <tokio[2e1177366d118354]::runtime::scheduler::current_thread::Context>::enter::<core[a373ad73a504971]::task::poll::Poll<()>, <tokio[2e1177366d118354]::runtime::scheduler::current_thread::CoreGuard>::block_on<core[a373ad73a504971]::pin::Pin<&mut core[a373ad73a504971]::pin::Pin<&mut dyn core[a373ad73a504971]::future::future::Future<Output = ()>>>>::{closure#0}::{closure#0}>
[INFO] [stdout]   15:     0x57a34b54537c - <tokio[2e1177366d118354]::runtime::context::scoped::Scoped<tokio[2e1177366d118354]::runtime::scheduler::Context>>::set::<<tokio[2e1177366d118354]::runtime::scheduler::current_thread::CoreGuard>::enter<<tokio[2e1177366d118354]::runtime::scheduler::current_thread::CoreGuard>::block_on<core[a373ad73a504971]::pin::Pin<&mut core[a373ad73a504971]::pin::Pin<&mut dyn core[a373ad73a504971]::future::future::Future<Output = ()>>>>::{closure#0}, core[a373ad73a504971]::option::Option<()>>::{closure#0}, (alloc[2e1b2a31b91974c5]::boxed::Box<tokio[2e1177366d118354]::runtime::scheduler::current_thread::Core>, core[a373ad73a504971]::option::Option<()>)>
[INFO] [stdout]   16:     0x57a34b5278df - <tokio[2e1177366d118354]::runtime::scheduler::current_thread::CurrentThread>::block_on::<core[a373ad73a504971]::pin::Pin<&mut dyn core[a373ad73a504971]::future::future::Future<Output = ()>>>
[INFO] [stdout]   17:     0x57a34b51f482 - <tokio[2e1177366d118354]::runtime::runtime::Runtime>::block_on::<core[a373ad73a504971]::pin::Pin<&mut dyn core[a373ad73a504971]::future::future::Future<Output = ()>>>
[INFO] [stdout]   18:     0x57a34b4d029e - <integration[73169ce08b3b08de]::insert_child_steps::{closure#0} as core[a373ad73a504971]::ops::function::FnOnce<()>>::call_once
[INFO] [stdout]   19:     0x57a34b55106b - test[aada8e7e76ba119b]::__rust_begin_short_backtrace::<core[a373ad73a504971]::result::Result<(), alloc[2e1b2a31b91974c5]::string::String>, fn() -> core[a373ad73a504971]::result::Result<(), alloc[2e1b2a31b91974c5]::string::String>>
[INFO] [stdout]   20:     0x57a34b55e245 - test[aada8e7e76ba119b]::run_test::{closure#0}
[INFO] [stdout]   21:     0x57a34b557b34 - std[617be2ca0a6fd877]::sys::backtrace::__rust_begin_short_backtrace::<test[aada8e7e76ba119b]::run_test::{closure#1}, ()>
[INFO] [stdout]   22:     0x57a34b5612d2 - <std[617be2ca0a6fd877]::thread::lifecycle::spawn_unchecked<test[aada8e7e76ba119b]::run_test::{closure#1}, ()>::{closure#1} as core[a373ad73a504971]::ops::function::FnOnce<()>>::call_once::{shim:vtable#0}
[INFO] [stdout]   23:     0x57a34b8f7fdf - <std[617be2ca0a6fd877]::sys::thread::unix::Thread>::new::thread_start
[INFO] [stdout]   24:     0x7abfc6a92dfa - <unknown>
[INFO] [stdout]   25:     0x7abfc6b263d4 - clone
[INFO] [stdout]   26:                0x0 - <unknown>
[INFO] [stdout] 
[INFO] [stdout] ---- cascade_delete_removes_scheduled_children stdout ----
[INFO] [stdout] 
[INFO] [stdout] thread 'cascade_delete_removes_scheduled_children' (3009) panicked at tests/integration.rs:36:10:
[INFO] [stdout] failed to connect to database: Conn(SqlxError(PoolTimedOut))
[INFO] [stdout] stack backtrace:
[INFO] [stdout]    0:     0x57a34b8f8e41 - <<std[617be2ca0a6fd877]::sys::backtrace::BacktraceLock>::print::DisplayBacktrace as core[a373ad73a504971]::fmt::Display>::fmt
[INFO] [stdout]    1:     0x57a34b910b4a - core[a373ad73a504971]::fmt::write
[INFO] [stdout]    2:     0x57a34b8fd61c - <alloc[2e1b2a31b91974c5]::vec::Vec<u8> as core[a373ad73a504971]::io::write::Write>::write_fmt
[INFO] [stdout]    3:     0x57a34b8d3b66 - std[617be2ca0a6fd877]::panicking::default_hook::{closure#0}
[INFO] [stdout]    4:     0x57a34b8f0a29 - std[617be2ca0a6fd877]::panicking::default_hook
[INFO] [stdout]    5:     0x57a34b55dc20 - test[aada8e7e76ba119b]::test_main_inner::{closure#0}
[INFO] [stdout]    6:     0x57a34b8f0d52 - std[617be2ca0a6fd877]::panicking::panic_with_hook
[INFO] [stdout]    7:     0x57a34b8d3c12 - std[617be2ca0a6fd877]::panicking::panic_handler::{closure#0}
[INFO] [stdout]    8:     0x57a34b8cc6b9 - std[617be2ca0a6fd877]::sys::backtrace::__rust_end_short_backtrace::<std[617be2ca0a6fd877]::panicking::panic_handler::{closure#0}, !>
[INFO] [stdout]    9:     0x57a34b8d4a0d - __rustc[ea4f61d10b84890b]::rust_begin_unwind
[INFO] [stdout]   10:     0x57a34b9112ac - core[a373ad73a504971]::panicking::panic_fmt
[INFO] [stdout]   11:     0x57a34b911082 - core[a373ad73a504971]::result::unwrap_failed
[INFO] [stdout]   12:     0x57a34b4c2740 - integration[73169ce08b3b08de]::setup::{closure#0}
[INFO] [stdout]   13:     0x57a34b4c92ff - integration[73169ce08b3b08de]::cascade_delete_removes_scheduled_children::{closure#0}
[INFO] [stdout]   14:     0x57a34b527dd3 - <tokio[2e1177366d118354]::runtime::scheduler::current_thread::Context>::enter::<core[a373ad73a504971]::task::poll::Poll<()>, <tokio[2e1177366d118354]::runtime::scheduler::current_thread::CoreGuard>::block_on<core[a373ad73a504971]::pin::Pin<&mut core[a373ad73a504971]::pin::Pin<&mut dyn core[a373ad73a504971]::future::future::Future<Output = ()>>>>::{closure#0}::{closure#0}>
[INFO] [stdout]   15:     0x57a34b54537c - <tokio[2e1177366d118354]::runtime::context::scoped::Scoped<tokio[2e1177366d118354]::runtime::scheduler::Context>>::set::<<tokio[2e1177366d118354]::runtime::scheduler::current_thread::CoreGuard>::enter<<tokio[2e1177366d118354]::runtime::scheduler::current_thread::CoreGuard>::block_on<core[a373ad73a504971]::pin::Pin<&mut core[a373ad73a504971]::pin::Pin<&mut dyn core[a373ad73a504971]::future::future::Future<Output = ()>>>>::{closure#0}, core[a373ad73a504971]::option::Option<()>>::{closure#0}, (alloc[2e1b2a31b91974c5]::boxed::Box<tokio[2e1177366d118354]::runtime::scheduler::current_thread::Core>, core[a373ad73a504971]::option::Option<()>)>
[INFO] [stdout]   16:     0x57a34b5278df - <tokio[2e1177366d118354]::runtime::scheduler::current_thread::CurrentThread>::block_on::<core[a373ad73a504971]::pin::Pin<&mut dyn core[a373ad73a504971]::future::future::Future<Output = ()>>>
[INFO] [stdout]   17:     0x57a34b51f482 - <tokio[2e1177366d118354]::runtime::runtime::Runtime>::block_on::<core[a373ad73a504971]::pin::Pin<&mut dyn core[a373ad73a504971]::future::future::Future<Output = ()>>>
[INFO] [stdout]   18:     0x57a34b4d19fe - <integration[73169ce08b3b08de]::cascade_delete_removes_scheduled_children::{closure#0} as core[a373ad73a504971]::ops::function::FnOnce<()>>::call_once
[INFO] [stdout]   19:     0x57a34b55106b - test[aada8e7e76ba119b]::__rust_begin_short_backtrace::<core[a373ad73a504971]::result::Result<(), alloc[2e1b2a31b91974c5]::string::String>, fn() -> core[a373ad73a504971]::result::Result<(), alloc[2e1b2a31b91974c5]::string::String>>
[INFO] [stdout]   20:     0x57a34b55e245 - test[aada8e7e76ba119b]::run_test::{closure#0}
[INFO] [stdout]   21:     0x57a34b557b34 - std[617be2ca0a6fd877]::sys::backtrace::__rust_begin_short_backtrace::<test[aada8e7e76ba119b]::run_test::{closure#1}, ()>
[INFO] [stdout]   22:     0x57a34b5612d2 - <std[617be2ca0a6fd877]::thread::lifecycle::spawn_unchecked<test[aada8e7e76ba119b]::run_test::{closure#1}, ()>::{closure#1} as core[a373ad73a504971]::ops::function::FnOnce<()>>::call_once::{shim:vtable#0}
[INFO] [stdout]   23:     0x57a34b8f7fdf - <std[617be2ca0a6fd877]::sys::thread::unix::Thread>::new::thread_start
[INFO] [stdout]   24:     0x7abfc6a92dfa - <unknown>
[INFO] [stdout]   25:     0x7abfc6b263d4 - clone
[INFO] [stdout]   26:                0x0 - <unknown>
[INFO] [stdout] 
[INFO] [stdout] ---- default_values stdout ----
[INFO] [stdout] 
[INFO] [stdout] thread 'default_values' (3010) panicked at tests/integration.rs:36:10:
[INFO] [stdout] failed to connect to database: Conn(SqlxError(PoolTimedOut))
[INFO] [stdout] stack backtrace:
[INFO] [stdout]    0:     0x57a34b8f8e41 - <<std[617be2ca0a6fd877]::sys::backtrace::BacktraceLock>::print::DisplayBacktrace as core[a373ad73a504971]::fmt::Display>::fmt
[INFO] [stdout]    1:     0x57a34b910b4a - core[a373ad73a504971]::fmt::write
[INFO] [stdout]    2:     0x57a34b8fd61c - <alloc[2e1b2a31b91974c5]::vec::Vec<u8> as core[a373ad73a504971]::io::write::Write>::write_fmt
[INFO] [stdout]    3:     0x57a34b8d3b66 - std[617be2ca0a6fd877]::panicking::default_hook::{closure#0}
[INFO] [stdout]    4:     0x57a34b8f0a29 - std[617be2ca0a6fd877]::panicking::default_hook
[INFO] [stdout]    5:     0x57a34b55dc20 - test[aada8e7e76ba119b]::test_main_inner::{closure#0}
[INFO] [stdout]    6:     0x57a34b8f0d52 - std[617be2ca0a6fd877]::panicking::panic_with_hook
[INFO] [stdout]    7:     0x57a34b8d3c12 - std[617be2ca0a6fd877]::panicking::panic_handler::{closure#0}
[INFO] [stdout]    8:     0x57a34b8cc6b9 - std[617be2ca0a6fd877]::sys::backtrace::__rust_end_short_backtrace::<std[617be2ca0a6fd877]::panicking::panic_handler::{closure#0}, !>
[INFO] [stdout]    9:     0x57a34b8d4a0d - __rustc[ea4f61d10b84890b]::rust_begin_unwind
[INFO] [stdout]   10:     0x57a34b9112ac - core[a373ad73a504971]::panicking::panic_fmt
[INFO] [stdout]   11:     0x57a34b911082 - core[a373ad73a504971]::result::unwrap_failed
[INFO] [stdout]   12:     0x57a34b4c2740 - integration[73169ce08b3b08de]::setup::{closure#0}
[INFO] [stdout]   13:     0x57a34b4c3421 - integration[73169ce08b3b08de]::default_values::{closure#0}
[INFO] [stdout]   14:     0x57a34b527dd3 - <tokio[2e1177366d118354]::runtime::scheduler::current_thread::Context>::enter::<core[a373ad73a504971]::task::poll::Poll<()>, <tokio[2e1177366d118354]::runtime::scheduler::current_thread::CoreGuard>::block_on<core[a373ad73a504971]::pin::Pin<&mut core[a373ad73a504971]::pin::Pin<&mut dyn core[a373ad73a504971]::future::future::Future<Output = ()>>>>::{closure#0}::{closure#0}>
[INFO] [stdout]   15:     0x57a34b54537c - <tokio[2e1177366d118354]::runtime::context::scoped::Scoped<tokio[2e1177366d118354]::runtime::scheduler::Context>>::set::<<tokio[2e1177366d118354]::runtime::scheduler::current_thread::CoreGuard>::enter<<tokio[2e1177366d118354]::runtime::scheduler::current_thread::CoreGuard>::block_on<core[a373ad73a504971]::pin::Pin<&mut core[a373ad73a504971]::pin::Pin<&mut dyn core[a373ad73a504971]::future::future::Future<Output = ()>>>>::{closure#0}, core[a373ad73a504971]::option::Option<()>>::{closure#0}, (alloc[2e1b2a31b91974c5]::boxed::Box<tokio[2e1177366d118354]::runtime::scheduler::current_thread::Core>, core[a373ad73a504971]::option::Option<()>)>
[INFO] [stdout]   16:     0x57a34b5278df - <tokio[2e1177366d118354]::runtime::scheduler::current_thread::CurrentThread>::block_on::<core[a373ad73a504971]::pin::Pin<&mut dyn core[a373ad73a504971]::future::future::Future<Output = ()>>>
[INFO] [stdout]   17:     0x57a34b51f482 - <tokio[2e1177366d118354]::runtime::runtime::Runtime>::block_on::<core[a373ad73a504971]::pin::Pin<&mut dyn core[a373ad73a504971]::future::future::Future<Output = ()>>>
[INFO] [stdout]   18:     0x57a34b4cffde - <integration[73169ce08b3b08de]::default_values::{closure#0} as core[a373ad73a504971]::ops::function::FnOnce<()>>::call_once
[INFO] [stdout]   19:     0x57a34b55106b - test[aada8e7e76ba119b]::__rust_begin_short_backtrace::<core[a373ad73a504971]::result::Result<(), alloc[2e1b2a31b91974c5]::string::String>, fn() -> core[a373ad73a504971]::result::Result<(), alloc[2e1b2a31b91974c5]::string::String>>
[INFO] [stdout]   20:     0x57a34b55e245 - test[aada8e7e76ba119b]::run_test::{closure#0}
[INFO] [stdout]   21:     0x57a34b557b34 - std[617be2ca0a6fd877]::sys::backtrace::__rust_begin_short_backtrace::<test[aada8e7e76ba119b]::run_test::{closure#1}, ()>
[INFO] [stdout]   22:     0x57a34b5612d2 - <std[617be2ca0a6fd877]::thread::lifecycle::spawn_unchecked<test[aada8e7e76ba119b]::run_test::{closure#1}, ()>::{closure#1} as core[a373ad73a504971]::ops::function::FnOnce<()>>::call_once::{shim:vtable#0}
[INFO] [stdout]   23:     0x57a34b8f7fdf - <std[617be2ca0a6fd877]::sys::thread::unix::Thread>::new::thread_start
[INFO] [stdout]   24:     0x7abfc6a92dfa - <unknown>
[INFO] [stdout]   25:     0x7abfc6b263d4 - clone
[INFO] [stdout]   26:                0x0 - <unknown>
[INFO] [stdout] 
[INFO] [stdout] ---- insert_scheduled_task_with_cron_and_next_run stdout ----
[INFO] [stdout] 
[INFO] [stdout] thread 'insert_scheduled_task_with_cron_and_next_run' (3015) panicked at tests/integration.rs:36:10:
[INFO] [stdout] failed to connect to database: Conn(SqlxError(PoolTimedOut))
[INFO] [stdout] stack backtrace:
[INFO] [stdout]    0:     0x57a34b8f8e41 - <<std[617be2ca0a6fd877]::sys::backtrace::BacktraceLock>::print::DisplayBacktrace as core[a373ad73a504971]::fmt::Display>::fmt
[INFO] [stdout]    1:     0x57a34b910b4a - core[a373ad73a504971]::fmt::write
[INFO] [stdout]    2:     0x57a34b8fd61c - <alloc[2e1b2a31b91974c5]::vec::Vec<u8> as core[a373ad73a504971]::io::write::Write>::write_fmt
[INFO] [stdout]    3:     0x57a34b8d3b66 - std[617be2ca0a6fd877]::panicking::default_hook::{closure#0}
[INFO] [stdout]    4:     0x57a34b8f0a29 - std[617be2ca0a6fd877]::panicking::default_hook
[INFO] [stdout]    5:     0x57a34b55dc20 - test[aada8e7e76ba119b]::test_main_inner::{closure#0}
[INFO] [stdout]    6:     0x57a34b8f0d52 - std[617be2ca0a6fd877]::panicking::panic_with_hook
[INFO] [stdout]    7:     0x57a34b8d3c12 - std[617be2ca0a6fd877]::panicking::panic_handler::{closure#0}
[INFO] [stdout]    8:     0x57a34b8cc6b9 - std[617be2ca0a6fd877]::sys::backtrace::__rust_end_short_backtrace::<std[617be2ca0a6fd877]::panicking::panic_handler::{closure#0}, !>
[INFO] [stdout]    9:     0x57a34b8d4a0d - __rustc[ea4f61d10b84890b]::rust_begin_unwind
[INFO] [stdout]   10:     0x57a34b9112ac - core[a373ad73a504971]::panicking::panic_fmt
[INFO] [stdout]   11:     0x57a34b911082 - core[a373ad73a504971]::result::unwrap_failed
[INFO] [stdout]   12:     0x57a34b4c2740 - integration[73169ce08b3b08de]::setup::{closure#0}
[INFO] [stdout]   13:     0x57a34b4ca8b4 - integration[73169ce08b3b08de]::insert_scheduled_task_with_cron_and_next_run::{closure#0}
[INFO] [stdout]   14:     0x57a34b527dd3 - <tokio[2e1177366d118354]::runtime::scheduler::current_thread::Context>::enter::<core[a373ad73a504971]::task::poll::Poll<()>, <tokio[2e1177366d118354]::runtime::scheduler::current_thread::CoreGuard>::block_on<core[a373ad73a504971]::pin::Pin<&mut core[a373ad73a504971]::pin::Pin<&mut dyn core[a373ad73a504971]::future::future::Future<Output = ()>>>>::{closure#0}::{closure#0}>
[INFO] [stdout]   15:     0x57a34b54537c - <tokio[2e1177366d118354]::runtime::context::scoped::Scoped<tokio[2e1177366d118354]::runtime::scheduler::Context>>::set::<<tokio[2e1177366d118354]::runtime::scheduler::current_thread::CoreGuard>::enter<<tokio[2e1177366d118354]::runtime::scheduler::current_thread::CoreGuard>::block_on<core[a373ad73a504971]::pin::Pin<&mut core[a373ad73a504971]::pin::Pin<&mut dyn core[a373ad73a504971]::future::future::Future<Output = ()>>>>::{closure#0}, core[a373ad73a504971]::option::Option<()>>::{closure#0}, (alloc[2e1b2a31b91974c5]::boxed::Box<tokio[2e1177366d118354]::runtime::scheduler::current_thread::Core>, core[a373ad73a504971]::option::Option<()>)>
[INFO] [stdout]   16:     0x57a34b5278df - <tokio[2e1177366d118354]::runtime::scheduler::current_thread::CurrentThread>::block_on::<core[a373ad73a504971]::pin::Pin<&mut dyn core[a373ad73a504971]::future::future::Future<Output = ()>>>
[INFO] [stdout]   17:     0x57a34b51f482 - <tokio[2e1177366d118354]::runtime::runtime::Runtime>::block_on::<core[a373ad73a504971]::pin::Pin<&mut dyn core[a373ad73a504971]::future::future::Future<Output = ()>>>
[INFO] [stdout]   18:     0x57a34b4d1e1e - <integration[73169ce08b3b08de]::insert_scheduled_task_with_cron_and_next_run::{closure#0} as core[a373ad73a504971]::ops::function::FnOnce<()>>::call_once
[INFO] [stdout]   19:     0x57a34b55106b - test[aada8e7e76ba119b]::__rust_begin_short_backtrace::<core[a373ad73a504971]::result::Result<(), alloc[2e1b2a31b91974c5]::string::String>, fn() -> core[a373ad73a504971]::result::Result<(), alloc[2e1b2a31b91974c5]::string::String>>
[INFO] [stdout]   20:     0x57a34b55e245 - test[aada8e7e76ba119b]::run_test::{closure#0}
[INFO] [stdout]   21:     0x57a34b557b34 - std[617be2ca0a6fd877]::sys::backtrace::__rust_begin_short_backtrace::<test[aada8e7e76ba119b]::run_test::{closure#1}, ()>
[INFO] [stdout]   22:     0x57a34b5612d2 - <std[617be2ca0a6fd877]::thread::lifecycle::spawn_unchecked<test[aada8e7e76ba119b]::run_test::{closure#1}, ()>::{closure#1} as core[a373ad73a504971]::ops::function::FnOnce<()>>::call_once::{shim:vtable#0}
[INFO] [stdout]   23:     0x57a34b8f7fdf - <std[617be2ca0a6fd877]::sys::thread::unix::Thread>::new::thread_start
[INFO] [stdout]   24:     0x7abfc6a92dfa - <unknown>
[INFO] [stdout]   25:     0x7abfc6b263d4 - clone
[INFO] [stdout]   26:                0x0 - <unknown>
[INFO] [stdout] 
[INFO] [stdout] ---- migration_creates_indexes stdout ----
[INFO] [stdout] 
[INFO] [stdout] thread 'migration_creates_indexes' (3016) panicked at tests/integration.rs:36:10:
[INFO] [stdout] failed to connect to database: Conn(SqlxError(PoolTimedOut))
[INFO] [stdout] stack backtrace:
[INFO] [stdout]    0:     0x57a34b8f8e41 - <<std[617be2ca0a6fd877]::sys::backtrace::BacktraceLock>::print::DisplayBacktrace as core[a373ad73a504971]::fmt::Display>::fmt
[INFO] [stdout]    1:     0x57a34b910b4a - core[a373ad73a504971]::fmt::write
[INFO] [stdout]    2:     0x57a34b8fd61c - <alloc[2e1b2a31b91974c5]::vec::Vec<u8> as core[a373ad73a504971]::io::write::Write>::write_fmt
[INFO] [stdout]    3:     0x57a34b8d3b66 - std[617be2ca0a6fd877]::panicking::default_hook::{closure#0}
[INFO] [stdout]    4:     0x57a34b8f0a29 - std[617be2ca0a6fd877]::panicking::default_hook
[INFO] [stdout]    5:     0x57a34b55dc20 - test[aada8e7e76ba119b]::test_main_inner::{closure#0}
[INFO] [stdout]    6:     0x57a34b8f0d52 - std[617be2ca0a6fd877]::panicking::panic_with_hook
[INFO] [stdout]    7:     0x57a34b8d3c12 - std[617be2ca0a6fd877]::panicking::panic_handler::{closure#0}
[INFO] [stdout]    8:     0x57a34b8cc6b9 - std[617be2ca0a6fd877]::sys::backtrace::__rust_end_short_backtrace::<std[617be2ca0a6fd877]::panicking::panic_handler::{closure#0}, !>
[INFO] [stdout]    9:     0x57a34b8d4a0d - __rustc[ea4f61d10b84890b]::rust_begin_unwind
[INFO] [stdout]   10:     0x57a34b9112ac - core[a373ad73a504971]::panicking::panic_fmt
[INFO] [stdout]   11:     0x57a34b911082 - core[a373ad73a504971]::result::unwrap_failed
[INFO] [stdout]   12:     0x57a34b4c2740 - integration[73169ce08b3b08de]::setup::{closure#0}
[INFO] [stdout]   13:     0x57a34b4c4dd2 - integration[73169ce08b3b08de]::migration_creates_indexes::{closure#0}
[INFO] [stdout]   14:     0x57a34b527dd3 - <tokio[2e1177366d118354]::runtime::scheduler::current_thread::Context>::enter::<core[a373ad73a504971]::task::poll::Poll<()>, <tokio[2e1177366d118354]::runtime::scheduler::current_thread::CoreGuard>::block_on<core[a373ad73a504971]::pin::Pin<&mut core[a373ad73a504971]::pin::Pin<&mut dyn core[a373ad73a504971]::future::future::Future<Output = ()>>>>::{closure#0}::{closure#0}>
[INFO] [stdout]   15:     0x57a34b54537c - <tokio[2e1177366d118354]::runtime::context::scoped::Scoped<tokio[2e1177366d118354]::runtime::scheduler::Context>>::set::<<tokio[2e1177366d118354]::runtime::scheduler::current_thread::CoreGuard>::enter<<tokio[2e1177366d118354]::runtime::scheduler::current_thread::CoreGuard>::block_on<core[a373ad73a504971]::pin::Pin<&mut core[a373ad73a504971]::pin::Pin<&mut dyn core[a373ad73a504971]::future::future::Future<Output = ()>>>>::{closure#0}, core[a373ad73a504971]::option::Option<()>>::{closure#0}, (alloc[2e1b2a31b91974c5]::boxed::Box<tokio[2e1177366d118354]::runtime::scheduler::current_thread::Core>, core[a373ad73a504971]::option::Option<()>)>
[INFO] [stdout]   16:     0x57a34b5278df - <tokio[2e1177366d118354]::runtime::scheduler::current_thread::CurrentThread>::block_on::<core[a373ad73a504971]::pin::Pin<&mut dyn core[a373ad73a504971]::future::future::Future<Output = ()>>>
[INFO] [stdout]   17:     0x57a34b51f482 - <tokio[2e1177366d118354]::runtime::runtime::Runtime>::block_on::<core[a373ad73a504971]::pin::Pin<&mut dyn core[a373ad73a504971]::future::future::Future<Output = ()>>>
[INFO] [stdout]   18:     0x57a34b4d081e - <integration[73169ce08b3b08de]::migration_creates_indexes::{closure#0} as core[a373ad73a504971]::ops::function::FnOnce<()>>::call_once
[INFO] [stdout]   19:     0x57a34b55106b - test[aada8e7e76ba119b]::__rust_begin_short_backtrace::<core[a373ad73a504971]::result::Result<(), alloc[2e1b2a31b91974c5]::string::String>, fn() -> core[a373ad73a504971]::result::Result<(), alloc[2e1b2a31b91974c5]::string::String>>
[INFO] [stdout]   20:     0x57a34b55e245 - test[aada8e7e76ba119b]::run_test::{closure#0}
[INFO] [stdout]   21:     0x57a34b557b34 - std[617be2ca0a6fd877]::sys::backtrace::__rust_begin_short_backtrace::<test[aada8e7e76ba119b]::run_test::{closure#1}, ()>
[INFO] [stdout]   22:     0x57a34b5612d2 - <std[617be2ca0a6fd877]::thread::lifecycle::spawn_unchecked<test[aada8e7e76ba119b]::run_test::{closure#1}, ()>::{closure#1} as core[a373ad73a504971]::ops::function::FnOnce<()>>::call_once::{shim:vtable#0}
[INFO] [stdout]   23:     0x57a34b8f7fdf - <std[617be2ca0a6fd877]::sys::thread::unix::Thread>::new::thread_start
[INFO] [stdout]   24:     0x7abfc6a92dfa - <unknown>
[INFO] [stdout]   25:     0x7abfc6b263d4 - clone
[INFO] [stdout]   26:                0x0 - <unknown>
[INFO] [stdout] 
[INFO] [stdout] ---- migration_creates_schema_and_tables stdout ----
[INFO] [stdout] 
[INFO] [stdout] thread 'migration_creates_schema_and_tables' (3018) panicked at tests/integration.rs:36:10:
[INFO] [stdout] failed to connect to database: Conn(SqlxError(PoolTimedOut))
[INFO] [stdout] stack backtrace:
[INFO] [stdout]    0:     0x57a34b8f8e41 - <<std[617be2ca0a6fd877]::sys::backtrace::BacktraceLock>::print::DisplayBacktrace as core[a373ad73a504971]::fmt::Display>::fmt
[INFO] [stdout]    1:     0x57a34b910b4a - core[a373ad73a504971]::fmt::write
[INFO] [stdout]    2:     0x57a34b8fd61c - <alloc[2e1b2a31b91974c5]::vec::Vec<u8> as core[a373ad73a504971]::io::write::Write>::write_fmt
[INFO] [stdout]    3:     0x57a34b8d3b66 - std[617be2ca0a6fd877]::panicking::default_hook::{closure#0}
[INFO] [stdout]    4:     0x57a34b8f0a29 - std[617be2ca0a6fd877]::panicking::default_hook
[INFO] [stdout]    5:     0x57a34b55dc20 - test[aada8e7e76ba119b]::test_main_inner::{closure#0}
[INFO] [stdout]    6:     0x57a34b8f0d52 - std[617be2ca0a6fd877]::panicking::panic_with_hook
[INFO] [stdout]    7:     0x57a34b8d3c12 - std[617be2ca0a6fd877]::panicking::panic_handler::{closure#0}
[INFO] [stdout]    8:     0x57a34b8cc6b9 - std[617be2ca0a6fd877]::sys::backtrace::__rust_end_short_backtrace::<std[617be2ca0a6fd877]::panicking::panic_handler::{closure#0}, !>
[INFO] [stdout]    9:     0x57a34b8d4a0d - __rustc[ea4f61d10b84890b]::rust_begin_unwind
[INFO] [stdout]   10:     0x57a34b9112ac - core[a373ad73a504971]::panicking::panic_fmt
[INFO] [stdout]   11:     0x57a34b911082 - core[a373ad73a504971]::result::unwrap_failed
[INFO] [stdout]   12:     0x57a34b4c2740 - integration[73169ce08b3b08de]::setup::{closure#0}
[INFO] [stdout]   13:     0x57a34b4c80c1 - integration[73169ce08b3b08de]::migration_creates_schema_and_tables::{closure#0}
[INFO] [stdout]   14:     0x57a34b527dd3 - <tokio[2e1177366d118354]::runtime::scheduler::current_thread::Context>::enter::<core[a373ad73a504971]::task::poll::Poll<()>, <tokio[2e1177366d118354]::runtime::scheduler::current_thread::CoreGuard>::block_on<core[a373ad73a504971]::pin::Pin<&mut core[a373ad73a504971]::pin::Pin<&mut dyn core[a373ad73a504971]::future::future::Future<Output = ()>>>>::{closure#0}::{closure#0}>
[INFO] [stdout]   15:     0x57a34b54537c - <tokio[2e1177366d118354]::runtime::context::scoped::Scoped<tokio[2e1177366d118354]::runtime::scheduler::Context>>::set::<<tokio[2e1177366d118354]::runtime::scheduler::current_thread::CoreGuard>::enter<<tokio[2e1177366d118354]::runtime::scheduler::current_thread::CoreGuard>::block_on<core[a373ad73a504971]::pin::Pin<&mut core[a373ad73a504971]::pin::Pin<&mut dyn core[a373ad73a504971]::future::future::Future<Output = ()>>>>::{closure#0}, core[a373ad73a504971]::option::Option<()>>::{closure#0}, (alloc[2e1b2a31b91974c5]::boxed::Box<tokio[2e1177366d118354]::runtime::scheduler::current_thread::Core>, core[a373ad73a504971]::option::Option<()>)>
[INFO] [stdout]   16:     0x57a34b5278df - <tokio[2e1177366d118354]::runtime::scheduler::current_thread::CurrentThread>::block_on::<core[a373ad73a504971]::pin::Pin<&mut dyn core[a373ad73a504971]::future::future::Future<Output = ()>>>
[INFO] [stdout]   17:     0x57a34b51f482 - <tokio[2e1177366d118354]::runtime::runtime::Runtime>::block_on::<core[a373ad73a504971]::pin::Pin<&mut dyn core[a373ad73a504971]::future::future::Future<Output = ()>>>
[INFO] [stdout]   18:     0x57a34b4d147e - <integration[73169ce08b3b08de]::migration_creates_schema_and_tables::{closure#0} as core[a373ad73a504971]::ops::function::FnOnce<()>>::call_once
[INFO] [stdout]   19:     0x57a34b55106b - test[aada8e7e76ba119b]::__rust_begin_short_backtrace::<core[a373ad73a504971]::result::Result<(), alloc[2e1b2a31b91974c5]::string::String>, fn() -> core[a373ad73a504971]::result::Result<(), alloc[2e1b2a31b91974c5]::string::String>>
[INFO] [stdout]   20:     0x57a34b55e245 - test[aada8e7e76ba119b]::run_test::{closure#0}
[INFO] [stdout]   21:     0x57a34b557b34 - std[617be2ca0a6fd877]::sys::backtrace::__rust_begin_short_backtrace::<test[aada8e7e76ba119b]::run_test::{closure#1}, ()>
[INFO] [stdout]   22:     0x57a34b5612d2 - <std[617be2ca0a6fd877]::thread::lifecycle::spawn_unchecked<test[aada8e7e76ba119b]::run_test::{closure#1}, ()>::{closure#1} as core[a373ad73a504971]::ops::function::FnOnce<()>>::call_once::{shim:vtable#0}
[INFO] [stdout]   23:     0x57a34b8f7fdf - <std[617be2ca0a6fd877]::sys::thread::unix::Thread>::new::thread_start
[INFO] [stdout]   24:     0x7abfc6a92dfa - <unknown>
[INFO] [stdout]   25:     0x7abfc6b263d4 - clone
[INFO] [stdout]   26:                0x0 - <unknown>
[INFO] [stdout] 
[INFO] [stdout] ---- migration_down_drops_everything stdout ----
[INFO] [stdout] 
[INFO] [stdout] thread 'migration_down_drops_everything' (3019) panicked at tests/integration.rs:36:10:
[INFO] [stdout] failed to connect to database: Conn(SqlxError(PoolTimedOut))
[INFO] [stdout] stack backtrace:
[INFO] [stdout]    0:     0x57a34b8f8e41 - <<std[617be2ca0a6fd877]::sys::backtrace::BacktraceLock>::print::DisplayBacktrace as core[a373ad73a504971]::fmt::Display>::fmt
[INFO] [stdout]    1:     0x57a34b910b4a - core[a373ad73a504971]::fmt::write
[INFO] [stdout]    2:     0x57a34b8fd61c - <alloc[2e1b2a31b91974c5]::vec::Vec<u8> as core[a373ad73a504971]::io::write::Write>::write_fmt
[INFO] [stdout]    3:     0x57a34b8d3b66 - std[617be2ca0a6fd877]::panicking::default_hook::{closure#0}
[INFO] [stdout]    4:     0x57a34b8f0a29 - std[617be2ca0a6fd877]::panicking::default_hook
[INFO] [stdout]    5:     0x57a34b55dc20 - test[aada8e7e76ba119b]::test_main_inner::{closure#0}
[INFO] [stdout]    6:     0x57a34b8f0d52 - std[617be2ca0a6fd877]::panicking::panic_with_hook
[INFO] [stdout]    7:     0x57a34b8d3c12 - std[617be2ca0a6fd877]::panicking::panic_handler::{closure#0}
[INFO] [stdout]    8:     0x57a34b8cc6b9 - std[617be2ca0a6fd877]::sys::backtrace::__rust_end_short_backtrace::<std[617be2ca0a6fd877]::panicking::panic_handler::{closure#0}, !>
[INFO] [stdout]    9:     0x57a34b8d4a0d - __rustc[ea4f61d10b84890b]::rust_begin_unwind
[INFO] [stdout]   10:     0x57a34b9112ac - core[a373ad73a504971]::panicking::panic_fmt
[INFO] [stdout]   11:     0x57a34b911082 - core[a373ad73a504971]::result::unwrap_failed
[INFO] [stdout]   12:     0x57a34b4c2740 - integration[73169ce08b3b08de]::setup::{closure#0}
[INFO] [stdout]   13:     0x57a34b4c7361 - integration[73169ce08b3b08de]::migration_down_drops_everything::{closure#0}
[INFO] [stdout]   14:     0x57a34b527dd3 - <tokio[2e1177366d118354]::runtime::scheduler::current_thread::Context>::enter::<core[a373ad73a504971]::task::poll::Poll<()>, <tokio[2e1177366d118354]::runtime::scheduler::current_thread::CoreGuard>::block_on<core[a373ad73a504971]::pin::Pin<&mut core[a373ad73a504971]::pin::Pin<&mut dyn core[a373ad73a504971]::future::future::Future<Output = ()>>>>::{closure#0}::{closure#0}>
[INFO] [stdout]   15:     0x57a34b54537c - <tokio[2e1177366d118354]::runtime::context::scoped::Scoped<tokio[2e1177366d118354]::runtime::scheduler::Context>>::set::<<tokio[2e1177366d118354]::runtime::scheduler::current_thread::CoreGuard>::enter<<tokio[2e1177366d118354]::runtime::scheduler::current_thread::CoreGuard>::block_on<core[a373ad73a504971]::pin::Pin<&mut core[a373ad73a504971]::pin::Pin<&mut dyn core[a373ad73a504971]::future::future::Future<Output = ()>>>>::{closure#0}, core[a373ad73a504971]::option::Option<()>>::{closure#0}, (alloc[2e1b2a31b91974c5]::boxed::Box<tokio[2e1177366d118354]::runtime::scheduler::current_thread::Core>, core[a373ad73a504971]::option::Option<()>)>
[INFO] [stdout]   16:     0x57a34b5278df - <tokio[2e1177366d118354]::runtime::scheduler::current_thread::CurrentThread>::block_on::<core[a373ad73a504971]::pin::Pin<&mut dyn core[a373ad73a504971]::future::future::Future<Output = ()>>>
[INFO] [stdout]   17:     0x57a34b51f482 - <tokio[2e1177366d118354]::runtime::runtime::Runtime>::block_on::<core[a373ad73a504971]::pin::Pin<&mut dyn core[a373ad73a504971]::future::future::Future<Output = ()>>>
[INFO] [stdout]   18:     0x57a34b4d105e - <integration[73169ce08b3b08de]::migration_down_drops_everything::{closure#0} as core[a373ad73a504971]::ops::function::FnOnce<()>>::call_once
[INFO] [stdout]   19:     0x57a34b55106b - test[aada8e7e76ba119b]::__rust_begin_short_backtrace::<core[a373ad73a504971]::result::Result<(), alloc[2e1b2a31b91974c5]::string::String>, fn() -> core[a373ad73a504971]::result::Result<(), alloc[2e1b2a31b91974c5]::string::String>>
[INFO] [stdout]   20:     0x57a34b55e245 - test[aada8e7e76ba119b]::run_test::{closure#0}
[INFO] [stdout]   21:     0x57a34b557b34 - std[617be2ca0a6fd877]::sys::backtrace::__rust_begin_short_backtrace::<test[aada8e7e76ba119b]::run_test::{closure#1}, ()>
[INFO] [stdout]   22:     0x57a34b5612d2 - <std[617be2ca0a6fd877]::thread::lifecycle::spawn_unchecked<test[aada8e7e76ba119b]::run_test::{closure#1}, ()>::{closure#1} as core[a373ad73a504971]::ops::function::FnOnce<()>>::call_once::{shim:vtable#0}
[INFO] [stdout]   23:     0x57a34b8f7fdf - <std[617be2ca0a6fd877]::sys::thread::unix::Thread>::new::thread_start
[INFO] [stdout]   24:     0x7abfc6a92dfa - <unknown>
[INFO] [stdout]   25:     0x7abfc6b263d4 - clone
[INFO] [stdout]   26:                0x0 - <unknown>
[INFO] [stdout] 
[INFO] [stdout] ---- migration_is_idempotent stdout ----
[INFO] [stdout] 
[INFO] [stdout] thread 'migration_is_idempotent' (3021) panicked at tests/integration.rs:36:10:
[INFO] [stdout] failed to connect to database: Conn(SqlxError(PoolTimedOut))
[INFO] [stdout] stack backtrace:
[INFO] [stdout]    0:     0x57a34b8f8e41 - <<std[617be2ca0a6fd877]::sys::backtrace::BacktraceLock>::print::DisplayBacktrace as core[a373ad73a504971]::fmt::Display>::fmt
[INFO] [stdout]    1:     0x57a34b910b4a - core[a373ad73a504971]::fmt::write
[INFO] [stdout]    2:     0x57a34b8fd61c - <alloc[2e1b2a31b91974c5]::vec::Vec<u8> as core[a373ad73a504971]::io::write::Write>::write_fmt
[INFO] [stdout]    3:     0x57a34b8d3b66 - std[617be2ca0a6fd877]::panicking::default_hook::{closure#0}
[INFO] [stdout]    4:     0x57a34b8f0a29 - std[617be2ca0a6fd877]::panicking::default_hook
[INFO] [stdout]    5:     0x57a34b55dc20 - test[aada8e7e76ba119b]::test_main_inner::{closure#0}
[INFO] [stdout]    6:     0x57a34b8f0d52 - std[617be2ca0a6fd877]::panicking::panic_with_hook
[INFO] [stdout]    7:     0x57a34b8d3c12 - std[617be2ca0a6fd877]::panicking::panic_handler::{closure#0}
[INFO] [stdout]    8:     0x57a34b8cc6b9 - std[617be2ca0a6fd877]::sys::backtrace::__rust_end_short_backtrace::<std[617be2ca0a6fd877]::panicking::panic_handler::{closure#0}, !>
[INFO] [stdout]    9:     0x57a34b8d4a0d - __rustc[ea4f61d10b84890b]::rust_begin_unwind
[INFO] [stdout]   10:     0x57a34b9112ac - core[a373ad73a504971]::panicking::panic_fmt
[INFO] [stdout]   11:     0x57a34b911082 - core[a373ad73a504971]::result::unwrap_failed
[INFO] [stdout]   12:     0x57a34b4c2740 - integration[73169ce08b3b08de]::setup::{closure#0}
[INFO] [stdout]   13:     0x57a34b4c4723 - integration[73169ce08b3b08de]::migration_is_idempotent::{closure#0}
[INFO] [stdout]   14:     0x57a34b527dd3 - <tokio[2e1177366d118354]::runtime::scheduler::current_thread::Context>::enter::<core[a373ad73a504971]::task::poll::Poll<()>, <tokio[2e1177366d118354]::runtime::scheduler::current_thread::CoreGuard>::block_on<core[a373ad73a504971]::pin::Pin<&mut core[a373ad73a504971]::pin::Pin<&mut dyn core[a373ad73a504971]::future::future::Future<Output = ()>>>>::{closure#0}::{closure#0}>
[INFO] [stdout]   15:     0x57a34b54537c - <tokio[2e1177366d118354]::runtime::context::scoped::Scoped<tokio[2e1177366d118354]::runtime::scheduler::Context>>::set::<<tokio[2e1177366d118354]::runtime::scheduler::current_thread::CoreGuard>::enter<<tokio[2e1177366d118354]::runtime::scheduler::current_thread::CoreGuard>::block_on<core[a373ad73a504971]::pin::Pin<&mut core[a373ad73a504971]::pin::Pin<&mut dyn core[a373ad73a504971]::future::future::Future<Output = ()>>>>::{closure#0}, core[a373ad73a504971]::option::Option<()>>::{closure#0}, (alloc[2e1b2a31b91974c5]::boxed::Box<tokio[2e1177366d118354]::runtime::scheduler::current_thread::Core>, core[a373ad73a504971]::option::Option<()>)>
[INFO] [stdout]   16:     0x57a34b5278df - <tokio[2e1177366d118354]::runtime::scheduler::current_thread::CurrentThread>::block_on::<core[a373ad73a504971]::pin::Pin<&mut dyn core[a373ad73a504971]::future::future::Future<Output = ()>>>
[INFO] [stdout]   17:     0x57a34b51f482 - <tokio[2e1177366d118354]::runtime::runtime::Runtime>::block_on::<core[a373ad73a504971]::pin::Pin<&mut dyn core[a373ad73a504971]::future::future::Future<Output = ()>>>
[INFO] [stdout]   18:     0x57a34b4d055e - <integration[73169ce08b3b08de]::migration_is_idempotent::{closure#0} as core[a373ad73a504971]::ops::function::FnOnce<()>>::call_once
[INFO] [stdout]   19:     0x57a34b55106b - test[aada8e7e76ba119b]::__rust_begin_short_backtrace::<core[a373ad73a504971]::result::Result<(), alloc[2e1b2a31b91974c5]::string::String>, fn() -> core[a373ad73a504971]::result::Result<(), alloc[2e1b2a31b91974c5]::string::String>>
[INFO] [stdout]   20:     0x57a34b55e245 - test[aada8e7e76ba119b]::run_test::{closure#0}
[INFO] [stdout]   21:     0x57a34b557b34 - std[617be2ca0a6fd877]::sys::backtrace::__rust_begin_short_backtrace::<test[aada8e7e76ba119b]::run_test::{closure#1}, ()>
[INFO] [stdout]   22:     0x57a34b5612d2 - <std[617be2ca0a6fd877]::thread::lifecycle::spawn_unchecked<test[aada8e7e76ba119b]::run_test::{closure#1}, ()>::{closure#1} as core[a373ad73a504971]::ops::function::FnOnce<()>>::call_once::{shim:vtable#0}
[INFO] [stdout]   23:     0x57a34b8f7fdf - <std[617be2ca0a6fd877]::sys::thread::unix::Thread>::new::thread_start
[INFO] [stdout]   24:     0x7abfc6a92dfa - <unknown>
[INFO] [stdout]   25:     0x7abfc6b263d4 - clone
[INFO] [stdout]   26:                0x0 - <unknown>
[INFO] [stdout] 
[INFO] [stdout] ---- null_parent_allows_multiple_root_tasks stdout ----
[INFO] [stdout] 
[INFO] [stdout] thread 'null_parent_allows_multiple_root_tasks' (3024) panicked at tests/integration.rs:36:10:
[INFO] [stdout] failed to connect to database: Conn(SqlxError(PoolTimedOut))
[INFO] [stdout] stack backtrace:
[INFO] [stdout]    0:     0x57a34b8f8e41 - <<std[617be2ca0a6fd877]::sys::backtrace::BacktraceLock>::print::DisplayBacktrace as core[a373ad73a504971]::fmt::Display>::fmt
[INFO] [stdout]    1:     0x57a34b910b4a - core[a373ad73a504971]::fmt::write
[INFO] [stdout]    2:     0x57a34b8fd61c - <alloc[2e1b2a31b91974c5]::vec::Vec<u8> as core[a373ad73a504971]::io::write::Write>::write_fmt
[INFO] [stdout]    3:     0x57a34b8d3b66 - std[617be2ca0a6fd877]::panicking::default_hook::{closure#0}
[INFO] [stdout]    4:     0x57a34b8f0a29 - std[617be2ca0a6fd877]::panicking::default_hook
[INFO] [stdout]    5:     0x57a34b55dc20 - test[aada8e7e76ba119b]::test_main_inner::{closure#0}
[INFO] [stdout]    6:     0x57a34b8f0d52 - std[617be2ca0a6fd877]::panicking::panic_with_hook
[INFO] [stdout]    7:     0x57a34b8d3c12 - std[617be2ca0a6fd877]::panicking::panic_handler::{closure#0}
[INFO] [stdout]    8:     0x57a34b8cc6b9 - std[617be2ca0a6fd877]::sys::backtrace::__rust_end_short_backtrace::<std[617be2ca0a6fd877]::panicking::panic_handler::{closure#0}, !>
[INFO] [stdout]    9:     0x57a34b8d4a0d - __rustc[ea4f61d10b84890b]::rust_begin_unwind
[INFO] [stdout]   10:     0x57a34b9112ac - core[a373ad73a504971]::panicking::panic_fmt
[INFO] [stdout]   11:     0x57a34b911082 - core[a373ad73a504971]::result::unwrap_failed
[INFO] [stdout]   12:     0x57a34b4c2740 - integration[73169ce08b3b08de]::setup::{closure#0}
[INFO] [stdout]   13:     0x57a34b4c84a1 - integration[73169ce08b3b08de]::null_parent_allows_multiple_root_tasks::{closure#0}
[INFO] [stdout]   14:     0x57a34b527dd3 - <tokio[2e1177366d118354]::runtime::scheduler::current_thread::Context>::enter::<core[a373ad73a504971]::task::poll::Poll<()>, <tokio[2e1177366d118354]::runtime::scheduler::current_thread::CoreGuard>::block_on<core[a373ad73a504971]::pin::Pin<&mut core[a373ad73a504971]::pin::Pin<&mut dyn core[a373ad73a504971]::future::future::Future<Output = ()>>>>::{closure#0}::{closure#0}>
[INFO] [stdout]   15:     0x57a34b54537c - <tokio[2e1177366d118354]::runtime::context::scoped::Scoped<tokio[2e1177366d118354]::runtime::scheduler::Context>>::set::<<tokio[2e1177366d118354]::runtime::scheduler::current_thread::CoreGuard>::enter<<tokio[2e1177366d118354]::runtime::scheduler::current_thread::CoreGuard>::block_on<core[a373ad73a504971]::pin::Pin<&mut core[a373ad73a504971]::pin::Pin<&mut dyn core[a373ad73a504971]::future::future::Future<Output = ()>>>>::{closure#0}, core[a373ad73a504971]::option::Option<()>>::{closure#0}, (alloc[2e1b2a31b91974c5]::boxed::Box<tokio[2e1177366d118354]::runtime::scheduler::current_thread::Core>, core[a373ad73a504971]::option::Option<()>)>
[INFO] [stdout]   16:     0x57a34b5278df - <tokio[2e1177366d118354]::runtime::scheduler::current_thread::CurrentThread>::block_on::<core[a373ad73a504971]::pin::Pin<&mut dyn core[a373ad73a504971]::future::future::Future<Output = ()>>>
[INFO] [stdout]   17:     0x57a34b51f482 - <tokio[2e1177366d118354]::runtime::runtime::Runtime>::block_on::<core[a373ad73a504971]::pin::Pin<&mut dyn core[a373ad73a504971]::future::future::Future<Output = ()>>>
[INFO] [stdout]   18:     0x57a34b4d15de - <integration[73169ce08b3b08de]::null_parent_allows_multiple_root_tasks::{closure#0} as core[a373ad73a504971]::ops::function::FnOnce<()>>::call_once
[INFO] [stdout]   19:     0x57a34b55106b - test[aada8e7e76ba119b]::__rust_begin_short_backtrace::<core[a373ad73a504971]::result::Result<(), alloc[2e1b2a31b91974c5]::string::String>, fn() -> core[a373ad73a504971]::result::Result<(), alloc[2e1b2a31b91974c5]::string::String>>
[INFO] [stdout]   20:     0x57a34b55e245 - test[aada8e7e76ba119b]::run_test::{closure#0}
[INFO] [stdout]   21:     0x57a34b557b34 - std[617be2ca0a6fd877]::sys::backtrace::__rust_begin_short_backtrace::<test[aada8e7e76ba119b]::run_test::{closure#1}, ()>
[INFO] [stdout]   22:     0x57a34b5612d2 - <std[617be2ca0a6fd877]::thread::lifecycle::spawn_unchecked<test[aada8e7e76ba119b]::run_test::{closure#1}, ()>::{closure#1} as core[a373ad73a504971]::ops::function::FnOnce<()>>::call_once::{shim:vtable#0}
[INFO] [stdout]   23:     0x57a34b8f7fdf - <std[617be2ca0a6fd877]::sys::thread::unix::Thread>::new::thread_start
[INFO] [stdout]   24:     0x7abfc6a92dfa - <unknown>
[INFO] [stdout]   25:     0x7abfc6b263d4 - clone
[INFO] [stdout]   26:                0x0 - <unknown>
[INFO] [stdout] 
[INFO] [stdout] ---- queue_foreign_key stdout ----
[INFO] [stdout] 
[INFO] [stdout] thread 'queue_foreign_key' (3026) panicked at tests/integration.rs:36:10:
[INFO] [stdout] failed to connect to database: Conn(SqlxError(PoolTimedOut))
[INFO] [stdout] stack backtrace:
[INFO] [stdout]    0:     0x57a34b8f8e41 - <<std[617be2ca0a6fd877]::sys::backtrace::BacktraceLock>::print::DisplayBacktrace as core[a373ad73a504971]::fmt::Display>::fmt
[INFO] [stdout]    1:     0x57a34b910b4a - core[a373ad73a504971]::fmt::write
[INFO] [stdout]    2:     0x57a34b8fd61c - <alloc[2e1b2a31b91974c5]::vec::Vec<u8> as core[a373ad73a504971]::io::write::Write>::write_fmt
[INFO] [stdout]    3:     0x57a34b8d3b66 - std[617be2ca0a6fd877]::panicking::default_hook::{closure#0}
[INFO] [stdout]    4:     0x57a34b8f0a29 - std[617be2ca0a6fd877]::panicking::default_hook
[INFO] [stdout]    5:     0x57a34b55dc20 - test[aada8e7e76ba119b]::test_main_inner::{closure#0}
[INFO] [stdout]    6:     0x57a34b8f0d52 - std[617be2ca0a6fd877]::panicking::panic_with_hook
[INFO] [stdout]    7:     0x57a34b8d3c12 - std[617be2ca0a6fd877]::panicking::panic_handler::{closure#0}
[INFO] [stdout]    8:     0x57a34b8cc6b9 - std[617be2ca0a6fd877]::sys::backtrace::__rust_end_short_backtrace::<std[617be2ca0a6fd877]::panicking::panic_handler::{closure#0}, !>
[INFO] [stdout]    9:     0x57a34b8d4a0d - __rustc[ea4f61d10b84890b]::rust_begin_unwind
[INFO] [stdout]   10:     0x57a34b9112ac - core[a373ad73a504971]::panicking::panic_fmt
[INFO] [stdout]   11:     0x57a34b911082 - core[a373ad73a504971]::result::unwrap_failed
[INFO] [stdout]   12:     0x57a34b4c2740 - integration[73169ce08b3b08de]::setup::{closure#0}
[INFO] [stdout]   13:     0x57a34b4c37c4 - integration[73169ce08b3b08de]::queue_foreign_key::{closure#0}
[INFO] [stdout]   14:     0x57a34b527dd3 - <tokio[2e1177366d118354]::runtime::scheduler::current_thread::Context>::enter::<core[a373ad73a504971]::task::poll::Poll<()>, <tokio[2e1177366d118354]::runtime::scheduler::current_thread::CoreGuard>::block_on<core[a373ad73a504971]::pin::Pin<&mut core[a373ad73a504971]::pin::Pin<&mut dyn core[a373ad73a504971]::future::future::Future<Output = ()>>>>::{closure#0}::{closure#0}>
[INFO] [stdout]   15:     0x57a34b54537c - <tokio[2e1177366d118354]::runtime::context::scoped::Scoped<tokio[2e1177366d118354]::runtime::scheduler::Context>>::set::<<tokio[2e1177366d118354]::runtime::scheduler::current_thread::CoreGuard>::enter<<tokio[2e1177366d118354]::runtime::scheduler::current_thread::CoreGuard>::block_on<core[a373ad73a504971]::pin::Pin<&mut core[a373ad73a504971]::pin::Pin<&mut dyn core[a373ad73a504971]::future::future::Future<Output = ()>>>>::{closure#0}, core[a373ad73a504971]::option::Option<()>>::{closure#0}, (alloc[2e1b2a31b91974c5]::boxed::Box<tokio[2e1177366d118354]::runtime::scheduler::current_thread::Core>, core[a373ad73a504971]::option::Option<()>)>
[INFO] [stdout]   16:     0x57a34b5278df - <tokio[2e1177366d118354]::runtime::scheduler::current_thread::CurrentThread>::block_on::<core[a373ad73a504971]::pin::Pin<&mut dyn core[a373ad73a504971]::future::future::Future<Output = ()>>>
[INFO] [stdout]   17:     0x57a34b51f482 - <tokio[2e1177366d118354]::runtime::runtime::Runtime>::block_on::<core[a373ad73a504971]::pin::Pin<&mut dyn core[a373ad73a504971]::future::future::Future<Output = ()>>>
[INFO] [stdout]   18:     0x57a34b4d013e - <integration[73169ce08b3b08de]::queue_foreign_key::{closure#0} as core[a373ad73a504971]::ops::function::FnOnce<()>>::call_once
[INFO] [stdout]   19:     0x57a34b55106b - test[aada8e7e76ba119b]::__rust_begin_short_backtrace::<core[a373ad73a504971]::result::Result<(), alloc[2e1b2a31b91974c5]::string::String>, fn() -> core[a373ad73a504971]::result::Result<(), alloc[2e1b2a31b91974c5]::string::String>>
[INFO] [stdout]   20:     0x57a34b55e245 - test[aada8e7e76ba119b]::run_test::{closure#0}
[INFO] [stdout]   21:     0x57a34b557b34 - std[617be2ca0a6fd877]::sys::backtrace::__rust_begin_short_backtrace::<test[aada8e7e76ba119b]::run_test::{closure#1}, ()>
[INFO] [stdout]   22:     0x57a34b5612d2 - <std[617be2ca0a6fd877]::thread::lifecycle::spawn_unchecked<test[aada8e7e76ba119b]::run_test::{closure#1}, ()>::{closure#1} as core[a373ad73a504971]::ops::function::FnOnce<()>>::call_once::{shim:vtable#0}
[INFO] [stdout]   23:     0x57a34b8f7fdf - <std[617be2ca0a6fd877]::sys::thread::unix::Thread>::new::thread_start
[INFO] [stdout]   24:     0x7abfc6a92dfa - <unknown>
[INFO] [stdout]   25:     0x7abfc6b263d4 - clone
[INFO] [stdout]   26:                0x0 - <unknown>
[INFO] [stdout] 
[INFO] [stdout] ---- schedule_index_is_used_for_due_tasks_query stdout ----
[INFO] [stdout] 
[INFO] [stdout] thread 'schedule_index_is_used_for_due_tasks_query' (3028) panicked at tests/integration.rs:36:10:
[INFO] [stdout] failed to connect to database: Conn(SqlxError(PoolTimedOut))
[INFO] [stdout] stack backtrace:
[INFO] [stdout]    0:     0x57a34b8f8e41 - <<std[617be2ca0a6fd877]::sys::backtrace::BacktraceLock>::print::DisplayBacktrace as core[a373ad73a504971]::fmt::Display>::fmt
[INFO] [stdout]    1:     0x57a34b910b4a - core[a373ad73a504971]::fmt::write
[INFO] [stdout]    2:     0x57a34b8fd61c - <alloc[2e1b2a31b91974c5]::vec::Vec<u8> as core[a373ad73a504971]::io::write::Write>::write_fmt
[INFO] [stdout]    3:     0x57a34b8d3b66 - std[617be2ca0a6fd877]::panicking::default_hook::{closure#0}
[INFO] [stdout]    4:     0x57a34b8f0a29 - std[617be2ca0a6fd877]::panicking::default_hook
[INFO] [stdout]    5:     0x57a34b55dc20 - test[aada8e7e76ba119b]::test_main_inner::{closure#0}
[INFO] [stdout]    6:     0x57a34b8f0d52 - std[617be2ca0a6fd877]::panicking::panic_with_hook
[INFO] [stdout]    7:     0x57a34b8d3c12 - std[617be2ca0a6fd877]::panicking::panic_handler::{closure#0}
[INFO] [stdout]    8:     0x57a34b8cc6b9 - std[617be2ca0a6fd877]::sys::backtrace::__rust_end_short_backtrace::<std[617be2ca0a6fd877]::panicking::panic_handler::{closure#0}, !>
[INFO] [stdout]    9:     0x57a34b8d4a0d - __rustc[ea4f61d10b84890b]::rust_begin_unwind
[INFO] [stdout]   10:     0x57a34b9112ac - core[a373ad73a504971]::panicking::panic_fmt
[INFO] [stdout]   11:     0x57a34b911082 - core[a373ad73a504971]::result::unwrap_failed
[INFO] [stdout]   12:     0x57a34b4c2740 - integration[73169ce08b3b08de]::setup::{closure#0}
[INFO] [stdout]   13:     0x57a34b4c9873 - integration[73169ce08b3b08de]::schedule_index_is_used_for_due_tasks_query::{closure#0}
[INFO] [stdout]   14:     0x57a34b527dd3 - <tokio[2e1177366d118354]::runtime::scheduler::current_thread::Context>::enter::<core[a373ad73a504971]::task::poll::Poll<()>, <tokio[2e1177366d118354]::runtime::scheduler::current_thread::CoreGuard>::block_on<core[a373ad73a504971]::pin::Pin<&mut core[a373ad73a504971]::pin::Pin<&mut dyn core[a373ad73a504971]::future::future::Future<Output = ()>>>>::{closure#0}::{closure#0}>
[INFO] [stdout]   15:     0x57a34b54537c - <tokio[2e1177366d118354]::runtime::context::scoped::Scoped<tokio[2e1177366d118354]::runtime::scheduler::Context>>::set::<<tokio[2e1177366d118354]::runtime::scheduler::current_thread::CoreGuard>::enter<<tokio[2e1177366d118354]::runtime::scheduler::current_thread::CoreGuard>::block_on<core[a373ad73a504971]::pin::Pin<&mut core[a373ad73a504971]::pin::Pin<&mut dyn core[a373ad73a504971]::future::future::Future<Output = ()>>>>::{closure#0}, core[a373ad73a504971]::option::Option<()>>::{closure#0}, (alloc[2e1b2a31b91974c5]::boxed::Box<tokio[2e1177366d118354]::runtime::scheduler::current_thread::Core>, core[a373ad73a504971]::option::Option<()>)>
[INFO] [stdout]   16:     0x57a34b5278df - <tokio[2e1177366d118354]::runtime::scheduler::current_thread::CurrentThread>::block_on::<core[a373ad73a504971]::pin::Pin<&mut dyn core[a373ad73a504971]::future::future::Future<Output = ()>>>
[INFO] [stdout]   17:     0x57a34b51f482 - <tokio[2e1177366d118354]::runtime::runtime::Runtime>::block_on::<core[a373ad73a504971]::pin::Pin<&mut dyn core[a373ad73a504971]::future::future::Future<Output = ()>>>
[INFO] [stdout]   18:     0x57a34b4d1b5e - <integration[73169ce08b3b08de]::schedule_index_is_used_for_due_tasks_query::{closure#0} as core[a373ad73a504971]::ops::function::FnOnce<()>>::call_once
[INFO] [stdout]   19:     0x57a34b55106b - test[aada8e7e76ba119b]::__rust_begin_short_backtrace::<core[a373ad73a504971]::result::Result<(), alloc[2e1b2a31b91974c5]::string::String>, fn() -> core[a373ad73a504971]::result::Result<(), alloc[2e1b2a31b91974c5]::string::String>>
[INFO] [stdout]   20:     0x57a34b55e245 - test[aada8e7e76ba119b]::run_test::{closure#0}
[INFO] [stdout]   21:     0x57a34b557b34 - std[617be2ca0a6fd877]::sys::backtrace::__rust_begin_short_backtrace::<test[aada8e7e76ba119b]::run_test::{closure#1}, ()>
[INFO] [stdout]   22:     0x57a34b5612d2 - <std[617be2ca0a6fd877]::thread::lifecycle::spawn_unchecked<test[aada8e7e76ba119b]::run_test::{closure#1}, ()>::{closure#1} as core[a373ad73a504971]::ops::function::FnOnce<()>>::call_once::{shim:vtable#0}
[INFO] [stdout]   23:     0x57a34b8f7fdf - <std[617be2ca0a6fd877]::sys::thread::unix::Thread>::new::thread_start
[INFO] [stdout]   24:     0x7abfc6a92dfa - <unknown>
[INFO] [stdout]   25:     0x7abfc6b263d4 - clone
[INFO] [stdout]   26:                0x0 - <unknown>
[INFO] [stdout] 
[INFO] [stdout] ---- scheduled_parent_can_spawn_child_instances stdout ----
[INFO] [stdout] 
[INFO] [stdout] thread 'scheduled_parent_can_spawn_child_instances' (3030) panicked at tests/integration.rs:36:10:
[INFO] [stdout] failed to connect to database: Conn(SqlxError(PoolTimedOut))
[INFO] [stdout] stack backtrace:
[INFO] [stdout]    0:     0x57a34b8f8e41 - <<std[617be2ca0a6fd877]::sys::backtrace::BacktraceLock>::print::DisplayBacktrace as core[a373ad73a504971]::fmt::Display>::fmt
[INFO] [stdout]    1:     0x57a34b910b4a - core[a373ad73a504971]::fmt::write
[INFO] [stdout]    2:     0x57a34b8fd61c - <alloc[2e1b2a31b91974c5]::vec::Vec<u8> as core[a373ad73a504971]::io::write::Write>::write_fmt
[INFO] [stdout]    3:     0x57a34b8d3b66 - std[617be2ca0a6fd877]::panicking::default_hook::{closure#0}
[INFO] [stdout]    4:     0x57a34b8f0a29 - std[617be2ca0a6fd877]::panicking::default_hook
[INFO] [stdout]    5:     0x57a34b55dc20 - test[aada8e7e76ba119b]::test_main_inner::{closure#0}
[INFO] [stdout]    6:     0x57a34b8f0d52 - std[617be2ca0a6fd877]::panicking::panic_with_hook
[INFO] [stdout]    7:     0x57a34b8d3c12 - std[617be2ca0a6fd877]::panicking::panic_handler::{closure#0}
[INFO] [stdout]    8:     0x57a34b8cc6b9 - std[617be2ca0a6fd877]::sys::backtrace::__rust_end_short_backtrace::<std[617be2ca0a6fd877]::panicking::panic_handler::{closure#0}, !>
[INFO] [stdout]    9:     0x57a34b8d4a0d - __rustc[ea4f61d10b84890b]::rust_begin_unwind
[INFO] [stdout]   10:     0x57a34b9112ac - core[a373ad73a504971]::panicking::panic_fmt
[INFO] [stdout]   11:     0x57a34b911082 - core[a373ad73a504971]::result::unwrap_failed
[INFO] [stdout]   12:     0x57a34b4c2740 - integration[73169ce08b3b08de]::setup::{closure#0}
[INFO] [stdout]   13:     0x57a34b4c9de2 - integration[73169ce08b3b08de]::scheduled_parent_can_spawn_child_instances::{closure#0}
[INFO] [stdout]   14:     0x57a34b527dd3 - <tokio[2e1177366d118354]::runtime::scheduler::current_thread::Context>::enter::<core[a373ad73a504971]::task::poll::Poll<()>, <tokio[2e1177366d118354]::runtime::scheduler::current_thread::CoreGuard>::block_on<core[a373ad73a504971]::pin::Pin<&mut core[a373ad73a504971]::pin::Pin<&mut dyn core[a373ad73a504971]::future::future::Future<Output = ()>>>>::{closure#0}::{closure#0}>
[INFO] [stdout]   15:     0x57a34b54537c - <tokio[2e1177366d118354]::runtime::context::scoped::Scoped<tokio[2e1177366d118354]::runtime::scheduler::Context>>::set::<<tokio[2e1177366d118354]::runtime::scheduler::current_thread::CoreGuard>::enter<<tokio[2e1177366d118354]::runtime::scheduler::current_thread::CoreGuard>::block_on<core[a373ad73a504971]::pin::Pin<&mut core[a373ad73a504971]::pin::Pin<&mut dyn core[a373ad73a504971]::future::future::Future<Output = ()>>>>::{closure#0}, core[a373ad73a504971]::option::Option<()>>::{closure#0}, (alloc[2e1b2a31b91974c5]::boxed::Box<tokio[2e1177366d118354]::runtime::scheduler::current_thread::Core>, core[a373ad73a504971]::option::Option<()>)>
[INFO] [stdout]   16:     0x57a34b5278df - <tokio[2e1177366d118354]::runtime::scheduler::current_thread::CurrentThread>::block_on::<core[a373ad73a504971]::pin::Pin<&mut dyn core[a373ad73a504971]::future::future::Future<Output = ()>>>
[INFO] [stdout]   17:     0x57a34b51f482 - <tokio[2e1177366d118354]::runtime::runtime::Runtime>::block_on::<core[a373ad73a504971]::pin::Pin<&mut dyn core[a373ad73a504971]::future::future::Future<Output = ()>>>
[INFO] [stdout]   18:     0x57a34b4d1cbe - <integration[73169ce08b3b08de]::scheduled_parent_can_spawn_child_instances::{closure#0} as core[a373ad73a504971]::ops::function::FnOnce<()>>::call_once
[INFO] [stdout]   19:     0x57a34b55106b - test[aada8e7e76ba119b]::__rust_begin_short_backtrace::<core[a373ad73a504971]::result::Result<(), alloc[2e1b2a31b91974c5]::string::String>, fn() -> core[a373ad73a504971]::result::Result<(), alloc[2e1b2a31b91974c5]::string::String>>
[INFO] [stdout]   20:     0x57a34b55e245 - test[aada8e7e76ba119b]::run_test::{closure#0}
[INFO] [stdout]   21:     0x57a34b557b34 - std[617be2ca0a6fd877]::sys::backtrace::__rust_begin_short_backtrace::<test[aada8e7e76ba119b]::run_test::{closure#1}, ()>
[INFO] [stdout]   22:     0x57a34b5612d2 - <std[617be2ca0a6fd877]::thread::lifecycle::spawn_unchecked<test[aada8e7e76ba119b]::run_test::{closure#1}, ()>::{closure#1} as core[a373ad73a504971]::ops::function::FnOnce<()>>::call_once::{shim:vtable#0}
[INFO] [stdout]   23:     0x57a34b8f7fdf - <std[617be2ca0a6fd877]::sys::thread::unix::Thread>::new::thread_start
[INFO] [stdout]   24:     0x7abfc6a92dfa - <unknown>
[INFO] [stdout]   25:     0x7abfc6b263d4 - clone
[INFO] [stdout]   26:                0x0 - <unknown>
[INFO] [stdout] 
[INFO] [stdout] ---- scheduled_task_null_cron_means_one_shot stdout ----
[INFO] [stdout] 
[INFO] [stdout] thread 'scheduled_task_null_cron_means_one_shot' (3031) panicked at tests/integration.rs:36:10:
[INFO] [stdout] failed to connect to database: Conn(SqlxError(PoolTimedOut))
[INFO] [stdout] stack backtrace:
[INFO] [stdout]    0:     0x57a34b8f8e41 - <<std[617be2ca0a6fd877]::sys::backtrace::BacktraceLock>::print::DisplayBacktrace as core[a373ad73a504971]::fmt::Display>::fmt
[INFO] [stdout]    1:     0x57a34b910b4a - core[a373ad73a504971]::fmt::write
[INFO] [stdout]    2:     0x57a34b8fd61c - <alloc[2e1b2a31b91974c5]::vec::Vec<u8> as core[a373ad73a504971]::io::write::Write>::write_fmt
[INFO] [stdout]    3:     0x57a34b8d3b66 - std[617be2ca0a6fd877]::panicking::default_hook::{closure#0}
[INFO] [stdout]    4:     0x57a34b8f0a29 - std[617be2ca0a6fd877]::panicking::default_hook
[INFO] [stdout]    5:     0x57a34b55dc20 - test[aada8e7e76ba119b]::test_main_inner::{closure#0}
[INFO] [stdout]    6:     0x57a34b8f0d52 - std[617be2ca0a6fd877]::panicking::panic_with_hook
[INFO] [stdout]    7:     0x57a34b8d3c12 - std[617be2ca0a6fd877]::panicking::panic_handler::{closure#0}
[INFO] [stdout]    8:     0x57a34b8cc6b9 - std[617be2ca0a6fd877]::sys::backtrace::__rust_end_short_backtrace::<std[617be2ca0a6fd877]::panicking::panic_handler::{closure#0}, !>
[INFO] [stdout]    9:     0x57a34b8d4a0d - __rustc[ea4f61d10b84890b]::rust_begin_unwind
[INFO] [stdout]   10:     0x57a34b9112ac - core[a373ad73a504971]::panicking::panic_fmt
[INFO] [stdout]   11:     0x57a34b911082 - core[a373ad73a504971]::result::unwrap_failed
[INFO] [stdout]   12:     0x57a34b4c2740 - integration[73169ce08b3b08de]::setup::{closure#0}
[INFO] [stdout]   13:     0x57a34b4c89f1 - integration[73169ce08b3b08de]::scheduled_task_null_cron_means_one_shot::{closure#0}
[INFO] [stdout]   14:     0x57a34b527dd3 - <tokio[2e1177366d118354]::runtime::scheduler::current_thread::Context>::enter::<core[a373ad73a504971]::task::poll::Poll<()>, <tokio[2e1177366d118354]::runtime::scheduler::current_thread::CoreGuard>::block_on<core[a373ad73a504971]::pin::Pin<&mut core[a373ad73a504971]::pin::Pin<&mut dyn core[a373ad73a504971]::future::future::Future<Output = ()>>>>::{closure#0}::{closure#0}>
[INFO] [stdout]   15:     0x57a34b54537c - <tokio[2e1177366d118354]::runtime::context::scoped::Scoped<tokio[2e1177366d118354]::runtime::scheduler::Context>>::set::<<tokio[2e1177366d118354]::runtime::scheduler::current_thread::CoreGuard>::enter<<tokio[2e1177366d118354]::runtime::scheduler::current_thread::CoreGuard>::block_on<core[a373ad73a504971]::pin::Pin<&mut core[a373ad73a504971]::pin::Pin<&mut dyn core[a373ad73a504971]::future::future::Future<Output = ()>>>>::{closure#0}, core[a373ad73a504971]::option::Option<()>>::{closure#0}, (alloc[2e1b2a31b91974c5]::boxed::Box<tokio[2e1177366d118354]::runtime::scheduler::current_thread::Core>, core[a373ad73a504971]::option::Option<()>)>
[INFO] [stdout]   16:     0x57a34b5278df - <tokio[2e1177366d118354]::runtime::scheduler::current_thread::CurrentThread>::block_on::<core[a373ad73a504971]::pin::Pin<&mut dyn core[a373ad73a504971]::future::future::Future<Output = ()>>>
[INFO] [stdout]   17:     0x57a34b51f482 - <tokio[2e1177366d118354]::runtime::runtime::Runtime>::block_on::<core[a373ad73a504971]::pin::Pin<&mut dyn core[a373ad73a504971]::future::future::Future<Output = ()>>>
[INFO] [stdout]   18:     0x57a34b4d173e - <integration[73169ce08b3b08de]::scheduled_task_null_cron_means_one_shot::{closure#0} as core[a373ad73a504971]::ops::function::FnOnce<()>>::call_once
[INFO] [stdout]   19:     0x57a34b55106b - test[aada8e7e76ba119b]::__rust_begin_short_backtrace::<core[a373ad73a504971]::result::Result<(), alloc[2e1b2a31b91974c5]::string::String>, fn() -> core[a373ad73a504971]::result::Result<(), alloc[2e1b2a31b91974c5]::string::String>>
[INFO] [stdout]   20:     0x57a34b55e245 - test[aada8e7e76ba119b]::run_test::{closure#0}
[INFO] [stdout]   21:     0x57a34b557b34 - std[617be2ca0a6fd877]::sys::backtrace::__rust_begin_short_backtrace::<test[aada8e7e76ba119b]::run_test::{closure#1}, ()>
[INFO] [stdout]   22:     0x57a34b5612d2 - <std[617be2ca0a6fd877]::thread::lifecycle::spawn_unchecked<test[aada8e7e76ba119b]::run_test::{closure#1}, ()>::{closure#1} as core[a373ad73a504971]::ops::function::FnOnce<()>>::call_once::{shim:vtable#0}
[INFO] [stdout]   23:     0x57a34b8f7fdf - <std[617be2ca0a6fd877]::sys::thread::unix::Thread>::new::thread_start
[INFO] [stdout]   24:     0x7abfc6a92dfa - <unknown>
[INFO] [stdout]   25:     0x7abfc6b263d4 - clone
[INFO] [stdout]   26:                0x0 - <unknown>
[INFO] [stdout] 
[INFO] [stdout] ---- task_queue_rate_limit_columns stdout ----
[INFO] [stdout] 
[INFO] [stdout] thread 'task_queue_rate_limit_columns' (3034) panicked at tests/integration.rs:36:10:
[INFO] [stdout] failed to connect to database: Conn(SqlxError(PoolTimedOut))
[INFO] [stdout] stack backtrace:
[INFO] [stdout]    0:     0x57a34b8f8e41 - <<std[617be2ca0a6fd877]::sys::backtrace::BacktraceLock>::print::DisplayBacktrace as core[a373ad73a504971]::fmt::Display>::fmt
[INFO] [stdout]    1:     0x57a34b910b4a - core[a373ad73a504971]::fmt::write
[INFO] [stdout]    2:     0x57a34b8fd61c - <alloc[2e1b2a31b91974c5]::vec::Vec<u8> as core[a373ad73a504971]::io::write::Write>::write_fmt
[INFO] [stdout]    3:     0x57a34b8d3b66 - std[617be2ca0a6fd877]::panicking::default_hook::{closure#0}
[INFO] [stdout]    4:     0x57a34b8f0a29 - std[617be2ca0a6fd877]::panicking::default_hook
[INFO] [stdout]    5:     0x57a34b55dc20 - test[aada8e7e76ba119b]::test_main_inner::{closure#0}
[INFO] [stdout]    6:     0x57a34b8f0d52 - std[617be2ca0a6fd877]::panicking::panic_with_hook
[INFO] [stdout]    7:     0x57a34b8d3c12 - std[617be2ca0a6fd877]::panicking::panic_handler::{closure#0}
[INFO] [stdout]    8:     0x57a34b8cc6b9 - std[617be2ca0a6fd877]::sys::backtrace::__rust_end_short_backtrace::<std[617be2ca0a6fd877]::panicking::panic_handler::{closure#0}, !>
[INFO] [stdout]    9:     0x57a34b8d4a0d - __rustc[ea4f61d10b84890b]::rust_begin_unwind
[INFO] [stdout]   10:     0x57a34b9112ac - core[a373ad73a504971]::panicking::panic_fmt
[INFO] [stdout]   11:     0x57a34b911082 - core[a373ad73a504971]::result::unwrap_failed
[INFO] [stdout]   12:     0x57a34b4c2740 - integration[73169ce08b3b08de]::setup::{closure#0}
[INFO] [stdout]   13:     0x57a34b4c6862 - integration[73169ce08b3b08de]::task_queue_rate_limit_columns::{closure#0}
[INFO] [stdout]   14:     0x57a34b527dd3 - <tokio[2e1177366d118354]::runtime::scheduler::current_thread::Context>::enter::<core[a373ad73a504971]::task::poll::Poll<()>, <tokio[2e1177366d118354]::runtime::scheduler::current_thread::CoreGuard>::block_on<core[a373ad73a504971]::pin::Pin<&mut core[a373ad73a504971]::pin::Pin<&mut dyn core[a373ad73a504971]::future::future::Future<Output = ()>>>>::{closure#0}::{closure#0}>
[INFO] [stdout]   15:     0x57a34b54537c - <tokio[2e1177366d118354]::runtime::context::scoped::Scoped<tokio[2e1177366d118354]::runtime::scheduler::Context>>::set::<<tokio[2e1177366d118354]::runtime::scheduler::current_thread::CoreGuard>::enter<<tokio[2e1177366d118354]::runtime::scheduler::current_thread::CoreGuard>::block_on<core[a373ad73a504971]::pin::Pin<&mut core[a373ad73a504971]::pin::Pin<&mut dyn core[a373ad73a504971]::future::future::Future<Output = ()>>>>::{closure#0}, core[a373ad73a504971]::option::Option<()>>::{closure#0}, (alloc[2e1b2a31b91974c5]::boxed::Box<tokio[2e1177366d118354]::runtime::scheduler::current_thread::Core>, core[a373ad73a504971]::option::Option<()>)>
[INFO] [stdout]   16:     0x57a34b5278df - <tokio[2e1177366d118354]::runtime::scheduler::current_thread::CurrentThread>::block_on::<core[a373ad73a504971]::pin::Pin<&mut dyn core[a373ad73a504971]::future::future::Future<Output = ()>>>
[INFO] [stdout]   17:     0x57a34b51f482 - <tokio[2e1177366d118354]::runtime::runtime::Runtime>::block_on::<core[a373ad73a504971]::pin::Pin<&mut dyn core[a373ad73a504971]::future::future::Future<Output = ()>>>
[INFO] [stdout]   18:     0x57a34b4d0d9e - <integration[73169ce08b3b08de]::task_queue_rate_limit_columns::{closure#0} as core[a373ad73a504971]::ops::function::FnOnce<()>>::call_once
[INFO] [stdout]   19:     0x57a34b55106b - test[aada8e7e76ba119b]::__rust_begin_short_backtrace::<core[a373ad73a504971]::result::Result<(), alloc[2e1b2a31b91974c5]::string::String>, fn() -> core[a373ad73a504971]::result::Result<(), alloc[2e1b2a31b91974c5]::string::String>>
[INFO] [stdout]   20:     0x57a34b55e245 - test[aada8e7e76ba119b]::run_test::{closure#0}
[INFO] [stdout]   21:     0x57a34b557b34 - std[617be2ca0a6fd877]::sys::backtrace::__rust_begin_short_backtrace::<test[aada8e7e76ba119b]::run_test::{closure#1}, ()>
[INFO] [stdout]   22:     0x57a34b5612d2 - <std[617be2ca0a6fd877]::thread::lifecycle::spawn_unchecked<test[aada8e7e76ba119b]::run_test::{closure#1}, ()>::{closure#1} as core[a373ad73a504971]::ops::function::FnOnce<()>>::call_once::{shim:vtable#0}
[INFO] [stdout]   23:     0x57a34b8f7fdf - <std[617be2ca0a6fd877]::sys::thread::unix::Thread>::new::thread_start
[INFO] [stdout]   24:     0x7abfc6a92dfa - <unknown>
[INFO] [stdout]   25:     0x7abfc6b263d4 - clone
[INFO] [stdout]   26:                0x0 - <unknown>
[INFO] [stdout] 
[INFO] [stdout] ---- task_timestamps_auto_set stdout ----
[INFO] [stdout] 
[INFO] [stdout] thread 'task_timestamps_auto_set' (3036) panicked at tests/integration.rs:36:10:
[INFO] [stdout] failed to connect to database: Conn(SqlxError(PoolTimedOut))
[INFO] [stdout] stack backtrace:
[INFO] [stdout]    0:     0x57a34b8f8e41 - <<std[617be2ca0a6fd877]::sys::backtrace::BacktraceLock>::print::DisplayBacktrace as core[a373ad73a504971]::fmt::Display>::fmt
[INFO] [stdout]    1:     0x57a34b910b4a - core[a373ad73a504971]::fmt::write
[INFO] [stdout]    2:     0x57a34b8fd61c - <alloc[2e1b2a31b91974c5]::vec::Vec<u8> as core[a373ad73a504971]::io::write::Write>::write_fmt
[INFO] [stdout]    3:     0x57a34b8d3b66 - std[617be2ca0a6fd877]::panicking::default_hook::{closure#0}
[INFO] [stdout]    4:     0x57a34b8f0a29 - std[617be2ca0a6fd877]::panicking::default_hook
[INFO] [stdout]    5:     0x57a34b55dc20 - test[aada8e7e76ba119b]::test_main_inner::{closure#0}
[INFO] [stdout]    6:     0x57a34b8f0d52 - std[617be2ca0a6fd877]::panicking::panic_with_hook
[INFO] [stdout]    7:     0x57a34b8d3c12 - std[617be2ca0a6fd877]::panicking::panic_handler::{closure#0}
[INFO] [stdout]    8:     0x57a34b8cc6b9 - std[617be2ca0a6fd877]::sys::backtrace::__rust_end_short_backtrace::<std[617be2ca0a6fd877]::panicking::panic_handler::{closure#0}, !>
[INFO] [stdout]    9:     0x57a34b8d4a0d - __rustc[ea4f61d10b84890b]::rust_begin_unwind
[INFO] [stdout]   10:     0x57a34b9112ac - core[a373ad73a504971]::panicking::panic_fmt
[INFO] [stdout]   11:     0x57a34b911082 - core[a373ad73a504971]::result::unwrap_failed
[INFO] [stdout]   12:     0x57a34b4c2740 - integration[73169ce08b3b08de]::setup::{closure#0}
[INFO] [stdout]   13:     0x57a34b4c4a31 - integration[73169ce08b3b08de]::task_timestamps_auto_set::{closure#0}
[INFO] [stdout]   14:     0x57a34b527dd3 - <tokio[2e1177366d118354]::runtime::scheduler::current_thread::Context>::enter::<core[a373ad73a504971]::task::poll::Poll<()>, <tokio[2e1177366d118354]::runtime::scheduler::current_thread::CoreGuard>::block_on<core[a373ad73a504971]::pin::Pin<&mut core[a373ad73a504971]::pin::Pin<&mut dyn core[a373ad73a504971]::future::future::Future<Output = ()>>>>::{closure#0}::{closure#0}>
[INFO] [stdout]   15:     0x57a34b54537c - <tokio[2e1177366d118354]::runtime::context::scoped::Scoped<tokio[2e1177366d118354]::runtime::scheduler::Context>>::set::<<tokio[2e1177366d118354]::runtime::scheduler::current_thread::CoreGuard>::enter<<tokio[2e1177366d118354]::runtime::scheduler::current_thread::CoreGuard>::block_on<core[a373ad73a504971]::pin::Pin<&mut core[a373ad73a504971]::pin::Pin<&mut dyn core[a373ad73a504971]::future::future::Future<Output = ()>>>>::{closure#0}, core[a373ad73a504971]::option::Option<()>>::{closure#0}, (alloc[2e1b2a31b91974c5]::boxed::Box<tokio[2e1177366d118354]::runtime::scheduler::current_thread::Core>, core[a373ad73a504971]::option::Option<()>)>
[INFO] [stdout]   16:     0x57a34b5278df - <tokio[2e1177366d118354]::runtime::scheduler::current_thread::CurrentThread>::block_on::<core[a373ad73a504971]::pin::Pin<&mut dyn core[a373ad73a504971]::future::future::Future<Output = ()>>>
[INFO] [stdout]   17:     0x57a34b51f482 - <tokio[2e1177366d118354]::runtime::runtime::Runtime>::block_on::<core[a373ad73a504971]::pin::Pin<&mut dyn core[a373ad73a504971]::future::future::Future<Output = ()>>>
[INFO] [stdout]   18:     0x57a34b4d06be - <integration[73169ce08b3b08de]::task_timestamps_auto_set::{closure#0} as core[a373ad73a504971]::ops::function::FnOnce<()>>::call_once
[INFO] [stdout]   19:     0x57a34b55106b - test[aada8e7e76ba119b]::__rust_begin_short_backtrace::<core[a373ad73a504971]::result::Result<(), alloc[2e1b2a31b91974c5]::string::String>, fn() -> core[a373ad73a504971]::result::Result<(), alloc[2e1b2a31b91974c5]::string::String>>
[INFO] [stdout]   20:     0x57a34b55e245 - test[aada8e7e76ba119b]::run_test::{closure#0}
[INFO] [stdout]   21:     0x57a34b557b34 - std[617be2ca0a6fd877]::sys::backtrace::__rust_begin_short_backtrace::<test[aada8e7e76ba119b]::run_test::{closure#1}, ()>
[INFO] [stdout]   22:     0x57a34b5612d2 - <std[617be2ca0a6fd877]::thread::lifecycle::spawn_unchecked<test[aada8e7e76ba119b]::run_test::{closure#1}, ()>::{closure#1} as core[a373ad73a504971]::ops::function::FnOnce<()>>::call_once::{shim:vtable#0}
[INFO] [stdout]   23:     0x57a34b8f7fdf - <std[617be2ca0a6fd877]::sys::thread::unix::Thread>::new::thread_start
[INFO] [stdout]   24:     0x7abfc6a92dfa - <unknown>
[INFO] [stdout]   25:     0x7abfc6b263d4 - clone
[INFO] [stdout]   26:                0x0 - <unknown>
[INFO] [stdout] 
[INFO] [stdout] ---- task_with_jsonb_input_output stdout ----
[INFO] [stdout] 
[INFO] [stdout] thread 'task_with_jsonb_input_output' (3037) panicked at tests/integration.rs:36:10:
[INFO] [stdout] failed to connect to database: Conn(SqlxError(PoolTimedOut))
[INFO] [stdout] stack backtrace:
[INFO] [stdout]    0:     0x57a34b8f8e41 - <<std[617be2ca0a6fd877]::sys::backtrace::BacktraceLock>::print::DisplayBacktrace as core[a373ad73a504971]::fmt::Display>::fmt
[INFO] [stdout]    1:     0x57a34b910b4a - core[a373ad73a504971]::fmt::write
[INFO] [stdout]    2:     0x57a34b8fd61c - <alloc[2e1b2a31b91974c5]::vec::Vec<u8> as core[a373ad73a504971]::io::write::Write>::write_fmt
[INFO] [stdout]    3:     0x57a34b8d3b66 - std[617be2ca0a6fd877]::panicking::default_hook::{closure#0}
[INFO] [stdout]    4:     0x57a34b8f0a29 - std[617be2ca0a6fd877]::panicking::default_hook
[INFO] [stdout]    5:     0x57a34b55dc20 - test[aada8e7e76ba119b]::test_main_inner::{closure#0}
[INFO] [stdout]    6:     0x57a34b8f0d52 - std[617be2ca0a6fd877]::panicking::panic_with_hook
[INFO] [stdout]    7:     0x57a34b8d3c12 - std[617be2ca0a6fd877]::panicking::panic_handler::{closure#0}
[INFO] [stdout]    8:     0x57a34b8cc6b9 - std[617be2ca0a6fd877]::sys::backtrace::__rust_end_short_backtrace::<std[617be2ca0a6fd877]::panicking::panic_handler::{closure#0}, !>
[INFO] [stdout]    9:     0x57a34b8d4a0d - __rustc[ea4f61d10b84890b]::rust_begin_unwind
[INFO] [stdout]   10:     0x57a34b9112ac - core[a373ad73a504971]::panicking::panic_fmt
[INFO] [stdout]   11:     0x57a34b911082 - core[a373ad73a504971]::result::unwrap_failed
[INFO] [stdout]   12:     0x57a34b4c2740 - integration[73169ce08b3b08de]::setup::{closure#0}
[INFO] [stdout]   13:     0x57a34b4c5524 - integration[73169ce08b3b08de]::task_with_jsonb_input_output::{closure#0}
[INFO] [stdout]   14:     0x57a34b527dd3 - <tokio[2e1177366d118354]::runtime::scheduler::current_thread::Context>::enter::<core[a373ad73a504971]::task::poll::Poll<()>, <tokio[2e1177366d118354]::runtime::scheduler::current_thread::CoreGuard>::block_on<core[a373ad73a504971]::pin::Pin<&mut core[a373ad73a504971]::pin::Pin<&mut dyn core[a373ad73a504971]::future::future::Future<Output = ()>>>>::{closure#0}::{closure#0}>
[INFO] [stdout]   15:     0x57a34b54537c - <tokio[2e1177366d118354]::runtime::context::scoped::Scoped<tokio[2e1177366d118354]::runtime::scheduler::Context>>::set::<<tokio[2e1177366d118354]::runtime::scheduler::current_thread::CoreGuard>::enter<<tokio[2e1177366d118354]::runtime::scheduler::current_thread::CoreGuard>::block_on<core[a373ad73a504971]::pin::Pin<&mut core[a373ad73a504971]::pin::Pin<&mut dyn core[a373ad73a504971]::future::future::Future<Output = ()>>>>::{closure#0}, core[a373ad73a504971]::option::Option<()>>::{closure#0}, (alloc[2e1b2a31b91974c5]::boxed::Box<tokio[2e1177366d118354]::runtime::scheduler::current_thread::Core>, core[a373ad73a504971]::option::Option<()>)>
[INFO] [stdout]   16:     0x57a34b5278df - <tokio[2e1177366d118354]::runtime::scheduler::current_thread::CurrentThread>::block_on::<core[a373ad73a504971]::pin::Pin<&mut dyn core[a373ad73a504971]::future::future::Future<Output = ()>>>
[INFO] [stdout]   17:     0x57a34b51f482 - <tokio[2e1177366d118354]::runtime::runtime::Runtime>::block_on::<core[a373ad73a504971]::pin::Pin<&mut dyn core[a373ad73a504971]::future::future::Future<Output = ()>>>
[INFO] [stdout]   18:     0x57a34b4d0ade - <integration[73169ce08b3b08de]::task_with_jsonb_input_output::{closure#0} as core[a373ad73a504971]::ops::function::FnOnce<()>>::call_once
[INFO] [stdout]   19:     0x57a34b55106b - test[aada8e7e76ba119b]::__rust_begin_short_backtrace::<core[a373ad73a504971]::result::Result<(), alloc[2e1b2a31b91974c5]::string::String>, fn() -> core[a373ad73a504971]::result::Result<(), alloc[2e1b2a31b91974c5]::string::String>>
[INFO] [stdout]   20:     0x57a34b55e245 - test[aada8e7e76ba119b]::run_test::{closure#0}
[INFO] [stdout]   21:     0x57a34b557b34 - std[617be2ca0a6fd877]::sys::backtrace::__rust_begin_short_backtrace::<test[aada8e7e76ba119b]::run_test::{closure#1}, ()>
[INFO] [stdout]   22:     0x57a34b5612d2 - <std[617be2ca0a6fd877]::thread::lifecycle::spawn_unchecked<test[aada8e7e76ba119b]::run_test::{closure#1}, ()>::{closure#1} as core[a373ad73a504971]::ops::function::FnOnce<()>>::call_once::{shim:vtable#0}
[INFO] [stdout]   23:     0x57a34b8f7fdf - <std[617be2ca0a6fd877]::sys::thread::unix::Thread>::new::thread_start
[INFO] [stdout]   24:     0x7abfc6a92dfa - <unknown>
[INFO] [stdout]   25:     0x7abfc6b263d4 - clone
[INFO] [stdout]   26:                0x0 - <unknown>
[INFO] [stdout] 
[INFO] [stdout] ---- test_executor_heartbeat_crud stdout ----
[INFO] [stdout] 
[INFO] [stdout] thread 'test_executor_heartbeat_crud' (3040) panicked at tests/integration.rs:36:10:
[INFO] [stdout] failed to connect to database: Conn(SqlxError(PoolTimedOut))
[INFO] [stdout] stack backtrace:
[INFO] [stdout]    0:     0x57a34b8f8e41 - <<std[617be2ca0a6fd877]::sys::backtrace::BacktraceLock>::print::DisplayBacktrace as core[a373ad73a504971]::fmt::Display>::fmt
[INFO] [stdout]    1:     0x57a34b910b4a - core[a373ad73a504971]::fmt::write
[INFO] [stdout]    2:     0x57a34b8fd61c - <alloc[2e1b2a31b91974c5]::vec::Vec<u8> as core[a373ad73a504971]::io::write::Write>::write_fmt
[INFO] [stdout]    3:     0x57a34b8d3b66 - std[617be2ca0a6fd877]::panicking::default_hook::{closure#0}
[INFO] [stdout]    4:     0x57a34b8f0a29 - std[617be2ca0a6fd877]::panicking::default_hook
[INFO] [stdout]    5:     0x57a34b55dc20 - test[aada8e7e76ba119b]::test_main_inner::{closure#0}
[INFO] [stdout]    6:     0x57a34b8f0d52 - std[617be2ca0a6fd877]::panicking::panic_with_hook
[INFO] [stdout]    7:     0x57a34b8d3c12 - std[617be2ca0a6fd877]::panicking::panic_handler::{closure#0}
[INFO] [stdout]    8:     0x57a34b8cc6b9 - std[617be2ca0a6fd877]::sys::backtrace::__rust_end_short_backtrace::<std[617be2ca0a6fd877]::panicking::panic_handler::{closure#0}, !>
[INFO] [stdout]    9:     0x57a34b8d4a0d - __rustc[ea4f61d10b84890b]::rust_begin_unwind
[INFO] [stdout]   10:     0x57a34b9112ac - core[a373ad73a504971]::panicking::panic_fmt
[INFO] [stdout]   11:     0x57a34b911082 - core[a373ad73a504971]::result::unwrap_failed
[INFO] [stdout]   12:     0x57a34b4c2740 - integration[73169ce08b3b08de]::setup::{closure#0}
[INFO] [stdout]   13:     0x57a34b4c6301 - integration[73169ce08b3b08de]::test_executor_heartbeat_crud::{closure#0}
[INFO] [stdout]   14:     0x57a34b527dd3 - <tokio[2e1177366d118354]::runtime::scheduler::current_thread::Context>::enter::<core[a373ad73a504971]::task::poll::Poll<()>, <tokio[2e1177366d118354]::runtime::scheduler::current_thread::CoreGuard>::block_on<core[a373ad73a504971]::pin::Pin<&mut core[a373ad73a504971]::pin::Pin<&mut dyn core[a373ad73a504971]::future::future::Future<Output = ()>>>>::{closure#0}::{closure#0}>
[INFO] [stdout]   15:     0x57a34b54537c - <tokio[2e1177366d118354]::runtime::context::scoped::Scoped<tokio[2e1177366d118354]::runtime::scheduler::Context>>::set::<<tokio[2e1177366d118354]::runtime::scheduler::current_thread::CoreGuard>::enter<<tokio[2e1177366d118354]::runtime::scheduler::current_thread::CoreGuard>::block_on<core[a373ad73a504971]::pin::Pin<&mut core[a373ad73a504971]::pin::Pin<&mut dyn core[a373ad73a504971]::future::future::Future<Output = ()>>>>::{closure#0}, core[a373ad73a504971]::option::Option<()>>::{closure#0}, (alloc[2e1b2a31b91974c5]::boxed::Box<tokio[2e1177366d118354]::runtime::scheduler::current_thread::Core>, core[a373ad73a504971]::option::Option<()>)>
[INFO] [stdout]   16:     0x57a34b5278df - <tokio[2e1177366d118354]::runtime::scheduler::current_thread::CurrentThread>::block_on::<core[a373ad73a504971]::pin::Pin<&mut dyn core[a373ad73a504971]::future::future::Future<Output = ()>>>
[INFO] [stdout]   17:     0x57a34b51f482 - <tokio[2e1177366d118354]::runtime::runtime::Runtime>::block_on::<core[a373ad73a504971]::pin::Pin<&mut dyn core[a373ad73a504971]::future::future::Future<Output = ()>>>
[INFO] [stdout]   18:     0x57a34b4d0c3e - <integration[73169ce08b3b08de]::test_executor_heartbeat_crud::{closure#0} as core[a373ad73a504971]::ops::function::FnOnce<()>>::call_once
[INFO] [stdout]   19:     0x57a34b55106b - test[aada8e7e76ba119b]::__rust_begin_short_backtrace::<core[a373ad73a504971]::result::Result<(), alloc[2e1b2a31b91974c5]::string::String>, fn() -> core[a373ad73a504971]::result::Result<(), alloc[2e1b2a31b91974c5]::string::String>>
[INFO] [stdout]   20:     0x57a34b55e245 - test[aada8e7e76ba119b]::run_test::{closure#0}
[INFO] [stdout]   21:     0x57a34b557b34 - std[617be2ca0a6fd877]::sys::backtrace::__rust_begin_short_backtrace::<test[aada8e7e76ba119b]::run_test::{closure#1}, ()>
[INFO] [stdout]   22:     0x57a34b5612d2 - <std[617be2ca0a6fd877]::thread::lifecycle::spawn_unchecked<test[aada8e7e76ba119b]::run_test::{closure#1}, ()>::{closure#1} as core[a373ad73a504971]::ops::function::FnOnce<()>>::call_once::{shim:vtable#0}
[INFO] [stdout]   23:     0x57a34b8f7fdf - <std[617be2ca0a6fd877]::sys::thread::unix::Thread>::new::thread_start
[INFO] [stdout]   24:     0x7abfc6a92dfa - <unknown>
[INFO] [stdout]   25:     0x7abfc6b263d4 - clone
[INFO] [stdout]   26:                0x0 - <unknown>
[INFO] [stdout] 
[INFO] [stdout] ---- test_migration_creates_executor_heartbeat_table stdout ----
[INFO] [stdout] 
[INFO] [stdout] thread 'test_migration_creates_executor_heartbeat_table' (3041) panicked at tests/integration.rs:36:10:
[INFO] [stdout] failed to connect to database: Conn(SqlxError(PoolTimedOut))
[INFO] [stdout] stack backtrace:
[INFO] [stdout]    0:     0x57a34b8f8e41 - <<std[617be2ca0a6fd877]::sys::backtrace::BacktraceLock>::print::DisplayBacktrace as core[a373ad73a504971]::fmt::Display>::fmt
[INFO] [stdout]    1:     0x57a34b910b4a - core[a373ad73a504971]::fmt::write
[INFO] [stdout]    2:     0x57a34b8fd61c - <alloc[2e1b2a31b91974c5]::vec::Vec<u8> as core[a373ad73a504971]::io::write::Write>::write_fmt
[INFO] [stdout]    3:     0x57a34b8d3b66 - std[617be2ca0a6fd877]::panicking::default_hook::{closure#0}
[INFO] [stdout]    4:     0x57a34b8f0a29 - std[617be2ca0a6fd877]::panicking::default_hook
[INFO] [stdout]    5:     0x57a34b55dc20 - test[aada8e7e76ba119b]::test_main_inner::{closure#0}
[INFO] [stdout]    6:     0x57a34b8f0d52 - std[617be2ca0a6fd877]::panicking::panic_with_hook
[INFO] [stdout]    7:     0x57a34b8d3c12 - std[617be2ca0a6fd877]::panicking::panic_handler::{closure#0}
[INFO] [stdout]    8:     0x57a34b8cc6b9 - std[617be2ca0a6fd877]::sys::backtrace::__rust_end_short_backtrace::<std[617be2ca0a6fd877]::panicking::panic_handler::{closure#0}, !>
[INFO] [stdout]    9:     0x57a34b8d4a0d - __rustc[ea4f61d10b84890b]::rust_begin_unwind
[INFO] [stdout]   10:     0x57a34b9112ac - core[a373ad73a504971]::panicking::panic_fmt
[INFO] [stdout]   11:     0x57a34b911082 - core[a373ad73a504971]::result::unwrap_failed
[INFO] [stdout]   12:     0x57a34b4c2740 - integration[73169ce08b3b08de]::setup::{closure#0}
[INFO] [stdout]   13:     0x57a34b4cb6ee - integration[73169ce08b3b08de]::test_migration_creates_executor_heartbeat_table::{closure#0}
[INFO] [stdout]   14:     0x57a34b527dd3 - <tokio[2e1177366d118354]::runtime::scheduler::current_thread::Context>::enter::<core[a373ad73a504971]::task::poll::Poll<()>, <tokio[2e1177366d118354]::runtime::scheduler::current_thread::CoreGuard>::block_on<core[a373ad73a504971]::pin::Pin<&mut core[a373ad73a504971]::pin::Pin<&mut dyn core[a373ad73a504971]::future::future::Future<Output = ()>>>>::{closure#0}::{closure#0}>
[INFO] [stdout]   15:     0x57a34b54537c - <tokio[2e1177366d118354]::runtime::context::scoped::Scoped<tokio[2e1177366d118354]::runtime::scheduler::Context>>::set::<<tokio[2e1177366d118354]::runtime::scheduler::current_thread::CoreGuard>::enter<<tokio[2e1177366d118354]::runtime::scheduler::current_thread::CoreGuard>::block_on<core[a373ad73a504971]::pin::Pin<&mut core[a373ad73a504971]::pin::Pin<&mut dyn core[a373ad73a504971]::future::future::Future<Output = ()>>>>::{closure#0}, core[a373ad73a504971]::option::Option<()>>::{closure#0}, (alloc[2e1b2a31b91974c5]::boxed::Box<tokio[2e1177366d118354]::runtime::scheduler::current_thread::Core>, core[a373ad73a504971]::option::Option<()>)>
[INFO] [stdout]   16:     0x57a34b5278df - <tokio[2e1177366d118354]::runtime::scheduler::current_thread::CurrentThread>::block_on::<core[a373ad73a504971]::pin::Pin<&mut dyn core[a373ad73a504971]::future::future::Future<Output = ()>>>
[INFO] [stdout]   17:     0x57a34b51f482 - <tokio[2e1177366d118354]::runtime::runtime::Runtime>::block_on::<core[a373ad73a504971]::pin::Pin<&mut dyn core[a373ad73a504971]::future::future::Future<Output = ()>>>
[INFO] [stdout]   18:     0x57a34b4d1f7e - <integration[73169ce08b3b08de]::test_migration_creates_executor_heartbeat_table::{closure#0} as core[a373ad73a504971]::ops::function::FnOnce<()>>::call_once
[INFO] [stdout]   19:     0x57a34b55106b - test[aada8e7e76ba119b]::__rust_begin_short_backtrace::<core[a373ad73a504971]::result::Result<(), alloc[2e1b2a31b91974c5]::string::String>, fn() -> core[a373ad73a504971]::result::Result<(), alloc[2e1b2a31b91974c5]::string::String>>
[INFO] [stdout]   20:     0x57a34b55e245 - test[aada8e7e76ba119b]::run_test::{closure#0}
[INFO] [stdout]   21:     0x57a34b557b34 - std[617be2ca0a6fd877]::sys::backtrace::__rust_begin_short_backtrace::<test[aada8e7e76ba119b]::run_test::{closure#1}, ()>
[INFO] [stdout]   22:     0x57a34b5612d2 - <std[617be2ca0a6fd877]::thread::lifecycle::spawn_unchecked<test[aada8e7e76ba119b]::run_test::{closure#1}, ()>::{closure#1} as core[a373ad73a504971]::ops::function::FnOnce<()>>::call_once::{shim:vtable#0}
[INFO] [stdout]   23:     0x57a34b8f7fdf - <std[617be2ca0a6fd877]::sys::thread::unix::Thread>::new::thread_start
[INFO] [stdout]   24:     0x7abfc6a92dfa - <unknown>
[INFO] [stdout]   25:     0x7abfc6b263d4 - clone
[INFO] [stdout]   26:                0x0 - <unknown>
[INFO] [stdout] 
[INFO] [stdout] ---- unique_constraint_parent_name stdout ----
[INFO] [stdout] 
[INFO] [stdout] thread 'unique_constraint_parent_name' (3044) panicked at tests/integration.rs:36:10:
[INFO] [stdout] failed to connect to database: Conn(SqlxError(PoolTimedOut))
[INFO] [stdout] stack backtrace:
[INFO] [stdout]    0:     0x57a34b8f8e41 - <<std[617be2ca0a6fd877]::sys::backtrace::BacktraceLock>::print::DisplayBacktrace as core[a373ad73a504971]::fmt::Display>::fmt
[INFO] [stdout]    1:     0x57a34b910b4a - core[a373ad73a504971]::fmt::write
[INFO] [stdout]    2:     0x57a34b8fd61c - <alloc[2e1b2a31b91974c5]::vec::Vec<u8> as core[a373ad73a504971]::io::write::Write>::write_fmt
[INFO] [stdout]    3:     0x57a34b8d3b66 - std[617be2ca0a6fd877]::panicking::default_hook::{closure#0}
[INFO] [stdout]    4:     0x57a34b8f0a29 - std[617be2ca0a6fd877]::panicking::default_hook
[INFO] [stdout]    5:     0x57a34b55dc20 - test[aada8e7e76ba119b]::test_main_inner::{closure#0}
[INFO] [stdout]    6:     0x57a34b8f0d52 - std[617be2ca0a6fd877]::panicking::panic_with_hook
[INFO] [stdout]    7:     0x57a34b8d3c12 - std[617be2ca0a6fd877]::panicking::panic_handler::{closure#0}
[INFO] [stdout]    8:     0x57a34b8cc6b9 - std[617be2ca0a6fd877]::sys::backtrace::__rust_end_short_backtrace::<std[617be2ca0a6fd877]::panicking::panic_handler::{closure#0}, !>
[INFO] [stdout]    9:     0x57a34b8d4a0d - __rustc[ea4f61d10b84890b]::rust_begin_unwind
[INFO] [stdout]   10:     0x57a34b9112ac - core[a373ad73a504971]::panicking::panic_fmt
[INFO] [stdout]   11:     0x57a34b911082 - core[a373ad73a504971]::result::unwrap_failed
[INFO] [stdout]   12:     0x57a34b4c2740 - integration[73169ce08b3b08de]::setup::{closure#0}
[INFO] [stdout]   13:     0x57a34b4c6e92 - integration[73169ce08b3b08de]::unique_constraint_parent_name::{closure#0}
[INFO] [stdout]   14:     0x57a34b527dd3 - <tokio[2e1177366d118354]::runtime::scheduler::current_thread::Context>::enter::<core[a373ad73a504971]::task::poll::Poll<()>, <tokio[2e1177366d118354]::runtime::scheduler::current_thread::CoreGuard>::block_on<core[a373ad73a504971]::pin::Pin<&mut core[a373ad73a504971]::pin::Pin<&mut dyn core[a373ad73a504971]::future::future::Future<Output = ()>>>>::{closure#0}::{closure#0}>
[INFO] [stdout]   15:     0x57a34b54537c - <tokio[2e1177366d118354]::runtime::context::scoped::Scoped<tokio[2e1177366d118354]::runtime::scheduler::Context>>::set::<<tokio[2e1177366d118354]::runtime::scheduler::current_thread::CoreGuard>::enter<<tokio[2e1177366d118354]::runtime::scheduler::current_thread::CoreGuard>::block_on<core[a373ad73a504971]::pin::Pin<&mut core[a373ad73a504971]::pin::Pin<&mut dyn core[a373ad73a504971]::future::future::Future<Output = ()>>>>::{closure#0}, core[a373ad73a504971]::option::Option<()>>::{closure#0}, (alloc[2e1b2a31b91974c5]::boxed::Box<tokio[2e1177366d118354]::runtime::scheduler::current_thread::Core>, core[a373ad73a504971]::option::Option<()>)>
[INFO] [stdout]   16:     0x57a34b5278df - <tokio[2e1177366d118354]::runtime::scheduler::current_thread::CurrentThread>::block_on::<core[a373ad73a504971]::pin::Pin<&mut dyn core[a373ad73a504971]::future::future::Future<Output = ()>>>
[INFO] [stdout]   17:     0x57a34b51f482 - <tokio[2e1177366d118354]::runtime::runtime::Runtime>::block_on::<core[a373ad73a504971]::pin::Pin<&mut dyn core[a373ad73a504971]::future::future::Future<Output = ()>>>
[INFO] [stdout]   18:     0x57a34b4d0efe - <integration[73169ce08b3b08de]::unique_constraint_parent_name::{closure#0} as core[a373ad73a504971]::ops::function::FnOnce<()>>::call_once
[INFO] [stdout]   19:     0x57a34b55106b - test[aada8e7e76ba119b]::__rust_begin_short_backtrace::<core[a373ad73a504971]::result::Result<(), alloc[2e1b2a31b91974c5]::string::String>, fn() -> core[a373ad73a504971]::result::Result<(), alloc[2e1b2a31b91974c5]::string::String>>
[INFO] [stdout]   20:     0x57a34b55e245 - test[aada8e7e76ba119b]::run_test::{closure#0}
[INFO] [stdout]   21:     0x57a34b557b34 - std[617be2ca0a6fd877]::sys::backtrace::__rust_begin_short_backtrace::<test[aada8e7e76ba119b]::run_test::{closure#1}, ()>
[INFO] [stdout]   22:     0x57a34b5612d2 - <std[617be2ca0a6fd877]::thread::lifecycle::spawn_unchecked<test[aada8e7e76ba119b]::run_test::{closure#1}, ()>::{closure#1} as core[a373ad73a504971]::ops::function::FnOnce<()>>::call_once::{shim:vtable#0}
[INFO] [stdout]   23:     0x57a34b8f7fdf - <std[617be2ca0a6fd877]::sys::thread::unix::Thread>::new::thread_start
[INFO] [stdout]   24:     0x7abfc6a92dfa - <unknown>
[INFO] [stdout]   25:     0x7abfc6b263d4 - clone
[INFO] [stdout]   26:                0x0 - <unknown>
[INFO] [stdout] 
[INFO] [stdout] ---- unique_constraint_parent_sequence stdout ----
[INFO] [stdout] 
[INFO] [stdout] thread 'unique_constraint_parent_sequence' (3046) panicked at tests/integration.rs:36:10:
[INFO] [stdout] failed to connect to database: Conn(SqlxError(PoolTimedOut))
[INFO] [stdout] stack backtrace:
[INFO] [stdout]    0:     0x57a34b8f8e41 - <<std[617be2ca0a6fd877]::sys::backtrace::BacktraceLock>::print::DisplayBacktrace as core[a373ad73a504971]::fmt::Display>::fmt
[INFO] [stdout]    1:     0x57a34b910b4a - core[a373ad73a504971]::fmt::write
[INFO] [stdout]    2:     0x57a34b8fd61c - <alloc[2e1b2a31b91974c5]::vec::Vec<u8> as core[a373ad73a504971]::io::write::Write>::write_fmt
[INFO] [stdout]    3:     0x57a34b8d3b66 - std[617be2ca0a6fd877]::panicking::default_hook::{closure#0}
[INFO] [stdout]    4:     0x57a34b8f0a29 - std[617be2ca0a6fd877]::panicking::default_hook
[INFO] [stdout]    5:     0x57a34b55dc20 - test[aada8e7e76ba119b]::test_main_inner::{closure#0}
[INFO] [stdout]    6:     0x57a34b8f0d52 - std[617be2ca0a6fd877]::panicking::panic_with_hook
[INFO] [stdout]    7:     0x57a34b8d3c12 - std[617be2ca0a6fd877]::panicking::panic_handler::{closure#0}
[INFO] [stdout]    8:     0x57a34b8cc6b9 - std[617be2ca0a6fd877]::sys::backtrace::__rust_end_short_backtrace::<std[617be2ca0a6fd877]::panicking::panic_handler::{closure#0}, !>
[INFO] [stdout]    9:     0x57a34b8d4a0d - __rustc[ea4f61d10b84890b]::rust_begin_unwind
[INFO] [stdout]   10:     0x57a34b9112ac - core[a373ad73a504971]::panicking::panic_fmt
[INFO] [stdout]   11:     0x57a34b911082 - core[a373ad73a504971]::result::unwrap_failed
[INFO] [stdout]   12:     0x57a34b4c2740 - integration[73169ce08b3b08de]::setup::{closure#0}
[INFO] [stdout]   13:     0x57a34b4c7bf2 - integration[73169ce08b3b08de]::unique_constraint_parent_sequence::{closure#0}
[INFO] [stdout]   14:     0x57a34b527dd3 - <tokio[2e1177366d118354]::runtime::scheduler::current_thread::Context>::enter::<core[a373ad73a504971]::task::poll::Poll<()>, <tokio[2e1177366d118354]::runtime::scheduler::current_thread::CoreGuard>::block_on<core[a373ad73a504971]::pin::Pin<&mut core[a373ad73a504971]::pin::Pin<&mut dyn core[a373ad73a504971]::future::future::Future<Output = ()>>>>::{closure#0}::{closure#0}>
[INFO] [stdout]   15:     0x57a34b54537c - <tokio[2e1177366d118354]::runtime::context::scoped::Scoped<tokio[2e1177366d118354]::runtime::scheduler::Context>>::set::<<tokio[2e1177366d118354]::runtime::scheduler::current_thread::CoreGuard>::enter<<tokio[2e1177366d118354]::runtime::scheduler::current_thread::CoreGuard>::block_on<core[a373ad73a504971]::pin::Pin<&mut core[a373ad73a504971]::pin::Pin<&mut dyn core[a373ad73a504971]::future::future::Future<Output = ()>>>>::{closure#0}, core[a373ad73a504971]::option::Option<()>>::{closure#0}, (alloc[2e1b2a31b91974c5]::boxed::Box<tokio[2e1177366d118354]::runtime::scheduler::current_thread::Core>, core[a373ad73a504971]::option::Option<()>)>
[INFO] [stdout]   16:     0x57a34b5278df - <tokio[2e1177366d118354]::runtime::scheduler::current_thread::CurrentThread>::block_on::<core[a373ad73a504971]::pin::Pin<&mut dyn core[a373ad73a504971]::future::future::Future<Output = ()>>>
[INFO] [stdout]   17:     0x57a34b51f482 - <tokio[2e1177366d118354]::runtime::runtime::Runtime>::block_on::<core[a373ad73a504971]::pin::Pin<&mut dyn core[a373ad73a504971]::future::future::Future<Output = ()>>>
[INFO] [stdout]   18:     0x57a34b4d131e - <integration[73169ce08b3b08de]::unique_constraint_parent_sequence::{closure#0} as core[a373ad73a504971]::ops::function::FnOnce<()>>::call_once
[INFO] [stdout]   19:     0x57a34b55106b - test[aada8e7e76ba119b]::__rust_begin_short_backtrace::<core[a373ad73a504971]::result::Result<(), alloc[2e1b2a31b91974c5]::string::String>, fn() -> core[a373ad73a504971]::result::Result<(), alloc[2e1b2a31b91974c5]::string::String>>
[INFO] [stdout]   20:     0x57a34b55e245 - test[aada8e7e76ba119b]::run_test::{closure#0}
[INFO] [stdout]   21:     0x57a34b557b34 - std[617be2ca0a6fd877]::sys::backtrace::__rust_begin_short_backtrace::<test[aada8e7e76ba119b]::run_test::{closure#1}, ()>
[INFO] [stdout]   22:     0x57a34b5612d2 - <std[617be2ca0a6fd877]::thread::lifecycle::spawn_unchecked<test[aada8e7e76ba119b]::run_test::{closure#1}, ()>::{closure#1} as core[a373ad73a504971]::ops::function::FnOnce<()>>::call_once::{shim:vtable#0}
[INFO] [stdout]   23:     0x57a34b8f7fdf - <std[617be2ca0a6fd877]::sys::thread::unix::Thread>::new::thread_start
[INFO] [stdout]   24:     0x7abfc6a92dfa - <unknown>
[INFO] [stdout]   25:     0x7abfc6b263d4 - clone
[INFO] [stdout]   26:                0x0 - <unknown>
[INFO] [stdout] 
[INFO] [stdout] ---- update_next_run_at_after_trigger stdout ----
[INFO] [stdout] 
[INFO] [stdout] thread 'update_next_run_at_after_trigger' (3047) panicked at tests/integration.rs:36:10:
[INFO] [stdout] failed to connect to database: Conn(SqlxError(PoolTimedOut))
[INFO] [stdout] stack backtrace:
[INFO] [stdout]    0:     0x57a34b8f8e41 - <<std[617be2ca0a6fd877]::sys::backtrace::BacktraceLock>::print::DisplayBacktrace as core[a373ad73a504971]::fmt::Display>::fmt
[INFO] [stdout]    1:     0x57a34b910b4a - core[a373ad73a504971]::fmt::write
[INFO] [stdout]    2:     0x57a34b8fd61c - <alloc[2e1b2a31b91974c5]::vec::Vec<u8> as core[a373ad73a504971]::io::write::Write>::write_fmt
[INFO] [stdout]    3:     0x57a34b8d3b66 - std[617be2ca0a6fd877]::panicking::default_hook::{closure#0}
[INFO] [stdout]    4:     0x57a34b8f0a29 - std[617be2ca0a6fd877]::panicking::default_hook
[INFO] [stdout]    5:     0x57a34b55dc20 - test[aada8e7e76ba119b]::test_main_inner::{closure#0}
[INFO] [stdout]    6:     0x57a34b8f0d52 - std[617be2ca0a6fd877]::panicking::panic_with_hook
[INFO] [stdout]    7:     0x57a34b8d3c12 - std[617be2ca0a6fd877]::panicking::panic_handler::{closure#0}
[INFO] [stdout]    8:     0x57a34b8cc6b9 - std[617be2ca0a6fd877]::sys::backtrace::__rust_end_short_backtrace::<std[617be2ca0a6fd877]::panicking::panic_handler::{closure#0}, !>
[INFO] [stdout]    9:     0x57a34b8d4a0d - __rustc[ea4f61d10b84890b]::rust_begin_unwind
[INFO] [stdout]   10:     0x57a34b9112ac - core[a373ad73a504971]::panicking::panic_fmt
[INFO] [stdout]   11:     0x57a34b911082 - core[a373ad73a504971]::result::unwrap_failed
[INFO] [stdout]   12:     0x57a34b4c2740 - integration[73169ce08b3b08de]::setup::{closure#0}
[INFO] [stdout]   13:     0x57a34b4c7781 - integration[73169ce08b3b08de]::update_next_run_at_after_trigger::{closure#0}
[INFO] [stdout]   14:     0x57a34b527dd3 - <tokio[2e1177366d118354]::runtime::scheduler::current_thread::Context>::enter::<core[a373ad73a504971]::task::poll::Poll<()>, <tokio[2e1177366d118354]::runtime::scheduler::current_thread::CoreGuard>::block_on<core[a373ad73a504971]::pin::Pin<&mut core[a373ad73a504971]::pin::Pin<&mut dyn core[a373ad73a504971]::future::future::Future<Output = ()>>>>::{closure#0}::{closure#0}>
[INFO] [stdout]   15:     0x57a34b54537c - <tokio[2e1177366d118354]::runtime::context::scoped::Scoped<tokio[2e1177366d118354]::runtime::scheduler::Context>>::set::<<tokio[2e1177366d118354]::runtime::scheduler::current_thread::CoreGuard>::enter<<tokio[2e1177366d118354]::runtime::scheduler::current_thread::CoreGuard>::block_on<core[a373ad73a504971]::pin::Pin<&mut core[a373ad73a504971]::pin::Pin<&mut dyn core[a373ad73a504971]::future::future::Future<Output = ()>>>>::{closure#0}, core[a373ad73a504971]::option::Option<()>>::{closure#0}, (alloc[2e1b2a31b91974c5]::boxed::Box<tokio[2e1177366d118354]::runtime::scheduler::current_thread::Core>, core[a373ad73a504971]::option::Option<()>)>
[INFO] [stdout]   16:     0x57a34b5278df - <tokio[2e1177366d118354]::runtime::scheduler::current_thread::CurrentThread>::block_on::<core[a373ad73a504971]::pin::Pin<&mut dyn core[a373ad73a504971]::future::future::Future<Output = ()>>>
[INFO] [stdout]   17:     0x57a34b51f482 - <tokio[2e1177366d118354]::runtime::runtime::Runtime>::block_on::<core[a373ad73a504971]::pin::Pin<&mut dyn core[a373ad73a504971]::future::future::Future<Output = ()>>>
[INFO] [stdout]   18:     0x57a34b4d11be - <integration[73169ce08b3b08de]::update_next_run_at_after_trigger::{closure#0} as core[a373ad73a504971]::ops::function::FnOnce<()>>::call_once
[INFO] [stdout]   19:     0x57a34b55106b - test[aada8e7e76ba119b]::__rust_begin_short_backtrace::<core[a373ad73a504971]::result::Result<(), alloc[2e1b2a31b91974c5]::string::String>, fn() -> core[a373ad73a504971]::result::Result<(), alloc[2e1b2a31b91974c5]::string::String>>
[INFO] [stdout]   20:     0x57a34b55e245 - test[aada8e7e76ba119b]::run_test::{closure#0}
[INFO] [stdout]   21:     0x57a34b557b34 - std[617be2ca0a6fd877]::sys::backtrace::__rust_begin_short_backtrace::<test[aada8e7e76ba119b]::run_test::{closure#1}, ()>
[INFO] [stdout]   22:     0x57a34b5612d2 - <std[617be2ca0a6fd877]::thread::lifecycle::spawn_unchecked<test[aada8e7e76ba119b]::run_test::{closure#1}, ()>::{closure#1} as core[a373ad73a504971]::ops::function::FnOnce<()>>::call_once::{shim:vtable#0}
[INFO] [stdout]   23:     0x57a34b8f7fdf - <std[617be2ca0a6fd877]::sys::thread::unix::Thread>::new::thread_start
[INFO] [stdout]   24:     0x7abfc6a92dfa - <unknown>
[INFO] [stdout]   25:     0x7abfc6b263d4 - clone
[INFO] [stdout]   26:                0x0 - <unknown>
[INFO] [stdout] 
[INFO] [stdout] 
[INFO] [stdout] failures:
[INFO] [stdout]     cascade_delete_children_on_parent_delete
[INFO] [stdout]     cascade_delete_removes_scheduled_children
[INFO] [stdout]     default_values
[INFO] [stdout]     insert_and_query_task_queue
[INFO] [stdout]     insert_child_steps
[INFO] [stdout]     insert_root_workflow
[INFO] [stdout]     insert_scheduled_task_with_cron_and_next_run
[INFO] [stdout]     migration_creates_indexes
[INFO] [stdout]     migration_creates_schema_and_tables
[INFO] [stdout]     migration_down_drops_everything
[INFO] [stdout]     migration_is_idempotent
[INFO] [stdout]     null_parent_allows_multiple_root_tasks
[INFO] [stdout]     queue_foreign_key
[INFO] [stdout]     schedule_index_is_used_for_due_tasks_query
[INFO] [stdout]     scheduled_parent_can_spawn_child_instances
[INFO] [stdout]     scheduled_task_null_cron_means_one_shot
[INFO] [stdout]     task_queue_rate_limit_columns
[INFO] [stdout]     task_timestamps_auto_set
[INFO] [stdout]     task_with_jsonb_input_output
[INFO] [stdout]     test_executor_heartbeat_crud
[INFO] [stdout]     test_migration_creates_executor_heartbeat_table
[INFO] [stdout]     unique_constraint_parent_name
[INFO] [stdout]     unique_constraint_parent_sequence
[INFO] [stdout]     update_next_run_at_after_trigger
[INFO] [stdout] 
[INFO] [stdout] test result: FAILED. 0 passed; 24 failed; 0 ignored; 0 measured; 0 filtered out; finished in 720.07s
[INFO] [stdout] 
[INFO] running `Command { std: "docker" "inspect" "e5911bb57447d461fa5e2c182ad4656d84a3df2e11ffe50caf9fe44a54a5da91", kill_on_drop: false }`
[INFO] running `Command { std: "docker" "rm" "-f" "e5911bb57447d461fa5e2c182ad4656d84a3df2e11ffe50caf9fe44a54a5da91", kill_on_drop: false }`
[INFO] [stdout] e5911bb57447d461fa5e2c182ad4656d84a3df2e11ffe50caf9fe44a54a5da91
