[INFO] fetching crate dump_syms 2.3.9...
[INFO] testing dump_syms-2.3.9 against 1.100.0-beta.1+cargoflags=--release for beta-release-1.100-2
[INFO] extracting crate dump_syms 2.3.9 into /workspace/builds/worker-1-tc2/source
[INFO] started tweaking crates.io crate dump_syms 2.3.9
[INFO] finished tweaking crates.io crate dump_syms 2.3.9
[INFO] tweaked toml for crates.io crate dump_syms 2.3.9 written to /workspace/builds/worker-1-tc2/source/Cargo.toml
[INFO] validating manifest of crates.io crate dump_syms 2.3.9 on toolchain 1.100.0-beta.1
[INFO] running `Command { std: CARGO_HOME="/workspace/cargo-home" RUSTUP_HOME="/workspace/rustup-home" "/workspace/cargo-home/bin/cargo" "+1.100.0-beta.1" "metadata" "--manifest-path" "Cargo.toml" "--no-deps", kill_on_drop: false }`
[INFO] crate crates.io crate dump_syms 2.3.9 already has a lockfile, it will not be regenerated
[INFO] running `Command { std: CARGO_HOME="/workspace/cargo-home" RUSTUP_HOME="/workspace/rustup-home" "/workspace/cargo-home/bin/cargo" "+1.100.0-beta.1" "fetch" "--manifest-path" "Cargo.toml", kill_on_drop: false }`
[INFO] [stderr] warning: `package.homepage` is redundant with `package.repository`
[INFO] [stderr]    --> Cargo.toml:111:12
[INFO] [stderr]     |
[INFO] [stderr] 111 | homepage = "https://github.com/mozilla/dump_syms"
[INFO] [stderr]     |            ^^^^^^^^^^^^^^^^^^^^^^^^^^^^^^^^^^^^^^
[INFO] [stderr] ...
[INFO] [stderr] 115 | repository = "https://github.com/mozilla/dump_syms"
[INFO] [stderr]     |              --------------------------------------
[INFO] [stderr]     |
[INFO] [stderr]     = note: `cargo::redundant_homepage` is set to `warn` by default
[INFO] [stderr] help: consider removing `package.homepage`
[INFO] [stderr] warning: `dump_syms` (manifest) generated 1 warning
[INFO] running `Command { std: "docker" "create" "-v" "/var/lib/crater-agent-workspace/builds/worker-1-tc2/source:/opt/rustwide/workdir:ro,Z" "-v" "/var/lib/crater-agent-workspace/builds/worker-1-tc2/target:/opt/rustwide/target:rw,Z" "-v" "/var/lib/crater-agent-workspace/cargo-home:/opt/rustwide/cargo-home:ro,Z" "-v" "/var/lib/crater-agent-workspace/rustup-home:/opt/rustwide/rustup-home:ro,Z" "-m" "1610612736" "--network" "none" "ghcr.io/rust-lang/crates-build-env/linux@sha256:77db811e55d90add9212f6832c23229e3de5f1c1f9905e8cb07319ea15df73ac" "sleep" "infinity", kill_on_drop: false }`
[INFO] [stdout] 66739fc99bec598db7104975232a71f9f63821a2206ecdf83aa13e811327bdf5
[INFO] running `Command { std: "docker" "start" "66739fc99bec598db7104975232a71f9f63821a2206ecdf83aa13e811327bdf5", kill_on_drop: false }`
[INFO] running `Command { std: "docker" "inspect" "66739fc99bec598db7104975232a71f9f63821a2206ecdf83aa13e811327bdf5", kill_on_drop: false }`
[INFO] running `Command { std: "docker" "exec" "-e" "SOURCE_DIR=/opt/rustwide/workdir" "-e" "CARGO_HOME=/opt/rustwide/cargo-home" "-e" "RUSTUP_HOME=/opt/rustwide/rustup-home" "-e" "CARGO_TARGET_DIR=/opt/rustwide/target" "-w" "/opt/rustwide/workdir" "--user" "0:0" "66739fc99bec598db7104975232a71f9f63821a2206ecdf83aa13e811327bdf5" "/opt/rustwide/cargo-home/bin/cargo" "+1.100.0-beta.1" "metadata" "--no-deps" "--format-version=1", kill_on_drop: false }`
[INFO] running `Command { std: "docker" "inspect" "66739fc99bec598db7104975232a71f9f63821a2206ecdf83aa13e811327bdf5", kill_on_drop: false }`
[INFO] running `Command { std: "docker" "exec" "-e" "SOURCE_DIR=/opt/rustwide/workdir" "-e" "CARGO_HOME=/opt/rustwide/cargo-home" "-e" "RUSTUP_HOME=/opt/rustwide/rustup-home" "-e" "CARGO_TARGET_DIR=/opt/rustwide/target" "-e" "CARGO_INCREMENTAL=0" "-e" "RUST_BACKTRACE=full" "-e" "RUSTFLAGS=--cap-lints=warn" "-e" "RUSTDOCFLAGS=--cap-lints=warn" "-w" "/opt/rustwide/workdir" "--user" "0:0" "66739fc99bec598db7104975232a71f9f63821a2206ecdf83aa13e811327bdf5" "/opt/rustwide/cargo-home/bin/cargo" "+1.100.0-beta.1" "build" "--frozen" "--message-format=json" "--release", kill_on_drop: false }`
[INFO] [stderr] warning: `package.homepage` is redundant with `package.repository`
[INFO] [stderr]    --> Cargo.toml:111:12
[INFO] [stderr]     |
[INFO] [stderr] 111 | homepage = "https://github.com/mozilla/dump_syms"
[INFO] [stderr]     |            ^^^^^^^^^^^^^^^^^^^^^^^^^^^^^^^^^^^^^^
[INFO] [stderr] ...
[INFO] [stderr] 115 | repository = "https://github.com/mozilla/dump_syms"
[INFO] [stderr]     |              --------------------------------------
[INFO] [stderr]     |
[INFO] [stderr]     = note: `cargo::redundant_homepage` is set to `warn` by default
[INFO] [stderr] help: consider removing `package.homepage`
[INFO] [stderr] warning: `dump_syms` (manifest) generated 1 warning
[INFO] [stderr]    Compiling stable_deref_trait v1.2.1
[INFO] [stderr]    Compiling find-msvc-tools v0.1.10
[INFO] [stderr]    Compiling futures-core v0.3.33
[INFO] [stderr]    Compiling serde_derive v1.0.228
[INFO] [stderr]    Compiling zerovec-derive v0.11.3
[INFO] [stderr]    Compiling displaydoc v0.2.6
[INFO] [stderr]    Compiling futures-sink v0.3.33
[INFO] [stderr]    Compiling uuid v1.24.0
[INFO] [stderr]    Compiling yoke v0.8.3
[INFO] [stderr]    Compiling simd-adler32 v0.3.10
[INFO] [stderr]    Compiling futures-channel v0.3.33
[INFO] [stderr]    Compiling cc v1.4.2
[INFO] [stderr]    Compiling futures-macro v0.3.33
[INFO] [stderr]    Compiling mio v1.2.2
[INFO] [stderr]    Compiling zerotrie v0.2.4
[INFO] [stderr]    Compiling futures-task v0.3.33
[INFO] [stderr]    Compiling futures-io v0.3.33
[INFO] [stderr]    Compiling tokio v1.53.1
[INFO] [stderr]    Compiling miniz_oxide v0.8.9
[INFO] [stderr]    Compiling futures-util v0.3.33
[INFO] [stderr]    Compiling thiserror-impl v2.0.18
[INFO] [stderr]    Compiling zerovec v0.11.6
[INFO] [stderr]    Compiling crossbeam-utils v0.8.22
[INFO] [stderr]    Compiling zlib-rs v0.6.7
[INFO] [stderr]    Compiling tinystr v0.8.3
[INFO] [stderr]    Compiling ring v0.17.14
[INFO] [stderr]    Compiling icu_locale_core v2.2.0
[INFO] [stderr]    Compiling zstd-sys v2.0.16+zstd.1.5.7
[INFO] [stderr]    Compiling potential_utf v0.1.5
[INFO] [stderr]    Compiling icu_collections v2.2.0
[INFO] [stderr]    Compiling rustls-pki-types v1.15.1
[INFO] [stderr]    Compiling serde v1.0.228
[INFO] [stderr]    Compiling hashbrown v0.15.5
[INFO] [stderr]    Compiling icu_provider v2.2.0
[INFO] [stderr]    Compiling debugid v0.8.0
[INFO] [stderr]    Compiling flate2 v1.1.9
[INFO] [stderr]    Compiling thiserror v2.0.18
[INFO] [stderr]    Compiling http-body v1.1.0
[INFO] [stderr]    Compiling indexmap v2.11.4
[INFO] [stderr]    Compiling parking_lot_core v0.9.12
[INFO] [stderr]    Compiling memmap2 v0.9.11
[INFO] [stderr]    Compiling serde_json v1.0.146
[INFO] [stderr]    Compiling zstd-safe v7.2.4
[INFO] [stderr]    Compiling phf_shared v0.11.3
[INFO] [stderr]    Compiling symbolic-common v13.9.0
[INFO] [stderr]    Compiling icu_properties v2.2.0
[INFO] [stderr]    Compiling icu_normalizer v2.2.0
[INFO] [stderr]    Compiling parking_lot v0.12.5
[INFO] [stderr]    Compiling scroll_derive v0.13.1
[INFO] [stderr]    Compiling inplace-vec-builder v0.1.1
[INFO] [stderr]    Compiling wasmparser v0.243.0
[INFO] [stderr]    Compiling scroll v0.11.0
[INFO] [stderr]    Compiling leb128 v0.2.7
[INFO] [stderr]    Compiling binary-merge v0.1.2
[INFO] [stderr]    Compiling watto v0.2.0
[INFO] [stderr]    Compiling range-collections v0.2.4
[INFO] [stderr]    Compiling brownstone v3.0.0
[INFO] [stderr]    Compiling string_cache v0.8.9
[INFO] [stderr]    Compiling scroll v0.13.0
[INFO] [stderr]    Compiling pdb v0.8.0
[INFO] [stderr]    Compiling zopfli v0.8.3
[INFO] [stderr]    Compiling hybrid-array v0.4.14
[INFO] [stderr]    Compiling idna_adapter v1.2.2
[INFO] [stderr]    Compiling elsa v1.11.2
[INFO] [stderr]    Compiling num-conv v0.2.2
[INFO] [stderr]    Compiling semver v1.0.28
[INFO] [stderr]    Compiling cpp_demangle v0.4.5
[INFO] [stderr]    Compiling plain v0.2.3
[INFO] [stderr]    Compiling maybe-owned v0.3.4
[INFO] [stderr]    Compiling typed-path v0.12.3
[INFO] [stderr]    Compiling indent_write v2.2.0
[INFO] [stderr]    Compiling time-core v0.1.9
[INFO] [stderr]    Compiling joinery v2.1.0
[INFO] [stderr]    Compiling nom-supreme v0.8.0
[INFO] [stderr]    Compiling symbolic-ppdb v13.9.0
[INFO] [stderr]    Compiling time-macros v0.2.32
[INFO] [stderr]    Compiling zip v7.2.0
[INFO] [stderr]    Compiling pdb-addr2line v0.10.4
[INFO] [stderr]    Compiling goblin v0.10.7
[INFO] [stderr]    Compiling hyper v1.11.0
[INFO] [stderr]    Compiling gimli v0.33.0
[INFO] [stderr]    Compiling idna v1.1.0
[INFO] [stderr]    Compiling rustls v0.23.43
[INFO] [stderr]    Compiling elementtree v1.2.3
[INFO] [stderr]    Compiling rustls-webpki v0.103.14
[INFO] [stderr]    Compiling srcsrv v0.2.3
[INFO] [stderr]    Compiling symbolic-demangle v13.9.0
[INFO] [stderr]    Compiling sync_wrapper v1.0.2
[INFO] [stderr]    Compiling ipnet v2.12.1
[INFO] [stderr]    Compiling crossbeam-deque v0.8.7
[INFO] [stderr]    Compiling time v0.3.55
[INFO] [stderr]    Compiling tower v0.5.3
[INFO] [stderr]    Compiling hyper-util v0.1.20
[INFO] [stderr]    Compiling url v2.5.8
[INFO] [stderr]    Compiling crossbeam-epoch v0.9.20
[INFO] [stderr]    Compiling tokio-rustls v0.26.4
[INFO] [stderr]    Compiling crypto-common v0.2.2
[INFO] [stderr]    Compiling block-buffer v0.12.1
[INFO] [stderr]    Compiling webpki-roots v1.0.9
[INFO] [stderr]    Compiling const-oid v0.10.2
[INFO] [stderr]    Compiling rustc-demangle v0.1.28
[INFO] [stderr]    Compiling digest v0.11.3
[INFO] [stderr]    Compiling dirs-sys v0.5.0
[INFO] [stderr]    Compiling clap_builder v4.6.6
[INFO] [stderr]    Compiling hyper-rustls v0.27.9
[INFO] [stderr]    Compiling tower-http v0.6.11
[INFO] [stderr]    Compiling serde_urlencoded v0.7.1
[INFO] [stderr]    Compiling crossbeam-queue v0.3.13
[INFO] [stderr]    Compiling crossbeam-channel v0.5.16
[INFO] [stderr]    Compiling http-body-util v0.1.5
[INFO] [stderr]    Compiling futures-executor v0.3.33
[INFO] [stderr]    Compiling cpufeatures v0.3.0
[INFO] [stderr]    Compiling lzxd v0.2.7
[INFO] [stderr]    Compiling futures v0.3.33
[INFO] [stderr]    Compiling sha2 v0.11.0
[INFO] [stderr]    Compiling cab v0.6.0
[INFO] [stderr]    Compiling clap v4.6.6
[INFO] [stderr]    Compiling simplelog v0.12.2
[INFO] [stderr]    Compiling reqwest v0.12.28
[INFO] [stderr]    Compiling crossbeam v0.8.4
[INFO] [stderr]    Compiling lzma-rs v0.3.0
[INFO] [stderr]    Compiling dirs v6.0.0
[INFO] [stderr]    Compiling num_cpus v1.17.0
[INFO] [stderr]    Compiling zstd v0.13.3
[INFO] [stderr]    Compiling symbolic-debuginfo v13.9.0
[INFO] [stderr]    Compiling symbolic-cfi v13.9.0
[INFO] [stderr]    Compiling symbolic v13.9.0
[INFO] [stderr]    Compiling dump_syms v2.3.9 (/opt/rustwide/workdir)
[INFO] [stderr]     Finished `release` profile [optimized] target(s) in 6m 08s
[INFO] running `Command { std: "docker" "inspect" "66739fc99bec598db7104975232a71f9f63821a2206ecdf83aa13e811327bdf5", kill_on_drop: false }`
[INFO] running `Command { std: "docker" "exec" "-e" "SOURCE_DIR=/opt/rustwide/workdir" "-e" "CARGO_HOME=/opt/rustwide/cargo-home" "-e" "RUSTUP_HOME=/opt/rustwide/rustup-home" "-e" "CARGO_TARGET_DIR=/opt/rustwide/target" "-e" "CARGO_INCREMENTAL=0" "-e" "RUST_BACKTRACE=full" "-e" "RUSTFLAGS=--cap-lints=warn" "-e" "RUSTDOCFLAGS=--cap-lints=warn" "-w" "/opt/rustwide/workdir" "--user" "0:0" "66739fc99bec598db7104975232a71f9f63821a2206ecdf83aa13e811327bdf5" "/opt/rustwide/cargo-home/bin/cargo" "+1.100.0-beta.1" "test" "--frozen" "--no-run" "--message-format=json" "--release", kill_on_drop: false }`
[INFO] [stderr] warning: `package.homepage` is redundant with `package.repository`
[INFO] [stderr]    --> Cargo.toml:111:12
[INFO] [stderr]     |
[INFO] [stderr] 111 | homepage = "https://github.com/mozilla/dump_syms"
[INFO] [stderr]     |            ^^^^^^^^^^^^^^^^^^^^^^^^^^^^^^^^^^^^^^
[INFO] [stderr] ...
[INFO] [stderr] 115 | repository = "https://github.com/mozilla/dump_syms"
[INFO] [stderr]     |              --------------------------------------
[INFO] [stderr]     |
[INFO] [stderr]     = note: `cargo::redundant_homepage` is set to `warn` by default
[INFO] [stderr] help: consider removing `package.homepage`
[INFO] [stderr] warning: `dump_syms` (manifest) generated 1 warning
[INFO] [stderr]    Compiling getrandom v0.4.3
[INFO] [stderr]    Compiling rustix v1.1.4
[INFO] [stderr]    Compiling fastrand v2.5.0
[INFO] [stderr]    Compiling tempfile v3.27.0
[INFO] [stderr]    Compiling dump_syms v2.3.9 (/opt/rustwide/workdir)
[INFO] [stderr]     Finished `release` profile [optimized] target(s) in 22.86s
[INFO] running `Command { std: "docker" "inspect" "66739fc99bec598db7104975232a71f9f63821a2206ecdf83aa13e811327bdf5", kill_on_drop: false }`
[INFO] running `Command { std: "docker" "exec" "-e" "SOURCE_DIR=/opt/rustwide/workdir" "-e" "CARGO_HOME=/opt/rustwide/cargo-home" "-e" "RUSTUP_HOME=/opt/rustwide/rustup-home" "-e" "CARGO_TARGET_DIR=/opt/rustwide/target" "-e" "CARGO_INCREMENTAL=0" "-e" "RUST_BACKTRACE=full" "-e" "RUSTFLAGS=--cap-lints=warn" "-e" "RUSTDOCFLAGS=--cap-lints=warn" "-w" "/opt/rustwide/workdir" "--user" "0:0" "66739fc99bec598db7104975232a71f9f63821a2206ecdf83aa13e811327bdf5" "/opt/rustwide/cargo-home/bin/cargo" "+1.100.0-beta.1" "test" "--frozen" "--release", kill_on_drop: false }`
[INFO] [stderr] warning: `package.homepage` is redundant with `package.repository`
[INFO] [stderr]    --> Cargo.toml:111:12
[INFO] [stderr]     |
[INFO] [stderr] 111 | homepage = "https://github.com/mozilla/dump_syms"
[INFO] [stderr]     |            ^^^^^^^^^^^^^^^^^^^^^^^^^^^^^^^^^^^^^^
[INFO] [stderr] ...
[INFO] [stderr] 115 | repository = "https://github.com/mozilla/dump_syms"
[INFO] [stderr]     |              --------------------------------------
[INFO] [stderr]     |
[INFO] [stderr]     = note: `cargo::redundant_homepage` is set to `warn` by default
[INFO] [stderr] help: consider removing `package.homepage`
[INFO] [stderr] warning: `dump_syms` (manifest) generated 1 warning
[INFO] [stderr]     Finished `release` profile [optimized] target(s) in 0.34s
[INFO] [stderr]      Running unittests src/lib.rs (/opt/rustwide/target/release/build/dump_syms/69eedaf964f6b7de/out/dump_syms-69eedaf964f6b7de)
[INFO] [stdout] 
[INFO] [stdout] running 21 tests
[INFO] [stdout] test common::tests::test_fix_symbol_name ... ok
[INFO] [stdout] test inline_origins::test::test_demangle ... ok
[INFO] [stdout] test mapping::tests::test_path_mapping_file ... ok
[INFO] [stdout] test line::test::no_overflow_when_lines_spill_out_of_function ... ok
[INFO] [stdout] test common::tests::test_normalize_anonymous_namespace ... ok
[INFO] [stdout] test platform::test::test_linux ... ok
[INFO] [stdout] test platform::test::test_win ... ok
[INFO] [stdout] test mapping::tests::test_path_mapping_generator ... ok
[INFO] [stdout] test windows::pdb::tests::test_basic32_dwarf ... ok
[INFO] [stdout] test windows::pdb::tests::test_basic64_dwarf ... ok
[INFO] [stdout] test inline_origins::test::test_bad_chars ... ok
[INFO] [stdout] test windows::pdb::tests::test_ntdll ... FAILED
[INFO] [stdout] test windows::pdb::tests::test_mozwer ... ok
[INFO] [stdout] test windows::pdb::tests::test_oleaut32 ... FAILED
[INFO] [stdout] test windows::pdb::tests::test_dump_syms_regtest64 ... ok
[INFO] [stdout] test windows::pdb::tests::test_basic32_min ... ok
[INFO] [stdout] test windows::pdb::tests::test_basic64 ... ok
[INFO] [stdout] test windows::pdb::tests::test_basic_opt32 ... ok
[INFO] [stdout] test windows::pdb::tests::test_win_mapping ... ok
[INFO] [stdout] test windows::pdb::tests::test_basic_opt64 ... ok
[INFO] [stdout] test windows::pdb::tests::test_basic32 ... ok
[INFO] [stdout] 
[INFO] [stdout] failures:
[INFO] [stdout] 
[INFO] [stdout] ---- windows::pdb::tests::test_ntdll stdout ----
[INFO] [stdout] 
[INFO] [stdout] thread 'windows::pdb::tests::test_ntdll' (2612) panicked at src/windows/pdb.rs:84:56:
[INFO] [stdout] GET request: reqwest::Error { kind: Request, url: "https://msdl.microsoft.com/download/symbols/ntdll.dll/5D6AA5581AD000/ntdll.dll", source: hyper_util::client::legacy::Error(Connect, ConnectError("dns error", Custom { kind: Uncategorized, error: "failed to lookup address information: Temporary failure in name resolution" })) }
[INFO] [stdout] stack backtrace:
[INFO] [stdout]    0:     0x63cbbe818ab1 - <<std[617be2ca0a6fd877]::sys::backtrace::BacktraceLock>::print::DisplayBacktrace as core[a373ad73a504971]::fmt::Display>::fmt
[INFO] [stdout]    1:     0x63cbbe83121a - core[a373ad73a504971]::fmt::write
[INFO] [stdout]    2:     0x63cbbe81db3c - <alloc[2e1b2a31b91974c5]::vec::Vec<u8> as core[a373ad73a504971]::io::write::Write>::write_fmt
[INFO] [stdout]    3:     0x63cbbe7f1f26 - std[617be2ca0a6fd877]::panicking::default_hook::{closure#0}
[INFO] [stdout]    4:     0x63cbbe810569 - std[617be2ca0a6fd877]::panicking::default_hook
[INFO] [stdout]    5:     0x63cbbe2285a0 - test[aada8e7e76ba119b]::test_main_inner::{closure#0}
[INFO] [stdout]    6:     0x63cbbe810892 - std[617be2ca0a6fd877]::panicking::panic_with_hook
[INFO] [stdout]    7:     0x63cbbe7f1fd2 - std[617be2ca0a6fd877]::panicking::panic_handler::{closure#0}
[INFO] [stdout]    8:     0x63cbbe7ea4b9 - std[617be2ca0a6fd877]::sys::backtrace::__rust_end_short_backtrace::<std[617be2ca0a6fd877]::panicking::panic_handler::{closure#0}, !>
[INFO] [stdout]    9:     0x63cbbe7f2edd - __rustc[ea4f61d10b84890b]::rust_begin_unwind
[INFO] [stdout]   10:     0x63cbbe8319fc - core[a373ad73a504971]::panicking::panic_fmt
[INFO] [stdout]   11:     0x63cbbe8317d2 - core[a373ad73a504971]::result::unwrap_failed
[INFO] [stdout]   12:     0x63cbbe1d3868 - dump_syms[6cfeafdde528777f]::windows::pdb::tests::test_file
[INFO] [stdout]   13:     0x63cbbe1d4c4e - <dump_syms[6cfeafdde528777f]::windows::pdb::tests::test_ntdll::{closure#0} as core[a373ad73a504971]::ops::function::FnOnce<()>>::call_once
[INFO] [stdout]   14:     0x63cbbe21b9eb - test[aada8e7e76ba119b]::__rust_begin_short_backtrace::<core[a373ad73a504971]::result::Result<(), alloc[2e1b2a31b91974c5]::string::String>, fn() -> core[a373ad73a504971]::result::Result<(), alloc[2e1b2a31b91974c5]::string::String>>
[INFO] [stdout]   15:     0x63cbbe228bc5 - test[aada8e7e76ba119b]::run_test::{closure#0}
[INFO] [stdout]   16:     0x63cbbe2224b4 - std[617be2ca0a6fd877]::sys::backtrace::__rust_begin_short_backtrace::<test[aada8e7e76ba119b]::run_test::{closure#1}, ()>
[INFO] [stdout]   17:     0x63cbbe22bc52 - <std[617be2ca0a6fd877]::thread::lifecycle::spawn_unchecked<test[aada8e7e76ba119b]::run_test::{closure#1}, ()>::{closure#1} as core[a373ad73a504971]::ops::function::FnOnce<()>>::call_once::{shim:vtable#0}
[INFO] [stdout]   18:     0x63cbbe817f5f - <std[617be2ca0a6fd877]::sys::thread::unix::Thread>::new::thread_start
[INFO] [stdout]   19:     0x755f55b0cdfa - <unknown>
[INFO] [stdout]   20:     0x755f55ba03d4 - clone
[INFO] [stdout]   21:                0x0 - <unknown>
[INFO] [stdout] 
[INFO] [stdout] ---- windows::pdb::tests::test_oleaut32 stdout ----
[INFO] [stdout] 
[INFO] [stdout] thread 'windows::pdb::tests::test_oleaut32' (2625) panicked at src/windows/pdb.rs:84:56:
[INFO] [stdout] GET request: reqwest::Error { kind: Request, url: "https://msdl.microsoft.com/download/symbols/oleaut32.dll/BCDE805BC4000/oleaut32.dll", source: hyper_util::client::legacy::Error(Connect, ConnectError("dns error", Custom { kind: Uncategorized, error: "failed to lookup address information: Temporary failure in name resolution" })) }
[INFO] [stdout] stack backtrace:
[INFO] [stdout]    0:     0x63cbbe818ab1 - <<std[617be2ca0a6fd877]::sys::backtrace::BacktraceLock>::print::DisplayBacktrace as core[a373ad73a504971]::fmt::Display>::fmt
[INFO] [stdout]    1:     0x63cbbe83121a - core[a373ad73a504971]::fmt::write
[INFO] [stdout]    2:     0x63cbbe81db3c - <alloc[2e1b2a31b91974c5]::vec::Vec<u8> as core[a373ad73a504971]::io::write::Write>::write_fmt
[INFO] [stdout]    3:     0x63cbbe7f1f26 - std[617be2ca0a6fd877]::panicking::default_hook::{closure#0}
[INFO] [stdout]    4:     0x63cbbe810569 - std[617be2ca0a6fd877]::panicking::default_hook
[INFO] [stdout]    5:     0x63cbbe2285a0 - test[aada8e7e76ba119b]::test_main_inner::{closure#0}
[INFO] [stdout]    6:     0x63cbbe810892 - std[617be2ca0a6fd877]::panicking::panic_with_hook
[INFO] [stdout]    7:     0x63cbbe7f1fd2 - std[617be2ca0a6fd877]::panicking::panic_handler::{closure#0}
[INFO] [stdout]    8:     0x63cbbe7ea4b9 - std[617be2ca0a6fd877]::sys::backtrace::__rust_end_short_backtrace::<std[617be2ca0a6fd877]::panicking::panic_handler::{closure#0}, !>
[INFO] [stdout]    9:     0x63cbbe7f2edd - __rustc[ea4f61d10b84890b]::rust_begin_unwind
[INFO] [stdout]   10:     0x63cbbe8319fc - core[a373ad73a504971]::panicking::panic_fmt
[INFO] [stdout]   11:     0x63cbbe8317d2 - core[a373ad73a504971]::result::unwrap_failed
[INFO] [stdout]   12:     0x63cbbe1d3868 - dump_syms[6cfeafdde528777f]::windows::pdb::tests::test_file
[INFO] [stdout]   13:     0x63cbbe1d4d7e - <dump_syms[6cfeafdde528777f]::windows::pdb::tests::test_oleaut32::{closure#0} as core[a373ad73a504971]::ops::function::FnOnce<()>>::call_once
[INFO] [stdout]   14:     0x63cbbe21b9eb - test[aada8e7e76ba119b]::__rust_begin_short_backtrace::<core[a373ad73a504971]::result::Result<(), alloc[2e1b2a31b91974c5]::string::String>, fn() -> core[a373ad73a504971]::result::Result<(), alloc[2e1b2a31b91974c5]::string::String>>
[INFO] [stdout]   15:     0x63cbbe228bc5 - test[aada8e7e76ba119b]::run_test::{closure#0}
[INFO] [stdout]   16:     0x63cbbe2224b4 - std[617be2ca0a6fd877]::sys::backtrace::__rust_begin_short_backtrace::<test[aada8e7e76ba119b]::run_test::{closure#1}, ()>
[INFO] [stdout]   17:     0x63cbbe22bc52 - <std[617be2ca0a6fd877]::thread::lifecycle::spawn_unchecked<test[aada8e7e76ba119b]::run_test::{closure#1}, ()>::{closure#1} as core[a373ad73a504971]::ops::function::FnOnce<()>>::call_once::{shim:vtable#0}
[INFO] [stdout]   18:     0x63cbbe817f5f - <std[617be2ca0a6fd877]::sys::thread::unix::Thread>::new::thread_start
[INFO] [stdout]   19:     0x755f55b0cdfa - <unknown>
[INFO] [stdout]   20:     0x755f55ba03d4 - clone
[INFO] [stdout]   21:                0x0 - <unknown>
[INFO] [stdout] 
[INFO] [stdout] 
[INFO] [stdout] failures:
[INFO] [stdout]     windows::pdb::tests::test_ntdll
[INFO] [stdout]     windows::pdb::tests::test_oleaut32
[INFO] [stdout] 
[INFO] [stdout] test result: FAILED. 19 passed; 2 failed; 0 ignored; 0 measured; 0 filtered out; finished in 0.61s
[INFO] [stdout] 
[INFO] [stderr] error: test failed, to rerun pass `--lib`
[INFO] running `Command { std: "docker" "inspect" "66739fc99bec598db7104975232a71f9f63821a2206ecdf83aa13e811327bdf5", kill_on_drop: false }`
[INFO] running `Command { std: "docker" "rm" "-f" "66739fc99bec598db7104975232a71f9f63821a2206ecdf83aa13e811327bdf5", kill_on_drop: false }`
[INFO] [stdout] 66739fc99bec598db7104975232a71f9f63821a2206ecdf83aa13e811327bdf5
