[INFO] fetching crate duckduckgo 0.3.3...
[INFO] testing duckduckgo-0.3.3 against 1.100.0-beta.1+cargoflags=--release for beta-release-1.100-2
[INFO] extracting crate duckduckgo 0.3.3 into /workspace/builds/worker-3-tc2/source
[INFO] started tweaking crates.io crate duckduckgo 0.3.3
[INFO] finished tweaking crates.io crate duckduckgo 0.3.3
[INFO] tweaked toml for crates.io crate duckduckgo 0.3.3 written to /workspace/builds/worker-3-tc2/source/Cargo.toml
[INFO] validating manifest of crates.io crate duckduckgo 0.3.3 on toolchain 1.100.0-beta.1
[INFO] running `Command { std: CARGO_HOME="/workspace/cargo-home" RUSTUP_HOME="/workspace/rustup-home" "/workspace/cargo-home/bin/cargo" "+1.100.0-beta.1" "metadata" "--manifest-path" "Cargo.toml" "--no-deps", kill_on_drop: false }`
[INFO] crate crates.io crate duckduckgo 0.3.3 already has a lockfile, it will not be regenerated
[INFO] running `Command { std: CARGO_HOME="/workspace/cargo-home" RUSTUP_HOME="/workspace/rustup-home" "/workspace/cargo-home/bin/cargo" "+1.100.0-beta.1" "fetch" "--manifest-path" "Cargo.toml", kill_on_drop: false }`
[INFO] [stderr] warning: `package.homepage` is redundant with `package.repository`
[INFO] [stderr]    --> Cargo.toml:142:12
[INFO] [stderr]     |
[INFO] [stderr] 142 | homepage = "https://github.com/wiseaidotdev/duckduckgo"
[INFO] [stderr]     |            ^^^^^^^^^^^^^^^^^^^^^^^^^^^^^^^^^^^^^^^^^^^^
[INFO] [stderr] ...
[INFO] [stderr] 147 | repository = "https://github.com/wiseaidotdev/duckduckgo"
[INFO] [stderr]     |              --------------------------------------------
[INFO] [stderr]     |
[INFO] [stderr]     = note: `cargo::redundant_homepage` is set to `warn` by default
[INFO] [stderr] help: consider removing `package.homepage`
[INFO] [stderr] warning: `duckduckgo` (manifest) generated 1 warning
[INFO] running `Command { std: "docker" "create" "-v" "/var/lib/crater-agent-workspace/builds/worker-3-tc2/source:/opt/rustwide/workdir:ro,Z" "-v" "/var/lib/crater-agent-workspace/builds/worker-3-tc2/target:/opt/rustwide/target:rw,Z" "-v" "/var/lib/crater-agent-workspace/cargo-home:/opt/rustwide/cargo-home:ro,Z" "-v" "/var/lib/crater-agent-workspace/rustup-home:/opt/rustwide/rustup-home:ro,Z" "-m" "1610612736" "--network" "none" "ghcr.io/rust-lang/crates-build-env/linux@sha256:77db811e55d90add9212f6832c23229e3de5f1c1f9905e8cb07319ea15df73ac" "sleep" "infinity", kill_on_drop: false }`
[INFO] [stdout] b3b60cfde12530f3075e932a5a051443e24f575d432a884c964e34150b37d3d8
[INFO] running `Command { std: "docker" "start" "b3b60cfde12530f3075e932a5a051443e24f575d432a884c964e34150b37d3d8", kill_on_drop: false }`
[INFO] running `Command { std: "docker" "inspect" "b3b60cfde12530f3075e932a5a051443e24f575d432a884c964e34150b37d3d8", kill_on_drop: false }`
[INFO] running `Command { std: "docker" "exec" "-e" "SOURCE_DIR=/opt/rustwide/workdir" "-e" "CARGO_HOME=/opt/rustwide/cargo-home" "-e" "RUSTUP_HOME=/opt/rustwide/rustup-home" "-e" "CARGO_TARGET_DIR=/opt/rustwide/target" "-w" "/opt/rustwide/workdir" "--user" "0:0" "b3b60cfde12530f3075e932a5a051443e24f575d432a884c964e34150b37d3d8" "/opt/rustwide/cargo-home/bin/cargo" "+1.100.0-beta.1" "metadata" "--no-deps" "--format-version=1", kill_on_drop: false }`
[INFO] running `Command { std: "docker" "inspect" "b3b60cfde12530f3075e932a5a051443e24f575d432a884c964e34150b37d3d8", kill_on_drop: false }`
[INFO] running `Command { std: "docker" "exec" "-e" "SOURCE_DIR=/opt/rustwide/workdir" "-e" "CARGO_HOME=/opt/rustwide/cargo-home" "-e" "RUSTUP_HOME=/opt/rustwide/rustup-home" "-e" "CARGO_TARGET_DIR=/opt/rustwide/target" "-e" "CARGO_INCREMENTAL=0" "-e" "RUST_BACKTRACE=full" "-e" "RUSTFLAGS=--cap-lints=warn" "-e" "RUSTDOCFLAGS=--cap-lints=warn" "-w" "/opt/rustwide/workdir" "--user" "0:0" "b3b60cfde12530f3075e932a5a051443e24f575d432a884c964e34150b37d3d8" "/opt/rustwide/cargo-home/bin/cargo" "+1.100.0-beta.1" "build" "--frozen" "--message-format=json" "--release", kill_on_drop: false }`
[INFO] [stderr] warning: `package.homepage` is redundant with `package.repository`
[INFO] [stderr]    --> Cargo.toml:142:12
[INFO] [stderr]     |
[INFO] [stderr] 142 | homepage = "https://github.com/wiseaidotdev/duckduckgo"
[INFO] [stderr]     |            ^^^^^^^^^^^^^^^^^^^^^^^^^^^^^^^^^^^^^^^^^^^^
[INFO] [stderr] ...
[INFO] [stderr] 147 | repository = "https://github.com/wiseaidotdev/duckduckgo"
[INFO] [stderr]     |              --------------------------------------------
[INFO] [stderr]     |
[INFO] [stderr]     = note: `cargo::redundant_homepage` is set to `warn` by default
[INFO] [stderr] help: consider removing `package.homepage`
[INFO] [stderr] warning: `duckduckgo` (manifest) generated 1 warning
[INFO] [stderr]    Compiling proc-macro2 v1.0.106
[INFO] [stderr]    Compiling quote v1.0.45
[INFO] [stderr]    Compiling unicode-ident v1.0.18
[INFO] [stderr]    Compiling libc v0.2.185
[INFO] [stderr]    Compiling stable_deref_trait v1.2.0
[INFO] [stderr]    Compiling smallvec v1.15.1
[INFO] [stderr]    Compiling itoa v1.0.15
[INFO] [stderr]    Compiling siphasher v1.0.1
[INFO] [stderr]    Compiling fastrand v2.3.0
[INFO] [stderr]    Compiling shlex v1.3.0
[INFO] [stderr]    Compiling find-msvc-tools v0.1.9
[INFO] [stderr]    Compiling bytes v1.11.1
[INFO] [stderr]    Compiling autocfg v1.5.0
[INFO] [stderr]    Compiling pin-project-lite v0.2.16
[INFO] [stderr]    Compiling fs_extra v1.3.0
[INFO] [stderr]    Compiling dunce v1.0.5
[INFO] [stderr]    Compiling futures-core v0.3.31
[INFO] [stderr]    Compiling litemap v0.8.0
[INFO] [stderr]    Compiling once_cell v1.21.3
[INFO] [stderr]    Compiling writeable v0.6.1
[INFO] [stderr]    Compiling zeroize v1.8.2
[INFO] [stderr]    Compiling icu_properties_data v2.0.1
[INFO] [stderr]    Compiling phf_shared v0.13.1
[INFO] [stderr]    Compiling icu_normalizer_data v2.0.0
[INFO] [stderr]    Compiling aws-lc-rs v1.16.2
[INFO] [stderr]    Compiling cfg-if v1.0.1
[INFO] [stderr]    Compiling parking_lot_core v0.9.11
[INFO] [stderr]    Compiling percent-encoding v2.3.2
[INFO] [stderr]    Compiling lock_api v0.4.13
[INFO] [stderr]    Compiling http v1.4.0
[INFO] [stderr]    Compiling rustls-pki-types v1.14.0
[INFO] [stderr]    Compiling scopeguard v1.2.0
[INFO] [stderr]    Compiling new_debug_unreachable v1.0.6
[INFO] [stderr]    Compiling phf_generator v0.13.1
[INFO] [stderr]    Compiling serde_core v1.0.228
[INFO] [stderr]    Compiling log v0.4.27
[INFO] [stderr]    Compiling tracing-core v0.1.36
[INFO] [stderr]    Compiling futures-sink v0.3.31
[INFO] [stderr]    Compiling futures-task v0.3.31
[INFO] [stderr]    Compiling equivalent v1.0.2
[INFO] [stderr]    Compiling rustls v0.23.38
[INFO] [stderr]    Compiling phf_codegen v0.13.1
[INFO] [stderr]    Compiling pin-utils v0.1.0
[INFO] [stderr]    Compiling hashbrown v0.17.0
[INFO] [stderr]    Compiling httparse v1.10.1
[INFO] [stderr]    Compiling precomputed-hash v0.1.1
[INFO] [stderr]    Compiling untrusted v0.9.0
[INFO] [stderr]    Compiling memchr v2.7.5
[INFO] [stderr]    Compiling futures-util v0.3.31
[INFO] [stderr]    Compiling serde v1.0.228
[INFO] [stderr]    Compiling subtle v2.6.1
[INFO] [stderr]    Compiling slab v0.4.12
[INFO] [stderr]    Compiling tower-service v0.3.3
[INFO] [stderr]    Compiling fnv v1.0.7
[INFO] [stderr]    Compiling utf8_iter v1.0.4
[INFO] [stderr]    Compiling try-lock v0.2.5
[INFO] [stderr]    Compiling version_check v0.9.5
[INFO] [stderr]    Compiling atomic-waker v1.1.2
[INFO] [stderr]    Compiling time-core v0.1.8
[INFO] [stderr]    Compiling num-conv v0.2.1
[INFO] [stderr]    Compiling zmij v1.0.21
[INFO] [stderr]    Compiling powerfmt v0.2.0
[INFO] [stderr]    Compiling want v0.3.1
[INFO] [stderr]    Compiling time-macros v0.2.27
[INFO] [stderr]    Compiling deranged v0.5.8
[INFO] [stderr]    Compiling cookie v0.18.1
[INFO] [stderr]    Compiling form_urlencoded v1.2.2
[INFO] [stderr]    Compiling futures-channel v0.3.31
[INFO] [stderr]    Compiling syn v2.0.117
[INFO] [stderr]    Compiling string_cache_codegen v0.6.1
[INFO] [stderr]    Compiling tracing v0.1.44
[INFO] [stderr]    Compiling http-body v1.0.1
[INFO] [stderr]    Compiling indexmap v2.14.0
[INFO] [stderr]    Compiling bitflags v2.11.1
[INFO] [stderr]    Compiling dtoa v1.0.10
[INFO] [stderr]    Compiling serde_json v1.0.149
[INFO] [stderr]    Compiling utf-8 v0.7.6
[INFO] [stderr]    Compiling dtoa-short v0.3.5
[INFO] [stderr]    Compiling tendril v0.5.0
[INFO] [stderr]    Compiling selectors v0.38.0
[INFO] [stderr]    Compiling socket2 v0.6.3
[INFO] [stderr]    Compiling mio v1.2.0
[INFO] [stderr]    Compiling num-traits v0.2.19
[INFO] [stderr]    Compiling web_atoms v0.2.3
[INFO] [stderr]    Compiling sync_wrapper v1.0.2
[INFO] [stderr]    Compiling tower-layer v0.3.3
[INFO] [stderr]    Compiling openssl-probe v0.2.1
[INFO] [stderr]    Compiling base64 v0.22.1
[INFO] [stderr]    Compiling jobserver v0.1.34
[INFO] [stderr]    Compiling parking_lot v0.12.4
[INFO] [stderr]    Compiling litrs v1.0.0
[INFO] [stderr]    Compiling psl-types v2.0.11
[INFO] [stderr]    Compiling ipnet v2.11.0
[INFO] [stderr]    Compiling rustls-native-certs v0.8.3
[INFO] [stderr]    Compiling tokio v1.52.3
[INFO] [stderr]    Compiling cc v1.2.60
[INFO] [stderr]    Compiling string_cache v0.9.0
[INFO] [stderr]    Compiling aho-corasick v1.1.3
[INFO] [stderr]    Compiling servo_arc v0.4.3
[INFO] [stderr]    Compiling iri-string v0.7.12
[INFO] [stderr]    Compiling rustc-hash v2.1.2
[INFO] [stderr]    Compiling ryu v1.0.23
[INFO] [stderr]    Compiling unicode-width v0.2.2
[INFO] [stderr]    Compiling document-features v0.2.12
[INFO] [stderr]    Compiling regex-syntax v0.8.5
[INFO] [stderr]    Compiling anyhow v1.0.102
[INFO] [stderr]    Compiling getopts v0.2.24
[INFO] [stderr]    Compiling http-body-util v0.1.3
[INFO] [stderr]    Compiling encoding_rs v0.8.35
[INFO] [stderr]    Compiling ego-tree v0.11.0
[INFO] [stderr]    Compiling time v0.3.47
[INFO] [stderr]    Compiling duckduckgo v0.3.3 (/opt/rustwide/workdir)
[INFO] [stderr]    Compiling iana-time-zone v0.1.63
[INFO] [stderr]    Compiling mime v0.3.17
[INFO] [stderr]    Compiling urlencoding v2.1.3
[INFO] [stderr]    Compiling cmake v0.1.58
[INFO] [stderr]    Compiling chrono v0.4.44
[INFO] [stderr]    Compiling aws-lc-sys v0.39.1
[INFO] [stderr]    Compiling regex-automata v0.4.14
[INFO] [stderr]    Compiling synstructure v0.13.2
[INFO] [stderr]    Compiling tokio-util v0.7.15
[INFO] [stderr]    Compiling tower v0.5.3
[INFO] [stderr]    Compiling zerofrom-derive v0.1.6
[INFO] [stderr]    Compiling yoke-derive v0.8.0
[INFO] [stderr]    Compiling zerovec-derive v0.11.1
[INFO] [stderr]    Compiling displaydoc v0.2.5
[INFO] [stderr]    Compiling phf_macros v0.13.1
[INFO] [stderr]    Compiling serde_derive v1.0.228
[INFO] [stderr]    Compiling h2 v0.4.13
[INFO] [stderr]    Compiling derive_more-impl v2.1.1
[INFO] [stderr]    Compiling cssparser-macros v0.7.0
[INFO] [stderr]    Compiling tower-http v0.6.8
[INFO] [stderr]    Compiling phf v0.13.1
[INFO] [stderr]    Compiling cssparser v0.37.0
[INFO] [stderr]    Compiling regex v1.12.3
[INFO] [stderr]    Compiling zerofrom v0.1.6
[INFO] [stderr]    Compiling yoke v0.8.0
[INFO] [stderr]    Compiling derive_more v2.1.1
[INFO] [stderr]    Compiling zerovec v0.11.2
[INFO] [stderr]    Compiling zerotrie v0.2.2
[INFO] [stderr]    Compiling markup5ever v0.39.0
[INFO] [stderr]    Compiling html5ever v0.39.0
[INFO] [stderr]    Compiling tinystr v0.8.1
[INFO] [stderr]    Compiling potential_utf v0.1.2
[INFO] [stderr]    Compiling icu_locale_core v2.0.0
[INFO] [stderr]    Compiling icu_collections v2.0.0
[INFO] [stderr]    Compiling scraper v0.27.0
[INFO] [stderr]    Compiling icu_provider v2.0.0
[INFO] [stderr]    Compiling serde_urlencoded v0.7.1
[INFO] [stderr]    Compiling icu_normalizer v2.0.0
[INFO] [stderr]    Compiling icu_properties v2.0.1
[INFO] [stderr]    Compiling hyper v1.9.0
[INFO] [stderr]    Compiling idna_adapter v1.2.1
[INFO] [stderr]    Compiling idna v1.1.0
[INFO] [stderr]    Compiling publicsuffix v2.3.0
[INFO] [stderr]    Compiling url v2.5.8
[INFO] [stderr]    Compiling hyper-util v0.1.20
[INFO] [stderr]    Compiling cookie_store v0.22.1
[INFO] [stderr]    Compiling rustls-webpki v0.103.13
[INFO] [stderr]    Compiling tokio-rustls v0.26.4
[INFO] [stderr]    Compiling rustls-platform-verifier v0.6.2
[INFO] [stderr]    Compiling hyper-rustls v0.27.9
[INFO] [stderr]    Compiling reqwest v0.13.3
[INFO] [stderr] warning: unused dependency `urlencoding`
[INFO] [stderr]    --> Cargo.toml:105:15
[INFO] [stderr]     |
[INFO] [stderr] 105 | [dependencies.urlencoding]
[INFO] [stderr]     |               ^^^^^^^^^^^^
[INFO] [stderr]     |
[INFO] [stderr]     = note: `cargo::unused_dependencies` is set to `warn` by default
[INFO] [stderr] help: consider removing the dependency on `urlencoding`
[INFO] [stderr] warning: `duckduckgo` (manifest) generated 1 warning
[INFO] [stderr]     Finished `release` profile [optimized] target(s) in 2m 11s
[INFO] running `Command { std: "docker" "inspect" "b3b60cfde12530f3075e932a5a051443e24f575d432a884c964e34150b37d3d8", kill_on_drop: false }`
[INFO] running `Command { std: "docker" "exec" "-e" "SOURCE_DIR=/opt/rustwide/workdir" "-e" "CARGO_HOME=/opt/rustwide/cargo-home" "-e" "RUSTUP_HOME=/opt/rustwide/rustup-home" "-e" "CARGO_TARGET_DIR=/opt/rustwide/target" "-e" "CARGO_INCREMENTAL=0" "-e" "RUST_BACKTRACE=full" "-e" "RUSTFLAGS=--cap-lints=warn" "-e" "RUSTDOCFLAGS=--cap-lints=warn" "-w" "/opt/rustwide/workdir" "--user" "0:0" "b3b60cfde12530f3075e932a5a051443e24f575d432a884c964e34150b37d3d8" "/opt/rustwide/cargo-home/bin/cargo" "+1.100.0-beta.1" "test" "--frozen" "--no-run" "--message-format=json" "--release", kill_on_drop: false }`
[INFO] [stderr] warning: `package.homepage` is redundant with `package.repository`
[INFO] [stderr]    --> Cargo.toml:142:12
[INFO] [stderr]     |
[INFO] [stderr] 142 | homepage = "https://github.com/wiseaidotdev/duckduckgo"
[INFO] [stderr]     |            ^^^^^^^^^^^^^^^^^^^^^^^^^^^^^^^^^^^^^^^^^^^^
[INFO] [stderr] ...
[INFO] [stderr] 147 | repository = "https://github.com/wiseaidotdev/duckduckgo"
[INFO] [stderr]     |              --------------------------------------------
[INFO] [stderr]     |
[INFO] [stderr]     = note: `cargo::redundant_homepage` is set to `warn` by default
[INFO] [stderr] help: consider removing `package.homepage`
[INFO] [stderr] warning: `duckduckgo` (manifest) generated 1 warning
[INFO] [stderr]    Compiling syn v2.0.117
[INFO] [stderr]    Compiling cfg-if v1.0.1
[INFO] [stderr]    Compiling once_cell v1.21.3
[INFO] [stderr]    Compiling smallvec v1.15.1
[INFO] [stderr]    Compiling itoa v1.0.15
[INFO] [stderr]    Compiling wasm-bindgen-shared v0.2.100
[INFO] [stderr]    Compiling rustversion v1.0.21
[INFO] [stderr]    Compiling memchr v2.7.5
[INFO] [stderr]    Compiling log v0.4.27
[INFO] [stderr]    Compiling bumpalo v3.18.1
[INFO] [stderr]    Compiling pin-project-lite v0.2.16
[INFO] [stderr]    Compiling futures-core v0.3.31
[INFO] [stderr]    Compiling scopeguard v1.2.0
[INFO] [stderr]    Compiling libc v0.2.185
[INFO] [stderr]    Compiling bytes v1.11.1
[INFO] [stderr]    Compiling wasm-bindgen v0.2.100
[INFO] [stderr]    Compiling stable_deref_trait v1.2.0
[INFO] [stderr]    Compiling lock_api v0.4.13
[INFO] [stderr]    Compiling futures-sink v0.3.31
[INFO] [stderr]    Compiling serde_core v1.0.228
[INFO] [stderr]    Compiling slab v0.4.12
[INFO] [stderr]    Compiling pin-utils v0.1.0
[INFO] [stderr]    Compiling futures-io v0.3.32
[INFO] [stderr]    Compiling futures-task v0.3.31
[INFO] [stderr]    Compiling zmij v1.0.21
[INFO] [stderr]    Compiling futures-channel v0.3.31
[INFO] [stderr]    Compiling percent-encoding v2.3.2
[INFO] [stderr]    Compiling litemap v0.8.0
[INFO] [stderr]    Compiling writeable v0.6.1
[INFO] [stderr]    Compiling thiserror v1.0.69
[INFO] [stderr]    Compiling siphasher v1.0.1
[INFO] [stderr]    Compiling zeroize v1.8.2
[INFO] [stderr]    Compiling fnv v1.0.7
[INFO] [stderr]    Compiling equivalent v1.0.2
[INFO] [stderr]    Compiling phf_shared v0.13.1
[INFO] [stderr]    Compiling hashbrown v0.17.0
[INFO] [stderr]    Compiling rustls-pki-types v1.14.0
[INFO] [stderr]    Compiling icu_normalizer_data v2.0.0
[INFO] [stderr]    Compiling icu_properties_data v2.0.1
[INFO] [stderr]    Compiling form_urlencoded v1.2.2
[INFO] [stderr]    Compiling aws-lc-sys v0.39.1
[INFO] [stderr]    Compiling tracing-core v0.1.36
[INFO] [stderr]    Compiling new_debug_unreachable v1.0.6
[INFO] [stderr]    Compiling precomputed-hash v0.1.1
[INFO] [stderr]    Compiling untrusted v0.9.0
[INFO] [stderr]    Compiling atomic-waker v1.1.2
[INFO] [stderr]    Compiling ryu v1.0.23
[INFO] [stderr]    Compiling try-lock v0.2.5
[INFO] [stderr]    Compiling tower-service v0.3.3
[INFO] [stderr]    Compiling subtle v2.6.1
[INFO] [stderr]    Compiling toml_datetime v0.6.11
[INFO] [stderr]    Compiling utf8_iter v1.0.4
[INFO] [stderr]    Compiling winnow v0.5.40
[INFO] [stderr]    Compiling powerfmt v0.2.0
[INFO] [stderr]    Compiling want v0.3.1
[INFO] [stderr]    Compiling httparse v1.10.1
[INFO] [stderr]    Compiling proc-macro-error-attr v1.0.4
[INFO] [stderr]    Compiling dtoa v1.0.10
[INFO] [stderr]    Compiling http v1.4.0
[INFO] [stderr]    Compiling deranged v0.5.8
[INFO] [stderr]    Compiling time-core v0.1.8
[INFO] [stderr]    Compiling num-conv v0.2.1
[INFO] [stderr]    Compiling syn v1.0.109
[INFO] [stderr]    Compiling indexmap v2.14.0
[INFO] [stderr]    Compiling utf-8 v0.7.6
[INFO] [stderr]    Compiling bitflags v2.11.1
[INFO] [stderr]    Compiling dtoa-short v0.3.5
[INFO] [stderr]    Compiling aws-lc-rs v1.16.2
[INFO] [stderr]    Compiling tendril v0.5.0
[INFO] [stderr]    Compiling proc-macro-error v1.0.4
[INFO] [stderr]    Compiling sync_wrapper v1.0.2
[INFO] [stderr]    Compiling psl-types v2.0.11
[INFO] [stderr]    Compiling prettyplease v0.2.37
[INFO] [stderr]    Compiling openssl-probe v0.2.1
[INFO] [stderr]    Compiling ipnet v2.11.0
[INFO] [stderr]    Compiling base64 v0.22.1
[INFO] [stderr]    Compiling tower-layer v0.3.3
[INFO] [stderr]    Compiling rustls-native-certs v0.8.3
[INFO] [stderr]    Compiling parking_lot_core v0.9.11
[INFO] [stderr]    Compiling mio v1.2.0
[INFO] [stderr]    Compiling signal-hook-registry v1.4.5
[INFO] [stderr]    Compiling socket2 v0.6.3
[INFO] [stderr]    Compiling parking_lot v0.12.4
[INFO] [stderr]    Compiling http v0.2.12
[INFO] [stderr]    Compiling http-body v1.0.1
[INFO] [stderr]    Compiling string_cache v0.9.0
[INFO] [stderr]    Compiling aho-corasick v1.1.3
[INFO] [stderr]    Compiling servo_arc v0.4.3
[INFO] [stderr]    Compiling unicode-width v0.2.2
[INFO] [stderr]    Compiling iri-string v0.7.12
[INFO] [stderr]    Compiling regex-syntax v0.8.5
[INFO] [stderr]    Compiling rustc-hash v2.1.2
[INFO] [stderr]    Compiling thiserror v2.0.18
[INFO] [stderr]    Compiling getopts v0.2.24
[INFO] [stderr]    Compiling http-body-util v0.1.3
[INFO] [stderr]    Compiling num-traits v0.2.19
[INFO] [stderr]    Compiling num_cpus v1.17.0
[INFO] [stderr]    Compiling rustls-webpki v0.103.13
[INFO] [stderr]    Compiling time v0.3.47
[INFO] [stderr]    Compiling encoding_rs v0.8.35
[INFO] [stderr]    Compiling iana-time-zone v0.1.63
[INFO] [stderr]    Compiling serde_json v1.0.149
[INFO] [stderr]    Compiling toml_edit v0.19.15
[INFO] [stderr]    Compiling mime v0.3.17
[INFO] [stderr]    Compiling ego-tree v0.11.0
[INFO] [stderr]    Compiling anyhow v1.0.102
[INFO] [stderr]    Compiling urlencoding v2.1.3
[INFO] [stderr]    Compiling chrono v0.4.44
[INFO] [stderr]    Compiling rustls v0.23.38
[INFO] [stderr]    Compiling wasm-bindgen-backend v0.2.100
[INFO] [stderr]    Compiling synstructure v0.13.2
[INFO] [stderr]    Compiling cookie v0.18.1
[INFO] [stderr]    Compiling regex-automata v0.4.14
[INFO] [stderr]    Compiling proc-macro-crate v1.3.1
[INFO] [stderr]    Compiling zerofrom-derive v0.1.6
[INFO] [stderr]    Compiling yoke-derive v0.8.0
[INFO] [stderr]    Compiling serde_derive v1.0.228
[INFO] [stderr]    Compiling zerovec-derive v0.11.1
[INFO] [stderr]    Compiling tokio-macros v2.7.0
[INFO] [stderr]    Compiling displaydoc v0.2.5
[INFO] [stderr]    Compiling futures-macro v0.3.31
[INFO] [stderr]    Compiling wasm-bindgen-macro-support v0.2.100
[INFO] [stderr]    Compiling thiserror-impl v1.0.69
[INFO] [stderr]    Compiling phf_macros v0.13.1
[INFO] [stderr]    Compiling tracing-attributes v0.1.31
[INFO] [stderr]    Compiling tokio v1.52.3
[INFO] [stderr]    Compiling futures-util v0.3.31
[INFO] [stderr]    Compiling pin-project-internal v1.1.11
[INFO] [stderr]    Compiling derive_more-impl v2.1.1
[INFO] [stderr]    Compiling phf v0.13.1
[INFO] [stderr]    Compiling web_atoms v0.2.3
[INFO] [stderr]    Compiling zerofrom v0.1.6
[INFO] [stderr]    Compiling yoke v0.8.0
[INFO] [stderr]    Compiling cssparser-macros v0.7.0
[INFO] [stderr]    Compiling gloo-worker-macros v0.1.0
[INFO] [stderr]    Compiling cssparser v0.37.0
[INFO] [stderr]    Compiling zerovec v0.11.2
[INFO] [stderr]    Compiling zerotrie v0.2.2
[INFO] [stderr]    Compiling tracing v0.1.44
[INFO] [stderr]    Compiling wasm-bindgen-macro v0.2.100
[INFO] [stderr]    Compiling pin-project v1.1.11
[INFO] [stderr]    Compiling derive_more v2.1.1
[INFO] [stderr]    Compiling thiserror-impl v2.0.18
[INFO] [stderr]    Compiling implicit-clone-derive v0.1.2
[INFO] [stderr]    Compiling yew-macro v0.23.0
[INFO] [stderr]    Compiling markup5ever v0.39.0
[INFO] [stderr]    Compiling implicit-clone v0.6.0
[INFO] [stderr]    Compiling html5ever v0.39.0
[INFO] [stderr]    Compiling regex v1.12.3
[INFO] [stderr]    Compiling selectors v0.38.0
[INFO] [stderr]    Compiling tinystr v0.8.1
[INFO] [stderr]    Compiling potential_utf v0.1.2
[INFO] [stderr]    Compiling serde v1.0.228
[INFO] [stderr]    Compiling js-sys v0.3.77
[INFO] [stderr]    Compiling icu_locale_core v2.0.0
[INFO] [stderr]    Compiling icu_collections v2.0.0
[INFO] [stderr]    Compiling console_error_panic_hook v0.1.7
[INFO] [stderr]    Compiling rustls-platform-verifier v0.6.2
[INFO] [stderr]    Compiling scraper v0.27.0
[INFO] [stderr]    Compiling serde_urlencoded v0.7.1
[INFO] [stderr]    Compiling bincode v1.3.3
[INFO] [stderr]    Compiling icu_provider v2.0.0
[INFO] [stderr]    Compiling icu_normalizer v2.0.0
[INFO] [stderr]    Compiling icu_properties v2.0.1
[INFO] [stderr]    Compiling futures v0.3.31
[INFO] [stderr]    Compiling pinned v0.1.0
[INFO] [stderr]    Compiling idna_adapter v1.2.1
[INFO] [stderr]    Compiling idna v1.1.0
[INFO] [stderr]    Compiling url v2.5.8
[INFO] [stderr]    Compiling publicsuffix v2.3.0
[INFO] [stderr]    Compiling web-sys v0.3.77
[INFO] [stderr]    Compiling wasm-bindgen-futures v0.4.50
[INFO] [stderr]    Compiling serde-wasm-bindgen v0.6.5
[INFO] [stderr]    Compiling gloo-timers v0.3.0
[INFO] [stderr]    Compiling cookie_store v0.22.1
[INFO] [stderr]    Compiling tokio-util v0.7.15
[INFO] [stderr]    Compiling tower v0.5.3
[INFO] [stderr]    Compiling tokio-rustls v0.26.4
[INFO] [stderr]    Compiling tokio-stream v0.1.18
[INFO] [stderr]    Compiling tokise v0.2.1
[INFO] [stderr]    Compiling h2 v0.4.13
[INFO] [stderr]    Compiling tower-http v0.6.8
[INFO] [stderr]    Compiling hyper v1.9.0
[INFO] [stderr]    Compiling hyper-util v0.1.20
[INFO] [stderr]    Compiling hyper-rustls v0.27.9
[INFO] [stderr]    Compiling reqwest v0.13.3
[INFO] [stderr]    Compiling gloo-utils v0.2.0
[INFO] [stderr]    Compiling gloo-events v0.2.0
[INFO] [stderr]    Compiling gloo-render v0.2.0
[INFO] [stderr]    Compiling gloo-dialogs v0.2.0
[INFO] [stderr]    Compiling gloo-file v0.3.0
[INFO] [stderr]    Compiling gloo-net v0.5.0
[INFO] [stderr]    Compiling gloo-history v0.2.2
[INFO] [stderr]    Compiling gloo-storage v0.3.0
[INFO] [stderr]    Compiling gloo-console v0.3.0
[INFO] [stderr]    Compiling gloo-worker v0.5.0
[INFO] [stderr]    Compiling gloo v0.11.0
[INFO] [stderr]    Compiling yew v0.23.0
[INFO] [stderr]    Compiling duckduckgo v0.3.3 (/opt/rustwide/workdir)
[INFO] [stderr] warning: unused dependency `urlencoding`
[INFO] [stderr]    --> Cargo.toml:105:15
[INFO] [stderr]     |
[INFO] [stderr] 105 | [dependencies.urlencoding]
[INFO] [stderr]     |               ^^^^^^^^^^^^
[INFO] [stderr]     |
[INFO] [stderr]     = note: `cargo::unused_dependencies` is set to `warn` by default
[INFO] [stderr] help: consider removing the dependency on `urlencoding`
[INFO] [stderr] warning: `duckduckgo` (manifest) generated 1 warning
[INFO] [stderr]     Finished `release` profile [optimized] target(s) in 2m 06s
[INFO] running `Command { std: "docker" "inspect" "b3b60cfde12530f3075e932a5a051443e24f575d432a884c964e34150b37d3d8", kill_on_drop: false }`
[INFO] running `Command { std: "docker" "exec" "-e" "SOURCE_DIR=/opt/rustwide/workdir" "-e" "CARGO_HOME=/opt/rustwide/cargo-home" "-e" "RUSTUP_HOME=/opt/rustwide/rustup-home" "-e" "CARGO_TARGET_DIR=/opt/rustwide/target" "-e" "CARGO_INCREMENTAL=0" "-e" "RUST_BACKTRACE=full" "-e" "RUSTFLAGS=--cap-lints=warn" "-e" "RUSTDOCFLAGS=--cap-lints=warn" "-w" "/opt/rustwide/workdir" "--user" "0:0" "b3b60cfde12530f3075e932a5a051443e24f575d432a884c964e34150b37d3d8" "/opt/rustwide/cargo-home/bin/cargo" "+1.100.0-beta.1" "test" "--frozen" "--release", kill_on_drop: false }`
[INFO] [stderr] warning: `package.homepage` is redundant with `package.repository`
[INFO] [stderr]    --> Cargo.toml:142:12
[INFO] [stderr]     |
[INFO] [stderr] 142 | homepage = "https://github.com/wiseaidotdev/duckduckgo"
[INFO] [stderr]     |            ^^^^^^^^^^^^^^^^^^^^^^^^^^^^^^^^^^^^^^^^^^^^
[INFO] [stderr] ...
[INFO] [stderr] 147 | repository = "https://github.com/wiseaidotdev/duckduckgo"
[INFO] [stderr]     |              --------------------------------------------
[INFO] [stderr]     |
[INFO] [stderr]     = note: `cargo::redundant_homepage` is set to `warn` by default
[INFO] [stderr] help: consider removing `package.homepage`
[INFO] [stderr] warning: `duckduckgo` (manifest) generated 1 warning
[INFO] [stderr] warning: unused dependency `urlencoding`
[INFO] [stderr]    --> Cargo.toml:105:15
[INFO] [stderr]     |
[INFO] [stderr] 105 | [dependencies.urlencoding]
[INFO] [stderr]     |               ^^^^^^^^^^^^
[INFO] [stderr]     |
[INFO] [stderr]     = note: `cargo::unused_dependencies` is set to `warn` by default
[INFO] [stderr] help: consider removing the dependency on `urlencoding`
[INFO] [stderr] warning: `duckduckgo` (manifest) generated 1 warning
[INFO] [stderr]     Finished `release` profile [optimized] target(s) in 0.47s
[INFO] [stderr]      Running unittests src/lib.rs (/opt/rustwide/target/release/build/duckduckgo/98ac3ce99cd14f15/out/duckduckgo-98ac3ce99cd14f15)
[INFO] [stdout] 
[INFO] [stdout] running 0 tests
[INFO] [stdout] 
[INFO] [stdout] test result: ok. 0 passed; 0 failed; 0 ignored; 0 measured; 0 filtered out; finished in 0.00s
[INFO] [stdout] 
[INFO] [stderr]    Doc-tests duckduckgo
[INFO] [stdout] 
[INFO] [stdout] running 30 tests
[INFO] [stdout] test src/browser.rs - browser (line 94) ... ok
[INFO] [stdout] test src/browser.rs - browser::Browser::builder (line 243) ... ok
[INFO] [stdout] test src/browser.rs - browser (line 148) ... FAILED
[INFO] [stdout] test src/browser.rs - browser::Browser::new (line 223) ... ok
[INFO] [stdout] test src/browser.rs - browser (line 243) ... FAILED
[INFO] [stdout] test src/browser.rs - browser (line 224) ... FAILED
[INFO] [stdout] test src/browser.rs - browser (line 280) ... FAILED
[INFO] [stdout] test src/browser.rs - browser::Browser (line 98) ... ok
[INFO] [stdout] test src/browser.rs - browser::Browser::news (line 524) ... FAILED
[INFO] [stdout] test src/browser.rs - browser::Browser::request (line 267) ... FAILED
[INFO] [stdout] test src/colors.rs - colors::AnsiStyle::escape_code (line 133) ... ok
[INFO] [stdout] test src/browser.rs - browser (line 205) ... FAILED
[INFO] [stdout] test src/browser.rs - browser::Browser::images (line 436) ... FAILED
[INFO] [stdout] test src/browser.rs - browser::Browser::lite_search (line 358) ... FAILED
[INFO] [stdout] test src/icon.rs - icon::Icon::new (line 29) ... ok
[INFO] [stdout] test src/colors.rs - colors::AnsiColor::escape_code (line 77) ... ok
[INFO] [stdout] test src/params.rs - params::SearchParams (line 612) ... ok
[INFO] [stdout] test src/browser.rs - browser::Browser::advanced_search (line 991) ... FAILED
[INFO] [stdout] test src/params.rs - params::SearchParams::to_query_pairs (line 871) ... ok
[INFO] [stdout] test src/browser.rs - browser::Browser::get_vqd (line 311) ... FAILED
[INFO] [stdout] test src/browser.rs - browser::Browser::browse (line 625) ... FAILED
[INFO] [stdout] test src/browser.rs - browser (line 162) ... FAILED
[INFO] [stdout] test src/colors.rs - colors::AnsiStyle::reset_code (line 160) ... ok
[INFO] [stdout] test src/browser.rs - browser::BrowserBuilder::proxy (line 170) ... ok
[INFO] [stdout] test src/browser.rs - browser::BrowserBuilder::user_agent (line 137) ... ok
[INFO] [stdout] test src/browser.rs - browser (line 186) ... FAILED
[INFO] [stdout] test src/browser.rs - browser::BrowserBuilder::cookie_store (line 153) ... ok
[INFO] [stdout] test src/browser.rs - browser::BrowserBuilder (line 114) ... ok
[INFO] [stdout] test src/browser.rs - browser::Browser::search (line 951) ... FAILED
[INFO] [stdout] test src/browser.rs - browser::Browser::search_operators (line 1032) ... FAILED
[INFO] [stdout] 
[INFO] [stdout] failures:
[INFO] [stdout] 
[INFO] [stdout] ---- src/browser.rs - browser (line 148) stdout ----
[INFO] [stdout] Test executable failed (exit status: 1).
[INFO] [stdout] 
[INFO] [stdout] stderr:
[INFO] [stdout] Error: Failed to perform search for query 'rust lang'
[INFO] [stdout] 
[INFO] [stdout] Caused by:
[INFO] [stdout]     0: Failed to send request to https://api.duckduckgo.com/?q=rust lang&kp=1&format=json
[INFO] [stdout]     1: error sending request for url (https://api.duckduckgo.com/?q=rust%20lang&kp=1&format=json)
[INFO] [stdout]     2: client error (Connect)
[INFO] [stdout]     3: dns error
[INFO] [stdout]     4: failed to lookup address information: Temporary failure in name resolution
[INFO] [stdout] 
[INFO] [stdout] Stack backtrace:
[INFO] [stdout]    0: <reqwest::error::Error as anyhow::context::ext::StdError>::ext_context::<alloc::string::String>
[INFO] [stdout]    1: <core::result::Result<reqwest::async_impl::response::Response, reqwest::error::Error> as anyhow::Context<reqwest::async_impl::response::Response, reqwest::error::Error>>::with_context::<alloc::string::String, <duckduckgo::browser::Browser>::get_api_response::{closure#0}::{closure#0}>
[INFO] [stdout]    2: <duckduckgo::browser::Browser>::get_api_response::{closure#0}
[INFO] [stdout]    3: <duckduckgo::browser::Browser>::browse::{closure#0}
[INFO] [stdout]    4: <duckduckgo::browser::Browser>::search::{closure#0}
[INFO] [stdout]    5: doctest_bundle_2024::__doctest_0::main::{closure#0}
[INFO] [stdout]    6: <tokio::runtime::park::CachedParkThread>::block_on::<doctest_bundle_2024::__doctest_0::main::{closure#0}>::{closure#0}
[INFO] [stdout]    7: <tokio::runtime::park::CachedParkThread>::block_on::<doctest_bundle_2024::__doctest_0::main::{closure#0}>
[INFO] [stdout]    8: <tokio::runtime::context::blocking::BlockingRegionGuard>::block_on::<doctest_bundle_2024::__doctest_0::main::{closure#0}>
[INFO] [stdout]    9: <tokio::runtime::scheduler::multi_thread::MultiThread>::block_on::<doctest_bundle_2024::__doctest_0::main::{closure#0}>::{closure#0}
[INFO] [stdout]   10: tokio::runtime::context::runtime::enter_runtime::<<tokio::runtime::scheduler::multi_thread::MultiThread>::block_on<doctest_bundle_2024::__doctest_0::main::{closure#0}>::{closure#0}, core::result::Result<(), anyhow::Error>>
[INFO] [stdout]   11: <tokio::runtime::scheduler::multi_thread::MultiThread>::block_on::<doctest_bundle_2024::__doctest_0::main::{closure#0}>
[INFO] [stdout]   12: <tokio::runtime::runtime::Runtime>::block_on_inner::<doctest_bundle_2024::__doctest_0::main::{closure#0}>
[INFO] [stdout]   13: <tokio::runtime::runtime::Runtime>::block_on::<doctest_bundle_2024::__doctest_0::main::{closure#0}>
[INFO] [stdout]   14: doctest_bundle_2024::__doctest_0::main
[INFO] [stdout]   15: doctest_bundle_2024::__doctest_0::__main_fn
[INFO] [stdout]   16: doctest_runner_2024::__doctest_0::TEST::{closure#0}
[INFO] [stdout]   17: <doctest_runner_2024::__doctest_0::TEST::{closure#0} as core::ops::function::FnOnce<()>>::call_once
[INFO] [stdout]   18: doctest_runner_2024::main
[INFO] [stdout]   19: <fn() -> std::process::ExitCode as core::ops::function::FnOnce<()>>::call_once
[INFO] [stdout]   20: std::sys::backtrace::__rust_begin_short_backtrace::<fn() -> std::process::ExitCode, std::process::ExitCode>
[INFO] [stdout]   21: std::rt::lang_start::<std::process::ExitCode>::{closure#0}
[INFO] [stdout]   22: <&dyn core::ops::function::Fn<(), Output = i32> + core::marker::Sync + core::panic::unwind_safe::RefUnwindSafe as core::ops::function::FnOnce<()>>::call_once
[INFO] [stdout]              at /rustc/e3feeb59cd1bdd011a2bfcc0747b55125d9b8527/library/core/src/ops/function.rs:287:21
[INFO] [stdout]   23: std::panicking::catch_unwind::do_call::<&dyn core::ops::function::Fn<(), Output = i32> + core::marker::Sync + core::panic::unwind_safe::RefUnwindSafe, i32>
[INFO] [stdout]              at /rustc/e3feeb59cd1bdd011a2bfcc0747b55125d9b8527/library/std/src/panicking.rs:573:43
[INFO] [stdout]   24: std::panicking::catch_unwind::<i32, &dyn core::ops::function::Fn<(), Output = i32> + core::marker::Sync + core::panic::unwind_safe::RefUnwindSafe>
[INFO] [stdout]              at /rustc/e3feeb59cd1bdd011a2bfcc0747b55125d9b8527/library/std/src/panicking.rs:541:19
[INFO] [stdout]   25: std::panic::catch_unwind::<&dyn core::ops::function::Fn<(), Output = i32> + core::marker::Sync + core::panic::unwind_safe::RefUnwindSafe, i32>
[INFO] [stdout]              at /rustc/e3feeb59cd1bdd011a2bfcc0747b55125d9b8527/library/std/src/panic.rs:359:14
[INFO] [stdout]   26: std::rt::lang_start_internal::{closure#0}
[INFO] [stdout]              at /rustc/e3feeb59cd1bdd011a2bfcc0747b55125d9b8527/library/std/src/rt.rs:175:24
[INFO] [stdout]   27: std::panicking::catch_unwind::do_call::<std::rt::lang_start_internal::{closure#0}, isize>
[INFO] [stdout]              at /rustc/e3feeb59cd1bdd011a2bfcc0747b55125d9b8527/library/std/src/panicking.rs:573:43
[INFO] [stdout]   28: std::panicking::catch_unwind::<isize, std::rt::lang_start_internal::{closure#0}>
[INFO] [stdout]              at /rustc/e3feeb59cd1bdd011a2bfcc0747b55125d9b8527/library/std/src/panicking.rs:541:19
[INFO] [stdout]   29: std::panic::catch_unwind::<std::rt::lang_start_internal::{closure#0}, isize>
[INFO] [stdout]              at /rustc/e3feeb59cd1bdd011a2bfcc0747b55125d9b8527/library/std/src/panic.rs:359:14
[INFO] [stdout]   30: std::rt::lang_start_internal
[INFO] [stdout]              at /rustc/e3feeb59cd1bdd011a2bfcc0747b55125d9b8527/library/std/src/rt.rs:171:5
[INFO] [stdout]   31: std::rt::lang_start::<std::process::ExitCode>
[INFO] [stdout]   32: main
[INFO] [stdout]   33: <unknown>
[INFO] [stdout]   34: __libc_start_main
[INFO] [stdout]   35: _start
[INFO] [stdout] Error: "the test returned a termination value with a non-zero status code (1) which indicates a failure"
[INFO] [stdout] 
[INFO] [stdout] 
[INFO] [stdout] ---- src/browser.rs - browser (line 243) stdout ----
[INFO] [stdout] Test executable failed (exit status: 1).
[INFO] [stdout] 
[INFO] [stdout] stderr:
[INFO] [stdout] Error: Failed to perform search for query 'rust lang'
[INFO] [stdout] 
[INFO] [stdout] Caused by:
[INFO] [stdout]     0: Failed to send request to https://api.duckduckgo.com/?q=rust lang&kp=-2&format=json&kl=us-en&kp=-1&kaf=1&kae=d&ks=n&ka=v&t=my_app
[INFO] [stdout]     1: error sending request for url (https://api.duckduckgo.com/?q=rust%20lang&kp=-2&format=json&kl=us-en&kp=-1&kaf=1&kae=d&ks=n&ka=v&t=my_app)
[INFO] [stdout]     2: client error (Connect)
[INFO] [stdout]     3: dns error
[INFO] [stdout]     4: failed to lookup address information: Temporary failure in name resolution
[INFO] [stdout] 
[INFO] [stdout] Stack backtrace:
[INFO] [stdout]    0: <reqwest::error::Error as anyhow::context::ext::StdError>::ext_context::<alloc::string::String>
[INFO] [stdout]    1: <core::result::Result<reqwest::async_impl::response::Response, reqwest::error::Error> as anyhow::Context<reqwest::async_impl::response::Response, reqwest::error::Error>>::with_context::<alloc::string::String, <duckduckgo::browser::Browser>::get_api_response::{closure#0}::{closure#0}>
[INFO] [stdout]    2: <duckduckgo::browser::Browser>::get_api_response::{closure#0}
[INFO] [stdout]    3: <duckduckgo::browser::Browser>::browse::{closure#0}
[INFO] [stdout]    4: <duckduckgo::browser::Browser>::search::{closure#0}
[INFO] [stdout]    5: doctest_bundle_2024::__doctest_5::main::{closure#0}
[INFO] [stdout]    6: <tokio::runtime::park::CachedParkThread>::block_on::<doctest_bundle_2024::__doctest_5::main::{closure#0}>::{closure#0}
[INFO] [stdout]    7: <tokio::runtime::park::CachedParkThread>::block_on::<doctest_bundle_2024::__doctest_5::main::{closure#0}>
[INFO] [stdout]    8: <tokio::runtime::context::blocking::BlockingRegionGuard>::block_on::<doctest_bundle_2024::__doctest_5::main::{closure#0}>
[INFO] [stdout]    9: <tokio::runtime::scheduler::multi_thread::MultiThread>::block_on::<doctest_bundle_2024::__doctest_5::main::{closure#0}>::{closure#0}
[INFO] [stdout]   10: tokio::runtime::context::runtime::enter_runtime::<<tokio::runtime::scheduler::multi_thread::MultiThread>::block_on<doctest_bundle_2024::__doctest_5::main::{closure#0}>::{closure#0}, core::result::Result<(), anyhow::Error>>
[INFO] [stdout]   11: <tokio::runtime::scheduler::multi_thread::MultiThread>::block_on::<doctest_bundle_2024::__doctest_5::main::{closure#0}>
[INFO] [stdout]   12: <tokio::runtime::runtime::Runtime>::block_on_inner::<doctest_bundle_2024::__doctest_5::main::{closure#0}>
[INFO] [stdout]   13: <tokio::runtime::runtime::Runtime>::block_on::<doctest_bundle_2024::__doctest_5::main::{closure#0}>
[INFO] [stdout]   14: doctest_bundle_2024::__doctest_5::main
[INFO] [stdout]   15: doctest_bundle_2024::__doctest_5::__main_fn
[INFO] [stdout]   16: doctest_runner_2024::__doctest_5::TEST::{closure#0}
[INFO] [stdout]   17: <doctest_runner_2024::__doctest_5::TEST::{closure#0} as core::ops::function::FnOnce<()>>::call_once
[INFO] [stdout]   18: doctest_runner_2024::main
[INFO] [stdout]   19: <fn() -> std::process::ExitCode as core::ops::function::FnOnce<()>>::call_once
[INFO] [stdout]   20: std::sys::backtrace::__rust_begin_short_backtrace::<fn() -> std::process::ExitCode, std::process::ExitCode>
[INFO] [stdout]   21: std::rt::lang_start::<std::process::ExitCode>::{closure#0}
[INFO] [stdout]   22: <&dyn core::ops::function::Fn<(), Output = i32> + core::marker::Sync + core::panic::unwind_safe::RefUnwindSafe as core::ops::function::FnOnce<()>>::call_once
[INFO] [stdout]              at /rustc/e3feeb59cd1bdd011a2bfcc0747b55125d9b8527/library/core/src/ops/function.rs:287:21
[INFO] [stdout]   23: std::panicking::catch_unwind::do_call::<&dyn core::ops::function::Fn<(), Output = i32> + core::marker::Sync + core::panic::unwind_safe::RefUnwindSafe, i32>
[INFO] [stdout]              at /rustc/e3feeb59cd1bdd011a2bfcc0747b55125d9b8527/library/std/src/panicking.rs:573:43
[INFO] [stdout]   24: std::panicking::catch_unwind::<i32, &dyn core::ops::function::Fn<(), Output = i32> + core::marker::Sync + core::panic::unwind_safe::RefUnwindSafe>
[INFO] [stdout]              at /rustc/e3feeb59cd1bdd011a2bfcc0747b55125d9b8527/library/std/src/panicking.rs:541:19
[INFO] [stdout]   25: std::panic::catch_unwind::<&dyn core::ops::function::Fn<(), Output = i32> + core::marker::Sync + core::panic::unwind_safe::RefUnwindSafe, i32>
[INFO] [stdout]              at /rustc/e3feeb59cd1bdd011a2bfcc0747b55125d9b8527/library/std/src/panic.rs:359:14
[INFO] [stdout]   26: std::rt::lang_start_internal::{closure#0}
[INFO] [stdout]              at /rustc/e3feeb59cd1bdd011a2bfcc0747b55125d9b8527/library/std/src/rt.rs:175:24
[INFO] [stdout]   27: std::panicking::catch_unwind::do_call::<std::rt::lang_start_internal::{closure#0}, isize>
[INFO] [stdout]              at /rustc/e3feeb59cd1bdd011a2bfcc0747b55125d9b8527/library/std/src/panicking.rs:573:43
[INFO] [stdout]   28: std::panicking::catch_unwind::<isize, std::rt::lang_start_internal::{closure#0}>
[INFO] [stdout]              at /rustc/e3feeb59cd1bdd011a2bfcc0747b55125d9b8527/library/std/src/panicking.rs:541:19
[INFO] [stdout]   29: std::panic::catch_unwind::<std::rt::lang_start_internal::{closure#0}, isize>
[INFO] [stdout]              at /rustc/e3feeb59cd1bdd011a2bfcc0747b55125d9b8527/library/std/src/panic.rs:359:14
[INFO] [stdout]   30: std::rt::lang_start_internal
[INFO] [stdout]              at /rustc/e3feeb59cd1bdd011a2bfcc0747b55125d9b8527/library/std/src/rt.rs:171:5
[INFO] [stdout]   31: std::rt::lang_start::<std::process::ExitCode>
[INFO] [stdout]   32: main
[INFO] [stdout]   33: <unknown>
[INFO] [stdout]   34: __libc_start_main
[INFO] [stdout]   35: _start
[INFO] [stdout] Error: "the test returned a termination value with a non-zero status code (1) which indicates a failure"
[INFO] [stdout] 
[INFO] [stdout] 
[INFO] [stdout] ---- src/browser.rs - browser (line 224) stdout ----
[INFO] [stdout] Test executable failed (exit status: 1).
[INFO] [stdout] 
[INFO] [stdout] stderr:
[INFO] [stdout] Error: Failed to send request to DuckDuckGo Lite
[INFO] [stdout] 
[INFO] [stdout] Caused by:
[INFO] [stdout]     0: error sending request for url (https://lite.duckduckgo.com/lite/?q=systems+programming&kl=wt-wt)
[INFO] [stdout]     1: client error (Connect)
[INFO] [stdout]     2: dns error
[INFO] [stdout]     3: failed to lookup address information: Temporary failure in name resolution
[INFO] [stdout] 
[INFO] [stdout] Stack backtrace:
[INFO] [stdout]    0: <anyhow::Error as core::convert::From<reqwest::error::Error>>::from
[INFO] [stdout]    1: <core::result::Result<reqwest::async_impl::response::Response, anyhow::Error> as core::ops::try_trait::FromResidual<core::result::Result<!, reqwest::error::Error>>>::from_residual
[INFO] [stdout]    2: <duckduckgo::browser::Browser>::request::{closure#0}
[INFO] [stdout]    3: <duckduckgo::browser::Browser>::lite_search::{closure#0}
[INFO] [stdout]    4: doctest_bundle_2024::__doctest_4::main::{closure#0}
[INFO] [stdout]    5: <tokio::runtime::park::CachedParkThread>::block_on::<doctest_bundle_2024::__doctest_4::main::{closure#0}>::{closure#0}
[INFO] [stdout]    6: <tokio::runtime::park::CachedParkThread>::block_on::<doctest_bundle_2024::__doctest_4::main::{closure#0}>
[INFO] [stdout]    7: <tokio::runtime::context::blocking::BlockingRegionGuard>::block_on::<doctest_bundle_2024::__doctest_4::main::{closure#0}>
[INFO] [stdout]    8: <tokio::runtime::scheduler::multi_thread::MultiThread>::block_on::<doctest_bundle_2024::__doctest_4::main::{closure#0}>::{closure#0}
[INFO] [stdout]    9: tokio::runtime::context::runtime::enter_runtime::<<tokio::runtime::scheduler::multi_thread::MultiThread>::block_on<doctest_bundle_2024::__doctest_4::main::{closure#0}>::{closure#0}, core::result::Result<(), anyhow::Error>>
[INFO] [stdout]   10: <tokio::runtime::scheduler::multi_thread::MultiThread>::block_on::<doctest_bundle_2024::__doctest_4::main::{closure#0}>
[INFO] [stdout]   11: <tokio::runtime::runtime::Runtime>::block_on_inner::<doctest_bundle_2024::__doctest_4::main::{closure#0}>
[INFO] [stdout]   12: <tokio::runtime::runtime::Runtime>::block_on::<doctest_bundle_2024::__doctest_4::main::{closure#0}>
[INFO] [stdout]   13: doctest_bundle_2024::__doctest_4::main
[INFO] [stdout]   14: doctest_bundle_2024::__doctest_4::__main_fn
[INFO] [stdout]   15: doctest_runner_2024::__doctest_4::TEST::{closure#0}
[INFO] [stdout]   16: <doctest_runner_2024::__doctest_4::TEST::{closure#0} as core::ops::function::FnOnce<()>>::call_once
[INFO] [stdout]   17: doctest_runner_2024::main
[INFO] [stdout]   18: <fn() -> std::process::ExitCode as core::ops::function::FnOnce<()>>::call_once
[INFO] [stdout]   19: std::sys::backtrace::__rust_begin_short_backtrace::<fn() -> std::process::ExitCode, std::process::ExitCode>
[INFO] [stdout]   20: std::rt::lang_start::<std::process::ExitCode>::{closure#0}
[INFO] [stdout]   21: <&dyn core::ops::function::Fn<(), Output = i32> + core::marker::Sync + core::panic::unwind_safe::RefUnwindSafe as core::ops::function::FnOnce<()>>::call_once
[INFO] [stdout]              at /rustc/e3feeb59cd1bdd011a2bfcc0747b55125d9b8527/library/core/src/ops/function.rs:287:21
[INFO] [stdout]   22: std::panicking::catch_unwind::do_call::<&dyn core::ops::function::Fn<(), Output = i32> + core::marker::Sync + core::panic::unwind_safe::RefUnwindSafe, i32>
[INFO] [stdout]              at /rustc/e3feeb59cd1bdd011a2bfcc0747b55125d9b8527/library/std/src/panicking.rs:573:43
[INFO] [stdout]   23: std::panicking::catch_unwind::<i32, &dyn core::ops::function::Fn<(), Output = i32> + core::marker::Sync + core::panic::unwind_safe::RefUnwindSafe>
[INFO] [stdout]              at /rustc/e3feeb59cd1bdd011a2bfcc0747b55125d9b8527/library/std/src/panicking.rs:541:19
[INFO] [stdout]   24: std::panic::catch_unwind::<&dyn core::ops::function::Fn<(), Output = i32> + core::marker::Sync + core::panic::unwind_safe::RefUnwindSafe, i32>
[INFO] [stdout]              at /rustc/e3feeb59cd1bdd011a2bfcc0747b55125d9b8527/library/std/src/panic.rs:359:14
[INFO] [stdout]   25: std::rt::lang_start_internal::{closure#0}
[INFO] [stdout]              at /rustc/e3feeb59cd1bdd011a2bfcc0747b55125d9b8527/library/std/src/rt.rs:175:24
[INFO] [stdout]   26: std::panicking::catch_unwind::do_call::<std::rt::lang_start_internal::{closure#0}, isize>
[INFO] [stdout]              at /rustc/e3feeb59cd1bdd011a2bfcc0747b55125d9b8527/library/std/src/panicking.rs:573:43
[INFO] [stdout]   27: std::panicking::catch_unwind::<isize, std::rt::lang_start_internal::{closure#0}>
[INFO] [stdout]              at /rustc/e3feeb59cd1bdd011a2bfcc0747b55125d9b8527/library/std/src/panicking.rs:541:19
[INFO] [stdout]   28: std::panic::catch_unwind::<std::rt::lang_start_internal::{closure#0}, isize>
[INFO] [stdout]              at /rustc/e3feeb59cd1bdd011a2bfcc0747b55125d9b8527/library/std/src/panic.rs:359:14
[INFO] [stdout]   29: std::rt::lang_start_internal
[INFO] [stdout]              at /rustc/e3feeb59cd1bdd011a2bfcc0747b55125d9b8527/library/std/src/rt.rs:171:5
[INFO] [stdout]   30: std::rt::lang_start::<std::process::ExitCode>
[INFO] [stdout]   31: main
[INFO] [stdout]   32: <unknown>
[INFO] [stdout]   33: __libc_start_main
[INFO] [stdout]   34: _start
[INFO] [stdout] Error: "the test returned a termination value with a non-zero status code (1) which indicates a failure"
[INFO] [stdout] 
[INFO] [stdout] 
[INFO] [stdout] ---- src/browser.rs - browser (line 280) stdout ----
[INFO] [stdout] Test executable failed (exit status: 1).
[INFO] [stdout] 
[INFO] [stdout] stderr:
[INFO] [stdout] Error: Failed to send request to https://api.duckduckgo.com/?q=rust+lang&format=json
[INFO] [stdout] 
[INFO] [stdout] Caused by:
[INFO] [stdout]     0: error sending request for url (https://api.duckduckgo.com/?q=rust+lang&format=json)
[INFO] [stdout]     1: client error (Connect)
[INFO] [stdout]     2: dns error
[INFO] [stdout]     3: failed to lookup address information: Temporary failure in name resolution
[INFO] [stdout] 
[INFO] [stdout] Stack backtrace:
[INFO] [stdout]    0: <reqwest::error::Error as anyhow::context::ext::StdError>::ext_context::<alloc::string::String>
[INFO] [stdout]    1: <core::result::Result<reqwest::async_impl::response::Response, reqwest::error::Error> as anyhow::Context<reqwest::async_impl::response::Response, reqwest::error::Error>>::with_context::<alloc::string::String, <duckduckgo::browser::Browser>::get_api_response::{closure#0}::{closure#0}>
[INFO] [stdout]    2: <duckduckgo::browser::Browser>::get_api_response::{closure#0}
[INFO] [stdout]    3: doctest_bundle_2024::__doctest_6::main::{closure#0}
[INFO] [stdout]    4: <tokio::runtime::park::CachedParkThread>::block_on::<doctest_bundle_2024::__doctest_6::main::{closure#0}>::{closure#0}
[INFO] [stdout]    5: <tokio::runtime::park::CachedParkThread>::block_on::<doctest_bundle_2024::__doctest_6::main::{closure#0}>
[INFO] [stdout]    6: <tokio::runtime::context::blocking::BlockingRegionGuard>::block_on::<doctest_bundle_2024::__doctest_6::main::{closure#0}>
[INFO] [stdout]    7: <tokio::runtime::scheduler::multi_thread::MultiThread>::block_on::<doctest_bundle_2024::__doctest_6::main::{closure#0}>::{closure#0}
[INFO] [stdout]    8: tokio::runtime::context::runtime::enter_runtime::<<tokio::runtime::scheduler::multi_thread::MultiThread>::block_on<doctest_bundle_2024::__doctest_6::main::{closure#0}>::{closure#0}, core::result::Result<(), anyhow::Error>>
[INFO] [stdout]    9: <tokio::runtime::scheduler::multi_thread::MultiThread>::block_on::<doctest_bundle_2024::__doctest_6::main::{closure#0}>
[INFO] [stdout]   10: <tokio::runtime::runtime::Runtime>::block_on_inner::<doctest_bundle_2024::__doctest_6::main::{closure#0}>
[INFO] [stdout]   11: <tokio::runtime::runtime::Runtime>::block_on::<doctest_bundle_2024::__doctest_6::main::{closure#0}>
[INFO] [stdout]   12: doctest_bundle_2024::__doctest_6::main
[INFO] [stdout]   13: doctest_bundle_2024::__doctest_6::__main_fn
[INFO] [stdout]   14: doctest_runner_2024::__doctest_6::TEST::{closure#0}
[INFO] [stdout]   15: <doctest_runner_2024::__doctest_6::TEST::{closure#0} as core::ops::function::FnOnce<()>>::call_once
[INFO] [stdout]   16: doctest_runner_2024::main
[INFO] [stdout]   17: <fn() -> std::process::ExitCode as core::ops::function::FnOnce<()>>::call_once
[INFO] [stdout]   18: std::sys::backtrace::__rust_begin_short_backtrace::<fn() -> std::process::ExitCode, std::process::ExitCode>
[INFO] [stdout]   19: std::rt::lang_start::<std::process::ExitCode>::{closure#0}
[INFO] [stdout]   20: <&dyn core::ops::function::Fn<(), Output = i32> + core::marker::Sync + core::panic::unwind_safe::RefUnwindSafe as core::ops::function::FnOnce<()>>::call_once
[INFO] [stdout]              at /rustc/e3feeb59cd1bdd011a2bfcc0747b55125d9b8527/library/core/src/ops/function.rs:287:21
[INFO] [stdout]   21: std::panicking::catch_unwind::do_call::<&dyn core::ops::function::Fn<(), Output = i32> + core::marker::Sync + core::panic::unwind_safe::RefUnwindSafe, i32>
[INFO] [stdout]              at /rustc/e3feeb59cd1bdd011a2bfcc0747b55125d9b8527/library/std/src/panicking.rs:573:43
[INFO] [stdout]   22: std::panicking::catch_unwind::<i32, &dyn core::ops::function::Fn<(), Output = i32> + core::marker::Sync + core::panic::unwind_safe::RefUnwindSafe>
[INFO] [stdout]              at /rustc/e3feeb59cd1bdd011a2bfcc0747b55125d9b8527/library/std/src/panicking.rs:541:19
[INFO] [stdout]   23: std::panic::catch_unwind::<&dyn core::ops::function::Fn<(), Output = i32> + core::marker::Sync + core::panic::unwind_safe::RefUnwindSafe, i32>
[INFO] [stdout]              at /rustc/e3feeb59cd1bdd011a2bfcc0747b55125d9b8527/library/std/src/panic.rs:359:14
[INFO] [stdout]   24: std::rt::lang_start_internal::{closure#0}
[INFO] [stdout]              at /rustc/e3feeb59cd1bdd011a2bfcc0747b55125d9b8527/library/std/src/rt.rs:175:24
[INFO] [stdout]   25: std::panicking::catch_unwind::do_call::<std::rt::lang_start_internal::{closure#0}, isize>
[INFO] [stdout]              at /rustc/e3feeb59cd1bdd011a2bfcc0747b55125d9b8527/library/std/src/panicking.rs:573:43
[INFO] [stdout]   26: std::panicking::catch_unwind::<isize, std::rt::lang_start_internal::{closure#0}>
[INFO] [stdout]              at /rustc/e3feeb59cd1bdd011a2bfcc0747b55125d9b8527/library/std/src/panicking.rs:541:19
[INFO] [stdout]   27: std::panic::catch_unwind::<std::rt::lang_start_internal::{closure#0}, isize>
[INFO] [stdout]              at /rustc/e3feeb59cd1bdd011a2bfcc0747b55125d9b8527/library/std/src/panic.rs:359:14
[INFO] [stdout]   28: std::rt::lang_start_internal
[INFO] [stdout]              at /rustc/e3feeb59cd1bdd011a2bfcc0747b55125d9b8527/library/std/src/rt.rs:171:5
[INFO] [stdout]   29: std::rt::lang_start::<std::process::ExitCode>
[INFO] [stdout]   30: main
[INFO] [stdout]   31: <unknown>
[INFO] [stdout]   32: __libc_start_main
[INFO] [stdout]   33: _start
[INFO] [stdout] Error: "the test returned a termination value with a non-zero status code (1) which indicates a failure"
[INFO] [stdout] 
[INFO] [stdout] 
[INFO] [stdout] ---- src/browser.rs - browser::Browser::news (line 524) stdout ----
[INFO] [stdout] Test executable failed (exit status: 1).
[INFO] [stdout] 
[INFO] [stdout] stderr:
[INFO] [stdout] Error: error sending request for url (https://duckduckgo.com/?q=AI)
[INFO] [stdout] 
[INFO] [stdout] Caused by:
[INFO] [stdout]     0: client error (Connect)
[INFO] [stdout]     1: dns error
[INFO] [stdout]     2: failed to lookup address information: Temporary failure in name resolution
[INFO] [stdout] 
[INFO] [stdout] Stack backtrace:
[INFO] [stdout]    0: <anyhow::Error as core::convert::From<reqwest::error::Error>>::from
[INFO] [stdout]    1: <core::result::Result<reqwest::async_impl::response::Response, anyhow::Error> as core::ops::try_trait::FromResidual<core::result::Result<!, reqwest::error::Error>>>::from_residual
[INFO] [stdout]    2: <duckduckgo::browser::Browser>::request::{closure#0}
[INFO] [stdout]    3: <duckduckgo::browser::Browser>::get_vqd::{closure#0}
[INFO] [stdout]    4: <duckduckgo::browser::Browser>::news::{closure#0}
[INFO] [stdout]    5: doctest_bundle_2024::__doctest_16::main::{closure#0}
[INFO] [stdout]    6: <tokio::runtime::park::CachedParkThread>::block_on::<doctest_bundle_2024::__doctest_16::main::{closure#0}>::{closure#0}
[INFO] [stdout]    7: <tokio::runtime::park::CachedParkThread>::block_on::<doctest_bundle_2024::__doctest_16::main::{closure#0}>
[INFO] [stdout]    8: <tokio::runtime::context::blocking::BlockingRegionGuard>::block_on::<doctest_bundle_2024::__doctest_16::main::{closure#0}>
[INFO] [stdout]    9: <tokio::runtime::scheduler::multi_thread::MultiThread>::block_on::<doctest_bundle_2024::__doctest_16::main::{closure#0}>::{closure#0}
[INFO] [stdout]   10: tokio::runtime::context::runtime::enter_runtime::<<tokio::runtime::scheduler::multi_thread::MultiThread>::block_on<doctest_bundle_2024::__doctest_16::main::{closure#0}>::{closure#0}, core::result::Result<(), anyhow::Error>>
[INFO] [stdout]   11: <tokio::runtime::scheduler::multi_thread::MultiThread>::block_on::<doctest_bundle_2024::__doctest_16::main::{closure#0}>
[INFO] [stdout]   12: <tokio::runtime::runtime::Runtime>::block_on_inner::<doctest_bundle_2024::__doctest_16::main::{closure#0}>
[INFO] [stdout]   13: <tokio::runtime::runtime::Runtime>::block_on::<doctest_bundle_2024::__doctest_16::main::{closure#0}>
[INFO] [stdout]   14: doctest_bundle_2024::__doctest_16::main
[INFO] [stdout]   15: doctest_bundle_2024::__doctest_16::__main_fn
[INFO] [stdout]   16: doctest_runner_2024::__doctest_16::TEST::{closure#0}
[INFO] [stdout]   17: <doctest_runner_2024::__doctest_16::TEST::{closure#0} as core::ops::function::FnOnce<()>>::call_once
[INFO] [stdout]   18: doctest_runner_2024::main
[INFO] [stdout]   19: <fn() -> std::process::ExitCode as core::ops::function::FnOnce<()>>::call_once
[INFO] [stdout]   20: std::sys::backtrace::__rust_begin_short_backtrace::<fn() -> std::process::ExitCode, std::process::ExitCode>
[INFO] [stdout]   21: std::rt::lang_start::<std::process::ExitCode>::{closure#0}
[INFO] [stdout]   22: <&dyn core::ops::function::Fn<(), Output = i32> + core::marker::Sync + core::panic::unwind_safe::RefUnwindSafe as core::ops::function::FnOnce<()>>::call_once
[INFO] [stdout]              at /rustc/e3feeb59cd1bdd011a2bfcc0747b55125d9b8527/library/core/src/ops/function.rs:287:21
[INFO] [stdout]   23: std::panicking::catch_unwind::do_call::<&dyn core::ops::function::Fn<(), Output = i32> + core::marker::Sync + core::panic::unwind_safe::RefUnwindSafe, i32>
[INFO] [stdout]              at /rustc/e3feeb59cd1bdd011a2bfcc0747b55125d9b8527/library/std/src/panicking.rs:573:43
[INFO] [stdout]   24: std::panicking::catch_unwind::<i32, &dyn core::ops::function::Fn<(), Output = i32> + core::marker::Sync + core::panic::unwind_safe::RefUnwindSafe>
[INFO] [stdout]              at /rustc/e3feeb59cd1bdd011a2bfcc0747b55125d9b8527/library/std/src/panicking.rs:541:19
[INFO] [stdout]   25: std::panic::catch_unwind::<&dyn core::ops::function::Fn<(), Output = i32> + core::marker::Sync + core::panic::unwind_safe::RefUnwindSafe, i32>
[INFO] [stdout]              at /rustc/e3feeb59cd1bdd011a2bfcc0747b55125d9b8527/library/std/src/panic.rs:359:14
[INFO] [stdout]   26: std::rt::lang_start_internal::{closure#0}
[INFO] [stdout]              at /rustc/e3feeb59cd1bdd011a2bfcc0747b55125d9b8527/library/std/src/rt.rs:175:24
[INFO] [stdout]   27: std::panicking::catch_unwind::do_call::<std::rt::lang_start_internal::{closure#0}, isize>
[INFO] [stdout]              at /rustc/e3feeb59cd1bdd011a2bfcc0747b55125d9b8527/library/std/src/panicking.rs:573:43
[INFO] [stdout]   28: std::panicking::catch_unwind::<isize, std::rt::lang_start_internal::{closure#0}>
[INFO] [stdout]              at /rustc/e3feeb59cd1bdd011a2bfcc0747b55125d9b8527/library/std/src/panicking.rs:541:19
[INFO] [stdout]   29: std::panic::catch_unwind::<std::rt::lang_start_internal::{closure#0}, isize>
[INFO] [stdout]              at /rustc/e3feeb59cd1bdd011a2bfcc0747b55125d9b8527/library/std/src/panic.rs:359:14
[INFO] [stdout]   30: std::rt::lang_start_internal
[INFO] [stdout]              at /rustc/e3feeb59cd1bdd011a2bfcc0747b55125d9b8527/library/std/src/rt.rs:171:5
[INFO] [stdout]   31: std::rt::lang_start::<std::process::ExitCode>
[INFO] [stdout]   32: main
[INFO] [stdout]   33: <unknown>
[INFO] [stdout]   34: __libc_start_main
[INFO] [stdout]   35: _start
[INFO] [stdout] Error: "the test returned a termination value with a non-zero status code (1) which indicates a failure"
[INFO] [stdout] 
[INFO] [stdout] 
[INFO] [stdout] ---- src/browser.rs - browser::Browser::request (line 267) stdout ----
[INFO] [stdout] Test executable failed (exit status: 1).
[INFO] [stdout] 
[INFO] [stdout] stderr:
[INFO] [stdout] Error: error sending request for url (https://api.duckduckgo.com/?test=123)
[INFO] [stdout] 
[INFO] [stdout] Caused by:
[INFO] [stdout]     0: client error (Connect)
[INFO] [stdout]     1: dns error
[INFO] [stdout]     2: failed to lookup address information: Temporary failure in name resolution
[INFO] [stdout] 
[INFO] [stdout] Stack backtrace:
[INFO] [stdout]    0: <anyhow::Error as core::convert::From<reqwest::error::Error>>::from
[INFO] [stdout]    1: <core::result::Result<reqwest::async_impl::response::Response, anyhow::Error> as core::ops::try_trait::FromResidual<core::result::Result<!, reqwest::error::Error>>>::from_residual
[INFO] [stdout]    2: <duckduckgo::browser::Browser>::request::{closure#0}
[INFO] [stdout]    3: doctest_bundle_2024::__doctest_17::main::{closure#0}
[INFO] [stdout]    4: <tokio::runtime::park::CachedParkThread>::block_on::<doctest_bundle_2024::__doctest_17::main::{closure#0}>::{closure#0}
[INFO] [stdout]    5: <tokio::runtime::park::CachedParkThread>::block_on::<doctest_bundle_2024::__doctest_17::main::{closure#0}>
[INFO] [stdout]    6: <tokio::runtime::context::blocking::BlockingRegionGuard>::block_on::<doctest_bundle_2024::__doctest_17::main::{closure#0}>
[INFO] [stdout]    7: <tokio::runtime::scheduler::multi_thread::MultiThread>::block_on::<doctest_bundle_2024::__doctest_17::main::{closure#0}>::{closure#0}
[INFO] [stdout]    8: tokio::runtime::context::runtime::enter_runtime::<<tokio::runtime::scheduler::multi_thread::MultiThread>::block_on<doctest_bundle_2024::__doctest_17::main::{closure#0}>::{closure#0}, core::result::Result<(), anyhow::Error>>
[INFO] [stdout]    9: <tokio::runtime::scheduler::multi_thread::MultiThread>::block_on::<doctest_bundle_2024::__doctest_17::main::{closure#0}>
[INFO] [stdout]   10: <tokio::runtime::runtime::Runtime>::block_on_inner::<doctest_bundle_2024::__doctest_17::main::{closure#0}>
[INFO] [stdout]   11: <tokio::runtime::runtime::Runtime>::block_on::<doctest_bundle_2024::__doctest_17::main::{closure#0}>
[INFO] [stdout]   12: doctest_bundle_2024::__doctest_17::main
[INFO] [stdout]   13: doctest_bundle_2024::__doctest_17::__main_fn
[INFO] [stdout]   14: doctest_runner_2024::__doctest_17::TEST::{closure#0}
[INFO] [stdout]   15: <doctest_runner_2024::__doctest_17::TEST::{closure#0} as core::ops::function::FnOnce<()>>::call_once
[INFO] [stdout]   16: doctest_runner_2024::main
[INFO] [stdout]   17: <fn() -> std::process::ExitCode as core::ops::function::FnOnce<()>>::call_once
[INFO] [stdout]   18: std::sys::backtrace::__rust_begin_short_backtrace::<fn() -> std::process::ExitCode, std::process::ExitCode>
[INFO] [stdout]   19: std::rt::lang_start::<std::process::ExitCode>::{closure#0}
[INFO] [stdout]   20: <&dyn core::ops::function::Fn<(), Output = i32> + core::marker::Sync + core::panic::unwind_safe::RefUnwindSafe as core::ops::function::FnOnce<()>>::call_once
[INFO] [stdout]              at /rustc/e3feeb59cd1bdd011a2bfcc0747b55125d9b8527/library/core/src/ops/function.rs:287:21
[INFO] [stdout]   21: std::panicking::catch_unwind::do_call::<&dyn core::ops::function::Fn<(), Output = i32> + core::marker::Sync + core::panic::unwind_safe::RefUnwindSafe, i32>
[INFO] [stdout]              at /rustc/e3feeb59cd1bdd011a2bfcc0747b55125d9b8527/library/std/src/panicking.rs:573:43
[INFO] [stdout]   22: std::panicking::catch_unwind::<i32, &dyn core::ops::function::Fn<(), Output = i32> + core::marker::Sync + core::panic::unwind_safe::RefUnwindSafe>
[INFO] [stdout]              at /rustc/e3feeb59cd1bdd011a2bfcc0747b55125d9b8527/library/std/src/panicking.rs:541:19
[INFO] [stdout]   23: std::panic::catch_unwind::<&dyn core::ops::function::Fn<(), Output = i32> + core::marker::Sync + core::panic::unwind_safe::RefUnwindSafe, i32>
[INFO] [stdout]              at /rustc/e3feeb59cd1bdd011a2bfcc0747b55125d9b8527/library/std/src/panic.rs:359:14
[INFO] [stdout]   24: std::rt::lang_start_internal::{closure#0}
[INFO] [stdout]              at /rustc/e3feeb59cd1bdd011a2bfcc0747b55125d9b8527/library/std/src/rt.rs:175:24
[INFO] [stdout]   25: std::panicking::catch_unwind::do_call::<std::rt::lang_start_internal::{closure#0}, isize>
[INFO] [stdout]              at /rustc/e3feeb59cd1bdd011a2bfcc0747b55125d9b8527/library/std/src/panicking.rs:573:43
[INFO] [stdout]   26: std::panicking::catch_unwind::<isize, std::rt::lang_start_internal::{closure#0}>
[INFO] [stdout]              at /rustc/e3feeb59cd1bdd011a2bfcc0747b55125d9b8527/library/std/src/panicking.rs:541:19
[INFO] [stdout]   27: std::panic::catch_unwind::<std::rt::lang_start_internal::{closure#0}, isize>
[INFO] [stdout]              at /rustc/e3feeb59cd1bdd011a2bfcc0747b55125d9b8527/library/std/src/panic.rs:359:14
[INFO] [stdout]   28: std::rt::lang_start_internal
[INFO] [stdout]              at /rustc/e3feeb59cd1bdd011a2bfcc0747b55125d9b8527/library/std/src/rt.rs:171:5
[INFO] [stdout]   29: std::rt::lang_start::<std::process::ExitCode>
[INFO] [stdout]   30: main
[INFO] [stdout]   31: <unknown>
[INFO] [stdout]   32: __libc_start_main
[INFO] [stdout]   33: _start
[INFO] [stdout] Error: "the test returned a termination value with a non-zero status code (1) which indicates a failure"
[INFO] [stdout] 
[INFO] [stdout] 
[INFO] [stdout] ---- src/browser.rs - browser (line 205) stdout ----
[INFO] [stdout] Test executable failed (exit status: 1).
[INFO] [stdout] 
[INFO] [stdout] stderr:
[INFO] [stdout] Error: error sending request for url (https://duckduckgo.com/?q=Rust+programming)
[INFO] [stdout] 
[INFO] [stdout] Caused by:
[INFO] [stdout]     0: client error (Connect)
[INFO] [stdout]     1: dns error
[INFO] [stdout]     2: failed to lookup address information: Temporary failure in name resolution
[INFO] [stdout] 
[INFO] [stdout] Stack backtrace:
[INFO] [stdout]    0: <anyhow::Error as core::convert::From<reqwest::error::Error>>::from
[INFO] [stdout]    1: <core::result::Result<reqwest::async_impl::response::Response, anyhow::Error> as core::ops::try_trait::FromResidual<core::result::Result<!, reqwest::error::Error>>>::from_residual
[INFO] [stdout]    2: <duckduckgo::browser::Browser>::request::{closure#0}
[INFO] [stdout]    3: <duckduckgo::browser::Browser>::get_vqd::{closure#0}
[INFO] [stdout]    4: <duckduckgo::browser::Browser>::news::{closure#0}
[INFO] [stdout]    5: doctest_bundle_2024::__doctest_3::main::{closure#0}
[INFO] [stdout]    6: <tokio::runtime::park::CachedParkThread>::block_on::<doctest_bundle_2024::__doctest_3::main::{closure#0}>::{closure#0}
[INFO] [stdout]    7: <tokio::runtime::park::CachedParkThread>::block_on::<doctest_bundle_2024::__doctest_3::main::{closure#0}>
[INFO] [stdout]    8: <tokio::runtime::context::blocking::BlockingRegionGuard>::block_on::<doctest_bundle_2024::__doctest_3::main::{closure#0}>
[INFO] [stdout]    9: <tokio::runtime::scheduler::multi_thread::MultiThread>::block_on::<doctest_bundle_2024::__doctest_3::main::{closure#0}>::{closure#0}
[INFO] [stdout]   10: tokio::runtime::context::runtime::enter_runtime::<<tokio::runtime::scheduler::multi_thread::MultiThread>::block_on<doctest_bundle_2024::__doctest_3::main::{closure#0}>::{closure#0}, core::result::Result<(), anyhow::Error>>
[INFO] [stdout]   11: <tokio::runtime::scheduler::multi_thread::MultiThread>::block_on::<doctest_bundle_2024::__doctest_3::main::{closure#0}>
[INFO] [stdout]   12: <tokio::runtime::runtime::Runtime>::block_on_inner::<doctest_bundle_2024::__doctest_3::main::{closure#0}>
[INFO] [stdout]   13: <tokio::runtime::runtime::Runtime>::block_on::<doctest_bundle_2024::__doctest_3::main::{closure#0}>
[INFO] [stdout]   14: doctest_bundle_2024::__doctest_3::main
[INFO] [stdout]   15: doctest_bundle_2024::__doctest_3::__main_fn
[INFO] [stdout]   16: doctest_runner_2024::__doctest_3::TEST::{closure#0}
[INFO] [stdout]   17: <doctest_runner_2024::__doctest_3::TEST::{closure#0} as core::ops::function::FnOnce<()>>::call_once
[INFO] [stdout]   18: doctest_runner_2024::main
[INFO] [stdout]   19: <fn() -> std::process::ExitCode as core::ops::function::FnOnce<()>>::call_once
[INFO] [stdout]   20: std::sys::backtrace::__rust_begin_short_backtrace::<fn() -> std::process::ExitCode, std::process::ExitCode>
[INFO] [stdout]   21: std::rt::lang_start::<std::process::ExitCode>::{closure#0}
[INFO] [stdout]   22: <&dyn core::ops::function::Fn<(), Output = i32> + core::marker::Sync + core::panic::unwind_safe::RefUnwindSafe as core::ops::function::FnOnce<()>>::call_once
[INFO] [stdout]              at /rustc/e3feeb59cd1bdd011a2bfcc0747b55125d9b8527/library/core/src/ops/function.rs:287:21
[INFO] [stdout]   23: std::panicking::catch_unwind::do_call::<&dyn core::ops::function::Fn<(), Output = i32> + core::marker::Sync + core::panic::unwind_safe::RefUnwindSafe, i32>
[INFO] [stdout]              at /rustc/e3feeb59cd1bdd011a2bfcc0747b55125d9b8527/library/std/src/panicking.rs:573:43
[INFO] [stdout]   24: std::panicking::catch_unwind::<i32, &dyn core::ops::function::Fn<(), Output = i32> + core::marker::Sync + core::panic::unwind_safe::RefUnwindSafe>
[INFO] [stdout]              at /rustc/e3feeb59cd1bdd011a2bfcc0747b55125d9b8527/library/std/src/panicking.rs:541:19
[INFO] [stdout]   25: std::panic::catch_unwind::<&dyn core::ops::function::Fn<(), Output = i32> + core::marker::Sync + core::panic::unwind_safe::RefUnwindSafe, i32>
[INFO] [stdout]              at /rustc/e3feeb59cd1bdd011a2bfcc0747b55125d9b8527/library/std/src/panic.rs:359:14
[INFO] [stdout]   26: std::rt::lang_start_internal::{closure#0}
[INFO] [stdout]              at /rustc/e3feeb59cd1bdd011a2bfcc0747b55125d9b8527/library/std/src/rt.rs:175:24
[INFO] [stdout]   27: std::panicking::catch_unwind::do_call::<std::rt::lang_start_internal::{closure#0}, isize>
[INFO] [stdout]              at /rustc/e3feeb59cd1bdd011a2bfcc0747b55125d9b8527/library/std/src/panicking.rs:573:43
[INFO] [stdout]   28: std::panicking::catch_unwind::<isize, std::rt::lang_start_internal::{closure#0}>
[INFO] [stdout]              at /rustc/e3feeb59cd1bdd011a2bfcc0747b55125d9b8527/library/std/src/panicking.rs:541:19
[INFO] [stdout]   29: std::panic::catch_unwind::<std::rt::lang_start_internal::{closure#0}, isize>
[INFO] [stdout]              at /rustc/e3feeb59cd1bdd011a2bfcc0747b55125d9b8527/library/std/src/panic.rs:359:14
[INFO] [stdout]   30: std::rt::lang_start_internal
[INFO] [stdout]              at /rustc/e3feeb59cd1bdd011a2bfcc0747b55125d9b8527/library/std/src/rt.rs:171:5
[INFO] [stdout]   31: std::rt::lang_start::<std::process::ExitCode>
[INFO] [stdout]   32: main
[INFO] [stdout]   33: <unknown>
[INFO] [stdout]   34: __libc_start_main
[INFO] [stdout]   35: _start
[INFO] [stdout] Error: "the test returned a termination value with a non-zero status code (1) which indicates a failure"
[INFO] [stdout] 
[INFO] [stdout] 
[INFO] [stdout] ---- src/browser.rs - browser::Browser::images (line 436) stdout ----
[INFO] [stdout] Test executable failed (exit status: 1).
[INFO] [stdout] 
[INFO] [stdout] stderr:
[INFO] [stdout] Error: error sending request for url (https://duckduckgo.com/?q=rustacean)
[INFO] [stdout] 
[INFO] [stdout] Caused by:
[INFO] [stdout]     0: client error (Connect)
[INFO] [stdout]     1: dns error
[INFO] [stdout]     2: failed to lookup address information: Temporary failure in name resolution
[INFO] [stdout] 
[INFO] [stdout] Stack backtrace:
[INFO] [stdout]    0: <anyhow::Error as core::convert::From<reqwest::error::Error>>::from
[INFO] [stdout]    1: <core::result::Result<reqwest::async_impl::response::Response, anyhow::Error> as core::ops::try_trait::FromResidual<core::result::Result<!, reqwest::error::Error>>>::from_residual
[INFO] [stdout]    2: <duckduckgo::browser::Browser>::request::{closure#0}
[INFO] [stdout]    3: <duckduckgo::browser::Browser>::get_vqd::{closure#0}
[INFO] [stdout]    4: <duckduckgo::browser::Browser>::images::{closure#0}
[INFO] [stdout]    5: doctest_bundle_2024::__doctest_13::main::{closure#0}
[INFO] [stdout]    6: <tokio::runtime::park::CachedParkThread>::block_on::<doctest_bundle_2024::__doctest_13::main::{closure#0}>::{closure#0}
[INFO] [stdout]    7: <tokio::runtime::park::CachedParkThread>::block_on::<doctest_bundle_2024::__doctest_13::main::{closure#0}>
[INFO] [stdout]    8: <tokio::runtime::context::blocking::BlockingRegionGuard>::block_on::<doctest_bundle_2024::__doctest_13::main::{closure#0}>
[INFO] [stdout]    9: <tokio::runtime::scheduler::multi_thread::MultiThread>::block_on::<doctest_bundle_2024::__doctest_13::main::{closure#0}>::{closure#0}
[INFO] [stdout]   10: tokio::runtime::context::runtime::enter_runtime::<<tokio::runtime::scheduler::multi_thread::MultiThread>::block_on<doctest_bundle_2024::__doctest_13::main::{closure#0}>::{closure#0}, core::result::Result<(), anyhow::Error>>
[INFO] [stdout]   11: <tokio::runtime::scheduler::multi_thread::MultiThread>::block_on::<doctest_bundle_2024::__doctest_13::main::{closure#0}>
[INFO] [stdout]   12: <tokio::runtime::runtime::Runtime>::block_on_inner::<doctest_bundle_2024::__doctest_13::main::{closure#0}>
[INFO] [stdout]   13: <tokio::runtime::runtime::Runtime>::block_on::<doctest_bundle_2024::__doctest_13::main::{closure#0}>
[INFO] [stdout]   14: doctest_bundle_2024::__doctest_13::main
[INFO] [stdout]   15: doctest_bundle_2024::__doctest_13::__main_fn
[INFO] [stdout]   16: doctest_runner_2024::__doctest_13::TEST::{closure#0}
[INFO] [stdout]   17: <doctest_runner_2024::__doctest_13::TEST::{closure#0} as core::ops::function::FnOnce<()>>::call_once
[INFO] [stdout]   18: doctest_runner_2024::main
[INFO] [stdout]   19: <fn() -> std::process::ExitCode as core::ops::function::FnOnce<()>>::call_once
[INFO] [stdout]   20: std::sys::backtrace::__rust_begin_short_backtrace::<fn() -> std::process::ExitCode, std::process::ExitCode>
[INFO] [stdout]   21: std::rt::lang_start::<std::process::ExitCode>::{closure#0}
[INFO] [stdout]   22: <&dyn core::ops::function::Fn<(), Output = i32> + core::marker::Sync + core::panic::unwind_safe::RefUnwindSafe as core::ops::function::FnOnce<()>>::call_once
[INFO] [stdout]              at /rustc/e3feeb59cd1bdd011a2bfcc0747b55125d9b8527/library/core/src/ops/function.rs:287:21
[INFO] [stdout]   23: std::panicking::catch_unwind::do_call::<&dyn core::ops::function::Fn<(), Output = i32> + core::marker::Sync + core::panic::unwind_safe::RefUnwindSafe, i32>
[INFO] [stdout]              at /rustc/e3feeb59cd1bdd011a2bfcc0747b55125d9b8527/library/std/src/panicking.rs:573:43
[INFO] [stdout]   24: std::panicking::catch_unwind::<i32, &dyn core::ops::function::Fn<(), Output = i32> + core::marker::Sync + core::panic::unwind_safe::RefUnwindSafe>
[INFO] [stdout]              at /rustc/e3feeb59cd1bdd011a2bfcc0747b55125d9b8527/library/std/src/panicking.rs:541:19
[INFO] [stdout]   25: std::panic::catch_unwind::<&dyn core::ops::function::Fn<(), Output = i32> + core::marker::Sync + core::panic::unwind_safe::RefUnwindSafe, i32>
[INFO] [stdout]              at /rustc/e3feeb59cd1bdd011a2bfcc0747b55125d9b8527/library/std/src/panic.rs:359:14
[INFO] [stdout]   26: std::rt::lang_start_internal::{closure#0}
[INFO] [stdout]              at /rustc/e3feeb59cd1bdd011a2bfcc0747b55125d9b8527/library/std/src/rt.rs:175:24
[INFO] [stdout]   27: std::panicking::catch_unwind::do_call::<std::rt::lang_start_internal::{closure#0}, isize>
[INFO] [stdout]              at /rustc/e3feeb59cd1bdd011a2bfcc0747b55125d9b8527/library/std/src/panicking.rs:573:43
[INFO] [stdout]   28: std::panicking::catch_unwind::<isize, std::rt::lang_start_internal::{closure#0}>
[INFO] [stdout]              at /rustc/e3feeb59cd1bdd011a2bfcc0747b55125d9b8527/library/std/src/panicking.rs:541:19
[INFO] [stdout]   29: std::panic::catch_unwind::<std::rt::lang_start_internal::{closure#0}, isize>
[INFO] [stdout]              at /rustc/e3feeb59cd1bdd011a2bfcc0747b55125d9b8527/library/std/src/panic.rs:359:14
[INFO] [stdout]   30: std::rt::lang_start_internal
[INFO] [stdout]              at /rustc/e3feeb59cd1bdd011a2bfcc0747b55125d9b8527/library/std/src/rt.rs:171:5
[INFO] [stdout]   31: std::rt::lang_start::<std::process::ExitCode>
[INFO] [stdout]   32: main
[INFO] [stdout]   33: <unknown>
[INFO] [stdout]   34: __libc_start_main
[INFO] [stdout]   35: _start
[INFO] [stdout] Error: "the test returned a termination value with a non-zero status code (1) which indicates a failure"
[INFO] [stdout] 
[INFO] [stdout] 
[INFO] [stdout] ---- src/browser.rs - browser::Browser::lite_search (line 358) stdout ----
[INFO] [stdout] Test executable failed (exit status: 1).
[INFO] [stdout] 
[INFO] [stdout] stderr:
[INFO] [stdout] Error: Failed to send request to DuckDuckGo Lite
[INFO] [stdout] 
[INFO] [stdout] Caused by:
[INFO] [stdout]     0: error sending request for url (https://lite.duckduckgo.com/lite/?q=rust+language&kl=wt-wt)
[INFO] [stdout]     1: client error (Connect)
[INFO] [stdout]     2: dns error
[INFO] [stdout]     3: failed to lookup address information: Temporary failure in name resolution
[INFO] [stdout] 
[INFO] [stdout] Stack backtrace:
[INFO] [stdout]    0: <anyhow::Error as core::convert::From<reqwest::error::Error>>::from
[INFO] [stdout]    1: <core::result::Result<reqwest::async_impl::response::Response, anyhow::Error> as core::ops::try_trait::FromResidual<core::result::Result<!, reqwest::error::Error>>>::from_residual
[INFO] [stdout]    2: <duckduckgo::browser::Browser>::request::{closure#0}
[INFO] [stdout]    3: <duckduckgo::browser::Browser>::lite_search::{closure#0}
[INFO] [stdout]    4: doctest_bundle_2024::__doctest_14::main::{closure#0}
[INFO] [stdout]    5: <tokio::runtime::park::CachedParkThread>::block_on::<doctest_bundle_2024::__doctest_14::main::{closure#0}>::{closure#0}
[INFO] [stdout]    6: <tokio::runtime::park::CachedParkThread>::block_on::<doctest_bundle_2024::__doctest_14::main::{closure#0}>
[INFO] [stdout]    7: <tokio::runtime::context::blocking::BlockingRegionGuard>::block_on::<doctest_bundle_2024::__doctest_14::main::{closure#0}>
[INFO] [stdout]    8: <tokio::runtime::scheduler::multi_thread::MultiThread>::block_on::<doctest_bundle_2024::__doctest_14::main::{closure#0}>::{closure#0}
[INFO] [stdout]    9: tokio::runtime::context::runtime::enter_runtime::<<tokio::runtime::scheduler::multi_thread::MultiThread>::block_on<doctest_bundle_2024::__doctest_14::main::{closure#0}>::{closure#0}, core::result::Result<(), anyhow::Error>>
[INFO] [stdout]   10: <tokio::runtime::scheduler::multi_thread::MultiThread>::block_on::<doctest_bundle_2024::__doctest_14::main::{closure#0}>
[INFO] [stdout]   11: <tokio::runtime::runtime::Runtime>::block_on_inner::<doctest_bundle_2024::__doctest_14::main::{closure#0}>
[INFO] [stdout]   12: <tokio::runtime::runtime::Runtime>::block_on::<doctest_bundle_2024::__doctest_14::main::{closure#0}>
[INFO] [stdout]   13: doctest_bundle_2024::__doctest_14::main
[INFO] [stdout]   14: doctest_bundle_2024::__doctest_14::__main_fn
[INFO] [stdout]   15: doctest_runner_2024::__doctest_14::TEST::{closure#0}
[INFO] [stdout]   16: <doctest_runner_2024::__doctest_14::TEST::{closure#0} as core::ops::function::FnOnce<()>>::call_once
[INFO] [stdout]   17: doctest_runner_2024::main
[INFO] [stdout]   18: <fn() -> std::process::ExitCode as core::ops::function::FnOnce<()>>::call_once
[INFO] [stdout]   19: std::sys::backtrace::__rust_begin_short_backtrace::<fn() -> std::process::ExitCode, std::process::ExitCode>
[INFO] [stdout]   20: std::rt::lang_start::<std::process::ExitCode>::{closure#0}
[INFO] [stdout]   21: <&dyn core::ops::function::Fn<(), Output = i32> + core::marker::Sync + core::panic::unwind_safe::RefUnwindSafe as core::ops::function::FnOnce<()>>::call_once
[INFO] [stdout]              at /rustc/e3feeb59cd1bdd011a2bfcc0747b55125d9b8527/library/core/src/ops/function.rs:287:21
[INFO] [stdout]   22: std::panicking::catch_unwind::do_call::<&dyn core::ops::function::Fn<(), Output = i32> + core::marker::Sync + core::panic::unwind_safe::RefUnwindSafe, i32>
[INFO] [stdout]              at /rustc/e3feeb59cd1bdd011a2bfcc0747b55125d9b8527/library/std/src/panicking.rs:573:43
[INFO] [stdout]   23: std::panicking::catch_unwind::<i32, &dyn core::ops::function::Fn<(), Output = i32> + core::marker::Sync + core::panic::unwind_safe::RefUnwindSafe>
[INFO] [stdout]              at /rustc/e3feeb59cd1bdd011a2bfcc0747b55125d9b8527/library/std/src/panicking.rs:541:19
[INFO] [stdout]   24: std::panic::catch_unwind::<&dyn core::ops::function::Fn<(), Output = i32> + core::marker::Sync + core::panic::unwind_safe::RefUnwindSafe, i32>
[INFO] [stdout]              at /rustc/e3feeb59cd1bdd011a2bfcc0747b55125d9b8527/library/std/src/panic.rs:359:14
[INFO] [stdout]   25: std::rt::lang_start_internal::{closure#0}
[INFO] [stdout]              at /rustc/e3feeb59cd1bdd011a2bfcc0747b55125d9b8527/library/std/src/rt.rs:175:24
[INFO] [stdout]   26: std::panicking::catch_unwind::do_call::<std::rt::lang_start_internal::{closure#0}, isize>
[INFO] [stdout]              at /rustc/e3feeb59cd1bdd011a2bfcc0747b55125d9b8527/library/std/src/panicking.rs:573:43
[INFO] [stdout]   27: std::panicking::catch_unwind::<isize, std::rt::lang_start_internal::{closure#0}>
[INFO] [stdout]              at /rustc/e3feeb59cd1bdd011a2bfcc0747b55125d9b8527/library/std/src/panicking.rs:541:19
[INFO] [stdout]   28: std::panic::catch_unwind::<std::rt::lang_start_internal::{closure#0}, isize>
[INFO] [stdout]              at /rustc/e3feeb59cd1bdd011a2bfcc0747b55125d9b8527/library/std/src/panic.rs:359:14
[INFO] [stdout]   29: std::rt::lang_start_internal
[INFO] [stdout]              at /rustc/e3feeb59cd1bdd011a2bfcc0747b55125d9b8527/library/std/src/rt.rs:171:5
[INFO] [stdout]   30: std::rt::lang_start::<std::process::ExitCode>
[INFO] [stdout]   31: main
[INFO] [stdout]   32: <unknown>
[INFO] [stdout]   33: __libc_start_main
[INFO] [stdout]   34: _start
[INFO] [stdout] Error: "the test returned a termination value with a non-zero status code (1) which indicates a failure"
[INFO] [stdout] 
[INFO] [stdout] 
[INFO] [stdout] ---- src/browser.rs - browser::Browser::advanced_search (line 991) stdout ----
[INFO] [stdout] Test executable failed (exit status: 101).
[INFO] [stdout] 
[INFO] [stdout] stderr:
[INFO] [stdout] 
[INFO] [stdout] thread 'main' (6037) panicked at /tmp/rustdoctestquZQX3/doctest_bundle_2024.rs:185:99:
[INFO] [stdout] called `Result::unwrap()` on an `Err` value: Failed to perform advanced search for query 'Rust'
[INFO] [stdout] 
[INFO] [stdout] Caused by:
[INFO] [stdout]     0: Failed to send request to https://api.duckduckgo.com/?q=Rust&kl=lang:en&kp=1&format=json
[INFO] [stdout]     1: error sending request for url (https://api.duckduckgo.com/?q=Rust&kl=lang:en&kp=1&format=json)
[INFO] [stdout]     2: client error (Connect)
[INFO] [stdout]     3: dns error
[INFO] [stdout]     4: failed to lookup address information: Temporary failure in name resolution
[INFO] [stdout] 
[INFO] [stdout] Stack backtrace:
[INFO] [stdout]    0: <reqwest::error::Error as anyhow::context::ext::StdError>::ext_context::<alloc::string::String>
[INFO] [stdout]    1: <core::result::Result<reqwest::async_impl::response::Response, reqwest::error::Error> as anyhow::Context<reqwest::async_impl::response::Response, reqwest::error::Error>>::with_context::<alloc::string::String, <duckduckgo::browser::Browser>::get_api_response::{closure#0}::{closure#0}>
[INFO] [stdout]    2: <duckduckgo::browser::Browser>::get_api_response::{closure#0}
[INFO] [stdout]    3: <duckduckgo::browser::Browser>::browse::{closure#0}
[INFO] [stdout]    4: <duckduckgo::browser::Browser>::advanced_search::{closure#0}
[INFO] [stdout]    5: doctest_bundle_2024::__doctest_9::main::{closure#0}
[INFO] [stdout]    6: <tokio::runtime::park::CachedParkThread>::block_on::<doctest_bundle_2024::__doctest_9::main::{closure#0}>::{closure#0}
[INFO] [stdout]    7: <tokio::runtime::park::CachedParkThread>::block_on::<doctest_bundle_2024::__doctest_9::main::{closure#0}>
[INFO] [stdout]    8: <tokio::runtime::context::blocking::BlockingRegionGuard>::block_on::<doctest_bundle_2024::__doctest_9::main::{closure#0}>
[INFO] [stdout]    9: <tokio::runtime::scheduler::multi_thread::MultiThread>::block_on::<doctest_bundle_2024::__doctest_9::main::{closure#0}>::{closure#0}
[INFO] [stdout]   10: tokio::runtime::context::runtime::enter_runtime::<<tokio::runtime::scheduler::multi_thread::MultiThread>::block_on<doctest_bundle_2024::__doctest_9::main::{closure#0}>::{closure#0}, ()>
[INFO] [stdout]   11: <tokio::runtime::scheduler::multi_thread::MultiThread>::block_on::<doctest_bundle_2024::__doctest_9::main::{closure#0}>
[INFO] [stdout]   12: <tokio::runtime::runtime::Runtime>::block_on_inner::<doctest_bundle_2024::__doctest_9::main::{closure#0}>
[INFO] [stdout]   13: <tokio::runtime::runtime::Runtime>::block_on::<doctest_bundle_2024::__doctest_9::main::{closure#0}>
[INFO] [stdout]   14: doctest_bundle_2024::__doctest_9::main
[INFO] [stdout]   15: doctest_bundle_2024::__doctest_9::__main_fn
[INFO] [stdout]   16: doctest_runner_2024::__doctest_9::TEST::{closure#0}
[INFO] [stdout]   17: <doctest_runner_2024::__doctest_9::TEST::{closure#0} as core::ops::function::FnOnce<()>>::call_once
[INFO] [stdout]   18: doctest_runner_2024::main
[INFO] [stdout]   19: <fn() -> std::process::ExitCode as core::ops::function::FnOnce<()>>::call_once
[INFO] [stdout]   20: std::sys::backtrace::__rust_begin_short_backtrace::<fn() -> std::process::ExitCode, std::process::ExitCode>
[INFO] [stdout]   21: std::rt::lang_start::<std::process::ExitCode>::{closure#0}
[INFO] [stdout]   22: <&dyn core::ops::function::Fn<(), Output = i32> + core::marker::Sync + core::panic::unwind_safe::RefUnwindSafe as core::ops::function::FnOnce<()>>::call_once
[INFO] [stdout]              at /rustc/e3feeb59cd1bdd011a2bfcc0747b55125d9b8527/library/core/src/ops/function.rs:287:21
[INFO] [stdout]   23: std::panicking::catch_unwind::do_call::<&dyn core::ops::function::Fn<(), Output = i32> + core::marker::Sync + core::panic::unwind_safe::RefUnwindSafe, i32>
[INFO] [stdout]              at /rustc/e3feeb59cd1bdd011a2bfcc0747b55125d9b8527/library/std/src/panicking.rs:573:43
[INFO] [stdout]   24: std::panicking::catch_unwind::<i32, &dyn core::ops::function::Fn<(), Output = i32> + core::marker::Sync + core::panic::unwind_safe::RefUnwindSafe>
[INFO] [stdout]              at /rustc/e3feeb59cd1bdd011a2bfcc0747b55125d9b8527/library/std/src/panicking.rs:541:19
[INFO] [stdout]   25: std::panic::catch_unwind::<&dyn core::ops::function::Fn<(), Output = i32> + core::marker::Sync + core::panic::unwind_safe::RefUnwindSafe, i32>
[INFO] [stdout]              at /rustc/e3feeb59cd1bdd011a2bfcc0747b55125d9b8527/library/std/src/panic.rs:359:14
[INFO] [stdout]   26: std::rt::lang_start_internal::{closure#0}
[INFO] [stdout]              at /rustc/e3feeb59cd1bdd011a2bfcc0747b55125d9b8527/library/std/src/rt.rs:175:24
[INFO] [stdout]   27: std::panicking::catch_unwind::do_call::<std::rt::lang_start_internal::{closure#0}, isize>
[INFO] [stdout]              at /rustc/e3feeb59cd1bdd011a2bfcc0747b55125d9b8527/library/std/src/panicking.rs:573:43
[INFO] [stdout]   28: std::panicking::catch_unwind::<isize, std::rt::lang_start_internal::{closure#0}>
[INFO] [stdout]              at /rustc/e3feeb59cd1bdd011a2bfcc0747b55125d9b8527/library/std/src/panicking.rs:541:19
[INFO] [stdout]   29: std::panic::catch_unwind::<std::rt::lang_start_internal::{closure#0}, isize>
[INFO] [stdout]              at /rustc/e3feeb59cd1bdd011a2bfcc0747b55125d9b8527/library/std/src/panic.rs:359:14
[INFO] [stdout]   30: std::rt::lang_start_internal
[INFO] [stdout]              at /rustc/e3feeb59cd1bdd011a2bfcc0747b55125d9b8527/library/std/src/rt.rs:171:5
[INFO] [stdout]   31: std::rt::lang_start::<std::process::ExitCode>
[INFO] [stdout]   32: main
[INFO] [stdout]   33: <unknown>
[INFO] [stdout]   34: __libc_start_main
[INFO] [stdout]   35: _start
[INFO] [stdout] stack backtrace:
[INFO] [stdout]    0:     0x5a1814893544 - std[617be2ca0a6fd877]::backtrace_rs::backtrace::libunwind::trace
[INFO] [stdout]                                at /rustc/e3feeb59cd1bdd011a2bfcc0747b55125d9b8527/library/std/src/../../backtrace/src/backtrace/libunwind.rs:117:9
[INFO] [stdout]    1:     0x5a1814893544 - std[617be2ca0a6fd877]::backtrace_rs::backtrace::trace_unsynchronized::<std[617be2ca0a6fd877]::sys::backtrace::_print_fmt::{closure#1}>
[INFO] [stdout]                                at /rustc/e3feeb59cd1bdd011a2bfcc0747b55125d9b8527/library/std/src/../../backtrace/src/backtrace/mod.rs:66:14
[INFO] [stdout]    2:     0x5a1814893544 - std[617be2ca0a6fd877]::sys::backtrace::_print_fmt
[INFO] [stdout]                                at /rustc/e3feeb59cd1bdd011a2bfcc0747b55125d9b8527/library/std/src/sys/backtrace.rs:74:9
[INFO] [stdout]    3:     0x5a1814893544 - <<std[617be2ca0a6fd877]::sys::backtrace::BacktraceLock>::print::DisplayBacktrace as core[a373ad73a504971]::fmt::Display>::fmt
[INFO] [stdout]                                at /rustc/e3feeb59cd1bdd011a2bfcc0747b55125d9b8527/library/std/src/sys/backtrace.rs:44:26
[INFO] [stdout]    4:     0x5a18143a4f2c - <core[a373ad73a504971]::fmt::rt::Argument>::fmt
[INFO] [stdout]                                at /rustc/e3feeb59cd1bdd011a2bfcc0747b55125d9b8527/library/core/src/fmt/rt.rs:152:76
[INFO] [stdout]    5:     0x5a18143a4f2c - core[a373ad73a504971]::fmt::write
[INFO] [stdout]                                at /rustc/e3feeb59cd1bdd011a2bfcc0747b55125d9b8527/library/core/src/fmt/mod.rs:1687:22
[INFO] [stdout]    6:     0x5a181489f0cb - core[a373ad73a504971]::io::write::default_write_fmt::<std[617be2ca0a6fd877]::sys::stdio::unix::Stderr>
[INFO] [stdout]                                at /rustc/e3feeb59cd1bdd011a2bfcc0747b55125d9b8527/library/core/src/io/write.rs:402:11
[INFO] [stdout]    7:     0x5a181489f0cb - <std[617be2ca0a6fd877]::sys::stdio::unix::Stderr as core[a373ad73a504971]::io::write::Write>::write_fmt
[INFO] [stdout]                                at /rustc/e3feeb59cd1bdd011a2bfcc0747b55125d9b8527/library/core/src/io/write.rs:335:13
[INFO] [stdout]    8:     0x5a1814840248 - <std[617be2ca0a6fd877]::sys::backtrace::BacktraceLock>::print
[INFO] [stdout]                                at /rustc/e3feeb59cd1bdd011a2bfcc0747b55125d9b8527/library/std/src/sys/backtrace.rs:47:9
[INFO] [stdout]    9:     0x5a1814840248 - std[617be2ca0a6fd877]::panicking::default_hook::{closure#0}
[INFO] [stdout]                                at /rustc/e3feeb59cd1bdd011a2bfcc0747b55125d9b8527/library/std/src/panicking.rs:289:27
[INFO] [stdout]   10:     0x5a18148830df - std[617be2ca0a6fd877]::panicking::default_hook
[INFO] [stdout]                                at /rustc/e3feeb59cd1bdd011a2bfcc0747b55125d9b8527/library/std/src/panicking.rs:316:9
[INFO] [stdout]   11:     0x5a181488386e - std[617be2ca0a6fd877]::panicking::panic_with_hook
[INFO] [stdout]                                at /rustc/e3feeb59cd1bdd011a2bfcc0747b55125d9b8527/library/std/src/panicking.rs:811:13
[INFO] [stdout]   12:     0x5a181484035f - std[617be2ca0a6fd877]::panicking::panic_handler::{closure#0}
[INFO] [stdout]                                at /rustc/e3feeb59cd1bdd011a2bfcc0747b55125d9b8527/library/std/src/panicking.rs:685:13
[INFO] [stdout]   13:     0x5a181482e0b9 - std[617be2ca0a6fd877]::sys::backtrace::__rust_end_short_backtrace::<std[617be2ca0a6fd877]::panicking::panic_handler::{closure#0}, !>
[INFO] [stdout]                                at /rustc/e3feeb59cd1bdd011a2bfcc0747b55125d9b8527/library/std/src/sys/backtrace.rs:182:18
[INFO] [stdout]   14:     0x5a1814841e55 - __rustc[ea4f61d10b84890b]::rust_begin_unwind
[INFO] [stdout]                                at /rustc/e3feeb59cd1bdd011a2bfcc0747b55125d9b8527/library/std/src/panicking.rs:676:5
[INFO] [stdout]   15:     0x5a18143a60fe - core[a373ad73a504971]::panicking::panic_fmt
[INFO] [stdout]                                at /rustc/e3feeb59cd1bdd011a2bfcc0747b55125d9b8527/library/core/src/panicking.rs:80:14
[INFO] [stdout]   16:     0x5a18143a5d6a - core[a373ad73a504971]::result::unwrap_failed
[INFO] [stdout]                                at /rustc/e3feeb59cd1bdd011a2bfcc0747b55125d9b8527/library/core/src/result.rs:1870:5
[INFO] [stdout]   17:     0x5a1814477cdd - doctest_bundle_2024[8cc95805e96201d2]::__doctest_9::main::{closure#0}
[INFO] [stdout]   18:     0x5a181444e627 - <tokio[b36299ba6410d33e]::runtime::park::CachedParkThread>::block_on::<doctest_bundle_2024[8cc95805e96201d2]::__doctest_9::main::{closure#0}>::{closure#0}
[INFO] [stdout]   19:     0x5a18143f4e2a - <tokio[b36299ba6410d33e]::runtime::park::CachedParkThread>::block_on::<doctest_bundle_2024[8cc95805e96201d2]::__doctest_9::main::{closure#0}>
[INFO] [stdout]   20:     0x5a18143ccc93 - <tokio[b36299ba6410d33e]::runtime::context::blocking::BlockingRegionGuard>::block_on::<doctest_bundle_2024[8cc95805e96201d2]::__doctest_9::main::{closure#0}>
[INFO] [stdout]   21:     0x5a18144445ff - <tokio[b36299ba6410d33e]::runtime::scheduler::multi_thread::MultiThread>::block_on::<doctest_bundle_2024[8cc95805e96201d2]::__doctest_9::main::{closure#0}>::{closure#0}
[INFO] [stdout]   22:     0x5a181441154f - tokio[b36299ba6410d33e]::runtime::context::runtime::enter_runtime::<<tokio[b36299ba6410d33e]::runtime::scheduler::multi_thread::MultiThread>::block_on<doctest_bundle_2024[8cc95805e96201d2]::__doctest_9::main::{closure#0}>::{closure#0}, ()>
[INFO] [stdout]   23:     0x5a18143cd744 - <tokio[b36299ba6410d33e]::runtime::scheduler::multi_thread::MultiThread>::block_on::<doctest_bundle_2024[8cc95805e96201d2]::__doctest_9::main::{closure#0}>
[INFO] [stdout]   24:     0x5a18143c5a25 - <tokio[b36299ba6410d33e]::runtime::runtime::Runtime>::block_on_inner::<doctest_bundle_2024[8cc95805e96201d2]::__doctest_9::main::{closure#0}>
[INFO] [stdout]   25:     0x5a18143c7b52 - <tokio[b36299ba6410d33e]::runtime::runtime::Runtime>::block_on::<doctest_bundle_2024[8cc95805e96201d2]::__doctest_9::main::{closure#0}>
[INFO] [stdout]   26:     0x5a1814483972 - doctest_bundle_2024[8cc95805e96201d2]::__doctest_9::main
[INFO] [stdout]   27:     0x5a1814483a06 - doctest_bundle_2024[8cc95805e96201d2]::__doctest_9::__main_fn
[INFO] [stdout]   28:     0x5a1814491f31 - doctest_runner_2024[a5234fb354d81c5]::__doctest_9::TEST::{closure#0}
[INFO] [stdout]   29:     0x5a1814495ec6 - <doctest_runner_2024[a5234fb354d81c5]::__doctest_9::TEST::{closure#0} as core[a373ad73a504971]::ops::function::FnOnce<()>>::call_once
[INFO] [stdout]   30:     0x5a1814492eda - doctest_runner_2024[a5234fb354d81c5]::main
[INFO] [stdout]   31:     0x5a1814495d33 - <fn() -> std[617be2ca0a6fd877]::process::ExitCode as core[a373ad73a504971]::ops::function::FnOnce<()>>::call_once
[INFO] [stdout]   32:     0x5a18144913ee - std[617be2ca0a6fd877]::sys::backtrace::__rust_begin_short_backtrace::<fn() -> std[617be2ca0a6fd877]::process::ExitCode, std[617be2ca0a6fd877]::process::ExitCode>
[INFO] [stdout]   33:     0x5a18144918e9 - std[617be2ca0a6fd877]::rt::lang_start::<std[617be2ca0a6fd877]::process::ExitCode>::{closure#0}
[INFO] [stdout]   34:     0x5a181488146b - <&dyn core[a373ad73a504971]::ops::function::Fn<(), Output = i32> + core[a373ad73a504971]::marker::Sync + core[a373ad73a504971]::panic::unwind_safe::RefUnwindSafe as core[a373ad73a504971]::ops::function::FnOnce<()>>::call_once
[INFO] [stdout]                                at /rustc/e3feeb59cd1bdd011a2bfcc0747b55125d9b8527/library/core/src/ops/function.rs:287:21
[INFO] [stdout]   35:     0x5a181488146b - std[617be2ca0a6fd877]::panicking::catch_unwind::do_call::<&dyn core[a373ad73a504971]::ops::function::Fn<(), Output = i32> + core[a373ad73a504971]::marker::Sync + core[a373ad73a504971]::panic::unwind_safe::RefUnwindSafe, i32>
[INFO] [stdout]                                at /rustc/e3feeb59cd1bdd011a2bfcc0747b55125d9b8527/library/std/src/panicking.rs:573:43
[INFO] [stdout]   36:     0x5a181488146b - std[617be2ca0a6fd877]::panicking::catch_unwind::<i32, &dyn core[a373ad73a504971]::ops::function::Fn<(), Output = i32> + core[a373ad73a504971]::marker::Sync + core[a373ad73a504971]::panic::unwind_safe::RefUnwindSafe>
[INFO] [stdout]                                at /rustc/e3feeb59cd1bdd011a2bfcc0747b55125d9b8527/library/std/src/panicking.rs:541:19
[INFO] [stdout]   37:     0x5a181488146b - std[617be2ca0a6fd877]::panic::catch_unwind::<&dyn core[a373ad73a504971]::ops::function::Fn<(), Output = i32> + core[a373ad73a504971]::marker::Sync + core[a373ad73a504971]::panic::unwind_safe::RefUnwindSafe, i32>
[INFO] [stdout]                                at /rustc/e3feeb59cd1bdd011a2bfcc0747b55125d9b8527/library/std/src/panic.rs:359:14
[INFO] [stdout]   38:     0x5a181488146b - std[617be2ca0a6fd877]::rt::lang_start_internal::{closure#0}
[INFO] [stdout]                                at /rustc/e3feeb59cd1bdd011a2bfcc0747b55125d9b8527/library/std/src/rt.rs:175:24
[INFO] [stdout]   39:     0x5a181488146b - std[617be2ca0a6fd877]::panicking::catch_unwind::do_call::<std[617be2ca0a6fd877]::rt::lang_start_internal::{closure#0}, isize>
[INFO] [stdout]                                at /rustc/e3feeb59cd1bdd011a2bfcc0747b55125d9b8527/library/std/src/panicking.rs:573:43
[INFO] [stdout]   40:     0x5a181488146b - std[617be2ca0a6fd877]::panicking::catch_unwind::<isize, std[617be2ca0a6fd877]::rt::lang_start_internal::{closure#0}>
[INFO] [stdout]                                at /rustc/e3feeb59cd1bdd011a2bfcc0747b55125d9b8527/library/std/src/panicking.rs:541:19
[INFO] [stdout]   41:     0x5a181488146b - std[617be2ca0a6fd877]::panic::catch_unwind::<std[617be2ca0a6fd877]::rt::lang_start_internal::{closure#0}, isize>
[INFO] [stdout]                                at /rustc/e3feeb59cd1bdd011a2bfcc0747b55125d9b8527/library/std/src/panic.rs:359:14
[INFO] [stdout]   42:     0x5a181488146b - std[617be2ca0a6fd877]::rt::lang_start_internal
[INFO] [stdout]                                at /rustc/e3feeb59cd1bdd011a2bfcc0747b55125d9b8527/library/std/src/rt.rs:171:5
[INFO] [stdout]   43:     0x5a1814490b21 - std[617be2ca0a6fd877]::rt::lang_start::<std[617be2ca0a6fd877]::process::ExitCode>
[INFO] [stdout]   44:     0x5a1814496225 - main
[INFO] [stdout]   45:     0x780beb1f9601 - <unknown>
[INFO] [stdout]   46:     0x780beb1f9718 - __libc_start_main
[INFO] [stdout]   47:     0x5a181432b825 - _start
[INFO] [stdout]   48:                0x0 - <unknown>
[INFO] [stdout] 
[INFO] [stdout] 
[INFO] [stdout] ---- src/browser.rs - browser::Browser::get_vqd (line 311) stdout ----
[INFO] [stdout] Test executable failed (exit status: 1).
[INFO] [stdout] 
[INFO] [stdout] stderr:
[INFO] [stdout] Error: error sending request for url (https://duckduckgo.com/?q=rust+programming)
[INFO] [stdout] 
[INFO] [stdout] Caused by:
[INFO] [stdout]     0: client error (Connect)
[INFO] [stdout]     1: dns error
[INFO] [stdout]     2: failed to lookup address information: Temporary failure in name resolution
[INFO] [stdout] 
[INFO] [stdout] Stack backtrace:
[INFO] [stdout]    0: <anyhow::Error as core::convert::From<reqwest::error::Error>>::from
[INFO] [stdout]    1: <core::result::Result<reqwest::async_impl::response::Response, anyhow::Error> as core::ops::try_trait::FromResidual<core::result::Result<!, reqwest::error::Error>>>::from_residual
[INFO] [stdout]    2: <duckduckgo::browser::Browser>::request::{closure#0}
[INFO] [stdout]    3: <duckduckgo::browser::Browser>::get_vqd::{closure#0}
[INFO] [stdout]    4: doctest_bundle_2024::__doctest_12::main::{closure#0}
[INFO] [stdout]    5: <tokio::runtime::park::CachedParkThread>::block_on::<doctest_bundle_2024::__doctest_12::main::{closure#0}>::{closure#0}
[INFO] [stdout]    6: <tokio::runtime::park::CachedParkThread>::block_on::<doctest_bundle_2024::__doctest_12::main::{closure#0}>
[INFO] [stdout]    7: <tokio::runtime::context::blocking::BlockingRegionGuard>::block_on::<doctest_bundle_2024::__doctest_12::main::{closure#0}>
[INFO] [stdout]    8: <tokio::runtime::scheduler::multi_thread::MultiThread>::block_on::<doctest_bundle_2024::__doctest_12::main::{closure#0}>::{closure#0}
[INFO] [stdout]    9: tokio::runtime::context::runtime::enter_runtime::<<tokio::runtime::scheduler::multi_thread::MultiThread>::block_on<doctest_bundle_2024::__doctest_12::main::{closure#0}>::{closure#0}, core::result::Result<(), anyhow::Error>>
[INFO] [stdout]   10: <tokio::runtime::scheduler::multi_thread::MultiThread>::block_on::<doctest_bundle_2024::__doctest_12::main::{closure#0}>
[INFO] [stdout]   11: <tokio::runtime::runtime::Runtime>::block_on_inner::<doctest_bundle_2024::__doctest_12::main::{closure#0}>
[INFO] [stdout]   12: <tokio::runtime::runtime::Runtime>::block_on::<doctest_bundle_2024::__doctest_12::main::{closure#0}>
[INFO] [stdout]   13: doctest_bundle_2024::__doctest_12::main
[INFO] [stdout]   14: doctest_bundle_2024::__doctest_12::__main_fn
[INFO] [stdout]   15: doctest_runner_2024::__doctest_12::TEST::{closure#0}
[INFO] [stdout]   16: <doctest_runner_2024::__doctest_12::TEST::{closure#0} as core::ops::function::FnOnce<()>>::call_once
[INFO] [stdout]   17: doctest_runner_2024::main
[INFO] [stdout]   18: <fn() -> std::process::ExitCode as core::ops::function::FnOnce<()>>::call_once
[INFO] [stdout]   19: std::sys::backtrace::__rust_begin_short_backtrace::<fn() -> std::process::ExitCode, std::process::ExitCode>
[INFO] [stdout]   20: std::rt::lang_start::<std::process::ExitCode>::{closure#0}
[INFO] [stdout]   21: <&dyn core::ops::function::Fn<(), Output = i32> + core::marker::Sync + core::panic::unwind_safe::RefUnwindSafe as core::ops::function::FnOnce<()>>::call_once
[INFO] [stdout]              at /rustc/e3feeb59cd1bdd011a2bfcc0747b55125d9b8527/library/core/src/ops/function.rs:287:21
[INFO] [stdout]   22: std::panicking::catch_unwind::do_call::<&dyn core::ops::function::Fn<(), Output = i32> + core::marker::Sync + core::panic::unwind_safe::RefUnwindSafe, i32>
[INFO] [stdout]              at /rustc/e3feeb59cd1bdd011a2bfcc0747b55125d9b8527/library/std/src/panicking.rs:573:43
[INFO] [stdout]   23: std::panicking::catch_unwind::<i32, &dyn core::ops::function::Fn<(), Output = i32> + core::marker::Sync + core::panic::unwind_safe::RefUnwindSafe>
[INFO] [stdout]              at /rustc/e3feeb59cd1bdd011a2bfcc0747b55125d9b8527/library/std/src/panicking.rs:541:19
[INFO] [stdout]   24: std::panic::catch_unwind::<&dyn core::ops::function::Fn<(), Output = i32> + core::marker::Sync + core::panic::unwind_safe::RefUnwindSafe, i32>
[INFO] [stdout]              at /rustc/e3feeb59cd1bdd011a2bfcc0747b55125d9b8527/library/std/src/panic.rs:359:14
[INFO] [stdout]   25: std::rt::lang_start_internal::{closure#0}
[INFO] [stdout]              at /rustc/e3feeb59cd1bdd011a2bfcc0747b55125d9b8527/library/std/src/rt.rs:175:24
[INFO] [stdout]   26: std::panicking::catch_unwind::do_call::<std::rt::lang_start_internal::{closure#0}, isize>
[INFO] [stdout]              at /rustc/e3feeb59cd1bdd011a2bfcc0747b55125d9b8527/library/std/src/panicking.rs:573:43
[INFO] [stdout]   27: std::panicking::catch_unwind::<isize, std::rt::lang_start_internal::{closure#0}>
[INFO] [stdout]              at /rustc/e3feeb59cd1bdd011a2bfcc0747b55125d9b8527/library/std/src/panicking.rs:541:19
[INFO] [stdout]   28: std::panic::catch_unwind::<std::rt::lang_start_internal::{closure#0}, isize>
[INFO] [stdout]              at /rustc/e3feeb59cd1bdd011a2bfcc0747b55125d9b8527/library/std/src/panic.rs:359:14
[INFO] [stdout]   29: std::rt::lang_start_internal
[INFO] [stdout]              at /rustc/e3feeb59cd1bdd011a2bfcc0747b55125d9b8527/library/std/src/rt.rs:171:5
[INFO] [stdout]   30: std::rt::lang_start::<std::process::ExitCode>
[INFO] [stdout]   31: main
[INFO] [stdout]   32: <unknown>
[INFO] [stdout]   33: __libc_start_main
[INFO] [stdout]   34: _start
[INFO] [stdout] Error: "the test returned a termination value with a non-zero status code (1) which indicates a failure"
[INFO] [stdout] 
[INFO] [stdout] 
[INFO] [stdout] ---- src/browser.rs - browser::Browser::browse (line 625) stdout ----
[INFO] [stdout] Test executable failed (exit status: 101).
[INFO] [stdout] 
[INFO] [stdout] stderr:
[INFO] [stdout] 
[INFO] [stdout] thread 'main' (6040) panicked at /tmp/rustdoctestquZQX3/doctest_bundle_2024.rs:198:72:
[INFO] [stdout] called `Result::unwrap()` on an `Err` value: Failed to send request to https://api.duckduckgo.com/?q=Rust&format=json
[INFO] [stdout] 
[INFO] [stdout] Caused by:
[INFO] [stdout]     0: error sending request for url (https://api.duckduckgo.com/?q=Rust&format=json)
[INFO] [stdout]     1: client error (Connect)
[INFO] [stdout]     2: dns error
[INFO] [stdout]     3: failed to lookup address information: Temporary failure in name resolution
[INFO] [stdout] 
[INFO] [stdout] Stack backtrace:
[INFO] [stdout]    0: <reqwest::error::Error as anyhow::context::ext::StdError>::ext_context::<alloc::string::String>
[INFO] [stdout]    1: <core::result::Result<reqwest::async_impl::response::Response, reqwest::error::Error> as anyhow::Context<reqwest::async_impl::response::Response, reqwest::error::Error>>::with_context::<alloc::string::String, <duckduckgo::browser::Browser>::get_api_response::{closure#0}::{closure#0}>
[INFO] [stdout]    2: <duckduckgo::browser::Browser>::get_api_response::{closure#0}
[INFO] [stdout]    3: <duckduckgo::browser::Browser>::browse::{closure#0}
[INFO] [stdout]    4: doctest_bundle_2024::__doctest_10::main::{closure#0}
[INFO] [stdout]    5: <tokio::runtime::park::CachedParkThread>::block_on::<doctest_bundle_2024::__doctest_10::main::{closure#0}>::{closure#0}
[INFO] [stdout]    6: <tokio::runtime::park::CachedParkThread>::block_on::<doctest_bundle_2024::__doctest_10::main::{closure#0}>
[INFO] [stdout]    7: <tokio::runtime::context::blocking::BlockingRegionGuard>::block_on::<doctest_bundle_2024::__doctest_10::main::{closure#0}>
[INFO] [stdout]    8: <tokio::runtime::scheduler::multi_thread::MultiThread>::block_on::<doctest_bundle_2024::__doctest_10::main::{closure#0}>::{closure#0}
[INFO] [stdout]    9: tokio::runtime::context::runtime::enter_runtime::<<tokio::runtime::scheduler::multi_thread::MultiThread>::block_on<doctest_bundle_2024::__doctest_10::main::{closure#0}>::{closure#0}, ()>
[INFO] [stdout]   10: <tokio::runtime::scheduler::multi_thread::MultiThread>::block_on::<doctest_bundle_2024::__doctest_10::main::{closure#0}>
[INFO] [stdout]   11: <tokio::runtime::runtime::Runtime>::block_on_inner::<doctest_bundle_2024::__doctest_10::main::{closure#0}>
[INFO] [stdout]   12: <tokio::runtime::runtime::Runtime>::block_on::<doctest_bundle_2024::__doctest_10::main::{closure#0}>
[INFO] [stdout]   13: doctest_bundle_2024::__doctest_10::main
[INFO] [stdout]   14: doctest_bundle_2024::__doctest_10::__main_fn
[INFO] [stdout]   15: doctest_runner_2024::__doctest_10::TEST::{closure#0}
[INFO] [stdout]   16: <doctest_runner_2024::__doctest_10::TEST::{closure#0} as core::ops::function::FnOnce<()>>::call_once
[INFO] [stdout]   17: doctest_runner_2024::main
[INFO] [stdout]   18: <fn() -> std::process::ExitCode as core::ops::function::FnOnce<()>>::call_once
[INFO] [stdout]   19: std::sys::backtrace::__rust_begin_short_backtrace::<fn() -> std::process::ExitCode, std::process::ExitCode>
[INFO] [stdout]   20: std::rt::lang_start::<std::process::ExitCode>::{closure#0}
[INFO] [stdout]   21: <&dyn core::ops::function::Fn<(), Output = i32> + core::marker::Sync + core::panic::unwind_safe::RefUnwindSafe as core::ops::function::FnOnce<()>>::call_once
[INFO] [stdout]              at /rustc/e3feeb59cd1bdd011a2bfcc0747b55125d9b8527/library/core/src/ops/function.rs:287:21
[INFO] [stdout]   22: std::panicking::catch_unwind::do_call::<&dyn core::ops::function::Fn<(), Output = i32> + core::marker::Sync + core::panic::unwind_safe::RefUnwindSafe, i32>
[INFO] [stdout]              at /rustc/e3feeb59cd1bdd011a2bfcc0747b55125d9b8527/library/std/src/panicking.rs:573:43
[INFO] [stdout]   23: std::panicking::catch_unwind::<i32, &dyn core::ops::function::Fn<(), Output = i32> + core::marker::Sync + core::panic::unwind_safe::RefUnwindSafe>
[INFO] [stdout]              at /rustc/e3feeb59cd1bdd011a2bfcc0747b55125d9b8527/library/std/src/panicking.rs:541:19
[INFO] [stdout]   24: std::panic::catch_unwind::<&dyn core::ops::function::Fn<(), Output = i32> + core::marker::Sync + core::panic::unwind_safe::RefUnwindSafe, i32>
[INFO] [stdout]              at /rustc/e3feeb59cd1bdd011a2bfcc0747b55125d9b8527/library/std/src/panic.rs:359:14
[INFO] [stdout]   25: std::rt::lang_start_internal::{closure#0}
[INFO] [stdout]              at /rustc/e3feeb59cd1bdd011a2bfcc0747b55125d9b8527/library/std/src/rt.rs:175:24
[INFO] [stdout]   26: std::panicking::catch_unwind::do_call::<std::rt::lang_start_internal::{closure#0}, isize>
[INFO] [stdout]              at /rustc/e3feeb59cd1bdd011a2bfcc0747b55125d9b8527/library/std/src/panicking.rs:573:43
[INFO] [stdout]   27: std::panicking::catch_unwind::<isize, std::rt::lang_start_internal::{closure#0}>
[INFO] [stdout]              at /rustc/e3feeb59cd1bdd011a2bfcc0747b55125d9b8527/library/std/src/panicking.rs:541:19
[INFO] [stdout]   28: std::panic::catch_unwind::<std::rt::lang_start_internal::{closure#0}, isize>
[INFO] [stdout]              at /rustc/e3feeb59cd1bdd011a2bfcc0747b55125d9b8527/library/std/src/panic.rs:359:14
[INFO] [stdout]   29: std::rt::lang_start_internal
[INFO] [stdout]              at /rustc/e3feeb59cd1bdd011a2bfcc0747b55125d9b8527/library/std/src/rt.rs:171:5
[INFO] [stdout]   30: std::rt::lang_start::<std::process::ExitCode>
[INFO] [stdout]   31: main
[INFO] [stdout]   32: <unknown>
[INFO] [stdout]   33: __libc_start_main
[INFO] [stdout]   34: _start
[INFO] [stdout] stack backtrace:
[INFO] [stdout]    0:     0x5fe76f4f1544 - std[617be2ca0a6fd877]::backtrace_rs::backtrace::libunwind::trace
[INFO] [stdout]                                at /rustc/e3feeb59cd1bdd011a2bfcc0747b55125d9b8527/library/std/src/../../backtrace/src/backtrace/libunwind.rs:117:9
[INFO] [stdout]    1:     0x5fe76f4f1544 - std[617be2ca0a6fd877]::backtrace_rs::backtrace::trace_unsynchronized::<std[617be2ca0a6fd877]::sys::backtrace::_print_fmt::{closure#1}>
[INFO] [stdout]                                at /rustc/e3feeb59cd1bdd011a2bfcc0747b55125d9b8527/library/std/src/../../backtrace/src/backtrace/mod.rs:66:14
[INFO] [stdout]    2:     0x5fe76f4f1544 - std[617be2ca0a6fd877]::sys::backtrace::_print_fmt
[INFO] [stdout]                                at /rustc/e3feeb59cd1bdd011a2bfcc0747b55125d9b8527/library/std/src/sys/backtrace.rs:74:9
[INFO] [stdout]    3:     0x5fe76f4f1544 - <<std[617be2ca0a6fd877]::sys::backtrace::BacktraceLock>::print::DisplayBacktrace as core[a373ad73a504971]::fmt::Display>::fmt
[INFO] [stdout]                                at /rustc/e3feeb59cd1bdd011a2bfcc0747b55125d9b8527/library/std/src/sys/backtrace.rs:44:26
[INFO] [stdout]    4:     0x5fe76f002f2c - <core[a373ad73a504971]::fmt::rt::Argument>::fmt
[INFO] [stdout]                                at /rustc/e3feeb59cd1bdd011a2bfcc0747b55125d9b8527/library/core/src/fmt/rt.rs:152:76
[INFO] [stdout]    5:     0x5fe76f002f2c - core[a373ad73a504971]::fmt::write
[INFO] [stdout]                                at /rustc/e3feeb59cd1bdd011a2bfcc0747b55125d9b8527/library/core/src/fmt/mod.rs:1687:22
[INFO] [stdout]    6:     0x5fe76f4fd0cb - core[a373ad73a504971]::io::write::default_write_fmt::<std[617be2ca0a6fd877]::sys::stdio::unix::Stderr>
[INFO] [stdout]                                at /rustc/e3feeb59cd1bdd011a2bfcc0747b55125d9b8527/library/core/src/io/write.rs:402:11
[INFO] [stdout]    7:     0x5fe76f4fd0cb - <std[617be2ca0a6fd877]::sys::stdio::unix::Stderr as core[a373ad73a504971]::io::write::Write>::write_fmt
[INFO] [stdout]                                at /rustc/e3feeb59cd1bdd011a2bfcc0747b55125d9b8527/library/core/src/io/write.rs:335:13
[INFO] [stdout]    8:     0x5fe76f49e248 - <std[617be2ca0a6fd877]::sys::backtrace::BacktraceLock>::print
[INFO] [stdout]                                at /rustc/e3feeb59cd1bdd011a2bfcc0747b55125d9b8527/library/std/src/sys/backtrace.rs:47:9
[INFO] [stdout]    9:     0x5fe76f49e248 - std[617be2ca0a6fd877]::panicking::default_hook::{closure#0}
[INFO] [stdout]                                at /rustc/e3feeb59cd1bdd011a2bfcc0747b55125d9b8527/library/std/src/panicking.rs:289:27
[INFO] [stdout]   10:     0x5fe76f4e10df - std[617be2ca0a6fd877]::panicking::default_hook
[INFO] [stdout]                                at /rustc/e3feeb59cd1bdd011a2bfcc0747b55125d9b8527/library/std/src/panicking.rs:316:9
[INFO] [stdout]   11:     0x5fe76f4e186e - std[617be2ca0a6fd877]::panicking::panic_with_hook
[INFO] [stdout]                                at /rustc/e3feeb59cd1bdd011a2bfcc0747b55125d9b8527/library/std/src/panicking.rs:811:13
[INFO] [stdout]   12:     0x5fe76f49e35f - std[617be2ca0a6fd877]::panicking::panic_handler::{closure#0}
[INFO] [stdout]                                at /rustc/e3feeb59cd1bdd011a2bfcc0747b55125d9b8527/library/std/src/panicking.rs:685:13
[INFO] [stdout]   13:     0x5fe76f48c0b9 - std[617be2ca0a6fd877]::sys::backtrace::__rust_end_short_backtrace::<std[617be2ca0a6fd877]::panicking::panic_handler::{closure#0}, !>
[INFO] [stdout]                                at /rustc/e3feeb59cd1bdd011a2bfcc0747b55125d9b8527/library/std/src/sys/backtrace.rs:182:18
[INFO] [stdout]   14:     0x5fe76f49fe55 - __rustc[ea4f61d10b84890b]::rust_begin_unwind
[INFO] [stdout]                                at /rustc/e3feeb59cd1bdd011a2bfcc0747b55125d9b8527/library/std/src/panicking.rs:676:5
[INFO] [stdout]   15:     0x5fe76f0040fe - core[a373ad73a504971]::panicking::panic_fmt
[INFO] [stdout]                                at /rustc/e3feeb59cd1bdd011a2bfcc0747b55125d9b8527/library/core/src/panicking.rs:80:14
[INFO] [stdout]   16:     0x5fe76f003d6a - core[a373ad73a504971]::result::unwrap_failed
[INFO] [stdout]                                at /rustc/e3feeb59cd1bdd011a2bfcc0747b55125d9b8527/library/core/src/result.rs:1870:5
[INFO] [stdout]   17:     0x5fe76f0d600d - doctest_bundle_2024[8cc95805e96201d2]::__doctest_10::main::{closure#0}
[INFO] [stdout]   18:     0x5fe76f0ac647 - <tokio[b36299ba6410d33e]::runtime::park::CachedParkThread>::block_on::<doctest_bundle_2024[8cc95805e96201d2]::__doctest_10::main::{closure#0}>::{closure#0}
[INFO] [stdout]   19:     0x5fe76f05315a - <tokio[b36299ba6410d33e]::runtime::park::CachedParkThread>::block_on::<doctest_bundle_2024[8cc95805e96201d2]::__doctest_10::main::{closure#0}>
[INFO] [stdout]   20:     0x5fe76f02ad43 - <tokio[b36299ba6410d33e]::runtime::context::blocking::BlockingRegionGuard>::block_on::<doctest_bundle_2024[8cc95805e96201d2]::__doctest_10::main::{closure#0}>
[INFO] [stdout]   21:     0x5fe76f0a265f - <tokio[b36299ba6410d33e]::runtime::scheduler::multi_thread::MultiThread>::block_on::<doctest_bundle_2024[8cc95805e96201d2]::__doctest_10::main::{closure#0}>::{closure#0}
[INFO] [stdout]   22:     0x5fe76f06f6bf - tokio[b36299ba6410d33e]::runtime::context::runtime::enter_runtime::<<tokio[b36299ba6410d33e]::runtime::scheduler::multi_thread::MultiThread>::block_on<doctest_bundle_2024[8cc95805e96201d2]::__doctest_10::main::{closure#0}>::{closure#0}, ()>
[INFO] [stdout]   23:     0x5fe76f02b794 - <tokio[b36299ba6410d33e]::runtime::scheduler::multi_thread::MultiThread>::block_on::<doctest_bundle_2024[8cc95805e96201d2]::__doctest_10::main::{closure#0}>
[INFO] [stdout]   24:     0x5fe76f023bb5 - <tokio[b36299ba6410d33e]::runtime::runtime::Runtime>::block_on_inner::<doctest_bundle_2024[8cc95805e96201d2]::__doctest_10::main::{closure#0}>
[INFO] [stdout]   25:     0x5fe76f025da2 - <tokio[b36299ba6410d33e]::runtime::runtime::Runtime>::block_on::<doctest_bundle_2024[8cc95805e96201d2]::__doctest_10::main::{closure#0}>
[INFO] [stdout]   26:     0x5fe76f0e1b62 - doctest_bundle_2024[8cc95805e96201d2]::__doctest_10::main
[INFO] [stdout]   27:     0x5fe76f0e1bf6 - doctest_bundle_2024[8cc95805e96201d2]::__doctest_10::__main_fn
[INFO] [stdout]   28:     0x5fe76f0effb1 - doctest_runner_2024[a5234fb354d81c5]::__doctest_10::TEST::{closure#0}
[INFO] [stdout]   29:     0x5fe76f0f3ee6 - <doctest_runner_2024[a5234fb354d81c5]::__doctest_10::TEST::{closure#0} as core[a373ad73a504971]::ops::function::FnOnce<()>>::call_once
[INFO] [stdout]   30:     0x5fe76f0f0eda - doctest_runner_2024[a5234fb354d81c5]::main
[INFO] [stdout]   31:     0x5fe76f0f3d33 - <fn() -> std[617be2ca0a6fd877]::process::ExitCode as core[a373ad73a504971]::ops::function::FnOnce<()>>::call_once
[INFO] [stdout]   32:     0x5fe76f0ef3ee - std[617be2ca0a6fd877]::sys::backtrace::__rust_begin_short_backtrace::<fn() -> std[617be2ca0a6fd877]::process::ExitCode, std[617be2ca0a6fd877]::process::ExitCode>
[INFO] [stdout]   33:     0x5fe76f0ef8e9 - std[617be2ca0a6fd877]::rt::lang_start::<std[617be2ca0a6fd877]::process::ExitCode>::{closure#0}
[INFO] [stdout]   34:     0x5fe76f4df46b - <&dyn core[a373ad73a504971]::ops::function::Fn<(), Output = i32> + core[a373ad73a504971]::marker::Sync + core[a373ad73a504971]::panic::unwind_safe::RefUnwindSafe as core[a373ad73a504971]::ops::function::FnOnce<()>>::call_once
[INFO] [stdout]                                at /rustc/e3feeb59cd1bdd011a2bfcc0747b55125d9b8527/library/core/src/ops/function.rs:287:21
[INFO] [stdout]   35:     0x5fe76f4df46b - std[617be2ca0a6fd877]::panicking::catch_unwind::do_call::<&dyn core[a373ad73a504971]::ops::function::Fn<(), Output = i32> + core[a373ad73a504971]::marker::Sync + core[a373ad73a504971]::panic::unwind_safe::RefUnwindSafe, i32>
[INFO] [stdout]                                at /rustc/e3feeb59cd1bdd011a2bfcc0747b55125d9b8527/library/std/src/panicking.rs:573:43
[INFO] [stdout]   36:     0x5fe76f4df46b - std[617be2ca0a6fd877]::panicking::catch_unwind::<i32, &dyn core[a373ad73a504971]::ops::function::Fn<(), Output = i32> + core[a373ad73a504971]::marker::Sync + core[a373ad73a504971]::panic::unwind_safe::RefUnwindSafe>
[INFO] [stdout]                                at /rustc/e3feeb59cd1bdd011a2bfcc0747b55125d9b8527/library/std/src/panicking.rs:541:19
[INFO] [stdout]   37:     0x5fe76f4df46b - std[617be2ca0a6fd877]::panic::catch_unwind::<&dyn core[a373ad73a504971]::ops::function::Fn<(), Output = i32> + core[a373ad73a504971]::marker::Sync + core[a373ad73a504971]::panic::unwind_safe::RefUnwindSafe, i32>
[INFO] [stdout]                                at /rustc/e3feeb59cd1bdd011a2bfcc0747b55125d9b8527/library/std/src/panic.rs:359:14
[INFO] [stdout]   38:     0x5fe76f4df46b - std[617be2ca0a6fd877]::rt::lang_start_internal::{closure#0}
[INFO] [stdout]                                at /rustc/e3feeb59cd1bdd011a2bfcc0747b55125d9b8527/library/std/src/rt.rs:175:24
[INFO] [stdout]   39:     0x5fe76f4df46b - std[617be2ca0a6fd877]::panicking::catch_unwind::do_call::<std[617be2ca0a6fd877]::rt::lang_start_internal::{closure#0}, isize>
[INFO] [stdout]                                at /rustc/e3feeb59cd1bdd011a2bfcc0747b55125d9b8527/library/std/src/panicking.rs:573:43
[INFO] [stdout]   40:     0x5fe76f4df46b - std[617be2ca0a6fd877]::panicking::catch_unwind::<isize, std[617be2ca0a6fd877]::rt::lang_start_internal::{closure#0}>
[INFO] [stdout]                                at /rustc/e3feeb59cd1bdd011a2bfcc0747b55125d9b8527/library/std/src/panicking.rs:541:19
[INFO] [stdout]   41:     0x5fe76f4df46b - std[617be2ca0a6fd877]::panic::catch_unwind::<std[617be2ca0a6fd877]::rt::lang_start_internal::{closure#0}, isize>
[INFO] [stdout]                                at /rustc/e3feeb59cd1bdd011a2bfcc0747b55125d9b8527/library/std/src/panic.rs:359:14
[INFO] [stdout]   42:     0x5fe76f4df46b - std[617be2ca0a6fd877]::rt::lang_start_internal
[INFO] [stdout]                                at /rustc/e3feeb59cd1bdd011a2bfcc0747b55125d9b8527/library/std/src/rt.rs:171:5
[INFO] [stdout]   43:     0x5fe76f0eeb21 - std[617be2ca0a6fd877]::rt::lang_start::<std[617be2ca0a6fd877]::process::ExitCode>
[INFO] [stdout]   44:     0x5fe76f0f4225 - main
[INFO] [stdout]   45:     0x73927becd601 - <unknown>
[INFO] [stdout]   46:     0x73927becd718 - __libc_start_main
[INFO] [stdout]   47:     0x5fe76ef89825 - _start
[INFO] [stdout]   48:                0x0 - <unknown>
[INFO] [stdout] 
[INFO] [stdout] 
[INFO] [stdout] ---- src/browser.rs - browser (line 162) stdout ----
[INFO] [stdout] Test executable failed (exit status: 1).
[INFO] [stdout] 
[INFO] [stdout] stderr:
[INFO] [stdout] Error: Failed to perform search for query 'rust lang'
[INFO] [stdout] 
[INFO] [stdout] Caused by:
[INFO] [stdout]     0: Failed to send request to https://api.duckduckgo.com/?q=rust lang&kp=1&format=json
[INFO] [stdout]     1: error sending request for url (https://api.duckduckgo.com/?q=rust%20lang&kp=1&format=json)
[INFO] [stdout]     2: client error (Connect)
[INFO] [stdout]     3: dns error
[INFO] [stdout]     4: failed to lookup address information: Temporary failure in name resolution
[INFO] [stdout] 
[INFO] [stdout] Stack backtrace:
[INFO] [stdout]    0: <reqwest::error::Error as anyhow::context::ext::StdError>::ext_context::<alloc::string::String>
[INFO] [stdout]    1: <core::result::Result<reqwest::async_impl::response::Response, reqwest::error::Error> as anyhow::Context<reqwest::async_impl::response::Response, reqwest::error::Error>>::with_context::<alloc::string::String, <duckduckgo::browser::Browser>::get_api_response::{closure#0}::{closure#0}>
[INFO] [stdout]    2: <duckduckgo::browser::Browser>::get_api_response::{closure#0}
[INFO] [stdout]    3: <duckduckgo::browser::Browser>::browse::{closure#0}
[INFO] [stdout]    4: <duckduckgo::browser::Browser>::search::{closure#0}
[INFO] [stdout]    5: doctest_bundle_2024::__doctest_1::main::{closure#0}
[INFO] [stdout]    6: <tokio::runtime::park::CachedParkThread>::block_on::<doctest_bundle_2024::__doctest_1::main::{closure#0}>::{closure#0}
[INFO] [stdout]    7: <tokio::runtime::park::CachedParkThread>::block_on::<doctest_bundle_2024::__doctest_1::main::{closure#0}>
[INFO] [stdout]    8: <tokio::runtime::context::blocking::BlockingRegionGuard>::block_on::<doctest_bundle_2024::__doctest_1::main::{closure#0}>
[INFO] [stdout]    9: <tokio::runtime::scheduler::multi_thread::MultiThread>::block_on::<doctest_bundle_2024::__doctest_1::main::{closure#0}>::{closure#0}
[INFO] [stdout]   10: tokio::runtime::context::runtime::enter_runtime::<<tokio::runtime::scheduler::multi_thread::MultiThread>::block_on<doctest_bundle_2024::__doctest_1::main::{closure#0}>::{closure#0}, core::result::Result<(), anyhow::Error>>
[INFO] [stdout]   11: <tokio::runtime::scheduler::multi_thread::MultiThread>::block_on::<doctest_bundle_2024::__doctest_1::main::{closure#0}>
[INFO] [stdout]   12: <tokio::runtime::runtime::Runtime>::block_on_inner::<doctest_bundle_2024::__doctest_1::main::{closure#0}>
[INFO] [stdout]   13: <tokio::runtime::runtime::Runtime>::block_on::<doctest_bundle_2024::__doctest_1::main::{closure#0}>
[INFO] [stdout]   14: doctest_bundle_2024::__doctest_1::main
[INFO] [stdout]   15: doctest_bundle_2024::__doctest_1::__main_fn
[INFO] [stdout]   16: doctest_runner_2024::__doctest_1::TEST::{closure#0}
[INFO] [stdout]   17: <doctest_runner_2024::__doctest_1::TEST::{closure#0} as core::ops::function::FnOnce<()>>::call_once
[INFO] [stdout]   18: doctest_runner_2024::main
[INFO] [stdout]   19: <fn() -> std::process::ExitCode as core::ops::function::FnOnce<()>>::call_once
[INFO] [stdout]   20: std::sys::backtrace::__rust_begin_short_backtrace::<fn() -> std::process::ExitCode, std::process::ExitCode>
[INFO] [stdout]   21: std::rt::lang_start::<std::process::ExitCode>::{closure#0}
[INFO] [stdout]   22: <&dyn core::ops::function::Fn<(), Output = i32> + core::marker::Sync + core::panic::unwind_safe::RefUnwindSafe as core::ops::function::FnOnce<()>>::call_once
[INFO] [stdout]              at /rustc/e3feeb59cd1bdd011a2bfcc0747b55125d9b8527/library/core/src/ops/function.rs:287:21
[INFO] [stdout]   23: std::panicking::catch_unwind::do_call::<&dyn core::ops::function::Fn<(), Output = i32> + core::marker::Sync + core::panic::unwind_safe::RefUnwindSafe, i32>
[INFO] [stdout]              at /rustc/e3feeb59cd1bdd011a2bfcc0747b55125d9b8527/library/std/src/panicking.rs:573:43
[INFO] [stdout]   24: std::panicking::catch_unwind::<i32, &dyn core::ops::function::Fn<(), Output = i32> + core::marker::Sync + core::panic::unwind_safe::RefUnwindSafe>
[INFO] [stdout]              at /rustc/e3feeb59cd1bdd011a2bfcc0747b55125d9b8527/library/std/src/panicking.rs:541:19
[INFO] [stdout]   25: std::panic::catch_unwind::<&dyn core::ops::function::Fn<(), Output = i32> + core::marker::Sync + core::panic::unwind_safe::RefUnwindSafe, i32>
[INFO] [stdout]              at /rustc/e3feeb59cd1bdd011a2bfcc0747b55125d9b8527/library/std/src/panic.rs:359:14
[INFO] [stdout]   26: std::rt::lang_start_internal::{closure#0}
[INFO] [stdout]              at /rustc/e3feeb59cd1bdd011a2bfcc0747b55125d9b8527/library/std/src/rt.rs:175:24
[INFO] [stdout]   27: std::panicking::catch_unwind::do_call::<std::rt::lang_start_internal::{closure#0}, isize>
[INFO] [stdout]              at /rustc/e3feeb59cd1bdd011a2bfcc0747b55125d9b8527/library/std/src/panicking.rs:573:43
[INFO] [stdout]   28: std::panicking::catch_unwind::<isize, std::rt::lang_start_internal::{closure#0}>
[INFO] [stdout]              at /rustc/e3feeb59cd1bdd011a2bfcc0747b55125d9b8527/library/std/src/panicking.rs:541:19
[INFO] [stdout]   29: std::panic::catch_unwind::<std::rt::lang_start_internal::{closure#0}, isize>
[INFO] [stdout]              at /rustc/e3feeb59cd1bdd011a2bfcc0747b55125d9b8527/library/std/src/panic.rs:359:14
[INFO] [stdout]   30: std::rt::lang_start_internal
[INFO] [stdout]              at /rustc/e3feeb59cd1bdd011a2bfcc0747b55125d9b8527/library/std/src/rt.rs:171:5
[INFO] [stdout]   31: std::rt::lang_start::<std::process::ExitCode>
[INFO] [stdout]   32: main
[INFO] [stdout]   33: <unknown>
[INFO] [stdout]   34: __libc_start_main
[INFO] [stdout]   35: _start
[INFO] [stdout] Error: "the test returned a termination value with a non-zero status code (1) which indicates a failure"
[INFO] [stdout] 
[INFO] [stdout] 
[INFO] [stdout] ---- src/browser.rs - browser (line 186) stdout ----
[INFO] [stdout] Test executable failed (exit status: 1).
[INFO] [stdout] 
[INFO] [stdout] stderr:
[INFO] [stdout] Error: error sending request for url (https://duckduckgo.com/?q=ferris+crab)
[INFO] [stdout] 
[INFO] [stdout] Caused by:
[INFO] [stdout]     0: client error (Connect)
[INFO] [stdout]     1: dns error
[INFO] [stdout]     2: failed to lookup address information: Temporary failure in name resolution
[INFO] [stdout] 
[INFO] [stdout] Stack backtrace:
[INFO] [stdout]    0: <anyhow::Error as core::convert::From<reqwest::error::Error>>::from
[INFO] [stdout]    1: <core::result::Result<reqwest::async_impl::response::Response, anyhow::Error> as core::ops::try_trait::FromResidual<core::result::Result<!, reqwest::error::Error>>>::from_residual
[INFO] [stdout]    2: <duckduckgo::browser::Browser>::request::{closure#0}
[INFO] [stdout]    3: <duckduckgo::browser::Browser>::get_vqd::{closure#0}
[INFO] [stdout]    4: <duckduckgo::browser::Browser>::images::{closure#0}
[INFO] [stdout]    5: doctest_bundle_2024::__doctest_2::main::{closure#0}
[INFO] [stdout]    6: <tokio::runtime::park::CachedParkThread>::block_on::<doctest_bundle_2024::__doctest_2::main::{closure#0}>::{closure#0}
[INFO] [stdout]    7: <tokio::runtime::park::CachedParkThread>::block_on::<doctest_bundle_2024::__doctest_2::main::{closure#0}>
[INFO] [stdout]    8: <tokio::runtime::context::blocking::BlockingRegionGuard>::block_on::<doctest_bundle_2024::__doctest_2::main::{closure#0}>
[INFO] [stdout]    9: <tokio::runtime::scheduler::multi_thread::MultiThread>::block_on::<doctest_bundle_2024::__doctest_2::main::{closure#0}>::{closure#0}
[INFO] [stdout]   10: tokio::runtime::context::runtime::enter_runtime::<<tokio::runtime::scheduler::multi_thread::MultiThread>::block_on<doctest_bundle_2024::__doctest_2::main::{closure#0}>::{closure#0}, core::result::Result<(), anyhow::Error>>
[INFO] [stdout]   11: <tokio::runtime::scheduler::multi_thread::MultiThread>::block_on::<doctest_bundle_2024::__doctest_2::main::{closure#0}>
[INFO] [stdout]   12: <tokio::runtime::runtime::Runtime>::block_on_inner::<doctest_bundle_2024::__doctest_2::main::{closure#0}>
[INFO] [stdout]   13: <tokio::runtime::runtime::Runtime>::block_on::<doctest_bundle_2024::__doctest_2::main::{closure#0}>
[INFO] [stdout]   14: doctest_bundle_2024::__doctest_2::main
[INFO] [stdout]   15: doctest_bundle_2024::__doctest_2::__main_fn
[INFO] [stdout]   16: doctest_runner_2024::__doctest_2::TEST::{closure#0}
[INFO] [stdout]   17: <doctest_runner_2024::__doctest_2::TEST::{closure#0} as core::ops::function::FnOnce<()>>::call_once
[INFO] [stdout]   18: doctest_runner_2024::main
[INFO] [stdout]   19: <fn() -> std::process::ExitCode as core::ops::function::FnOnce<()>>::call_once
[INFO] [stdout]   20: std::sys::backtrace::__rust_begin_short_backtrace::<fn() -> std::process::ExitCode, std::process::ExitCode>
[INFO] [stdout]   21: std::rt::lang_start::<std::process::ExitCode>::{closure#0}
[INFO] [stdout]   22: <&dyn core::ops::function::Fn<(), Output = i32> + core::marker::Sync + core::panic::unwind_safe::RefUnwindSafe as core::ops::function::FnOnce<()>>::call_once
[INFO] [stdout]              at /rustc/e3feeb59cd1bdd011a2bfcc0747b55125d9b8527/library/core/src/ops/function.rs:287:21
[INFO] [stdout]   23: std::panicking::catch_unwind::do_call::<&dyn core::ops::function::Fn<(), Output = i32> + core::marker::Sync + core::panic::unwind_safe::RefUnwindSafe, i32>
[INFO] [stdout]              at /rustc/e3feeb59cd1bdd011a2bfcc0747b55125d9b8527/library/std/src/panicking.rs:573:43
[INFO] [stdout]   24: std::panicking::catch_unwind::<i32, &dyn core::ops::function::Fn<(), Output = i32> + core::marker::Sync + core::panic::unwind_safe::RefUnwindSafe>
[INFO] [stdout]              at /rustc/e3feeb59cd1bdd011a2bfcc0747b55125d9b8527/library/std/src/panicking.rs:541:19
[INFO] [stdout]   25: std::panic::catch_unwind::<&dyn core::ops::function::Fn<(), Output = i32> + core::marker::Sync + core::panic::unwind_safe::RefUnwindSafe, i32>
[INFO] [stdout]              at /rustc/e3feeb59cd1bdd011a2bfcc0747b55125d9b8527/library/std/src/panic.rs:359:14
[INFO] [stdout]   26: std::rt::lang_start_internal::{closure#0}
[INFO] [stdout]              at /rustc/e3feeb59cd1bdd011a2bfcc0747b55125d9b8527/library/std/src/rt.rs:175:24
[INFO] [stdout]   27: std::panicking::catch_unwind::do_call::<std::rt::lang_start_internal::{closure#0}, isize>
[INFO] [stdout]              at /rustc/e3feeb59cd1bdd011a2bfcc0747b55125d9b8527/library/std/src/panicking.rs:573:43
[INFO] [stdout]   28: std::panicking::catch_unwind::<isize, std::rt::lang_start_internal::{closure#0}>
[INFO] [stdout]              at /rustc/e3feeb59cd1bdd011a2bfcc0747b55125d9b8527/library/std/src/panicking.rs:541:19
[INFO] [stdout]   29: std::panic::catch_unwind::<std::rt::lang_start_internal::{closure#0}, isize>
[INFO] [stdout]              at /rustc/e3feeb59cd1bdd011a2bfcc0747b55125d9b8527/library/std/src/panic.rs:359:14
[INFO] [stdout]   30: std::rt::lang_start_internal
[INFO] [stdout]              at /rustc/e3feeb59cd1bdd011a2bfcc0747b55125d9b8527/library/std/src/rt.rs:171:5
[INFO] [stdout]   31: std::rt::lang_start::<std::process::ExitCode>
[INFO] [stdout]   32: main
[INFO] [stdout]   33: <unknown>
[INFO] [stdout]   34: __libc_start_main
[INFO] [stdout]   35: _start
[INFO] [stdout] Error: "the test returned a termination value with a non-zero status code (1) which indicates a failure"
[INFO] [stdout] 
[INFO] [stdout] 
[INFO] [stdout] ---- src/browser.rs - browser::Browser::search (line 951) stdout ----
[INFO] [stdout] Test executable failed (exit status: 101).
[INFO] [stdout] 
[INFO] [stdout] stderr:
[INFO] [stdout] 
[INFO] [stdout] thread 'main' (6287) panicked at /tmp/rustdoctestquZQX3/doctest_bundle_2024.rs:315:79:
[INFO] [stdout] called `Result::unwrap()` on an `Err` value: Failed to perform search for query 'Rust'
[INFO] [stdout] 
[INFO] [stdout] Caused by:
[INFO] [stdout]     0: Failed to send request to https://api.duckduckgo.com/?q=Rust&kp=1&format=json
[INFO] [stdout]     1: error sending request for url (https://api.duckduckgo.com/?q=Rust&kp=1&format=json)
[INFO] [stdout]     2: client error (Connect)
[INFO] [stdout]     3: dns error
[INFO] [stdout]     4: failed to lookup address information: Temporary failure in name resolution
[INFO] [stdout] 
[INFO] [stdout] Stack backtrace:
[INFO] [stdout]    0: <reqwest::error::Error as anyhow::context::ext::StdError>::ext_context::<alloc::string::String>
[INFO] [stdout]    1: <core::result::Result<reqwest::async_impl::response::Response, reqwest::error::Error> as anyhow::Context<reqwest::async_impl::response::Response, reqwest::error::Error>>::with_context::<alloc::string::String, <duckduckgo::browser::Browser>::get_api_response::{closure#0}::{closure#0}>
[INFO] [stdout]    2: <duckduckgo::browser::Browser>::get_api_response::{closure#0}
[INFO] [stdout]    3: <duckduckgo::browser::Browser>::browse::{closure#0}
[INFO] [stdout]    4: <duckduckgo::browser::Browser>::search::{closure#0}
[INFO] [stdout]    5: doctest_bundle_2024::__doctest_18::main::{closure#0}
[INFO] [stdout]    6: <tokio::runtime::park::CachedParkThread>::block_on::<doctest_bundle_2024::__doctest_18::main::{closure#0}>::{closure#0}
[INFO] [stdout]    7: <tokio::runtime::park::CachedParkThread>::block_on::<doctest_bundle_2024::__doctest_18::main::{closure#0}>
[INFO] [stdout]    8: <tokio::runtime::context::blocking::BlockingRegionGuard>::block_on::<doctest_bundle_2024::__doctest_18::main::{closure#0}>
[INFO] [stdout]    9: <tokio::runtime::scheduler::multi_thread::MultiThread>::block_on::<doctest_bundle_2024::__doctest_18::main::{closure#0}>::{closure#0}
[INFO] [stdout]   10: tokio::runtime::context::runtime::enter_runtime::<<tokio::runtime::scheduler::multi_thread::MultiThread>::block_on<doctest_bundle_2024::__doctest_18::main::{closure#0}>::{closure#0}, ()>
[INFO] [stdout]   11: <tokio::runtime::scheduler::multi_thread::MultiThread>::block_on::<doctest_bundle_2024::__doctest_18::main::{closure#0}>
[INFO] [stdout]   12: <tokio::runtime::runtime::Runtime>::block_on_inner::<doctest_bundle_2024::__doctest_18::main::{closure#0}>
[INFO] [stdout]   13: <tokio::runtime::runtime::Runtime>::block_on::<doctest_bundle_2024::__doctest_18::main::{closure#0}>
[INFO] [stdout]   14: doctest_bundle_2024::__doctest_18::main
[INFO] [stdout]   15: doctest_bundle_2024::__doctest_18::__main_fn
[INFO] [stdout]   16: doctest_runner_2024::__doctest_18::TEST::{closure#0}
[INFO] [stdout]   17: <doctest_runner_2024::__doctest_18::TEST::{closure#0} as core::ops::function::FnOnce<()>>::call_once
[INFO] [stdout]   18: doctest_runner_2024::main
[INFO] [stdout]   19: <fn() -> std::process::ExitCode as core::ops::function::FnOnce<()>>::call_once
[INFO] [stdout]   20: std::sys::backtrace::__rust_begin_short_backtrace::<fn() -> std::process::ExitCode, std::process::ExitCode>
[INFO] [stdout]   21: std::rt::lang_start::<std::process::ExitCode>::{closure#0}
[INFO] [stdout]   22: <&dyn core::ops::function::Fn<(), Output = i32> + core::marker::Sync + core::panic::unwind_safe::RefUnwindSafe as core::ops::function::FnOnce<()>>::call_once
[INFO] [stdout]              at /rustc/e3feeb59cd1bdd011a2bfcc0747b55125d9b8527/library/core/src/ops/function.rs:287:21
[INFO] [stdout]   23: std::panicking::catch_unwind::do_call::<&dyn core::ops::function::Fn<(), Output = i32> + core::marker::Sync + core::panic::unwind_safe::RefUnwindSafe, i32>
[INFO] [stdout]              at /rustc/e3feeb59cd1bdd011a2bfcc0747b55125d9b8527/library/std/src/panicking.rs:573:43
[INFO] [stdout]   24: std::panicking::catch_unwind::<i32, &dyn core::ops::function::Fn<(), Output = i32> + core::marker::Sync + core::panic::unwind_safe::RefUnwindSafe>
[INFO] [stdout]              at /rustc/e3feeb59cd1bdd011a2bfcc0747b55125d9b8527/library/std/src/panicking.rs:541:19
[INFO] [stdout]   25: std::panic::catch_unwind::<&dyn core::ops::function::Fn<(), Output = i32> + core::marker::Sync + core::panic::unwind_safe::RefUnwindSafe, i32>
[INFO] [stdout]              at /rustc/e3feeb59cd1bdd011a2bfcc0747b55125d9b8527/library/std/src/panic.rs:359:14
[INFO] [stdout]   26: std::rt::lang_start_internal::{closure#0}
[INFO] [stdout]              at /rustc/e3feeb59cd1bdd011a2bfcc0747b55125d9b8527/library/std/src/rt.rs:175:24
[INFO] [stdout]   27: std::panicking::catch_unwind::do_call::<std::rt::lang_start_internal::{closure#0}, isize>
[INFO] [stdout]              at /rustc/e3feeb59cd1bdd011a2bfcc0747b55125d9b8527/library/std/src/panicking.rs:573:43
[INFO] [stdout]   28: std::panicking::catch_unwind::<isize, std::rt::lang_start_internal::{closure#0}>
[INFO] [stdout]              at /rustc/e3feeb59cd1bdd011a2bfcc0747b55125d9b8527/library/std/src/panicking.rs:541:19
[INFO] [stdout]   29: std::panic::catch_unwind::<std::rt::lang_start_internal::{closure#0}, isize>
[INFO] [stdout]              at /rustc/e3feeb59cd1bdd011a2bfcc0747b55125d9b8527/library/std/src/panic.rs:359:14
[INFO] [stdout]   30: std::rt::lang_start_internal
[INFO] [stdout]              at /rustc/e3feeb59cd1bdd011a2bfcc0747b55125d9b8527/library/std/src/rt.rs:171:5
[INFO] [stdout]   31: std::rt::lang_start::<std::process::ExitCode>
[INFO] [stdout]   32: main
[INFO] [stdout]   33: <unknown>
[INFO] [stdout]   34: __libc_start_main
[INFO] [stdout]   35: _start
[INFO] [stdout] stack backtrace:
[INFO] [stdout]    0:     0x561f5d5df544 - std[617be2ca0a6fd877]::backtrace_rs::backtrace::libunwind::trace
[INFO] [stdout]                                at /rustc/e3feeb59cd1bdd011a2bfcc0747b55125d9b8527/library/std/src/../../backtrace/src/backtrace/libunwind.rs:117:9
[INFO] [stdout]    1:     0x561f5d5df544 - std[617be2ca0a6fd877]::backtrace_rs::backtrace::trace_unsynchronized::<std[617be2ca0a6fd877]::sys::backtrace::_print_fmt::{closure#1}>
[INFO] [stdout]                                at /rustc/e3feeb59cd1bdd011a2bfcc0747b55125d9b8527/library/std/src/../../backtrace/src/backtrace/mod.rs:66:14
[INFO] [stdout]    2:     0x561f5d5df544 - std[617be2ca0a6fd877]::sys::backtrace::_print_fmt
[INFO] [stdout]                                at /rustc/e3feeb59cd1bdd011a2bfcc0747b55125d9b8527/library/std/src/sys/backtrace.rs:74:9
[INFO] [stdout]    3:     0x561f5d5df544 - <<std[617be2ca0a6fd877]::sys::backtrace::BacktraceLock>::print::DisplayBacktrace as core[a373ad73a504971]::fmt::Display>::fmt
[INFO] [stdout]                                at /rustc/e3feeb59cd1bdd011a2bfcc0747b55125d9b8527/library/std/src/sys/backtrace.rs:44:26
[INFO] [stdout]    4:     0x561f5d0f0f2c - <core[a373ad73a504971]::fmt::rt::Argument>::fmt
[INFO] [stdout]                                at /rustc/e3feeb59cd1bdd011a2bfcc0747b55125d9b8527/library/core/src/fmt/rt.rs:152:76
[INFO] [stdout]    5:     0x561f5d0f0f2c - core[a373ad73a504971]::fmt::write
[INFO] [stdout]                                at /rustc/e3feeb59cd1bdd011a2bfcc0747b55125d9b8527/library/core/src/fmt/mod.rs:1687:22
[INFO] [stdout]    6:     0x561f5d5eb0cb - core[a373ad73a504971]::io::write::default_write_fmt::<std[617be2ca0a6fd877]::sys::stdio::unix::Stderr>
[INFO] [stdout]                                at /rustc/e3feeb59cd1bdd011a2bfcc0747b55125d9b8527/library/core/src/io/write.rs:402:11
[INFO] [stdout]    7:     0x561f5d5eb0cb - <std[617be2ca0a6fd877]::sys::stdio::unix::Stderr as core[a373ad73a504971]::io::write::Write>::write_fmt
[INFO] [stdout]                                at /rustc/e3feeb59cd1bdd011a2bfcc0747b55125d9b8527/library/core/src/io/write.rs:335:13
[INFO] [stdout]    8:     0x561f5d58c248 - <std[617be2ca0a6fd877]::sys::backtrace::BacktraceLock>::print
[INFO] [stdout]                                at /rustc/e3feeb59cd1bdd011a2bfcc0747b55125d9b8527/library/std/src/sys/backtrace.rs:47:9
[INFO] [stdout]    9:     0x561f5d58c248 - std[617be2ca0a6fd877]::panicking::default_hook::{closure#0}
[INFO] [stdout]                                at /rustc/e3feeb59cd1bdd011a2bfcc0747b55125d9b8527/library/std/src/panicking.rs:289:27
[INFO] [stdout]   10:     0x561f5d5cf0df - std[617be2ca0a6fd877]::panicking::default_hook
[INFO] [stdout]                                at /rustc/e3feeb59cd1bdd011a2bfcc0747b55125d9b8527/library/std/src/panicking.rs:316:9
[INFO] [stdout]   11:     0x561f5d5cf86e - std[617be2ca0a6fd877]::panicking::panic_with_hook
[INFO] [stdout]                                at /rustc/e3feeb59cd1bdd011a2bfcc0747b55125d9b8527/library/std/src/panicking.rs:811:13
[INFO] [stdout]   12:     0x561f5d58c35f - std[617be2ca0a6fd877]::panicking::panic_handler::{closure#0}
[INFO] [stdout]                                at /rustc/e3feeb59cd1bdd011a2bfcc0747b55125d9b8527/library/std/src/panicking.rs:685:13
[INFO] [stdout]   13:     0x561f5d57a0b9 - std[617be2ca0a6fd877]::sys::backtrace::__rust_end_short_backtrace::<std[617be2ca0a6fd877]::panicking::panic_handler::{closure#0}, !>
[INFO] [stdout]                                at /rustc/e3feeb59cd1bdd011a2bfcc0747b55125d9b8527/library/std/src/sys/backtrace.rs:182:18
[INFO] [stdout]   14:     0x561f5d58de55 - __rustc[ea4f61d10b84890b]::rust_begin_unwind
[INFO] [stdout]                                at /rustc/e3feeb59cd1bdd011a2bfcc0747b55125d9b8527/library/std/src/panicking.rs:676:5
[INFO] [stdout]   15:     0x561f5d0f20fe - core[a373ad73a504971]::panicking::panic_fmt
[INFO] [stdout]                                at /rustc/e3feeb59cd1bdd011a2bfcc0747b55125d9b8527/library/core/src/panicking.rs:80:14
[INFO] [stdout]   16:     0x561f5d0f1d6a - core[a373ad73a504971]::result::unwrap_failed
[INFO] [stdout]                                at /rustc/e3feeb59cd1bdd011a2bfcc0747b55125d9b8527/library/core/src/result.rs:1870:5
[INFO] [stdout]   17:     0x561f5d1c5b05 - doctest_bundle_2024[8cc95805e96201d2]::__doctest_18::main::{closure#0}
[INFO] [stdout]   18:     0x561f5d19a707 - <tokio[b36299ba6410d33e]::runtime::park::CachedParkThread>::block_on::<doctest_bundle_2024[8cc95805e96201d2]::__doctest_18::main::{closure#0}>::{closure#0}
[INFO] [stdout]   19:     0x561f5d14264a - <tokio[b36299ba6410d33e]::runtime::park::CachedParkThread>::block_on::<doctest_bundle_2024[8cc95805e96201d2]::__doctest_18::main::{closure#0}>
[INFO] [stdout]   20:     0x561f5d1191e3 - <tokio[b36299ba6410d33e]::runtime::context::blocking::BlockingRegionGuard>::block_on::<doctest_bundle_2024[8cc95805e96201d2]::__doctest_18::main::{closure#0}>
[INFO] [stdout]   21:     0x561f5d19089f - <tokio[b36299ba6410d33e]::runtime::scheduler::multi_thread::MultiThread>::block_on::<doctest_bundle_2024[8cc95805e96201d2]::__doctest_18::main::{closure#0}>::{closure#0}
[INFO] [stdout]   22:     0x561f5d15dfef - tokio[b36299ba6410d33e]::runtime::context::runtime::enter_runtime::<<tokio[b36299ba6410d33e]::runtime::scheduler::multi_thread::MultiThread>::block_on<doctest_bundle_2024[8cc95805e96201d2]::__doctest_18::main::{closure#0}>::{closure#0}, ()>
[INFO] [stdout]   23:     0x561f5d119974 - <tokio[b36299ba6410d33e]::runtime::scheduler::multi_thread::MultiThread>::block_on::<doctest_bundle_2024[8cc95805e96201d2]::__doctest_18::main::{closure#0}>
[INFO] [stdout]   24:     0x561f5d112665 - <tokio[b36299ba6410d33e]::runtime::runtime::Runtime>::block_on_inner::<doctest_bundle_2024[8cc95805e96201d2]::__doctest_18::main::{closure#0}>
[INFO] [stdout]   25:     0x561f5d114cb2 - <tokio[b36299ba6410d33e]::runtime::runtime::Runtime>::block_on::<doctest_bundle_2024[8cc95805e96201d2]::__doctest_18::main::{closure#0}>
[INFO] [stdout]   26:     0x561f5d1d0842 - doctest_bundle_2024[8cc95805e96201d2]::__doctest_18::main
[INFO] [stdout]   27:     0x561f5d1d08d6 - doctest_bundle_2024[8cc95805e96201d2]::__doctest_18::__main_fn
[INFO] [stdout]   28:     0x561f5d1de3b1 - doctest_runner_2024[a5234fb354d81c5]::__doctest_18::TEST::{closure#0}
[INFO] [stdout]   29:     0x561f5d1e1fe6 - <doctest_runner_2024[a5234fb354d81c5]::__doctest_18::TEST::{closure#0} as core[a373ad73a504971]::ops::function::FnOnce<()>>::call_once
[INFO] [stdout]   30:     0x561f5d1deeda - doctest_runner_2024[a5234fb354d81c5]::main
[INFO] [stdout]   31:     0x561f5d1e1d33 - <fn() -> std[617be2ca0a6fd877]::process::ExitCode as core[a373ad73a504971]::ops::function::FnOnce<()>>::call_once
[INFO] [stdout]   32:     0x561f5d1dd3ee - std[617be2ca0a6fd877]::sys::backtrace::__rust_begin_short_backtrace::<fn() -> std[617be2ca0a6fd877]::process::ExitCode, std[617be2ca0a6fd877]::process::ExitCode>
[INFO] [stdout]   33:     0x561f5d1dd8e9 - std[617be2ca0a6fd877]::rt::lang_start::<std[617be2ca0a6fd877]::process::ExitCode>::{closure#0}
[INFO] [stdout]   34:     0x561f5d5cd46b - <&dyn core[a373ad73a504971]::ops::function::Fn<(), Output = i32> + core[a373ad73a504971]::marker::Sync + core[a373ad73a504971]::panic::unwind_safe::RefUnwindSafe as core[a373ad73a504971]::ops::function::FnOnce<()>>::call_once
[INFO] [stdout]                                at /rustc/e3feeb59cd1bdd011a2bfcc0747b55125d9b8527/library/core/src/ops/function.rs:287:21
[INFO] [stdout]   35:     0x561f5d5cd46b - std[617be2ca0a6fd877]::panicking::catch_unwind::do_call::<&dyn core[a373ad73a504971]::ops::function::Fn<(), Output = i32> + core[a373ad73a504971]::marker::Sync + core[a373ad73a504971]::panic::unwind_safe::RefUnwindSafe, i32>
[INFO] [stdout]                                at /rustc/e3feeb59cd1bdd011a2bfcc0747b55125d9b8527/library/std/src/panicking.rs:573:43
[INFO] [stdout]   36:     0x561f5d5cd46b - std[617be2ca0a6fd877]::panicking::catch_unwind::<i32, &dyn core[a373ad73a504971]::ops::function::Fn<(), Output = i32> + core[a373ad73a504971]::marker::Sync + core[a373ad73a504971]::panic::unwind_safe::RefUnwindSafe>
[INFO] [stdout]                                at /rustc/e3feeb59cd1bdd011a2bfcc0747b55125d9b8527/library/std/src/panicking.rs:541:19
[INFO] [stdout]   37:     0x561f5d5cd46b - std[617be2ca0a6fd877]::panic::catch_unwind::<&dyn core[a373ad73a504971]::ops::function::Fn<(), Output = i32> + core[a373ad73a504971]::marker::Sync + core[a373ad73a504971]::panic::unwind_safe::RefUnwindSafe, i32>
[INFO] [stdout]                                at /rustc/e3feeb59cd1bdd011a2bfcc0747b55125d9b8527/library/std/src/panic.rs:359:14
[INFO] [stdout]   38:     0x561f5d5cd46b - std[617be2ca0a6fd877]::rt::lang_start_internal::{closure#0}
[INFO] [stdout]                                at /rustc/e3feeb59cd1bdd011a2bfcc0747b55125d9b8527/library/std/src/rt.rs:175:24
[INFO] [stdout]   39:     0x561f5d5cd46b - std[617be2ca0a6fd877]::panicking::catch_unwind::do_call::<std[617be2ca0a6fd877]::rt::lang_start_internal::{closure#0}, isize>
[INFO] [stdout]                                at /rustc/e3feeb59cd1bdd011a2bfcc0747b55125d9b8527/library/std/src/panicking.rs:573:43
[INFO] [stdout]   40:     0x561f5d5cd46b - std[617be2ca0a6fd877]::panicking::catch_unwind::<isize, std[617be2ca0a6fd877]::rt::lang_start_internal::{closure#0}>
[INFO] [stdout]                                at /rustc/e3feeb59cd1bdd011a2bfcc0747b55125d9b8527/library/std/src/panicking.rs:541:19
[INFO] [stdout]   41:     0x561f5d5cd46b - std[617be2ca0a6fd877]::panic::catch_unwind::<std[617be2ca0a6fd877]::rt::lang_start_internal::{closure#0}, isize>
[INFO] [stdout]                                at /rustc/e3feeb59cd1bdd011a2bfcc0747b55125d9b8527/library/std/src/panic.rs:359:14
[INFO] [stdout]   42:     0x561f5d5cd46b - std[617be2ca0a6fd877]::rt::lang_start_internal
[INFO] [stdout]                                at /rustc/e3feeb59cd1bdd011a2bfcc0747b55125d9b8527/library/std/src/rt.rs:171:5
[INFO] [stdout]   43:     0x561f5d1dcb21 - std[617be2ca0a6fd877]::rt::lang_start::<std[617be2ca0a6fd877]::process::ExitCode>
[INFO] [stdout]   44:     0x561f5d1e2225 - main
[INFO] [stdout]   45:     0x7cdd5a979601 - <unknown>
[INFO] [stdout]   46:     0x7cdd5a979718 - __libc_start_main
[INFO] [stdout]   47:     0x561f5d077825 - _start
[INFO] [stdout]   48:                0x0 - <unknown>
[INFO] [stdout] 
[INFO] [stdout] 
[INFO] [stdout] ---- src/browser.rs - browser::Browser::search_operators (line 1032) stdout ----
[INFO] [stdout] Test executable failed (exit status: 101).
[INFO] [stdout] 
[INFO] [stdout] stderr:
[INFO] [stdout] 
[INFO] [stdout] thread 'main' (6320) panicked at /tmp/rustdoctestquZQX3/doctest_bundle_2024.rs:328:104:
[INFO] [stdout] called `Result::unwrap()` on an `Err` value: Failed to perform operator search for query 'Rust'
[INFO] [stdout] 
[INFO] [stdout] Caused by:
[INFO] [stdout]     0: Failed to send request to https://api.duckduckgo.com/?q=Rust&site:github.com&kp=1&format=json
[INFO] [stdout]     1: error sending request for url (https://api.duckduckgo.com/?q=Rust&site:github.com&kp=1&format=json)
[INFO] [stdout]     2: client error (Connect)
[INFO] [stdout]     3: dns error
[INFO] [stdout]     4: failed to lookup address information: Temporary failure in name resolution
[INFO] [stdout] 
[INFO] [stdout] Stack backtrace:
[INFO] [stdout]    0: <reqwest::error::Error as anyhow::context::ext::StdError>::ext_context::<alloc::string::String>
[INFO] [stdout]    1: <core::result::Result<reqwest::async_impl::response::Response, reqwest::error::Error> as anyhow::Context<reqwest::async_impl::response::Response, reqwest::error::Error>>::with_context::<alloc::string::String, <duckduckgo::browser::Browser>::get_api_response::{closure#0}::{closure#0}>
[INFO] [stdout]    2: <duckduckgo::browser::Browser>::get_api_response::{closure#0}
[INFO] [stdout]    3: <duckduckgo::browser::Browser>::browse::{closure#0}
[INFO] [stdout]    4: <duckduckgo::browser::Browser>::search_operators::{closure#0}
[INFO] [stdout]    5: doctest_bundle_2024::__doctest_19::main::{closure#0}
[INFO] [stdout]    6: <tokio::runtime::park::CachedParkThread>::block_on::<doctest_bundle_2024::__doctest_19::main::{closure#0}>::{closure#0}
[INFO] [stdout]    7: <tokio::runtime::park::CachedParkThread>::block_on::<doctest_bundle_2024::__doctest_19::main::{closure#0}>
[INFO] [stdout]    8: <tokio::runtime::context::blocking::BlockingRegionGuard>::block_on::<doctest_bundle_2024::__doctest_19::main::{closure#0}>
[INFO] [stdout]    9: <tokio::runtime::scheduler::multi_thread::MultiThread>::block_on::<doctest_bundle_2024::__doctest_19::main::{closure#0}>::{closure#0}
[INFO] [stdout]   10: tokio::runtime::context::runtime::enter_runtime::<<tokio::runtime::scheduler::multi_thread::MultiThread>::block_on<doctest_bundle_2024::__doctest_19::main::{closure#0}>::{closure#0}, ()>
[INFO] [stdout]   11: <tokio::runtime::scheduler::multi_thread::MultiThread>::block_on::<doctest_bundle_2024::__doctest_19::main::{closure#0}>
[INFO] [stdout]   12: <tokio::runtime::runtime::Runtime>::block_on_inner::<doctest_bundle_2024::__doctest_19::main::{closure#0}>
[INFO] [stdout]   13: <tokio::runtime::runtime::Runtime>::block_on::<doctest_bundle_2024::__doctest_19::main::{closure#0}>
[INFO] [stdout]   14: doctest_bundle_2024::__doctest_19::main
[INFO] [stdout]   15: doctest_bundle_2024::__doctest_19::__main_fn
[INFO] [stdout]   16: doctest_runner_2024::__doctest_19::TEST::{closure#0}
[INFO] [stdout]   17: <doctest_runner_2024::__doctest_19::TEST::{closure#0} as core::ops::function::FnOnce<()>>::call_once
[INFO] [stdout]   18: doctest_runner_2024::main
[INFO] [stdout]   19: <fn() -> std::process::ExitCode as core::ops::function::FnOnce<()>>::call_once
[INFO] [stdout]   20: std::sys::backtrace::__rust_begin_short_backtrace::<fn() -> std::process::ExitCode, std::process::ExitCode>
[INFO] [stdout]   21: std::rt::lang_start::<std::process::ExitCode>::{closure#0}
[INFO] [stdout]   22: <&dyn core::ops::function::Fn<(), Output = i32> + core::marker::Sync + core::panic::unwind_safe::RefUnwindSafe as core::ops::function::FnOnce<()>>::call_once
[INFO] [stdout]              at /rustc/e3feeb59cd1bdd011a2bfcc0747b55125d9b8527/library/core/src/ops/function.rs:287:21
[INFO] [stdout]   23: std::panicking::catch_unwind::do_call::<&dyn core::ops::function::Fn<(), Output = i32> + core::marker::Sync + core::panic::unwind_safe::RefUnwindSafe, i32>
[INFO] [stdout]              at /rustc/e3feeb59cd1bdd011a2bfcc0747b55125d9b8527/library/std/src/panicking.rs:573:43
[INFO] [stdout]   24: std::panicking::catch_unwind::<i32, &dyn core::ops::function::Fn<(), Output = i32> + core::marker::Sync + core::panic::unwind_safe::RefUnwindSafe>
[INFO] [stdout]              at /rustc/e3feeb59cd1bdd011a2bfcc0747b55125d9b8527/library/std/src/panicking.rs:541:19
[INFO] [stdout]   25: std::panic::catch_unwind::<&dyn core::ops::function::Fn<(), Output = i32> + core::marker::Sync + core::panic::unwind_safe::RefUnwindSafe, i32>
[INFO] [stdout]              at /rustc/e3feeb59cd1bdd011a2bfcc0747b55125d9b8527/library/std/src/panic.rs:359:14
[INFO] [stdout]   26: std::rt::lang_start_internal::{closure#0}
[INFO] [stdout]              at /rustc/e3feeb59cd1bdd011a2bfcc0747b55125d9b8527/library/std/src/rt.rs:175:24
[INFO] [stdout]   27: std::panicking::catch_unwind::do_call::<std::rt::lang_start_internal::{closure#0}, isize>
[INFO] [stdout]              at /rustc/e3feeb59cd1bdd011a2bfcc0747b55125d9b8527/library/std/src/panicking.rs:573:43
[INFO] [stdout]   28: std::panicking::catch_unwind::<isize, std::rt::lang_start_internal::{closure#0}>
[INFO] [stdout]              at /rustc/e3feeb59cd1bdd011a2bfcc0747b55125d9b8527/library/std/src/panicking.rs:541:19
[INFO] [stdout]   29: std::panic::catch_unwind::<std::rt::lang_start_internal::{closure#0}, isize>
[INFO] [stdout]              at /rustc/e3feeb59cd1bdd011a2bfcc0747b55125d9b8527/library/std/src/panic.rs:359:14
[INFO] [stdout]   30: std::rt::lang_start_internal
[INFO] [stdout]              at /rustc/e3feeb59cd1bdd011a2bfcc0747b55125d9b8527/library/std/src/rt.rs:171:5
[INFO] [stdout]   31: std::rt::lang_start::<std::process::ExitCode>
[INFO] [stdout]   32: main
[INFO] [stdout]   33: <unknown>
[INFO] [stdout]   34: __libc_start_main
[INFO] [stdout]   35: _start
[INFO] [stdout] stack backtrace:
[INFO] [stdout]    0:     0x63952f38d544 - std[617be2ca0a6fd877]::backtrace_rs::backtrace::libunwind::trace
[INFO] [stdout]                                at /rustc/e3feeb59cd1bdd011a2bfcc0747b55125d9b8527/library/std/src/../../backtrace/src/backtrace/libunwind.rs:117:9
[INFO] [stdout]    1:     0x63952f38d544 - std[617be2ca0a6fd877]::backtrace_rs::backtrace::trace_unsynchronized::<std[617be2ca0a6fd877]::sys::backtrace::_print_fmt::{closure#1}>
[INFO] [stdout]                                at /rustc/e3feeb59cd1bdd011a2bfcc0747b55125d9b8527/library/std/src/../../backtrace/src/backtrace/mod.rs:66:14
[INFO] [stdout]    2:     0x63952f38d544 - std[617be2ca0a6fd877]::sys::backtrace::_print_fmt
[INFO] [stdout]                                at /rustc/e3feeb59cd1bdd011a2bfcc0747b55125d9b8527/library/std/src/sys/backtrace.rs:74:9
[INFO] [stdout]    3:     0x63952f38d544 - <<std[617be2ca0a6fd877]::sys::backtrace::BacktraceLock>::print::DisplayBacktrace as core[a373ad73a504971]::fmt::Display>::fmt
[INFO] [stdout]                                at /rustc/e3feeb59cd1bdd011a2bfcc0747b55125d9b8527/library/std/src/sys/backtrace.rs:44:26
[INFO] [stdout]    4:     0x63952ee9ef2c - <core[a373ad73a504971]::fmt::rt::Argument>::fmt
[INFO] [stdout]                                at /rustc/e3feeb59cd1bdd011a2bfcc0747b55125d9b8527/library/core/src/fmt/rt.rs:152:76
[INFO] [stdout]    5:     0x63952ee9ef2c - core[a373ad73a504971]::fmt::write
[INFO] [stdout]                                at /rustc/e3feeb59cd1bdd011a2bfcc0747b55125d9b8527/library/core/src/fmt/mod.rs:1687:22
[INFO] [stdout]    6:     0x63952f3990cb - core[a373ad73a504971]::io::write::default_write_fmt::<std[617be2ca0a6fd877]::sys::stdio::unix::Stderr>
[INFO] [stdout]                                at /rustc/e3feeb59cd1bdd011a2bfcc0747b55125d9b8527/library/core/src/io/write.rs:402:11
[INFO] [stdout]    7:     0x63952f3990cb - <std[617be2ca0a6fd877]::sys::stdio::unix::Stderr as core[a373ad73a504971]::io::write::Write>::write_fmt
[INFO] [stdout]                                at /rustc/e3feeb59cd1bdd011a2bfcc0747b55125d9b8527/library/core/src/io/write.rs:335:13
[INFO] [stdout]    8:     0x63952f33a248 - <std[617be2ca0a6fd877]::sys::backtrace::BacktraceLock>::print
[INFO] [stdout]                                at /rustc/e3feeb59cd1bdd011a2bfcc0747b55125d9b8527/library/std/src/sys/backtrace.rs:47:9
[INFO] [stdout]    9:     0x63952f33a248 - std[617be2ca0a6fd877]::panicking::default_hook::{closure#0}
[INFO] [stdout]                                at /rustc/e3feeb59cd1bdd011a2bfcc0747b55125d9b8527/library/std/src/panicking.rs:289:27
[INFO] [stdout]   10:     0x63952f37d0df - std[617be2ca0a6fd877]::panicking::default_hook
[INFO] [stdout]                                at /rustc/e3feeb59cd1bdd011a2bfcc0747b55125d9b8527/library/std/src/panicking.rs:316:9
[INFO] [stdout]   11:     0x63952f37d86e - std[617be2ca0a6fd877]::panicking::panic_with_hook
[INFO] [stdout]                                at /rustc/e3feeb59cd1bdd011a2bfcc0747b55125d9b8527/library/std/src/panicking.rs:811:13
[INFO] [stdout]   12:     0x63952f33a35f - std[617be2ca0a6fd877]::panicking::panic_handler::{closure#0}
[INFO] [stdout]                                at /rustc/e3feeb59cd1bdd011a2bfcc0747b55125d9b8527/library/std/src/panicking.rs:685:13
[INFO] [stdout]   13:     0x63952f3280b9 - std[617be2ca0a6fd877]::sys::backtrace::__rust_end_short_backtrace::<std[617be2ca0a6fd877]::panicking::panic_handler::{closure#0}, !>
[INFO] [stdout]                                at /rustc/e3feeb59cd1bdd011a2bfcc0747b55125d9b8527/library/std/src/sys/backtrace.rs:182:18
[INFO] [stdout]   14:     0x63952f33be55 - __rustc[ea4f61d10b84890b]::rust_begin_unwind
[INFO] [stdout]                                at /rustc/e3feeb59cd1bdd011a2bfcc0747b55125d9b8527/library/std/src/panicking.rs:676:5
[INFO] [stdout]   15:     0x63952eea00fe - core[a373ad73a504971]::panicking::panic_fmt
[INFO] [stdout]                                at /rustc/e3feeb59cd1bdd011a2bfcc0747b55125d9b8527/library/core/src/panicking.rs:80:14
[INFO] [stdout]   16:     0x63952ee9fd6a - core[a373ad73a504971]::result::unwrap_failed
[INFO] [stdout]                                at /rustc/e3feeb59cd1bdd011a2bfcc0747b55125d9b8527/library/core/src/result.rs:1870:5
[INFO] [stdout]   17:     0x63952ef73e4d - doctest_bundle_2024[8cc95805e96201d2]::__doctest_19::main::{closure#0}
[INFO] [stdout]   18:     0x63952ef48727 - <tokio[b36299ba6410d33e]::runtime::park::CachedParkThread>::block_on::<doctest_bundle_2024[8cc95805e96201d2]::__doctest_19::main::{closure#0}>::{closure#0}
[INFO] [stdout]   19:     0x63952eef097a - <tokio[b36299ba6410d33e]::runtime::park::CachedParkThread>::block_on::<doctest_bundle_2024[8cc95805e96201d2]::__doctest_19::main::{closure#0}>
[INFO] [stdout]   20:     0x63952eec7293 - <tokio[b36299ba6410d33e]::runtime::context::blocking::BlockingRegionGuard>::block_on::<doctest_bundle_2024[8cc95805e96201d2]::__doctest_19::main::{closure#0}>
[INFO] [stdout]   21:     0x63952ef3e8ff - <tokio[b36299ba6410d33e]::runtime::scheduler::multi_thread::MultiThread>::block_on::<doctest_bundle_2024[8cc95805e96201d2]::__doctest_19::main::{closure#0}>::{closure#0}
[INFO] [stdout]   22:     0x63952ef0c15f - tokio[b36299ba6410d33e]::runtime::context::runtime::enter_runtime::<<tokio[b36299ba6410d33e]::runtime::scheduler::multi_thread::MultiThread>::block_on<doctest_bundle_2024[8cc95805e96201d2]::__doctest_19::main::{closure#0}>::{closure#0}, ()>
[INFO] [stdout]   23:     0x63952eec79c4 - <tokio[b36299ba6410d33e]::runtime::scheduler::multi_thread::MultiThread>::block_on::<doctest_bundle_2024[8cc95805e96201d2]::__doctest_19::main::{closure#0}>
[INFO] [stdout]   24:     0x63952eec07f5 - <tokio[b36299ba6410d33e]::runtime::runtime::Runtime>::block_on_inner::<doctest_bundle_2024[8cc95805e96201d2]::__doctest_19::main::{closure#0}>
[INFO] [stdout]   25:     0x63952eec2f02 - <tokio[b36299ba6410d33e]::runtime::runtime::Runtime>::block_on::<doctest_bundle_2024[8cc95805e96201d2]::__doctest_19::main::{closure#0}>
[INFO] [stdout]   26:     0x63952ef7ea32 - doctest_bundle_2024[8cc95805e96201d2]::__doctest_19::main
[INFO] [stdout]   27:     0x63952ef7eac6 - doctest_bundle_2024[8cc95805e96201d2]::__doctest_19::__main_fn
[INFO] [stdout]   28:     0x63952ef8c431 - doctest_runner_2024[a5234fb354d81c5]::__doctest_19::TEST::{closure#0}
[INFO] [stdout]   29:     0x63952ef90006 - <doctest_runner_2024[a5234fb354d81c5]::__doctest_19::TEST::{closure#0} as core[a373ad73a504971]::ops::function::FnOnce<()>>::call_once
[INFO] [stdout]   30:     0x63952ef8ceda - doctest_runner_2024[a5234fb354d81c5]::main
[INFO] [stdout]   31:     0x63952ef8fd33 - <fn() -> std[617be2ca0a6fd877]::process::ExitCode as core[a373ad73a504971]::ops::function::FnOnce<()>>::call_once
[INFO] [stdout]   32:     0x63952ef8b3ee - std[617be2ca0a6fd877]::sys::backtrace::__rust_begin_short_backtrace::<fn() -> std[617be2ca0a6fd877]::process::ExitCode, std[617be2ca0a6fd877]::process::ExitCode>
[INFO] [stdout]   33:     0x63952ef8b8e9 - std[617be2ca0a6fd877]::rt::lang_start::<std[617be2ca0a6fd877]::process::ExitCode>::{closure#0}
[INFO] [stdout]   34:     0x63952f37b46b - <&dyn core[a373ad73a504971]::ops::function::Fn<(), Output = i32> + core[a373ad73a504971]::marker::Sync + core[a373ad73a504971]::panic::unwind_safe::RefUnwindSafe as core[a373ad73a504971]::ops::function::FnOnce<()>>::call_once
[INFO] [stdout]                                at /rustc/e3feeb59cd1bdd011a2bfcc0747b55125d9b8527/library/core/src/ops/function.rs:287:21
[INFO] [stdout]   35:     0x63952f37b46b - std[617be2ca0a6fd877]::panicking::catch_unwind::do_call::<&dyn core[a373ad73a504971]::ops::function::Fn<(), Output = i32> + core[a373ad73a504971]::marker::Sync + core[a373ad73a504971]::panic::unwind_safe::RefUnwindSafe, i32>
[INFO] [stdout]                                at /rustc/e3feeb59cd1bdd011a2bfcc0747b55125d9b8527/library/std/src/panicking.rs:573:43
[INFO] [stdout]   36:     0x63952f37b46b - std[617be2ca0a6fd877]::panicking::catch_unwind::<i32, &dyn core[a373ad73a504971]::ops::function::Fn<(), Output = i32> + core[a373ad73a504971]::marker::Sync + core[a373ad73a504971]::panic::unwind_safe::RefUnwindSafe>
[INFO] [stdout]                                at /rustc/e3feeb59cd1bdd011a2bfcc0747b55125d9b8527/library/std/src/panicking.rs:541:19
[INFO] [stdout]   37:     0x63952f37b46b - std[617be2ca0a6fd877]::panic::catch_unwind::<&dyn core[a373ad73a504971]::ops::function::Fn<(), Output = i32> + core[a373ad73a504971]::marker::Sync + core[a373ad73a504971]::panic::unwind_safe::RefUnwindSafe, i32>
[INFO] [stdout]                                at /rustc/e3feeb59cd1bdd011a2bfcc0747b55125d9b8527/library/std/src/panic.rs:359:14
[INFO] [stdout]   38:     0x63952f37b46b - std[617be2ca0a6fd877]::rt::lang_start_internal::{closure#0}
[INFO] [stdout]                                at /rustc/e3feeb59cd1bdd011a2bfcc0747b55125d9b8527/library/std/src/rt.rs:175:24
[INFO] [stdout]   39:     0x63952f37b46b - std[617be2ca0a6fd877]::panicking::catch_unwind::do_call::<std[617be2ca0a6fd877]::rt::lang_start_internal::{closure#0}, isize>
[INFO] [stdout]                                at /rustc/e3feeb59cd1bdd011a2bfcc0747b55125d9b8527/library/std/src/panicking.rs:573:43
[INFO] [stdout]   40:     0x63952f37b46b - std[617be2ca0a6fd877]::panicking::catch_unwind::<isize, std[617be2ca0a6fd877]::rt::lang_start_internal::{closure#0}>
[INFO] [stdout]                                at /rustc/e3feeb59cd1bdd011a2bfcc0747b55125d9b8527/library/std/src/panicking.rs:541:19
[INFO] [stdout]   41:     0x63952f37b46b - std[617be2ca0a6fd877]::panic::catch_unwind::<std[617be2ca0a6fd877]::rt::lang_start_internal::{closure#0}, isize>
[INFO] [stdout]                                at /rustc/e3feeb59cd1bdd011a2bfcc0747b55125d9b8527/library/std/src/panic.rs:359:14
[INFO] [stdout]   42:     0x63952f37b46b - std[617be2ca0a6fd877]::rt::lang_start_internal
[INFO] [stdout]                                at /rustc/e3feeb59cd1bdd011a2bfcc0747b55125d9b8527/library/std/src/rt.rs:171:5
[INFO] [stdout]   43:     0x63952ef8ab21 - std[617be2ca0a6fd877]::rt::lang_start::<std[617be2ca0a6fd877]::process::ExitCode>
[INFO] [stdout]   44:     0x63952ef90225 - main
[INFO] [stdout]   45:     0x74a04e0dc601 - <unknown>
[INFO] [stdout]   46:     0x74a04e0dc718 - __libc_start_main
[INFO] [stdout]   47:     0x63952ee25825 - _start
[INFO] [stdout]   48:                0x0 - <unknown>
[INFO] [stdout] 
[INFO] [stdout] 
[INFO] [stdout] 
[INFO] [stdout] failures:
[INFO] [stdout]     src/browser.rs - browser (line 148)
[INFO] [stdout]     src/browser.rs - browser (line 162)
[INFO] [stdout]     src/browser.rs - browser (line 186)
[INFO] [stdout]     src/browser.rs - browser (line 205)
[INFO] [stdout]     src/browser.rs - browser (line 224)
[INFO] [stdout]     src/browser.rs - browser (line 243)
[INFO] [stdout]     src/browser.rs - browser (line 280)
[INFO] [stdout]     src/browser.rs - browser::Browser::advanced_search (line 991)
[INFO] [stdout]     src/browser.rs - browser::Browser::browse (line 625)
[INFO] [stdout]     src/browser.rs - browser::Browser::get_vqd (line 311)
[INFO] [stdout]     src/browser.rs - browser::Browser::images (line 436)
[INFO] [stdout]     src/browser.rs - browser::Browser::lite_search (line 358)
[INFO] [stdout]     src/browser.rs - browser::Browser::news (line 524)
[INFO] [stdout]     src/browser.rs - browser::Browser::request (line 267)
[INFO] [stdout]     src/browser.rs - browser::Browser::search (line 951)
[INFO] [stdout]     src/browser.rs - browser::Browser::search_operators (line 1032)
[INFO] [stdout] 
[INFO] [stdout] test result: FAILED. 14 passed; 16 failed; 0 ignored; 0 measured; 0 filtered out; finished in 0.69s
[INFO] [stdout] 
[INFO] [stdout] all doctests ran in 11.12s; merged doctests compilation took 10.41s
[INFO] [stderr] error: doctest failed, to rerun pass `--doc`
[INFO] running `Command { std: "docker" "inspect" "b3b60cfde12530f3075e932a5a051443e24f575d432a884c964e34150b37d3d8", kill_on_drop: false }`
[INFO] running `Command { std: "docker" "rm" "-f" "b3b60cfde12530f3075e932a5a051443e24f575d432a884c964e34150b37d3d8", kill_on_drop: false }`
[INFO] [stdout] b3b60cfde12530f3075e932a5a051443e24f575d432a884c964e34150b37d3d8
