[INFO] fetching crate duca 0.1.0...
[INFO] testing duca-0.1.0 against 1.99.0-beta.8+cargoflags=--release for beta-release-1.100-2
[INFO] extracting crate duca 0.1.0 into /workspace/builds/worker-5-tc1/source
[INFO] started tweaking crates.io crate duca 0.1.0
[INFO] removed 0 missing tests
[INFO] finished tweaking crates.io crate duca 0.1.0
[INFO] tweaked toml for crates.io crate duca 0.1.0 written to /workspace/builds/worker-5-tc1/source/Cargo.toml
[INFO] validating manifest of crates.io crate duca 0.1.0 on toolchain 1.99.0-beta.8
[INFO] running `Command { std: CARGO_HOME="/workspace/cargo-home" RUSTUP_HOME="/workspace/rustup-home" "/workspace/cargo-home/bin/cargo" "+1.99.0-beta.8" "metadata" "--manifest-path" "Cargo.toml" "--no-deps", kill_on_drop: false }`
[INFO] crate crates.io crate duca 0.1.0 already has a lockfile, it will not be regenerated
[INFO] running `Command { std: CARGO_HOME="/workspace/cargo-home" RUSTUP_HOME="/workspace/rustup-home" "/workspace/cargo-home/bin/cargo" "+1.99.0-beta.8" "fetch" "--manifest-path" "Cargo.toml", kill_on_drop: false }`
[INFO] [stderr]  Downloading crates ...
[INFO] [stderr]   Downloaded syn v2.0.103
[INFO] [stderr]   Downloaded libc v0.2.173
[INFO] running `Command { std: "docker" "create" "-v" "/var/lib/crater-agent-workspace/builds/worker-5-tc1/source:/opt/rustwide/workdir:ro,Z" "-v" "/var/lib/crater-agent-workspace/builds/worker-5-tc1/target:/opt/rustwide/target:rw,Z" "-v" "/var/lib/crater-agent-workspace/cargo-home:/opt/rustwide/cargo-home:ro,Z" "-v" "/var/lib/crater-agent-workspace/rustup-home:/opt/rustwide/rustup-home:ro,Z" "-m" "1610612736" "--network" "none" "ghcr.io/rust-lang/crates-build-env/linux@sha256:77db811e55d90add9212f6832c23229e3de5f1c1f9905e8cb07319ea15df73ac" "sleep" "infinity", kill_on_drop: false }`
[INFO] [stdout] 65e41fdbfc5fc4c306293dc9810d3a70010cf72ff3503c41260251142c422462
[INFO] running `Command { std: "docker" "start" "65e41fdbfc5fc4c306293dc9810d3a70010cf72ff3503c41260251142c422462", kill_on_drop: false }`
[INFO] running `Command { std: "docker" "inspect" "65e41fdbfc5fc4c306293dc9810d3a70010cf72ff3503c41260251142c422462", kill_on_drop: false }`
[INFO] running `Command { std: "docker" "exec" "-e" "SOURCE_DIR=/opt/rustwide/workdir" "-e" "CARGO_HOME=/opt/rustwide/cargo-home" "-e" "RUSTUP_HOME=/opt/rustwide/rustup-home" "-e" "CARGO_TARGET_DIR=/opt/rustwide/target" "-w" "/opt/rustwide/workdir" "--user" "0:0" "65e41fdbfc5fc4c306293dc9810d3a70010cf72ff3503c41260251142c422462" "/opt/rustwide/cargo-home/bin/cargo" "+1.99.0-beta.8" "metadata" "--no-deps" "--format-version=1", kill_on_drop: false }`
[INFO] running `Command { std: "docker" "inspect" "65e41fdbfc5fc4c306293dc9810d3a70010cf72ff3503c41260251142c422462", kill_on_drop: false }`
[INFO] running `Command { std: "docker" "exec" "-e" "SOURCE_DIR=/opt/rustwide/workdir" "-e" "CARGO_HOME=/opt/rustwide/cargo-home" "-e" "RUSTUP_HOME=/opt/rustwide/rustup-home" "-e" "CARGO_TARGET_DIR=/opt/rustwide/target" "-e" "CARGO_INCREMENTAL=0" "-e" "RUST_BACKTRACE=full" "-e" "RUSTFLAGS=--cap-lints=warn" "-e" "RUSTDOCFLAGS=--cap-lints=warn" "-w" "/opt/rustwide/workdir" "--user" "0:0" "65e41fdbfc5fc4c306293dc9810d3a70010cf72ff3503c41260251142c422462" "/opt/rustwide/cargo-home/bin/cargo" "+1.99.0-beta.8" "build" "--frozen" "--message-format=json" "--release", kill_on_drop: false }`
[INFO] [stderr]    Compiling proc-macro2 v1.0.95
[INFO] [stderr]    Compiling libc v0.2.173
[INFO] [stderr]    Compiling cfg-if v1.0.1
[INFO] [stderr]    Compiling smallvec v1.15.1
[INFO] [stderr]    Compiling stable_deref_trait v1.2.0
[INFO] [stderr]    Compiling parking_lot_core v0.9.11
[INFO] [stderr]    Compiling lock_api v0.4.13
[INFO] [stderr]    Compiling cc v1.2.27
[INFO] [stderr]    Compiling memchr v2.7.5
[INFO] [stderr]    Compiling writeable v0.6.1
[INFO] [stderr]    Compiling litemap v0.8.0
[INFO] [stderr]    Compiling log v0.4.27
[INFO] [stderr]    Compiling hashbrown v0.15.4
[INFO] [stderr]    Compiling icu_normalizer_data v2.0.0
[INFO] [stderr]    Compiling icu_properties_data v2.0.1
[INFO] [stderr]    Compiling rustversion v1.0.21
[INFO] [stderr]    Compiling bitflags v2.9.1
[INFO] [stderr]    Compiling openssl v0.10.73
[INFO] [stderr]    Compiling quote v1.0.40
[INFO] [stderr]    Compiling syn v2.0.103
[INFO] [stderr]    Compiling http v0.2.12
[INFO] [stderr]    Compiling signal-hook-registry v1.4.5
[INFO] [stderr]    Compiling socket2 v0.5.10
[INFO] [stderr]    Compiling parking_lot v0.12.4
[INFO] [stderr]    Compiling mio v1.0.4
[INFO] [stderr]    Compiling openssl-sys v0.9.109
[INFO] [stderr]    Compiling tracing-core v0.1.34
[INFO] [stderr]    Compiling futures-io v0.3.31
[INFO] [stderr]    Compiling slab v0.4.10
[INFO] [stderr]    Compiling serde v1.0.219
[INFO] [stderr]    Compiling futures-util v0.3.31
[INFO] [stderr]    Compiling tracing v0.1.41
[INFO] [stderr]    Compiling native-tls v0.2.14
[INFO] [stderr]    Compiling indexmap v2.9.0
[INFO] [stderr]    Compiling openssl-probe v0.1.6
[INFO] [stderr]    Compiling percent-encoding v2.3.1
[INFO] [stderr]    Compiling signal-hook v0.3.18
[INFO] [stderr]    Compiling http-body v0.4.6
[INFO] [stderr]    Compiling form_urlencoded v1.2.1
[INFO] [stderr]    Compiling mio v0.8.11
[INFO] [stderr]    Compiling anstyle v1.0.11
[INFO] [stderr]    Compiling anstyle-query v1.1.3
[INFO] [stderr]    Compiling itertools v0.13.0
[INFO] [stderr]    Compiling castaway v0.2.3
[INFO] [stderr]    Compiling anstream v0.6.19
[INFO] [stderr]    Compiling signal-hook-mio v0.2.4
[INFO] [stderr]    Compiling aho-corasick v1.1.3
[INFO] [stderr]    Compiling anyhow v1.0.98
[INFO] [stderr]    Compiling clap_lex v0.7.5
[INFO] [stderr]    Compiling rustls-pemfile v1.0.4
[INFO] [stderr]    Compiling compact_str v0.7.1
[INFO] [stderr]    Compiling clap_builder v4.5.40
[INFO] [stderr]    Compiling crossterm v0.27.0
[INFO] [stderr]    Compiling itertools v0.12.1
[INFO] [stderr]    Compiling lru v0.12.5
[INFO] [stderr]    Compiling unicode-truncate v1.1.0
[INFO] [stderr]    Compiling encoding_rs v0.8.35
[INFO] [stderr]    Compiling thread_local v1.1.9
[INFO] [stderr]    Compiling regex-automata v0.4.9
[INFO] [stderr]    Compiling synstructure v0.13.2
[INFO] [stderr]    Compiling ipnet v2.11.0
[INFO] [stderr]    Compiling sync_wrapper v0.1.2
[INFO] [stderr]    Compiling cassowary v0.3.0
[INFO] [stderr]    Compiling zerofrom-derive v0.1.6
[INFO] [stderr]    Compiling yoke-derive v0.8.0
[INFO] [stderr]    Compiling zerovec-derive v0.11.1
[INFO] [stderr]    Compiling zerofrom v0.1.6
[INFO] [stderr]    Compiling displaydoc v0.2.5
[INFO] [stderr]    Compiling tokio-macros v2.5.0
[INFO] [stderr]    Compiling yoke v0.8.0
[INFO] [stderr]    Compiling openssl-macros v0.1.1
[INFO] [stderr]    Compiling zerovec v0.11.2
[INFO] [stderr]    Compiling tokio v1.45.1
[INFO] [stderr]    Compiling zerotrie v0.2.2
[INFO] [stderr]    Compiling serde_derive v1.0.219
[INFO] [stderr]    Compiling strum_macros v0.26.4
[INFO] [stderr]    Compiling tinystr v0.8.1
[INFO] [stderr]    Compiling icu_locale_core v2.0.0
[INFO] [stderr]    Compiling potential_utf v0.1.2
[INFO] [stderr]    Compiling icu_collections v2.0.0
[INFO] [stderr]    Compiling icu_provider v2.0.0
[INFO] [stderr]    Compiling icu_normalizer v2.0.0
[INFO] [stderr]    Compiling icu_properties v2.0.1
[INFO] [stderr]    Compiling idna_adapter v1.2.1
[INFO] [stderr]    Compiling idna v1.0.3
[INFO] [stderr]    Compiling strum v0.26.3
[INFO] [stderr]    Compiling stability v0.2.1
[INFO] [stderr]    Compiling clap_derive v4.5.40
[INFO] [stderr]    Compiling url v2.5.4
[INFO] [stderr]    Compiling tokio-util v0.7.15
[INFO] [stderr]    Compiling tokio-native-tls v0.3.1
[INFO] [stderr]    Compiling serde_urlencoded v0.7.1
[INFO] [stderr]    Compiling serde_json v1.0.140
[INFO] [stderr]    Compiling clap v4.5.40
[INFO] [stderr]    Compiling ratatui v0.26.3
[INFO] [stderr]    Compiling h2 v0.3.26
[INFO] [stderr]    Compiling regex v1.11.1
[INFO] [stderr]    Compiling fuzzy-matcher v0.3.7
[INFO] [stderr]    Compiling hyper v0.14.32
[INFO] [stderr]    Compiling hyper-tls v0.5.0
[INFO] [stderr]    Compiling reqwest v0.11.27
[INFO] [stderr]    Compiling duca v0.1.0 (/opt/rustwide/workdir)
[INFO] [stderr]     Finished `release` profile [optimized] target(s) in 3m 12s
[INFO] running `Command { std: "docker" "inspect" "65e41fdbfc5fc4c306293dc9810d3a70010cf72ff3503c41260251142c422462", kill_on_drop: false }`
[INFO] running `Command { std: "docker" "exec" "-e" "SOURCE_DIR=/opt/rustwide/workdir" "-e" "CARGO_HOME=/opt/rustwide/cargo-home" "-e" "RUSTUP_HOME=/opt/rustwide/rustup-home" "-e" "CARGO_TARGET_DIR=/opt/rustwide/target" "-e" "CARGO_INCREMENTAL=0" "-e" "RUST_BACKTRACE=full" "-e" "RUSTFLAGS=--cap-lints=warn" "-e" "RUSTDOCFLAGS=--cap-lints=warn" "-w" "/opt/rustwide/workdir" "--user" "0:0" "65e41fdbfc5fc4c306293dc9810d3a70010cf72ff3503c41260251142c422462" "/opt/rustwide/cargo-home/bin/cargo" "+1.99.0-beta.8" "test" "--frozen" "--no-run" "--message-format=json" "--release", kill_on_drop: false }`
[INFO] [stderr]    Compiling regex-automata v0.4.9
[INFO] [stderr]    Compiling num-traits v0.2.19
[INFO] [stderr]    Compiling doc-comment v0.3.3
[INFO] [stderr]    Compiling assert_cmd v2.0.17
[INFO] [stderr]    Compiling wait-timeout v0.2.1
[INFO] [stderr]    Compiling float-cmp v0.10.0
[INFO] [stderr]    Compiling regex v1.11.1
[INFO] [stderr]    Compiling bstr v1.12.0
[INFO] [stderr]    Compiling predicates v3.1.3
[INFO] [stderr]    Compiling duca v0.1.0 (/opt/rustwide/workdir)
[INFO] [stderr]     Finished `release` profile [optimized] target(s) in 33.07s
[INFO] running `Command { std: "docker" "inspect" "65e41fdbfc5fc4c306293dc9810d3a70010cf72ff3503c41260251142c422462", kill_on_drop: false }`
[INFO] running `Command { std: "docker" "exec" "-e" "SOURCE_DIR=/opt/rustwide/workdir" "-e" "CARGO_HOME=/opt/rustwide/cargo-home" "-e" "RUSTUP_HOME=/opt/rustwide/rustup-home" "-e" "CARGO_TARGET_DIR=/opt/rustwide/target" "-e" "CARGO_INCREMENTAL=0" "-e" "RUST_BACKTRACE=full" "-e" "RUSTFLAGS=--cap-lints=warn" "-e" "RUSTDOCFLAGS=--cap-lints=warn" "-w" "/opt/rustwide/workdir" "--user" "0:0" "65e41fdbfc5fc4c306293dc9810d3a70010cf72ff3503c41260251142c422462" "/opt/rustwide/cargo-home/bin/cargo" "+1.99.0-beta.8" "test" "--frozen" "--release", kill_on_drop: false }`
[INFO] [stderr]     Finished `release` profile [optimized] target(s) in 0.28s
[INFO] [stderr]      Running unittests src/main.rs (/opt/rustwide/target/release/deps/duca-fa13fc9b7e8d2633)
[INFO] [stdout] 
[INFO] [stdout] running 21 tests
[INFO] [stdout] test tests::test_divina_commedia_new ... ok
[INFO] [stdout] test tests::test_parse_cantica_content ... ok
[INFO] [stdout] test tests::test_gutenberg_marker_detection ... ok
[INFO] [stdout] test tests::test_roman_to_arabic ... ok
[INFO] [stdout] test tests::test_search_results_ordering ... ok
[INFO] [stdout] test tests::test_search_results_cross_cantica_ordering ... ok
[INFO] [stdout] test tests::test_roman_to_number ... ok
[INFO] [stdout] test tests::test_search_functionality ... ok
[INFO] [stdout] test tui::tests::test_app_mode_changes ... ok
[INFO] [stdout] test tui::tests::test_cantica_navigation ... ok
[INFO] [stdout] test tests::test_regex_patterns ... ok
[INFO] [stdout] test tests::test_verse_and_canto_structures ... ok
[INFO] [stdout] test tui::tests::test_app_new ... ok
[INFO] [stdout] test tui::tests::test_canto_navigation ... ok
[INFO] [stdout] test tui::tests::test_verse_scrolling ... ok
[INFO] [stdout] test tui::tests::test_search_input_handling ... ok
[INFO] [stdout] test tui::tests::test_context_canto_tracking ... ok
[INFO] [stdout] test tui::tests::test_get_current_cantica ... ok
[INFO] [stdout] test tui::tests::test_search_result_structure ... ok
[INFO] [stdout] test tui::tests::test_fuzzy_matcher_integration ... ok
[INFO] [stderr]      Running tests/integration_tests.rs (/opt/rustwide/target/release/deps/integration_tests-201fe55cbe840316)
[INFO] [stdout] test tests::test_load_commedia ... ok
[INFO] [stdout] 
[INFO] [stdout] test result: ok. 21 passed; 0 failed; 0 ignored; 0 measured; 0 filtered out; finished in 0.02s
[INFO] [stdout] 
[INFO] [stdout] 
[INFO] [stdout] running 16 tests
[INFO] [stdout] test test_cli_canto_number_boundary ... ok
[INFO] [stdout] test test_cli_help_command ... FAILED
[INFO] [stdout] test test_cli_no_subcommand ... ok
[INFO] [stdout] test test_cli_paradiso_canto ... ok
[INFO] [stdout] test test_cli_search_command ... ok
[INFO] [stdout] test test_cli_multiple_word_search ... ok
[INFO] [stdout] test test_cli_invalid_cantica ... ok
[INFO] [stdout] test test_cli_invalid_canto_number ... ok
[INFO] [stdout] test test_cli_purgatorio_canto ... ok
[INFO] [stdout] test test_cli_search_special_characters ... ok
[INFO] [stdout] test test_cli_canto_command ... ok
[INFO] [stdout] test test_cli_search_case_insensitive ... ok
[INFO] [stdout] test test_cli_search_no_matches ... ok
[INFO] [stdout] test test_cli_version_info ... ok
[INFO] [stdout] test test_cli_search_with_cantica_filter ... ok
[INFO] [stderr] error: test failed, to rerun pass `--test integration_tests`
[INFO] [stdout] test test_cli_search_with_regex_special_chars ... ok
[INFO] [stdout] 
[INFO] [stdout] failures:
[INFO] [stdout] 
[INFO] [stdout] ---- test_cli_help_command stdout ----
[INFO] [stdout] 
[INFO] [stdout] thread 'test_cli_help_command' (2313) panicked at /rustc/dfb0accb7f508ae8be965d8629557221c889dd98/library/core/src/ops/function.rs:250:5:
[INFO] [stdout] Unexpected stdout, failed var.contains(parse)
[INFO] [stdout] ├── var: Read Dante's Divine Comedy from your terminal
[INFO] [stdout] │   
[INFO] [stdout] │   Usage: duca <COMMAND>
[INFO] [stdout] │   
[INFO] [stdout] │   Commands:
[INFO] [stdout] │     search  Search for text across all canticas
[INFO] [stdout] │     canto   Show specific canto
[INFO] [stdout] │     tui     Interactive TUI mode
[INFO] [stdout] │     help    Print this message or the help of the given subcommand(s)
[INFO] [stdout] │   
[INFO] [stdout] │   Options:
[INFO] [stdout] │     -h, --help  Print help
[INFO] [stdout] └── var as str: Read Dante's Divine Comedy from your terminal
[INFO] [stdout]     
[INFO] [stdout]     Usage: duca <COMMAND>
[INFO] [stdout]     
[INFO] [stdout]     Commands:
[INFO] [stdout]       search  Search for text across all canticas
[INFO] [stdout]       canto   Show specific canto
[INFO] [stdout]       tui     Interactive TUI mode
[INFO] [stdout]       help    Print this message or the help of the given subcommand(s)
[INFO] [stdout]     
[INFO] [stdout]     Options:
[INFO] [stdout]       -h, --help  Print help
[INFO] [stdout] 
[INFO] [stdout] command=`"/opt/rustwide/target/release/duca" "--help"`
[INFO] [stdout] code=0
[INFO] [stdout] stdout=```
[INFO] [stdout] Read Dante\'s Divine Comedy from your terminal
[INFO] [stdout] 
[INFO] [stdout] Usage: duca <COMMAND>
[INFO] [stdout] 
[INFO] [stdout] Commands:
[INFO] [stdout]   search  Search for text across all canticas
[INFO] [stdout]   canto   Show specific canto
[INFO] [stdout]   tui     Interactive TUI mode
[INFO] [stdout]   help    Print this message or the help of the given subcommand(s)
[INFO] [stdout] 
[INFO] [stdout] Options:
[INFO] [stdout]   -h, --help  Print help
[INFO] [stdout] ```
[INFO] [stdout] 
[INFO] [stdout] stderr=""
[INFO] [stdout] 
[INFO] [stdout] stack backtrace:
[INFO] [stdout]    0:     0x6315d585f501 - <<std[70759c8f55707aa4]::sys::backtrace::BacktraceLock>::print::DisplayBacktrace as core[df12db4294e9bfd3]::fmt::Display>::fmt
[INFO] [stdout]    1:     0x6315d5875cba - core[df12db4294e9bfd3]::fmt::write
[INFO] [stdout]    2:     0x6315d5864c4c - <alloc[2182bb758b4b3781]::vec::Vec<u8> as core[df12db4294e9bfd3]::io::write::Write>::write_fmt
[INFO] [stdout]    3:     0x6315d583b566 - std[70759c8f55707aa4]::panicking::default_hook::{closure#0}
[INFO] [stdout]    4:     0x6315d5857be9 - std[70759c8f55707aa4]::panicking::default_hook
[INFO] [stdout]    5:     0x6315d57eb320 - test[9d35eded1c95d3be]::test_main_inner::<test[9d35eded1c95d3be]::test_main_static::{closure#0}>::{closure#0}
[INFO] [stdout]    6:     0x6315d5857da2 - std[70759c8f55707aa4]::panicking::panic_with_hook
[INFO] [stdout]    7:     0x6315d583b612 - std[70759c8f55707aa4]::panicking::panic_handler::{closure#0}
[INFO] [stdout]    8:     0x6315d5834399 - std[70759c8f55707aa4]::sys::backtrace::__rust_end_short_backtrace::<std[70759c8f55707aa4]::panicking::panic_handler::{closure#0}, !>
[INFO] [stdout]    9:     0x6315d583c20d - __rustc[8fa7c3cbc660c2b3]::rust_begin_unwind
[INFO] [stdout]   10:     0x6315d587646c - core[df12db4294e9bfd3]::panicking::panic_fmt
[INFO] [stdout]   11:     0x6315d57d9254 - <assert_cmd[1d0a92de98ecd779]::assert::AssertError>::panic::<assert_cmd[1d0a92de98ecd779]::assert::Assert>
[INFO] [stdout]   12:     0x6315d57db45c - <integration_tests[142c34253d94239d]::test_cli_help_command::{closure#0} as core[df12db4294e9bfd3]::ops::function::FnOnce<()>>::call_once
[INFO] [stdout]   13:     0x6315d57de60b - test[9d35eded1c95d3be]::__rust_begin_short_backtrace::<core[df12db4294e9bfd3]::result::Result<(), alloc[2182bb758b4b3781]::string::String>, fn() -> core[df12db4294e9bfd3]::result::Result<(), alloc[2182bb758b4b3781]::string::String>>
[INFO] [stdout]   14:     0x6315d57ebc75 - test[9d35eded1c95d3be]::run_test::{closure#0}
[INFO] [stdout]   15:     0x6315d57e5534 - std[70759c8f55707aa4]::sys::backtrace::__rust_begin_short_backtrace::<test[9d35eded1c95d3be]::run_test::{closure#1}, ()>
[INFO] [stdout]   16:     0x6315d57eedd2 - <std[70759c8f55707aa4]::thread::lifecycle::spawn_unchecked<test[9d35eded1c95d3be]::run_test::{closure#1}, ()>::{closure#1} as core[df12db4294e9bfd3]::ops::function::FnOnce<()>>::call_once::{shim:vtable#0}
[INFO] [stdout]   17:     0x6315d585ed59 - <std[70759c8f55707aa4]::sys::thread::unix::Thread>::new::thread_start
[INFO] [stdout]   18:     0x7d64f14d6dfa - <unknown>
[INFO] [stdout]   19:     0x7d64f156a3d4 - clone
[INFO] [stdout]   20:                0x0 - <unknown>
[INFO] [stdout] 
[INFO] [stdout] 
[INFO] [stdout] failures:
[INFO] [stdout]     test_cli_help_command
[INFO] [stdout] 
[INFO] [stdout] test result: FAILED. 15 passed; 1 failed; 0 ignored; 0 measured; 0 filtered out; finished in 0.19s
[INFO] [stdout] 
[INFO] running `Command { std: "docker" "inspect" "65e41fdbfc5fc4c306293dc9810d3a70010cf72ff3503c41260251142c422462", kill_on_drop: false }`
[INFO] running `Command { std: "docker" "rm" "-f" "65e41fdbfc5fc4c306293dc9810d3a70010cf72ff3503c41260251142c422462", kill_on_drop: false }`
[INFO] [stdout] 65e41fdbfc5fc4c306293dc9810d3a70010cf72ff3503c41260251142c422462
