[INFO] fetching crate dtrun 0.1.0...
[INFO] testing dtrun-0.1.0 against 1.100.0-beta.1+cargoflags=--release for beta-release-1.100-2
[INFO] extracting crate dtrun 0.1.0 into /workspace/builds/worker-5-tc2/source
[INFO] started tweaking crates.io crate dtrun 0.1.0
[INFO] removed 0 missing tests
[INFO] finished tweaking crates.io crate dtrun 0.1.0
[INFO] tweaked toml for crates.io crate dtrun 0.1.0 written to /workspace/builds/worker-5-tc2/source/Cargo.toml
[INFO] validating manifest of crates.io crate dtrun 0.1.0 on toolchain 1.100.0-beta.1
[INFO] running `Command { std: CARGO_HOME="/workspace/cargo-home" RUSTUP_HOME="/workspace/rustup-home" "/workspace/cargo-home/bin/cargo" "+1.100.0-beta.1" "metadata" "--manifest-path" "Cargo.toml" "--no-deps", kill_on_drop: false }`
[INFO] crate crates.io crate dtrun 0.1.0 already has a lockfile, it will not be regenerated
[INFO] running `Command { std: CARGO_HOME="/workspace/cargo-home" RUSTUP_HOME="/workspace/rustup-home" "/workspace/cargo-home/bin/cargo" "+1.100.0-beta.1" "fetch" "--manifest-path" "Cargo.toml", kill_on_drop: false }`
[INFO] running `Command { std: "docker" "create" "-v" "/var/lib/crater-agent-workspace/builds/worker-5-tc2/source:/opt/rustwide/workdir:ro,Z" "-v" "/var/lib/crater-agent-workspace/builds/worker-5-tc2/target:/opt/rustwide/target:rw,Z" "-v" "/var/lib/crater-agent-workspace/cargo-home:/opt/rustwide/cargo-home:ro,Z" "-v" "/var/lib/crater-agent-workspace/rustup-home:/opt/rustwide/rustup-home:ro,Z" "-m" "1610612736" "--network" "none" "ghcr.io/rust-lang/crates-build-env/linux@sha256:77db811e55d90add9212f6832c23229e3de5f1c1f9905e8cb07319ea15df73ac" "sleep" "infinity", kill_on_drop: false }`
[INFO] [stdout] 5dda97f94fce77d677bd7073626558353922b29a28e7f05034d446d53b1a1c89
[INFO] running `Command { std: "docker" "start" "5dda97f94fce77d677bd7073626558353922b29a28e7f05034d446d53b1a1c89", kill_on_drop: false }`
[INFO] running `Command { std: "docker" "inspect" "5dda97f94fce77d677bd7073626558353922b29a28e7f05034d446d53b1a1c89", kill_on_drop: false }`
[INFO] running `Command { std: "docker" "exec" "-e" "SOURCE_DIR=/opt/rustwide/workdir" "-e" "CARGO_HOME=/opt/rustwide/cargo-home" "-e" "RUSTUP_HOME=/opt/rustwide/rustup-home" "-e" "CARGO_TARGET_DIR=/opt/rustwide/target" "-w" "/opt/rustwide/workdir" "--user" "0:0" "5dda97f94fce77d677bd7073626558353922b29a28e7f05034d446d53b1a1c89" "/opt/rustwide/cargo-home/bin/cargo" "+1.100.0-beta.1" "metadata" "--no-deps" "--format-version=1", kill_on_drop: false }`
[INFO] running `Command { std: "docker" "inspect" "5dda97f94fce77d677bd7073626558353922b29a28e7f05034d446d53b1a1c89", kill_on_drop: false }`
[INFO] running `Command { std: "docker" "exec" "-e" "SOURCE_DIR=/opt/rustwide/workdir" "-e" "CARGO_HOME=/opt/rustwide/cargo-home" "-e" "RUSTUP_HOME=/opt/rustwide/rustup-home" "-e" "CARGO_TARGET_DIR=/opt/rustwide/target" "-e" "CARGO_INCREMENTAL=0" "-e" "RUST_BACKTRACE=full" "-e" "RUSTFLAGS=--cap-lints=warn" "-e" "RUSTDOCFLAGS=--cap-lints=warn" "-w" "/opt/rustwide/workdir" "--user" "0:0" "5dda97f94fce77d677bd7073626558353922b29a28e7f05034d446d53b1a1c89" "/opt/rustwide/cargo-home/bin/cargo" "+1.100.0-beta.1" "build" "--frozen" "--message-format=json" "--release", kill_on_drop: false }`
[INFO] [stderr]    Compiling proc-macro2 v1.0.107
[INFO] [stderr]    Compiling quote v1.0.47
[INFO] [stderr]    Compiling unicode-ident v1.0.24
[INFO] [stderr]    Compiling cfg-if v1.0.4
[INFO] [stderr]    Compiling serde_core v1.0.229
[INFO] [stderr]    Compiling once_cell v1.21.4
[INFO] [stderr]    Compiling libc v0.2.189
[INFO] [stderr]    Compiling autocfg v1.5.1
[INFO] [stderr]    Compiling bitflags v2.13.1
[INFO] [stderr]    Compiling utf8parse v0.2.2
[INFO] [stderr]    Compiling rustix v1.1.4
[INFO] [stderr]    Compiling tracing-core v0.1.36
[INFO] [stderr]    Compiling serde v1.0.229
[INFO] [stderr]    Compiling zmij v1.0.23
[INFO] [stderr]    Compiling anstyle-parse v1.0.0
[INFO] [stderr]    Compiling anstyle v1.0.14
[INFO] [stderr]    Compiling anstyle-query v1.1.5
[INFO] [stderr]    Compiling is_terminal_polyfill v1.70.2
[INFO] [stderr]    Compiling linux-raw-sys v0.12.1
[INFO] [stderr]    Compiling serde_json v1.0.151
[INFO] [stderr]    Compiling memoffset v0.9.1
[INFO] [stderr]    Compiling cfg_aliases v0.2.2
[INFO] [stderr]    Compiling colorchoice v1.0.5
[INFO] [stderr]    Compiling regex-syntax v0.8.11
[INFO] [stderr]    Compiling nix v0.31.3
[INFO] [stderr]    Compiling anstream v1.0.0
[INFO] [stderr]    Compiling itoa v1.0.18
[INFO] [stderr]    Compiling log v0.4.33
[INFO] [stderr]    Compiling syn v3.0.3
[INFO] [stderr]    Compiling syn v2.0.119
[INFO] [stderr]    Compiling clap_lex v1.1.0
[INFO] [stderr]    Compiling adler2 v2.0.1
[INFO] [stderr]    Compiling strsim v0.11.1
[INFO] [stderr]    Compiling pin-project-lite v0.2.17
[INFO] [stderr]    Compiling lazy_static v1.5.0
[INFO] [stderr]    Compiling memchr v2.8.3
[INFO] [stderr]    Compiling simd-adler32 v0.3.10
[INFO] [stderr]    Compiling regex-automata v0.4.18
[INFO] [stderr]    Compiling filetime v0.2.29
[INFO] [stderr]    Compiling miniz_oxide v0.8.9
[INFO] [stderr]    Compiling clap_builder v4.6.6
[INFO] [stderr]    Compiling xattr v1.6.1
[INFO] [stderr]    Compiling sharded-slab v0.1.7
[INFO] [stderr]    Compiling tracing-log v0.2.0
[INFO] [stderr]    Compiling crc32fast v1.5.0
[INFO] [stderr]    Compiling thread_local v1.1.10
[INFO] [stderr]    Compiling nu-ansi-term v0.50.3
[INFO] [stderr]    Compiling smallvec v1.15.2
[INFO] [stderr]    Compiling flate2 v1.1.9
[INFO] [stderr]    Compiling tar v0.4.46
[INFO] [stderr]    Compiling matchers v0.2.0
[INFO] [stderr]    Compiling serde_derive v1.0.229
[INFO] [stderr]    Compiling clap_derive v4.6.4
[INFO] [stderr]    Compiling tracing-attributes v0.1.31
[INFO] [stderr]    Compiling clap v4.6.6
[INFO] [stderr]    Compiling tracing v0.1.44
[INFO] [stderr]    Compiling tracing-serde v0.2.0
[INFO] [stderr]    Compiling tracing-subscriber v0.3.23
[INFO] [stderr]    Compiling dtrun v0.1.0 (/opt/rustwide/workdir)
[INFO] [stderr]     Finished `release` profile [optimized] target(s) in 1m 47s
[INFO] running `Command { std: "docker" "inspect" "5dda97f94fce77d677bd7073626558353922b29a28e7f05034d446d53b1a1c89", kill_on_drop: false }`
[INFO] running `Command { std: "docker" "exec" "-e" "SOURCE_DIR=/opt/rustwide/workdir" "-e" "CARGO_HOME=/opt/rustwide/cargo-home" "-e" "RUSTUP_HOME=/opt/rustwide/rustup-home" "-e" "CARGO_TARGET_DIR=/opt/rustwide/target" "-e" "CARGO_INCREMENTAL=0" "-e" "RUST_BACKTRACE=full" "-e" "RUSTFLAGS=--cap-lints=warn" "-e" "RUSTDOCFLAGS=--cap-lints=warn" "-w" "/opt/rustwide/workdir" "--user" "0:0" "5dda97f94fce77d677bd7073626558353922b29a28e7f05034d446d53b1a1c89" "/opt/rustwide/cargo-home/bin/cargo" "+1.100.0-beta.1" "test" "--frozen" "--no-run" "--message-format=json" "--release", kill_on_drop: false }`
[INFO] [stderr]    Compiling dtrun v0.1.0 (/opt/rustwide/workdir)
[INFO] [stderr]     Finished `release` profile [optimized] target(s) in 48.71s
[INFO] running `Command { std: "docker" "inspect" "5dda97f94fce77d677bd7073626558353922b29a28e7f05034d446d53b1a1c89", kill_on_drop: false }`
[INFO] running `Command { std: "docker" "exec" "-e" "SOURCE_DIR=/opt/rustwide/workdir" "-e" "CARGO_HOME=/opt/rustwide/cargo-home" "-e" "RUSTUP_HOME=/opt/rustwide/rustup-home" "-e" "CARGO_TARGET_DIR=/opt/rustwide/target" "-e" "CARGO_INCREMENTAL=0" "-e" "RUST_BACKTRACE=full" "-e" "RUSTFLAGS=--cap-lints=warn" "-e" "RUSTDOCFLAGS=--cap-lints=warn" "-w" "/opt/rustwide/workdir" "--user" "0:0" "5dda97f94fce77d677bd7073626558353922b29a28e7f05034d446d53b1a1c89" "/opt/rustwide/cargo-home/bin/cargo" "+1.100.0-beta.1" "test" "--frozen" "--release", kill_on_drop: false }`
[INFO] [stderr]     Finished `release` profile [optimized] target(s) in 0.11s
[INFO] [stderr]      Running unittests src/lib.rs (/opt/rustwide/target/release/build/dtrun/d2dcc31f5bf4b10e/out/libdtrun-d2dcc31f5bf4b10e)
[INFO] [stdout] 
[INFO] [stdout] running 10 tests
[INFO] [stdout] test oci::config::validate_tests::rejects_bad_hostname ... ok
[INFO] [stdout] test oci::config::hugepage_tests::rejects_invalid_page_sizes ... ok
[INFO] [stdout] test oci::config::validate_tests::rejects_empty_root_path ... ok
[INFO] [stdout] test oci::config::hugepage_tests::accepts_spec_page_sizes ... ok
[INFO] [stdout] test oci::config::validate_tests::rejects_duplicate_mounts ... ok
[INFO] [stdout] test oci::config::validate_tests::rejects_malformed_env ... ok
[INFO] [stdout] test oci::config::validate_tests::rejects_empty_args ... ok
[INFO] [stdout] test oci::config::validate_tests::accepts_supported_versions ... ok
[INFO] [stdout] test oci::config::validate_tests::rejects_relative_cwd ... ok
[INFO] [stdout] test oci::config::validate_tests::rejects_unsupported_versions ... ok
[INFO] [stdout] 
[INFO] [stdout] test result: ok. 10 passed; 0 failed; 0 ignored; 0 measured; 0 filtered out; finished in 0.02s
[INFO] [stdout] 
[INFO] [stderr]      Running unittests src/main.rs (/opt/rustwide/target/release/build/dtrun/7852f8d085badf34/out/dtrun-7852f8d085badf34)
[INFO] [stdout] 
[INFO] [stdout] running 0 tests
[INFO] [stdout] 
[INFO] [stdout] test result: ok. 0 passed; 0 failed; 0 ignored; 0 measured; 0 filtered out; finished in 0.00s
[INFO] [stdout] 
[INFO] [stderr]      Running tests/oci_config_examples.rs (/opt/rustwide/target/release/build/dtrun/2a2f42fb2b5d908e/out/oci_config_examples-2a2f42fb2b5d908e)
[INFO] [stdout] 
[INFO] [stdout] running 3 tests
[INFO] [stdout] test each_bad_config_has_a_distinct_failure ... ok
[INFO] [stdout] test good_configs_parse_successfully ... ok
[INFO] [stdout] test bad_configs_fail_to_parse ... ok
[INFO] [stdout] 
[INFO] [stdout] test result: ok. 3 passed; 0 failed; 0 ignored; 0 measured; 0 filtered out; finished in 0.01s
[INFO] [stdout] 
[INFO] [stderr]      Running tests/runtime.rs (/opt/rustwide/target/release/build/dtrun/f8d21088b24d5dfe/out/runtime-f8d21088b24d5dfe)
[INFO] [stdout] 
[INFO] [stdout] running 6 tests
[INFO] [stdout] test exit_code_is_propagated_to_caller ... FAILED
[INFO] [stdout] test same_seed_produces_byte_identical_trace ... FAILED
[INFO] [stdout] test stdout_output_is_relayed_and_recorded ... FAILED
[INFO] [stdout] test different_seeds_change_injected_randomness ... FAILED
[INFO] [stdout] test multithreaded_run_is_deterministic_and_seeded ... FAILED
[INFO] [stdout] test create_start_lifecycle_transitions_to_stopped ... FAILED
[INFO] [stdout] 
[INFO] [stdout] failures:
[INFO] [stdout] 
[INFO] [stdout] ---- exit_code_is_propagated_to_caller stdout ----
[INFO] [stdout] 
[INFO] [stdout] thread 'exit_code_is_propagated_to_caller' (1115) panicked at tests/runtime.rs:364:42:
[INFO] [stdout] read rootfs: Os { code: 2, kind: NotFound, message: "No such file or directory" }
[INFO] [stdout] stack backtrace:
[INFO] [stdout]    0:     0x59932b243fd7 - <unknown>
[INFO] [stdout]    1:     0x59932b22247a - <unknown>
[INFO] [stdout]    2:     0x59932b24358b - <unknown>
[INFO] [stdout]    3:     0x59932b24306f - <unknown>
[INFO] [stdout]    4:     0x59932b242c9a - <unknown>
[INFO] [stdout]    5:     0x59932b2427d5 - <unknown>
[INFO] [stdout]    6:     0x59932b2695a1 - <unknown>
[INFO] [stdout]    7:     0x59932b269559 - <unknown>
[INFO] [stdout]    8:     0x59932b269a5c - <unknown>
[INFO] [stdout]    9:     0x59932b22230b - <unknown>
[INFO] [stdout]   10:     0x59932b2255b1 - <unknown>
[INFO] [stdout]   11:     0x59932b21bb14 - <unknown>
[INFO] [stdout]   12:     0x59932b218741 - <unknown>
[INFO] [stdout]   13:     0x59932b21ce99 - <unknown>
[INFO] [stdout]   14:     0x59932b2847eb - <unknown>
[INFO] [stdout]   15:     0x59932b2807b1 - <unknown>
[INFO] [stdout]   16:     0x59932b27ff9c - <unknown>
[INFO] [stdout]   17:     0x59932b29fc3c - <unknown>
[INFO] [stdout]   18:     0x59932b26b2d4 - <unknown>
[INFO] [stdout]   19:     0x7ac790ba3dfa - <unknown>
[INFO] [stdout]   20:     0x7ac790c373d4 - clone
[INFO] [stdout]   21:                0x0 - <unknown>
[INFO] [stdout] 
[INFO] [stdout] ---- same_seed_produces_byte_identical_trace stdout ----
[INFO] [stdout] 
[INFO] [stdout] thread 'same_seed_produces_byte_identical_trace' (1117) panicked at tests/runtime.rs:364:42:
[INFO] [stdout] read rootfs: Os { code: 2, kind: NotFound, message: "No such file or directory" }
[INFO] [stdout] stack backtrace:
[INFO] [stdout]    0:     0x59932b243fd7 - <unknown>
[INFO] [stdout]    1:     0x59932b22247a - <unknown>
[INFO] [stdout]    2:     0x59932b24358b - <unknown>
[INFO] [stdout]    3:     0x59932b24306f - <unknown>
[INFO] [stdout]    4:     0x59932b242c9a - <unknown>
[INFO] [stdout]    5:     0x59932b2427d5 - <unknown>
[INFO] [stdout]    6:     0x59932b2695a1 - <unknown>
[INFO] [stdout]    7:     0x59932b269559 - <unknown>
[INFO] [stdout]    8:     0x59932b269a5c - <unknown>
[INFO] [stdout]    9:     0x59932b22230b - <unknown>
[INFO] [stdout]   10:     0x59932b2255b1 - <unknown>
[INFO] [stdout]   11:     0x59932b21bb14 - <unknown>
[INFO] [stdout]   12:     0x59932b218741 - <unknown>
[INFO] [stdout]   13:     0x59932b21d86a - <unknown>
[INFO] [stdout]   14:     0x59932b2847eb - <unknown>
[INFO] [stdout]   15:     0x59932b2807b1 - <unknown>
[INFO] [stdout]   16:     0x59932b27ff9c - <unknown>
[INFO] [stdout]   17:     0x59932b29fc3c - <unknown>
[INFO] [stdout]   18:     0x59932b26b2d4 - <unknown>
[INFO] [stdout]   19:     0x7ac790ba3dfa - <unknown>
[INFO] [stdout]   20:     0x7ac790c373d4 - clone
[INFO] [stdout]   21:                0x0 - <unknown>
[INFO] [stdout] 
[INFO] [stdout] ---- stdout_output_is_relayed_and_recorded stdout ----
[INFO] [stdout] 
[INFO] [stdout] thread 'stdout_output_is_relayed_and_recorded' (1118) panicked at tests/runtime.rs:364:42:
[INFO] [stdout] read rootfs: Os { code: 2, kind: NotFound, message: "No such file or directory" }
[INFO] [stdout] stack backtrace:
[INFO] [stdout]    0:     0x59932b243fd7 - <unknown>
[INFO] [stdout]    1:     0x59932b22247a - <unknown>
[INFO] [stdout]    2:     0x59932b24358b - <unknown>
[INFO] [stdout]    3:     0x59932b24306f - <unknown>
[INFO] [stdout]    4:     0x59932b242c9a - <unknown>
[INFO] [stdout]    5:     0x59932b2427d5 - <unknown>
[INFO] [stdout]    6:     0x59932b2695a1 - <unknown>
[INFO] [stdout]    7:     0x59932b269559 - <unknown>
[INFO] [stdout]    8:     0x59932b269a5c - <unknown>
[INFO] [stdout]    9:     0x59932b22230b - <unknown>
[INFO] [stdout]   10:     0x59932b2255b1 - <unknown>
[INFO] [stdout]   11:     0x59932b21bb14 - <unknown>
[INFO] [stdout]   12:     0x59932b218741 - <unknown>
[INFO] [stdout]   13:     0x59932b21d0ca - <unknown>
[INFO] [stdout]   14:     0x59932b2847eb - <unknown>
[INFO] [stdout]   15:     0x59932b2807b1 - <unknown>
[INFO] [stdout]   16:     0x59932b27ff9c - <unknown>
[INFO] [stdout]   17:     0x59932b29fc3c - <unknown>
[INFO] [stdout]   18:     0x59932b26b2d4 - <unknown>
[INFO] [stdout]   19:     0x7ac790ba3dfa - <unknown>
[INFO] [stdout]   20:     0x7ac790c373d4 - clone
[INFO] [stdout]   21:                0x0 - <unknown>
[INFO] [stdout] 
[INFO] [stdout] ---- different_seeds_change_injected_randomness stdout ----
[INFO] [stdout] 
[INFO] [stdout] thread 'different_seeds_change_injected_randomness' (1114) panicked at tests/runtime.rs:364:42:
[INFO] [stdout] read rootfs: Os { code: 2, kind: NotFound, message: "No such file or directory" }
[INFO] [stdout] stack backtrace:
[INFO] [stdout]    0:     0x59932b243fd7 - <unknown>
[INFO] [stdout]    1:     0x59932b22247a - <unknown>
[INFO] [stdout]    2:     0x59932b24358b - <unknown>
[INFO] [stdout]    3:     0x59932b24306f - <unknown>
[INFO] [stdout]    4:     0x59932b242c9a - <unknown>
[INFO] [stdout]    5:     0x59932b2427d5 - <unknown>
[INFO] [stdout]    6:     0x59932b2695a1 - <unknown>
[INFO] [stdout]    7:     0x59932b269559 - <unknown>
[INFO] [stdout]    8:     0x59932b269a5c - <unknown>
[INFO] [stdout]    9:     0x59932b22230b - <unknown>
[INFO] [stdout]   10:     0x59932b2255b1 - <unknown>
[INFO] [stdout]   11:     0x59932b21bb14 - <unknown>
[INFO] [stdout]   12:     0x59932b218741 - <unknown>
[INFO] [stdout]   13:     0x59932b21dc7d - <unknown>
[INFO] [stdout]   14:     0x59932b2847eb - <unknown>
[INFO] [stdout]   15:     0x59932b2807b1 - <unknown>
[INFO] [stdout]   16:     0x59932b27ff9c - <unknown>
[INFO] [stdout]   17:     0x59932b29fc3c - <unknown>
[INFO] [stdout]   18:     0x59932b26b2d4 - <unknown>
[INFO] [stdout]   19:     0x7ac790ba3dfa - <unknown>
[INFO] [stdout]   20:     0x7ac790c373d4 - clone
[INFO] [stdout]   21:                0x0 - <unknown>
[INFO] [stdout] 
[INFO] [stdout] ---- multithreaded_run_is_deterministic_and_seeded stdout ----
[INFO] [stdout] 
[INFO] [stdout] thread 'multithreaded_run_is_deterministic_and_seeded' (1116) panicked at tests/runtime.rs:364:42:
[INFO] [stdout] read rootfs: Os { code: 2, kind: NotFound, message: "No such file or directory" }
[INFO] [stdout] stack backtrace:
[INFO] [stdout]    0:     0x59932b243fd7 - <unknown>
[INFO] [stdout]    1:     0x59932b22247a - <unknown>
[INFO] [stdout]    2:     0x59932b24358b - <unknown>
[INFO] [stdout]    3:     0x59932b24306f - <unknown>
[INFO] [stdout]    4:     0x59932b242c9a - <unknown>
[INFO] [stdout]    5:     0x59932b2427d5 - <unknown>
[INFO] [stdout]    6:     0x59932b2695a1 - <unknown>
[INFO] [stdout]    7:     0x59932b269559 - <unknown>
[INFO] [stdout]    8:     0x59932b269a5c - <unknown>
[INFO] [stdout]    9:     0x59932b22230b - <unknown>
[INFO] [stdout]   10:     0x59932b2255b1 - <unknown>
[INFO] [stdout]   11:     0x59932b21bb14 - <unknown>
[INFO] [stdout]   12:     0x59932b21eeb4 - <unknown>
[INFO] [stdout]   13:     0x59932b2847eb - <unknown>
[INFO] [stdout]   14:     0x59932b2807b1 - <unknown>
[INFO] [stdout]   15:     0x59932b27ff9c - <unknown>
[INFO] [stdout]   16:     0x59932b29fc3c - <unknown>
[INFO] [stdout]   17:     0x59932b26b2d4 - <unknown>
[INFO] [stdout]   18:     0x7ac790ba3dfa - <unknown>
[INFO] [stdout]   19:     0x7ac790c373d4 - clone
[INFO] [stdout]   20:                0x0 - <unknown>
[INFO] [stdout] 
[INFO] [stdout] ---- create_start_lifecycle_transitions_to_stopped stdout ----
[INFO] [stdout] 
[INFO] [stdout] thread 'create_start_lifecycle_transitions_to_stopped' (1113) panicked at tests/runtime.rs:329:5:
[INFO] [stdout] assertion `left == right` failed: create failed: {"timestamp":"2026-10-18T07:57:47.937714Z","level":"ERROR","fields":{"message":"invalid config: rootfs '/opt/rustwide/workdir/examples/bundle/rootfs' does not exist"},"target":"dtrun"}
[INFO] [stdout] 
[INFO] [stdout]   left: Some(1)
[INFO] [stdout]  right: Some(0)
[INFO] [stdout] stack backtrace:
[INFO] [stdout]    0:     0x59932b243fd7 - <unknown>
[INFO] [stdout]    1:     0x59932b22247a - <unknown>
[INFO] [stdout]    2:     0x59932b24358b - <unknown>
[INFO] [stdout]    3:     0x59932b24306f - <unknown>
[INFO] [stdout]    4:     0x59932b242c9a - <unknown>
[INFO] [stdout]    5:     0x59932b2427d5 - <unknown>
[INFO] [stdout]    6:     0x59932b2695a1 - <unknown>
[INFO] [stdout]    7:     0x59932b269559 - <unknown>
[INFO] [stdout]    8:     0x59932b269a5c - <unknown>
[INFO] [stdout]    9:     0x59932b22230b - <unknown>
[INFO] [stdout]   10:     0x59932b222288 - <unknown>
[INFO] [stdout]   11:     0x59932b2350ed - <unknown>
[INFO] [stdout]   12:     0x59932b21e7f6 - <unknown>
[INFO] [stdout]   13:     0x59932b2847eb - <unknown>
[INFO] [stdout]   14:     0x59932b2807b1 - <unknown>
[INFO] [stdout]   15:     0x59932b27ff9c - <unknown>
[INFO] [stdout]   16:     0x59932b29fc3c - <unknown>
[INFO] [stdout]   17:     0x59932b26b2d4 - <unknown>
[INFO] [stdout]   18:     0x7ac790ba3dfa - <unknown>
[INFO] [stdout]   19:     0x7ac790c373d4 - clone
[INFO] [stdout]   20:                0x0 - <unknown>
[INFO] [stdout] 
[INFO] [stdout] 
[INFO] [stdout] failures:
[INFO] [stdout]     create_start_lifecycle_transitions_to_stopped
[INFO] [stdout]     different_seeds_change_injected_randomness
[INFO] [stdout]     exit_code_is_propagated_to_caller
[INFO] [stdout]     multithreaded_run_is_deterministic_and_seeded
[INFO] [stdout]     same_seed_produces_byte_identical_trace
[INFO] [stdout]     stdout_output_is_relayed_and_recorded
[INFO] [stdout] 
[INFO] [stdout] test result: FAILED. 0 passed; 6 failed; 0 ignored; 0 measured; 0 filtered out; finished in 0.01s
[INFO] [stdout] 
[INFO] [stderr] error: test failed, to rerun pass `--test runtime`
[INFO] running `Command { std: "docker" "inspect" "5dda97f94fce77d677bd7073626558353922b29a28e7f05034d446d53b1a1c89", kill_on_drop: false }`
[INFO] running `Command { std: "docker" "rm" "-f" "5dda97f94fce77d677bd7073626558353922b29a28e7f05034d446d53b1a1c89", kill_on_drop: false }`
[INFO] [stdout] 5dda97f94fce77d677bd7073626558353922b29a28e7f05034d446d53b1a1c89
