[INFO] fetching crate dto_derive 0.1.1...
[INFO] testing dto_derive-0.1.1 against 1.99.0-beta.8+cargoflags=--release for beta-release-1.100-2
[INFO] extracting crate dto_derive 0.1.1 into /workspace/builds/worker-3-tc1/source
[INFO] started tweaking crates.io crate dto_derive 0.1.1
[INFO] finished tweaking crates.io crate dto_derive 0.1.1
[INFO] tweaked toml for crates.io crate dto_derive 0.1.1 written to /workspace/builds/worker-3-tc1/source/Cargo.toml
[INFO] validating manifest of crates.io crate dto_derive 0.1.1 on toolchain 1.99.0-beta.8
[INFO] running `Command { std: CARGO_HOME="/workspace/cargo-home" RUSTUP_HOME="/workspace/rustup-home" "/workspace/cargo-home/bin/cargo" "+1.99.0-beta.8" "metadata" "--manifest-path" "Cargo.toml" "--no-deps", kill_on_drop: false }`
[INFO] running `Command { std: CARGO_HOME="/workspace/cargo-home" RUSTUP_HOME="/workspace/rustup-home" "/workspace/cargo-home/bin/cargo" "+1.99.0-beta.8" "generate-lockfile" "--manifest-path" "Cargo.toml", kill_on_drop: false }`
[INFO] [stderr]     Updating crates.io index
[INFO] [stderr]      Locking 57 packages to highest compatible versions
[INFO] [stderr]       Adding compiletest_rs v0.3.19 (available: v0.3.26)
[INFO] [stderr]       Adding proc-macro2 v0.4.30 (available: v1.0.107)
[INFO] [stderr]       Adding quote v0.6.13 (available: v1.0.47)
[INFO] [stderr]       Adding syn v0.15.44 (available: v3.0.9)
[INFO] running `Command { std: CARGO_HOME="/workspace/cargo-home" RUSTUP_HOME="/workspace/rustup-home" "/workspace/cargo-home/bin/cargo" "+1.99.0-beta.8" "fetch" "--manifest-path" "Cargo.toml", kill_on_drop: false }`
[INFO] [stderr]  Downloading crates ...
[INFO] [stderr]   Downloaded tester v0.5.1
[INFO] [stderr]   Downloaded rustfix v0.4.6
[INFO] [stderr]   Downloaded compiletest_rs v0.3.19
[INFO] [stderr]   Downloaded term v0.6.1
[INFO] [stderr]   Downloaded failure_derive v0.1.8
[INFO] [stderr]   Downloaded failure v0.1.8
[INFO] [stderr]   Downloaded rustc-demangle v0.1.28
[INFO] running `Command { std: "docker" "create" "-v" "/var/lib/crater-agent-workspace/builds/worker-3-tc1/source:/opt/rustwide/workdir:ro,Z" "-v" "/var/lib/crater-agent-workspace/builds/worker-3-tc1/target:/opt/rustwide/target:rw,Z" "-v" "/var/lib/crater-agent-workspace/cargo-home:/opt/rustwide/cargo-home:ro,Z" "-v" "/var/lib/crater-agent-workspace/rustup-home:/opt/rustwide/rustup-home:ro,Z" "-m" "1610612736" "--network" "none" "ghcr.io/rust-lang/crates-build-env/linux@sha256:77db811e55d90add9212f6832c23229e3de5f1c1f9905e8cb07319ea15df73ac" "sleep" "infinity", kill_on_drop: false }`
[INFO] [stdout] 658bca2f86cbe04711ca0092acfa64dd5a724098508af8fdf5d1bdba41eb58a6
[INFO] running `Command { std: "docker" "start" "658bca2f86cbe04711ca0092acfa64dd5a724098508af8fdf5d1bdba41eb58a6", kill_on_drop: false }`
[INFO] running `Command { std: "docker" "inspect" "658bca2f86cbe04711ca0092acfa64dd5a724098508af8fdf5d1bdba41eb58a6", kill_on_drop: false }`
[INFO] running `Command { std: "docker" "exec" "-e" "SOURCE_DIR=/opt/rustwide/workdir" "-e" "CARGO_HOME=/opt/rustwide/cargo-home" "-e" "RUSTUP_HOME=/opt/rustwide/rustup-home" "-e" "CARGO_TARGET_DIR=/opt/rustwide/target" "-w" "/opt/rustwide/workdir" "--user" "0:0" "658bca2f86cbe04711ca0092acfa64dd5a724098508af8fdf5d1bdba41eb58a6" "/opt/rustwide/cargo-home/bin/cargo" "+1.99.0-beta.8" "metadata" "--no-deps" "--format-version=1", kill_on_drop: false }`
[INFO] running `Command { std: "docker" "inspect" "658bca2f86cbe04711ca0092acfa64dd5a724098508af8fdf5d1bdba41eb58a6", kill_on_drop: false }`
[INFO] running `Command { std: "docker" "exec" "-e" "SOURCE_DIR=/opt/rustwide/workdir" "-e" "CARGO_HOME=/opt/rustwide/cargo-home" "-e" "RUSTUP_HOME=/opt/rustwide/rustup-home" "-e" "CARGO_TARGET_DIR=/opt/rustwide/target" "-e" "CARGO_INCREMENTAL=0" "-e" "RUST_BACKTRACE=full" "-e" "RUSTFLAGS=--cap-lints=warn" "-e" "RUSTDOCFLAGS=--cap-lints=warn" "-w" "/opt/rustwide/workdir" "--user" "0:0" "658bca2f86cbe04711ca0092acfa64dd5a724098508af8fdf5d1bdba41eb58a6" "/opt/rustwide/cargo-home/bin/cargo" "+1.99.0-beta.8" "build" "--frozen" "--message-format=json" "--release", kill_on_drop: false }`
[INFO] [stderr]    Compiling syn v0.15.44
[INFO] [stderr]    Compiling quote v0.6.13
[INFO] [stderr]    Compiling dto_derive v0.1.1 (/opt/rustwide/workdir)
[INFO] [stdout] warning: field `ident` is never read
[INFO] [stdout]  --> src/parse/request_struct_attr.rs:9:16
[INFO] [stdout]   |
[INFO] [stdout] 8 | pub(crate) struct RequestStructAttr {
[INFO] [stdout]   |                   ----------------- field in this struct
[INFO] [stdout] 9 |     pub(crate) ident: Ident,
[INFO] [stdout]   |                ^^^^^
[INFO] [stdout]   |
[INFO] [stdout]   = note: `RequestStructAttr` has derived impls for the traits `Clone` and `Debug`, but these are intentionally ignored during dead code analysis
[INFO] [stdout]   = note: `#[warn(dead_code)]` (part of `#[warn(unused)]`) on by default
[INFO] [stdout] 
[INFO] [stdout] 
[INFO] [stdout] warning: field `ident` is never read
[INFO] [stdout]  --> src/parse/response_struct_attr.rs:9:16
[INFO] [stdout]   |
[INFO] [stdout] 8 | pub(crate) struct ResponseStructAttr {
[INFO] [stdout]   |                   ------------------ field in this struct
[INFO] [stdout] 9 |     pub(crate) ident: Ident,
[INFO] [stdout]   |                ^^^^^
[INFO] [stdout]   |
[INFO] [stdout]   = note: `ResponseStructAttr` has derived impls for the traits `Clone` and `Debug`, but these are intentionally ignored during dead code analysis
[INFO] [stdout] 
[INFO] [stdout] 
[INFO] [stdout] warning: hiding a lifetime that's elided elsewhere is confusing
[INFO] [stdout]    --> src/container.rs:118:24
[INFO] [stdout]     |
[INFO] [stdout] 118 |     pub(crate) fn seal(&self) -> Result<SealedContainer> {
[INFO] [stdout]     |                        ^^^^^            ^^^^^^^^^^^^^^^ the same lifetime is hidden here
[INFO] [stdout]     |                        |
[INFO] [stdout]     |                        the lifetime is elided here
[INFO] [stdout]     |
[INFO] [stdout]     = help: the same lifetime is referred to in inconsistent ways, making the signature confusing
[INFO] [stdout]     = note: `#[warn(mismatched_lifetime_syntaxes)]` on by default
[INFO] [stdout] help: use `'_` for type paths
[INFO] [stdout]     |
[INFO] [stdout] 118 |     pub(crate) fn seal(&self) -> Result<SealedContainer<'_>> {
[INFO] [stdout]     |                                                        ++++
[INFO] [stdout] 
[INFO] [stdout] 
[INFO] [stdout] warning: hiding a lifetime that's elided elsewhere is confusing
[INFO] [stdout]   --> src/dto_info.rs:18:39
[INFO] [stdout]    |
[INFO] [stdout] 18 |     pub(crate) fn from_derive(derive: &DeriveInput) -> Result<DtoInfo> {
[INFO] [stdout]    |                                       ^^^^^^^^^^^^            ^^^^^^^ the same lifetime is hidden here
[INFO] [stdout]    |                                       |
[INFO] [stdout]    |                                       the lifetime is elided here
[INFO] [stdout]    |
[INFO] [stdout]    = help: the same lifetime is referred to in inconsistent ways, making the signature confusing
[INFO] [stdout] help: use `'_` for type paths
[INFO] [stdout]    |
[INFO] [stdout] 18 |     pub(crate) fn from_derive(derive: &DeriveInput) -> Result<DtoInfo<'_>> {
[INFO] [stdout]    |                                                                      ++++
[INFO] [stdout] 
[INFO] [stdout] 
[INFO] [stderr]     Finished `release` profile [optimized] target(s) in 9.85s
[INFO] running `Command { std: "docker" "inspect" "658bca2f86cbe04711ca0092acfa64dd5a724098508af8fdf5d1bdba41eb58a6", kill_on_drop: false }`
[INFO] running `Command { std: "docker" "exec" "-e" "SOURCE_DIR=/opt/rustwide/workdir" "-e" "CARGO_HOME=/opt/rustwide/cargo-home" "-e" "RUSTUP_HOME=/opt/rustwide/rustup-home" "-e" "CARGO_TARGET_DIR=/opt/rustwide/target" "-e" "CARGO_INCREMENTAL=0" "-e" "RUST_BACKTRACE=full" "-e" "RUSTFLAGS=--cap-lints=warn" "-e" "RUSTDOCFLAGS=--cap-lints=warn" "-w" "/opt/rustwide/workdir" "--user" "0:0" "658bca2f86cbe04711ca0092acfa64dd5a724098508af8fdf5d1bdba41eb58a6" "/opt/rustwide/cargo-home/bin/cargo" "+1.99.0-beta.8" "test" "--frozen" "--no-run" "--message-format=json" "--release", kill_on_drop: false }`
[INFO] [stderr] warning: output filename collision at /opt/rustwide/target/release/libtest.so
[INFO] [stderr]   |
[INFO] [stderr]   = note: the lib target `test` in package `tester v0.5.1` has the same output filename as the lib target `test` in package `tester v0.5.1`
[INFO] [stderr]   = note: this may become a hard error in the future; see <https://github.com/rust-lang/cargo/issues/6313>
[INFO] [stderr]   = help: consider changing their names to be unique or compiling them separately
[INFO] [stderr] warning: output filename collision at /opt/rustwide/target/release/libtest.so.dwp
[INFO] [stderr]   |
[INFO] [stderr]   = note: the lib target `test` in package `tester v0.5.1` has the same output filename as the lib target `test` in package `tester v0.5.1`
[INFO] [stderr]   = note: this may become a hard error in the future; see <https://github.com/rust-lang/cargo/issues/6313>
[INFO] [stderr]   = help: consider changing their names to be unique or compiling them separately
[INFO] [stderr]    Compiling object v0.37.3
[INFO] [stderr]    Compiling syn v1.0.109
[INFO] [stderr]    Compiling failure_derive v0.1.8
[INFO] [stderr]    Compiling libc v0.2.191
[INFO] [stderr]    Compiling compiletest_rs v0.3.19
[INFO] [stderr]    Compiling gimli v0.32.3
[INFO] [stderr]    Compiling dirs-sys v0.3.7
[INFO] [stderr]    Compiling rustc-demangle v0.1.28
[INFO] [stderr]    Compiling aho-corasick v1.1.5
[INFO] [stderr]    Compiling proc-macro2 v0.4.30
[INFO] [stderr]    Compiling unicode-xid v0.1.0
[INFO] [stderr]    Compiling dirs v2.0.2
[INFO] [stderr]    Compiling serde_json v1.0.154
[INFO] [stderr]    Compiling term v0.6.1
[INFO] [stderr]    Compiling getopts v0.2.24
[INFO] [stderr]    Compiling regex-automata v0.4.18
[INFO] [stderr]    Compiling synstructure v0.12.6
[INFO] [stderr]    Compiling addr2line v0.25.1
[INFO] [stderr]    Compiling serde v1.0.229
[INFO] [stderr]    Compiling tester v0.5.1
[INFO] [stderr]    Compiling quote v0.6.13
[INFO] [stderr]    Compiling dto_derive v0.1.1 (/opt/rustwide/workdir)
[INFO] [stderr]    Compiling filetime v0.2.29
[INFO] [stderr]    Compiling syn v0.15.44
[INFO] [stderr]    Compiling diff v0.1.13
[INFO] [stdout] warning: field `ident` is never read
[INFO] [stdout]  --> src/parse/request_struct_attr.rs:9:16
[INFO] [stdout]   |
[INFO] [stdout] 8 | pub(crate) struct RequestStructAttr {
[INFO] [stdout]   |                   ----------------- field in this struct
[INFO] [stdout] 9 |     pub(crate) ident: Ident,
[INFO] [stdout]   |                ^^^^^
[INFO] [stdout]   |
[INFO] [stdout]   = note: `RequestStructAttr` has derived impls for the traits `Clone` and `Debug`, but these are intentionally ignored during dead code analysis
[INFO] [stdout]   = note: `#[warn(dead_code)]` (part of `#[warn(unused)]`) on by default
[INFO] [stdout] 
[INFO] [stdout] 
[INFO] [stdout] warning: field `ident` is never read
[INFO] [stdout]  --> src/parse/response_struct_attr.rs:9:16
[INFO] [stdout]   |
[INFO] [stdout] 8 | pub(crate) struct ResponseStructAttr {
[INFO] [stdout]   |                   ------------------ field in this struct
[INFO] [stdout] 9 |     pub(crate) ident: Ident,
[INFO] [stdout]   |                ^^^^^
[INFO] [stdout]   |
[INFO] [stdout]   = note: `ResponseStructAttr` has derived impls for the traits `Clone` and `Debug`, but these are intentionally ignored during dead code analysis
[INFO] [stdout] 
[INFO] [stdout] 
[INFO] [stdout] warning: hiding a lifetime that's elided elsewhere is confusing
[INFO] [stdout]    --> src/container.rs:118:24
[INFO] [stdout]     |
[INFO] [stdout] 118 |     pub(crate) fn seal(&self) -> Result<SealedContainer> {
[INFO] [stdout]     |                        ^^^^^            ^^^^^^^^^^^^^^^ the same lifetime is hidden here
[INFO] [stdout]     |                        |
[INFO] [stdout]     |                        the lifetime is elided here
[INFO] [stdout]     |
[INFO] [stdout]     = help: the same lifetime is referred to in inconsistent ways, making the signature confusing
[INFO] [stdout]     = note: `#[warn(mismatched_lifetime_syntaxes)]` on by default
[INFO] [stdout] help: use `'_` for type paths
[INFO] [stdout]     |
[INFO] [stdout] 118 |     pub(crate) fn seal(&self) -> Result<SealedContainer<'_>> {
[INFO] [stdout]     |                                                        ++++
[INFO] [stdout] 
[INFO] [stdout] 
[INFO] [stdout] warning: hiding a lifetime that's elided elsewhere is confusing
[INFO] [stdout]   --> src/dto_info.rs:18:39
[INFO] [stdout]    |
[INFO] [stdout] 18 |     pub(crate) fn from_derive(derive: &DeriveInput) -> Result<DtoInfo> {
[INFO] [stdout]    |                                       ^^^^^^^^^^^^            ^^^^^^^ the same lifetime is hidden here
[INFO] [stdout]    |                                       |
[INFO] [stdout]    |                                       the lifetime is elided here
[INFO] [stdout]    |
[INFO] [stdout]    = help: the same lifetime is referred to in inconsistent ways, making the signature confusing
[INFO] [stdout] help: use `'_` for type paths
[INFO] [stdout]    |
[INFO] [stdout] 18 |     pub(crate) fn from_derive(derive: &DeriveInput) -> Result<DtoInfo<'_>> {
[INFO] [stdout]    |                                                                      ++++
[INFO] [stdout] 
[INFO] [stdout] 
[INFO] [stderr]    Compiling miniz_oxide v0.8.9
[INFO] [stderr]    Compiling zmij v1.0.23
[INFO] [stderr]    Compiling backtrace v0.3.76
[INFO] [stderr]    Compiling cfg-if v0.1.10
[INFO] [stderr]    Compiling regex v1.13.1
[INFO] [stderr]    Compiling failure v0.1.8
[INFO] [stderr]    Compiling rustfix v0.4.6
[INFO] [stdout] warning: field `ident` is never read
[INFO] [stdout]  --> src/parse/request_struct_attr.rs:9:16
[INFO] [stdout]   |
[INFO] [stdout] 8 | pub(crate) struct RequestStructAttr {
[INFO] [stdout]   |                   ----------------- field in this struct
[INFO] [stdout] 9 |     pub(crate) ident: Ident,
[INFO] [stdout]   |                ^^^^^
[INFO] [stdout]   |
[INFO] [stdout]   = note: `RequestStructAttr` has derived impls for the traits `Clone` and `Debug`, but these are intentionally ignored during dead code analysis
[INFO] [stdout]   = note: `#[warn(dead_code)]` (part of `#[warn(unused)]`) on by default
[INFO] [stdout] 
[INFO] [stdout] 
[INFO] [stdout] warning: field `ident` is never read
[INFO] [stdout]  --> src/parse/response_struct_attr.rs:9:16
[INFO] [stdout]   |
[INFO] [stdout] 8 | pub(crate) struct ResponseStructAttr {
[INFO] [stdout]   |                   ------------------ field in this struct
[INFO] [stdout] 9 |     pub(crate) ident: Ident,
[INFO] [stdout]   |                ^^^^^
[INFO] [stdout]   |
[INFO] [stdout]   = note: `ResponseStructAttr` has derived impls for the traits `Clone` and `Debug`, but these are intentionally ignored during dead code analysis
[INFO] [stdout] 
[INFO] [stdout] 
[INFO] [stdout] warning: hiding a lifetime that's elided elsewhere is confusing
[INFO] [stdout]    --> src/container.rs:118:24
[INFO] [stdout]     |
[INFO] [stdout] 118 |     pub(crate) fn seal(&self) -> Result<SealedContainer> {
[INFO] [stdout]     |                        ^^^^^            ^^^^^^^^^^^^^^^ the same lifetime is hidden here
[INFO] [stdout]     |                        |
[INFO] [stdout]     |                        the lifetime is elided here
[INFO] [stdout]     |
[INFO] [stdout]     = help: the same lifetime is referred to in inconsistent ways, making the signature confusing
[INFO] [stdout]     = note: `#[warn(mismatched_lifetime_syntaxes)]` on by default
[INFO] [stdout] help: use `'_` for type paths
[INFO] [stdout]     |
[INFO] [stdout] 118 |     pub(crate) fn seal(&self) -> Result<SealedContainer<'_>> {
[INFO] [stdout]     |                                                        ++++
[INFO] [stdout] 
[INFO] [stdout] 
[INFO] [stdout] warning: hiding a lifetime that's elided elsewhere is confusing
[INFO] [stdout]   --> src/dto_info.rs:18:39
[INFO] [stdout]    |
[INFO] [stdout] 18 |     pub(crate) fn from_derive(derive: &DeriveInput) -> Result<DtoInfo> {
[INFO] [stdout]    |                                       ^^^^^^^^^^^^            ^^^^^^^ the same lifetime is hidden here
[INFO] [stdout]    |                                       |
[INFO] [stdout]    |                                       the lifetime is elided here
[INFO] [stdout]    |
[INFO] [stdout]    = help: the same lifetime is referred to in inconsistent ways, making the signature confusing
[INFO] [stdout] help: use `'_` for type paths
[INFO] [stdout]    |
[INFO] [stdout] 18 |     pub(crate) fn from_derive(derive: &DeriveInput) -> Result<DtoInfo<'_>> {
[INFO] [stdout]    |                                                                      ++++
[INFO] [stdout] 
[INFO] [stdout] 
[INFO] [stderr]     Finished `release` profile [optimized] target(s) in 1m 53s
[INFO] running `Command { std: "docker" "inspect" "658bca2f86cbe04711ca0092acfa64dd5a724098508af8fdf5d1bdba41eb58a6", kill_on_drop: false }`
[INFO] running `Command { std: "docker" "exec" "-e" "SOURCE_DIR=/opt/rustwide/workdir" "-e" "CARGO_HOME=/opt/rustwide/cargo-home" "-e" "RUSTUP_HOME=/opt/rustwide/rustup-home" "-e" "CARGO_TARGET_DIR=/opt/rustwide/target" "-e" "CARGO_INCREMENTAL=0" "-e" "RUST_BACKTRACE=full" "-e" "RUSTFLAGS=--cap-lints=warn" "-e" "RUSTDOCFLAGS=--cap-lints=warn" "-w" "/opt/rustwide/workdir" "--user" "0:0" "658bca2f86cbe04711ca0092acfa64dd5a724098508af8fdf5d1bdba41eb58a6" "/opt/rustwide/cargo-home/bin/cargo" "+1.99.0-beta.8" "test" "--frozen" "--release", kill_on_drop: false }`
[INFO] [stderr] warning: output filename collision at /opt/rustwide/target/release/libtest.so
[INFO] [stderr]   |
[INFO] [stderr]   = note: the lib target `test` in package `tester v0.5.1` has the same output filename as the lib target `test` in package `tester v0.5.1`
[INFO] [stderr]   = note: this may become a hard error in the future; see <https://github.com/rust-lang/cargo/issues/6313>
[INFO] [stderr]   = help: consider changing their names to be unique or compiling them separately
[INFO] [stderr] warning: output filename collision at /opt/rustwide/target/release/libtest.so.dwp
[INFO] [stderr]   |
[INFO] [stderr]   = note: the lib target `test` in package `tester v0.5.1` has the same output filename as the lib target `test` in package `tester v0.5.1`
[INFO] [stderr]   = note: this may become a hard error in the future; see <https://github.com/rust-lang/cargo/issues/6313>
[INFO] [stderr]   = help: consider changing their names to be unique or compiling them separately
[INFO] [stderr] warning: field `ident` is never read
[INFO] [stderr]  --> src/parse/request_struct_attr.rs:9:16
[INFO] [stderr]   |
[INFO] [stderr] 8 | pub(crate) struct RequestStructAttr {
[INFO] [stderr]   |                   ----------------- field in this struct
[INFO] [stderr] 9 |     pub(crate) ident: Ident,
[INFO] [stderr]   |                ^^^^^
[INFO] [stderr]   |
[INFO] [stderr]   = note: `RequestStructAttr` has derived impls for the traits `Clone` and `Debug`, but these are intentionally ignored during dead code analysis
[INFO] [stderr]   = note: `#[warn(dead_code)]` (part of `#[warn(unused)]`) on by default
[INFO] [stderr] 
[INFO] [stderr] warning: field `ident` is never read
[INFO] [stderr]  --> src/parse/response_struct_attr.rs:9:16
[INFO] [stderr]   |
[INFO] [stderr] 8 | pub(crate) struct ResponseStructAttr {
[INFO] [stderr]   |                   ------------------ field in this struct
[INFO] [stderr] 9 |     pub(crate) ident: Ident,
[INFO] [stderr]   |                ^^^^^
[INFO] [stderr]   |
[INFO] [stderr]   = note: `ResponseStructAttr` has derived impls for the traits `Clone` and `Debug`, but these are intentionally ignored during dead code analysis
[INFO] [stderr] 
[INFO] [stderr] warning: hiding a lifetime that's elided elsewhere is confusing
[INFO] [stderr]    --> src/container.rs:118:24
[INFO] [stderr]     |
[INFO] [stderr] 118 |     pub(crate) fn seal(&self) -> Result<SealedContainer> {
[INFO] [stderr]     |                        ^^^^^            ^^^^^^^^^^^^^^^ the same lifetime is hidden here
[INFO] [stderr]     |                        |
[INFO] [stderr]     |                        the lifetime is elided here
[INFO] [stderr]     |
[INFO] [stderr]     = help: the same lifetime is referred to in inconsistent ways, making the signature confusing
[INFO] [stderr]     = note: `#[warn(mismatched_lifetime_syntaxes)]` on by default
[INFO] [stderr] help: use `'_` for type paths
[INFO] [stderr]     |
[INFO] [stderr] 118 |     pub(crate) fn seal(&self) -> Result<SealedContainer<'_>> {
[INFO] [stderr]     |                                                        ++++
[INFO] [stderr] 
[INFO] [stderr] warning: hiding a lifetime that's elided elsewhere is confusing
[INFO] [stderr]   --> src/dto_info.rs:18:39
[INFO] [stderr]    |
[INFO] [stderr] 18 |     pub(crate) fn from_derive(derive: &DeriveInput) -> Result<DtoInfo> {
[INFO] [stderr]    |                                       ^^^^^^^^^^^^            ^^^^^^^ the same lifetime is hidden here
[INFO] [stderr]    |                                       |
[INFO] [stderr]    |                                       the lifetime is elided here
[INFO] [stderr]    |
[INFO] [stderr]    = help: the same lifetime is referred to in inconsistent ways, making the signature confusing
[INFO] [stderr] help: use `'_` for type paths
[INFO] [stderr]    |
[INFO] [stderr] 18 |     pub(crate) fn from_derive(derive: &DeriveInput) -> Result<DtoInfo<'_>> {
[INFO] [stderr]    |                                                                      ++++
[INFO] [stderr] 
[INFO] [stderr] warning: `dto_derive` (lib) generated 4 warnings (run `cargo fix --lib -p dto_derive` to apply 2 suggestions)
[INFO] [stderr] warning: `dto_derive` (lib test) generated 4 warnings (4 duplicates)
[INFO] [stderr]     Finished `release` profile [optimized] target(s) in 0.11s
[INFO] [stderr]      Running unittests src/lib.rs (/opt/rustwide/target/release/deps/dto_derive-5c20debdfb78d017)
[INFO] [stdout] 
[INFO] [stdout] running 0 tests
[INFO] [stdout] 
[INFO] [stdout] test result: ok. 0 passed; 0 failed; 0 ignored; 0 measured; 0 filtered out; finished in 0.00s
[INFO] [stdout] 
[INFO] [stderr]      Running tests/compiletest.rs (/opt/rustwide/target/release/deps/compiletest-9f89883732e33696)
[INFO] [stdout] 
[INFO] [stdout] running 1 test
[INFO] [stdout] 
[INFO] [stdout] running 7 tests
[INFO] [stdout] test [compile-fail] ui-fail/dto_derive_map_attr.rs ... FAILED
[INFO] [stdout] test [compile-fail] ui-fail/dto_derive_req_res_attr.rs ... FAILED
[INFO] [stdout] test [compile-fail] ui-fail/dto_derive_entity_attr.rs ... FAILED
[INFO] [stdout] test [compile-fail] ui-fail/dto_derive_skip_attr.rs ... FAILED
[INFO] [stdout] test [compile-fail] ui-fail/dto_derive_expected_struct.rs ... FAILED
[INFO] [stdout] test [compile-fail] ui-fail/dto_derive_wo_entity_attr.rs ... FAILED
[INFO] [stderr] error: test failed, to rerun pass `--test compiletest`
[INFO] [stdout] test [compile-fail] ui-fail/dto_derive_wo_req_res_attr.rs ... FAILED
[INFO] [stdout] 
[INFO] [stdout] failures:
[INFO] [stdout] 
[INFO] [stdout] failures:
[INFO] [stdout]     [compile-fail] ui-fail/dto_derive_entity_attr.rs
[INFO] [stdout]     [compile-fail] ui-fail/dto_derive_expected_struct.rs
[INFO] [stdout]     [compile-fail] ui-fail/dto_derive_map_attr.rs
[INFO] [stdout]     [compile-fail] ui-fail/dto_derive_req_res_attr.rs
[INFO] [stdout]     [compile-fail] ui-fail/dto_derive_skip_attr.rs
[INFO] [stdout]     [compile-fail] ui-fail/dto_derive_wo_entity_attr.rs
[INFO] [stdout]     [compile-fail] ui-fail/dto_derive_wo_req_res_attr.rs
[INFO] [stdout] 
[INFO] [stdout] test result: FAILED. 0 passed; 7 failed; 0 ignored; 0 measured; 0 filtered out
[INFO] [stdout] 
[INFO] [stdout] test compile_test ... FAILED
[INFO] [stdout] 
[INFO] [stdout] failures:
[INFO] [stdout] 
[INFO] [stdout] ---- compile_test stdout ----
[INFO] [stdout] 
[INFO] [stdout] error: tests/ui-fail/dto_derive_map_attr.rs:1: unexpected error: '1:1: 1:25: multiple candidates for `dylib` dependency `dto_derive` found [E0464]'
[INFO] [stdout] 
[INFO] [stdout] error: tests/ui-fail/dto_derive_map_attr.rs:6: expected error not found: cannot map already mapped field 'a'
[INFO] [stdout] 
[INFO] [stdout] error: tests/ui-fail/dto_derive_map_attr.rs:9: expected error not found: cannot map non-existent field 'c'
[INFO] [stdout] 
[INFO] [stdout] error: tests/ui-fail/dto_derive_map_attr.rs:20: expected error not found: cannot map non-existent field 'c'
[INFO] [stdout] 
[INFO] [stdout] error: 1 unexpected errors found, 3 expected errors not found
[INFO] [stdout] status: exit status: 1
[INFO] [stdout] command: "rustc" "tests/ui-fail/dto_derive_map_attr.rs" "-L" "/tmp" "--target=x86_64-unknown-linux-gnu" "--error-format" "json" "-C" "prefer-dynamic" "-o" "/tmp/dto_derive_map_attr.stage-id" "-L" "/opt/rustwide/target/release" "-L" "/opt/rustwide/target/release/deps" "-L" "/opt/rustwide/rustup-home/toolchains/1.99.0-beta.8-x86_64-unknown-linux-gnu/lib/rustlib/x86_64-unknown-linux-gnu/lib" "-L" "/opt/rustwide/rustup-home/toolchains/1.99.0-beta.8-x86_64-unknown-linux-gnu/lib" "-L" "/tmp/dto_derive_map_attr.stage-id.aux" "-A" "unused"
[INFO] [stdout] unexpected errors (from JSON output): [
[INFO] [stdout]     Error {
[INFO] [stdout]         line_num: 1,
[INFO] [stdout]         kind: Some(
[INFO] [stdout]             Error,
[INFO] [stdout]         ),
[INFO] [stdout]         msg: "1:1: 1:25: multiple candidates for `dylib` dependency `dto_derive` found [E0464]",
[INFO] [stdout]     },
[INFO] [stdout] ]
[INFO] [stdout] 
[INFO] [stdout] not found errors (from test file): [
[INFO] [stdout]     Error {
[INFO] [stdout]         line_num: 6,
[INFO] [stdout]         kind: Some(
[INFO] [stdout]             Error,
[INFO] [stdout]         ),
[INFO] [stdout]         msg: "cannot map already mapped field 'a'",
[INFO] [stdout]     },
[INFO] [stdout]     Error {
[INFO] [stdout]         line_num: 9,
[INFO] [stdout]         kind: Some(
[INFO] [stdout]             Error,
[INFO] [stdout]         ),
[INFO] [stdout]         msg: "cannot map non-existent field 'c'",
[INFO] [stdout]     },
[INFO] [stdout]     Error {
[INFO] [stdout]         line_num: 20,
[INFO] [stdout]         kind: Some(
[INFO] [stdout]             Error,
[INFO] [stdout]         ),
[INFO] [stdout]         msg: "cannot map non-existent field 'c'",
[INFO] [stdout]     },
[INFO] [stdout] ]
[INFO] [stdout] 
[INFO] [stdout] 
[INFO] [stdout] thread '[compile-fail] ui-fail/dto_derive_map_attr.rs' (1234) panicked at /opt/rustwide/cargo-home/registry/src/index.crates.io-1949cf8c6b5b557f/compiletest_rs-0.3.19/src/runtest.rs:1100:13:
[INFO] [stdout] explicit panic
[INFO] [stdout] stack backtrace:
[INFO] [stdout]    0:     0x65301df2d541 - <<std[70759c8f55707aa4]::sys::backtrace::BacktraceLock>::print::DisplayBacktrace as core[df12db4294e9bfd3]::fmt::Display>::fmt
[INFO] [stdout]    1:     0x65301df45dda - core[df12db4294e9bfd3]::fmt::write
[INFO] [stdout]    2:     0x65301df33efc - <alloc[2182bb758b4b3781]::vec::Vec<u8> as core[df12db4294e9bfd3]::io::write::Write>::write_fmt
[INFO] [stdout]    3:     0x65301df065b6 - std[70759c8f55707aa4]::panicking::default_hook::{closure#0}
[INFO] [stdout]    4:     0x65301df24ba9 - std[70759c8f55707aa4]::panicking::default_hook
[INFO] [stdout]    5:     0x65301dd31bc0 - test[9d35eded1c95d3be]::test_main_inner::<test[9d35eded1c95d3be]::test_main_static::{closure#0}>::{closure#0}
[INFO] [stdout]    6:     0x65301df24d62 - std[70759c8f55707aa4]::panicking::panic_with_hook
[INFO] [stdout]    7:     0x65301df05a1c - std[70759c8f55707aa4]::panicking::begin_panic::<&str>::{closure#0}
[INFO] [stdout]    8:     0x65301defeeb9 - std[70759c8f55707aa4]::sys::backtrace::__rust_end_short_backtrace::<std[70759c8f55707aa4]::panicking::begin_panic<&str>::{closure#0}, !>
[INFO] [stdout]    9:     0x65301defb56b - std[70759c8f55707aa4]::panicking::begin_panic::<&str>
[INFO] [stdout]   10:     0x65301dd93481 - <compiletest_rs[fda376c9fd9eb8b0]::runtest::TestCx>::run_cfail_test
[INFO] [stdout]   11:     0x65301dd9fe1f - compiletest_rs[fda376c9fd9eb8b0]::runtest::run
[INFO] [stdout]   12:     0x65301dd665ce - compiletest_rs[fda376c9fd9eb8b0]::make_test_closure::{closure#0}
[INFO] [stdout]   13:     0x65301dee352f - std[70759c8f55707aa4]::sys::backtrace::__rust_begin_short_backtrace::<test[f192868bfac361b9]::run_test::run_test_inner::{closure#0}, ()>
[INFO] [stdout]   14:     0x65301dece466 - <std[70759c8f55707aa4]::thread::lifecycle::spawn_unchecked<test[f192868bfac361b9]::run_test::run_test_inner::{closure#0}, ()>::{closure#1} as core[df12db4294e9bfd3]::ops::function::FnOnce<()>>::call_once::{shim:vtable#0}
[INFO] [stdout]   15:     0x65301df2ca29 - <std[70759c8f55707aa4]::sys::thread::unix::Thread>::new::thread_start
[INFO] [stdout]   16:     0x7978ac98cdfa - <unknown>
[INFO] [stdout]   17:     0x7978aca203d4 - clone
[INFO] [stdout]   18:                0x0 - <unknown>
[INFO] [stdout] 
[INFO] [stdout] error: tests/ui-fail/dto_derive_req_res_attr.rs:1: unexpected error: '1:1: 1:25: multiple candidates for `dylib` dependency `dto_derive` found [E0464]'
[INFO] [stdout] 
[INFO] [stdout] error: tests/ui-fail/dto_derive_req_res_attr.rs:6: expected error not found: duplicate `request`/`response` attribute
[INFO] [stdout] 
[INFO] [stdout] error: tests/ui-fail/dto_derive_req_res_attr.rs:11: expected error not found: duplicate `request`/`response` attribute
[INFO] [stdout] 
[INFO] [stdout] error: tests/ui-fail/dto_derive_req_res_attr.rs:16: expected error not found: duplicate `request`/`response` attribute
[INFO] [stdout] 
[INFO] [stdout] error: tests/ui-fail/dto_derive_req_res_attr.rs:21: expected error not found: duplicate `request`/`response` attribute
[INFO] [stdout] 
[INFO] [stdout] error: 1 unexpected errors found, 4 expected errors not found
[INFO] [stdout] status: exit status: 1
[INFO] [stdout] command: "rustc" "tests/ui-fail/dto_derive_req_res_attr.rs" "-L" "/tmp" "--target=x86_64-unknown-linux-gnu" "--error-format" "json" "-C" "prefer-dynamic" "-o" "/tmp/dto_derive_req_res_attr.stage-id" "-L" "/opt/rustwide/target/release" "-L" "/opt/rustwide/target/release/deps" "-L" "/opt/rustwide/rustup-home/toolchains/1.99.0-beta.8-x86_64-unknown-linux-gnu/lib/rustlib/x86_64-unknown-linux-gnu/lib" "-L" "/opt/rustwide/rustup-home/toolchains/1.99.0-beta.8-x86_64-unknown-linux-gnu/lib" "-L" "/tmp/dto_derive_req_res_attr.stage-id.aux" "-A" "unused"
[INFO] [stdout] unexpected errors (from JSON output): [
[INFO] [stdout]     Error {
[INFO] [stdout]         line_num: 1,
[INFO] [stdout]         kind: Some(
[INFO] [stdout]             Error,
[INFO] [stdout]         ),
[INFO] [stdout]         msg: "1:1: 1:25: multiple candidates for `dylib` dependency `dto_derive` found [E0464]",
[INFO] [stdout]     },
[INFO] [stdout] ]
[INFO] [stdout] 
[INFO] [stdout] not found errors (from test file): [
[INFO] [stdout]     Error {
[INFO] [stdout]         line_num: 6,
[INFO] [stdout]         kind: Some(
[INFO] [stdout]             Error,
[INFO] [stdout]         ),
[INFO] [stdout]         msg: "duplicate `request`/`response` attribute",
[INFO] [stdout]     },
[INFO] [stdout]     Error {
[INFO] [stdout]         line_num: 11,
[INFO] [stdout]         kind: Some(
[INFO] [stdout]             Error,
[INFO] [stdout]         ),
[INFO] [stdout]         msg: "duplicate `request`/`response` attribute",
[INFO] [stdout]     },
[INFO] [stdout]     Error {
[INFO] [stdout]         line_num: 16,
[INFO] [stdout]         kind: Some(
[INFO] [stdout]             Error,
[INFO] [stdout]         ),
[INFO] [stdout]         msg: "duplicate `request`/`response` attribute",
[INFO] [stdout]     },
[INFO] [stdout]     Error {
[INFO] [stdout]         line_num: 21,
[INFO] [stdout]         kind: Some(
[INFO] [stdout]             Error,
[INFO] [stdout]         ),
[INFO] [stdout]         msg: "duplicate `request`/`response` attribute",
[INFO] [stdout]     },
[INFO] [stdout] ]
[INFO] [stdout] 
[INFO] [stdout] 
[INFO] [stdout] thread '[compile-fail] ui-fail/dto_derive_req_res_attr.rs' (1235) panicked at /opt/rustwide/cargo-home/registry/src/index.crates.io-1949cf8c6b5b557f/compiletest_rs-0.3.19/src/runtest.rs:1100:13:
[INFO] [stdout] explicit panic
[INFO] [stdout] stack backtrace:
[INFO] [stdout]    0:     0x65301df2d541 - <<std[70759c8f55707aa4]::sys::backtrace::BacktraceLock>::print::DisplayBacktrace as core[df12db4294e9bfd3]::fmt::Display>::fmt
[INFO] [stdout]    1:     0x65301df45dda - core[df12db4294e9bfd3]::fmt::write
[INFO] [stdout]    2:     0x65301df33efc - <alloc[2182bb758b4b3781]::vec::Vec<u8> as core[df12db4294e9bfd3]::io::write::Write>::write_fmt
[INFO] [stdout]    3:     0x65301df065b6 - std[70759c8f55707aa4]::panicking::default_hook::{closure#0}
[INFO] [stdout]    4:     0x65301df24ba9 - std[70759c8f55707aa4]::panicking::default_hook
[INFO] [stdout]    5:     0x65301dd31bc0 - test[9d35eded1c95d3be]::test_main_inner::<test[9d35eded1c95d3be]::test_main_static::{closure#0}>::{closure#0}
[INFO] [stdout]    6:     0x65301df24d62 - std[70759c8f55707aa4]::panicking::panic_with_hook
[INFO] [stdout]    7:     0x65301df05a1c - std[70759c8f55707aa4]::panicking::begin_panic::<&str>::{closure#0}
[INFO] [stdout]    8:     0x65301defeeb9 - std[70759c8f55707aa4]::sys::backtrace::__rust_end_short_backtrace::<std[70759c8f55707aa4]::panicking::begin_panic<&str>::{closure#0}, !>
[INFO] [stdout]    9:     0x65301defb56b - std[70759c8f55707aa4]::panicking::begin_panic::<&str>
[INFO] [stdout]   10:     0x65301dd93481 - <compiletest_rs[fda376c9fd9eb8b0]::runtest::TestCx>::run_cfail_test
[INFO] [stdout]   11:     0x65301dd9fe1f - compiletest_rs[fda376c9fd9eb8b0]::runtest::run
[INFO] [stdout]   12:     0x65301dd665ce - compiletest_rs[fda376c9fd9eb8b0]::make_test_closure::{closure#0}
[INFO] [stdout]   13:     0x65301dee352f - std[70759c8f55707aa4]::sys::backtrace::__rust_begin_short_backtrace::<test[f192868bfac361b9]::run_test::run_test_inner::{closure#0}, ()>
[INFO] [stdout]   14:     0x65301dece466 - <std[70759c8f55707aa4]::thread::lifecycle::spawn_unchecked<test[f192868bfac361b9]::run_test::run_test_inner::{closure#0}, ()>::{closure#1} as core[df12db4294e9bfd3]::ops::function::FnOnce<()>>::call_once::{shim:vtable#0}
[INFO] [stdout]   15:     0x65301df2ca29 - <std[70759c8f55707aa4]::sys::thread::unix::Thread>::new::thread_start
[INFO] [stdout]   16:     0x7978ac98cdfa - <unknown>
[INFO] [stdout]   17:     0x7978aca203d4 - clone
[INFO] [stdout]   18:                0x0 - <unknown>
[INFO] [stdout] 
[INFO] [stdout] error: tests/ui-fail/dto_derive_entity_attr.rs:1: unexpected error: '1:1: 1:25: multiple candidates for `dylib` dependency `dto_derive` found [E0464]'
[INFO] [stdout] 
[INFO] [stdout] error: tests/ui-fail/dto_derive_entity_attr.rs:5: expected error not found: expected string literal containing entity type
[INFO] [stdout] 
[INFO] [stdout] error: tests/ui-fail/dto_derive_entity_attr.rs:10: expected error not found: duplicate `entity` attribute
[INFO] [stdout] 
[INFO] [stdout] error: 1 unexpected errors found, 2 expected errors not found
[INFO] [stdout] status: exit status: 1
[INFO] [stdout] command: "rustc" "tests/ui-fail/dto_derive_entity_attr.rs" "-L" "/tmp" "--target=x86_64-unknown-linux-gnu" "--error-format" "json" "-C" "prefer-dynamic" "-o" "/tmp/dto_derive_entity_attr.stage-id" "-L" "/opt/rustwide/target/release" "-L" "/opt/rustwide/target/release/deps" "-L" "/opt/rustwide/rustup-home/toolchains/1.99.0-beta.8-x86_64-unknown-linux-gnu/lib/rustlib/x86_64-unknown-linux-gnu/lib" "-L" "/opt/rustwide/rustup-home/toolchains/1.99.0-beta.8-x86_64-unknown-linux-gnu/lib" "-L" "/tmp/dto_derive_entity_attr.stage-id.aux" "-A" "unused"
[INFO] [stdout] unexpected errors (from JSON output): [
[INFO] [stdout]     Error {
[INFO] [stdout]         line_num: 1,
[INFO] [stdout]         kind: Some(
[INFO] [stdout]             Error,
[INFO] [stdout]         ),
[INFO] [stdout]         msg: "1:1: 1:25: multiple candidates for `dylib` dependency `dto_derive` found [E0464]",
[INFO] [stdout]     },
[INFO] [stdout] ]
[INFO] [stdout] 
[INFO] [stdout] not found errors (from test file): [
[INFO] [stdout]     Error {
[INFO] [stdout]         line_num: 5,
[INFO] [stdout]         kind: Some(
[INFO] [stdout]             Error,
[INFO] [stdout]         ),
[INFO] [stdout]         msg: "expected string literal containing entity type",
[INFO] [stdout]     },
[INFO] [stdout]     Error {
[INFO] [stdout]         line_num: 10,
[INFO] [stdout]         kind: Some(
[INFO] [stdout]             Error,
[INFO] [stdout]         ),
[INFO] [stdout]         msg: "duplicate `entity` attribute",
[INFO] [stdout]     },
[INFO] [stdout] ]
[INFO] [stdout] 
[INFO] [stdout] 
[INFO] [stdout] thread '[compile-fail] ui-fail/dto_derive_entity_attr.rs' (1232) panicked at /opt/rustwide/cargo-home/registry/src/index.crates.io-1949cf8c6b5b557f/compiletest_rs-0.3.19/src/runtest.rs:1100:13:
[INFO] [stdout] explicit panic
[INFO] [stdout] stack backtrace:
[INFO] [stdout]    0:     0x65301df2d541 - <<std[70759c8f55707aa4]::sys::backtrace::BacktraceLock>::print::DisplayBacktrace as core[df12db4294e9bfd3]::fmt::Display>::fmt
[INFO] [stdout]    1:     0x65301df45dda - core[df12db4294e9bfd3]::fmt::write
[INFO] [stdout]    2:     0x65301df33efc - <alloc[2182bb758b4b3781]::vec::Vec<u8> as core[df12db4294e9bfd3]::io::write::Write>::write_fmt
[INFO] [stdout]    3:     0x65301df065b6 - std[70759c8f55707aa4]::panicking::default_hook::{closure#0}
[INFO] [stdout]    4:     0x65301df24ba9 - std[70759c8f55707aa4]::panicking::default_hook
[INFO] [stdout]    5:     0x65301dd31bc0 - test[9d35eded1c95d3be]::test_main_inner::<test[9d35eded1c95d3be]::test_main_static::{closure#0}>::{closure#0}
[INFO] [stdout]    6:     0x65301df24d62 - std[70759c8f55707aa4]::panicking::panic_with_hook
[INFO] [stdout]    7:     0x65301df05a1c - std[70759c8f55707aa4]::panicking::begin_panic::<&str>::{closure#0}
[INFO] [stdout]    8:     0x65301defeeb9 - std[70759c8f55707aa4]::sys::backtrace::__rust_end_short_backtrace::<std[70759c8f55707aa4]::panicking::begin_panic<&str>::{closure#0}, !>
[INFO] [stdout]    9:     0x65301defb56b - std[70759c8f55707aa4]::panicking::begin_panic::<&str>
[INFO] [stdout]   10:     0x65301dd93481 - <compiletest_rs[fda376c9fd9eb8b0]::runtest::TestCx>::run_cfail_test
[INFO] [stdout]   11:     0x65301dd9fe1f - compiletest_rs[fda376c9fd9eb8b0]::runtest::run
[INFO] [stdout]   12:     0x65301dd665ce - compiletest_rs[fda376c9fd9eb8b0]::make_test_closure::{closure#0}
[INFO] [stdout]   13:     0x65301dee352f - std[70759c8f55707aa4]::sys::backtrace::__rust_begin_short_backtrace::<test[f192868bfac361b9]::run_test::run_test_inner::{closure#0}, ()>
[INFO] [stdout]   14:     0x65301dece466 - <std[70759c8f55707aa4]::thread::lifecycle::spawn_unchecked<test[f192868bfac361b9]::run_test::run_test_inner::{closure#0}, ()>::{closure#1} as core[df12db4294e9bfd3]::ops::function::FnOnce<()>>::call_once::{shim:vtable#0}
[INFO] [stdout]   15:     0x65301df2ca29 - <std[70759c8f55707aa4]::sys::thread::unix::Thread>::new::thread_start
[INFO] [stdout]   16:     0x7978ac98cdfa - <unknown>
[INFO] [stdout]   17:     0x7978aca203d4 - clone
[INFO] [stdout]   18:                0x0 - <unknown>
[INFO] [stdout] 
[INFO] [stdout] error: tests/ui-fail/dto_derive_skip_attr.rs:1: unexpected error: '1:1: 1:25: multiple candidates for `dylib` dependency `dto_derive` found [E0464]'
[INFO] [stdout] 
[INFO] [stdout] error: tests/ui-fail/dto_derive_skip_attr.rs:5: expected error not found: expected string literal containing field names separated by comma
[INFO] [stdout] 
[INFO] [stdout] error: tests/ui-fail/dto_derive_skip_attr.rs:9: expected error not found: expected at least one field name
[INFO] [stdout] 
[INFO] [stdout] error: tests/ui-fail/dto_derive_skip_attr.rs:13: expected error not found: cannot skip non-existent field 'a'
[INFO] [stdout] 
[INFO] [stdout] error: tests/ui-fail/dto_derive_skip_attr.rs:17: expected error not found: cannot skip non-existent field 'b'
[INFO] [stdout] 
[INFO] [stdout] error: tests/ui-fail/dto_derive_skip_attr.rs:24: expected error not found: cannot skip already skipped field 'b'
[INFO] [stdout] 
[INFO] [stdout] error: tests/ui-fail/dto_derive_skip_attr.rs:32: expected error not found: cannot skip already skipped field 'b'
[INFO] [stdout] 
[INFO] [stdout] error: 1 unexpected errors found, 6 expected errors not found
[INFO] [stdout] status: exit status: 1
[INFO] [stdout] command: "rustc" "tests/ui-fail/dto_derive_skip_attr.rs" "-L" "/tmp" "--target=x86_64-unknown-linux-gnu" "--error-format" "json" "-C" "prefer-dynamic" "-o" "/tmp/dto_derive_skip_attr.stage-id" "-L" "/opt/rustwide/target/release" "-L" "/opt/rustwide/target/release/deps" "-L" "/opt/rustwide/rustup-home/toolchains/1.99.0-beta.8-x86_64-unknown-linux-gnu/lib/rustlib/x86_64-unknown-linux-gnu/lib" "-L" "/opt/rustwide/rustup-home/toolchains/1.99.0-beta.8-x86_64-unknown-linux-gnu/lib" "-L" "/tmp/dto_derive_skip_attr.stage-id.aux" "-A" "unused"
[INFO] [stdout] unexpected errors (from JSON output): [
[INFO] [stdout]     Error {
[INFO] [stdout]         line_num: 1,
[INFO] [stdout]         kind: Some(
[INFO] [stdout]             Error,
[INFO] [stdout]         ),
[INFO] [stdout]         msg: "1:1: 1:25: multiple candidates for `dylib` dependency `dto_derive` found [E0464]",
[INFO] [stdout]     },
[INFO] [stdout] ]
[INFO] [stdout] 
[INFO] [stdout] not found errors (from test file): [
[INFO] [stdout]     Error {
[INFO] [stdout]         line_num: 5,
[INFO] [stdout]         kind: Some(
[INFO] [stdout]             Error,
[INFO] [stdout]         ),
[INFO] [stdout]         msg: "expected string literal containing field names separated by comma",
[INFO] [stdout]     },
[INFO] [stdout]     Error {
[INFO] [stdout]         line_num: 9,
[INFO] [stdout]         kind: Some(
[INFO] [stdout]             Error,
[INFO] [stdout]         ),
[INFO] [stdout]         msg: "expected at least one field name",
[INFO] [stdout]     },
[INFO] [stdout]     Error {
[INFO] [stdout]         line_num: 13,
[INFO] [stdout]         kind: Some(
[INFO] [stdout]             Error,
[INFO] [stdout]         ),
[INFO] [stdout]         msg: "cannot skip non-existent field 'a'",
[INFO] [stdout]     },
[INFO] [stdout]     Error {
[INFO] [stdout]         line_num: 17,
[INFO] [stdout]         kind: Some(
[INFO] [stdout]             Error,
[INFO] [stdout]         ),
[INFO] [stdout]         msg: "cannot skip non-existent field 'b'",
[INFO] [stdout]     },
[INFO] [stdout]     Error {
[INFO] [stdout]         line_num: 24,
[INFO] [stdout]         kind: Some(
[INFO] [stdout]             Error,
[INFO] [stdout]         ),
[INFO] [stdout]         msg: "cannot skip already skipped field 'b'",
[INFO] [stdout]     },
[INFO] [stdout]     Error {
[INFO] [stdout]         line_num: 32,
[INFO] [stdout]         kind: Some(
[INFO] [stdout]             Error,
[INFO] [stdout]         ),
[INFO] [stdout]         msg: "cannot skip already skipped field 'b'",
[INFO] [stdout]     },
[INFO] [stdout] ]
[INFO] [stdout] 
[INFO] [stdout] 
[INFO] [stdout] thread '[compile-fail] ui-fail/dto_derive_skip_attr.rs' (1236) panicked at /opt/rustwide/cargo-home/registry/src/index.crates.io-1949cf8c6b5b557f/compiletest_rs-0.3.19/src/runtest.rs:1100:13:
[INFO] [stdout] explicit panic
[INFO] [stdout] stack backtrace:
[INFO] [stdout]    0:     0x65301df2d541 - <<std[70759c8f55707aa4]::sys::backtrace::BacktraceLock>::print::DisplayBacktrace as core[df12db4294e9bfd3]::fmt::Display>::fmt
[INFO] [stdout]    1:     0x65301df45dda - core[df12db4294e9bfd3]::fmt::write
[INFO] [stdout]    2:     0x65301df33efc - <alloc[2182bb758b4b3781]::vec::Vec<u8> as core[df12db4294e9bfd3]::io::write::Write>::write_fmt
[INFO] [stdout]    3:     0x65301df065b6 - std[70759c8f55707aa4]::panicking::default_hook::{closure#0}
[INFO] [stdout]    4:     0x65301df24ba9 - std[70759c8f55707aa4]::panicking::default_hook
[INFO] [stdout]    5:     0x65301dd31bc0 - test[9d35eded1c95d3be]::test_main_inner::<test[9d35eded1c95d3be]::test_main_static::{closure#0}>::{closure#0}
[INFO] [stdout]    6:     0x65301df24d62 - std[70759c8f55707aa4]::panicking::panic_with_hook
[INFO] [stdout]    7:     0x65301df05a1c - std[70759c8f55707aa4]::panicking::begin_panic::<&str>::{closure#0}
[INFO] [stdout]    8:     0x65301defeeb9 - std[70759c8f55707aa4]::sys::backtrace::__rust_end_short_backtrace::<std[70759c8f55707aa4]::panicking::begin_panic<&str>::{closure#0}, !>
[INFO] [stdout]    9:     0x65301defb56b - std[70759c8f55707aa4]::panicking::begin_panic::<&str>
[INFO] [stdout]   10:     0x65301dd93481 - <compiletest_rs[fda376c9fd9eb8b0]::runtest::TestCx>::run_cfail_test
[INFO] [stdout]   11:     0x65301dd9fe1f - compiletest_rs[fda376c9fd9eb8b0]::runtest::run
[INFO] [stdout]   12:     0x65301dd665ce - compiletest_rs[fda376c9fd9eb8b0]::make_test_closure::{closure#0}
[INFO] [stdout]   13:     0x65301dee352f - std[70759c8f55707aa4]::sys::backtrace::__rust_begin_short_backtrace::<test[f192868bfac361b9]::run_test::run_test_inner::{closure#0}, ()>
[INFO] [stdout]   14:     0x65301dece466 - <std[70759c8f55707aa4]::thread::lifecycle::spawn_unchecked<test[f192868bfac361b9]::run_test::run_test_inner::{closure#0}, ()>::{closure#1} as core[df12db4294e9bfd3]::ops::function::FnOnce<()>>::call_once::{shim:vtable#0}
[INFO] [stdout]   15:     0x65301df2ca29 - <std[70759c8f55707aa4]::sys::thread::unix::Thread>::new::thread_start
[INFO] [stdout]   16:     0x7978ac98cdfa - <unknown>
[INFO] [stdout]   17:     0x7978aca203d4 - clone
[INFO] [stdout]   18:                0x0 - <unknown>
[INFO] [stdout] 
[INFO] [stdout] error: tests/ui-fail/dto_derive_expected_struct.rs:1: unexpected error: '1:1: 1:25: multiple candidates for `dylib` dependency `dto_derive` found [E0464]'
[INFO] [stdout] 
[INFO] [stdout] error: tests/ui-fail/dto_derive_expected_struct.rs:5: expected error not found: expected struct
[INFO] [stdout] 
[INFO] [stdout] error: 1 unexpected errors found, 1 expected errors not found
[INFO] [stdout] status: exit status: 1
[INFO] [stdout] command: "rustc" "tests/ui-fail/dto_derive_expected_struct.rs" "-L" "/tmp" "--target=x86_64-unknown-linux-gnu" "--error-format" "json" "-C" "prefer-dynamic" "-o" "/tmp/dto_derive_expected_struct.stage-id" "-L" "/opt/rustwide/target/release" "-L" "/opt/rustwide/target/release/deps" "-L" "/opt/rustwide/rustup-home/toolchains/1.99.0-beta.8-x86_64-unknown-linux-gnu/lib/rustlib/x86_64-unknown-linux-gnu/lib" "-L" "/opt/rustwide/rustup-home/toolchains/1.99.0-beta.8-x86_64-unknown-linux-gnu/lib" "-L" "/tmp/dto_derive_expected_struct.stage-id.aux" "-A" "unused"
[INFO] [stdout] unexpected errors (from JSON output): [
[INFO] [stdout]     Error {
[INFO] [stdout]         line_num: 1,
[INFO] [stdout]         kind: Some(
[INFO] [stdout]             Error,
[INFO] [stdout]         ),
[INFO] [stdout]         msg: "1:1: 1:25: multiple candidates for `dylib` dependency `dto_derive` found [E0464]",
[INFO] [stdout]     },
[INFO] [stdout] ]
[INFO] [stdout] 
[INFO] [stdout] not found errors (from test file): [
[INFO] [stdout]     Error {
[INFO] [stdout]         line_num: 5,
[INFO] [stdout]         kind: Some(
[INFO] [stdout]             Error,
[INFO] [stdout]         ),
[INFO] [stdout]         msg: "expected struct",
[INFO] [stdout]     },
[INFO] [stdout] ]
[INFO] [stdout] 
[INFO] [stdout] 
[INFO] [stdout] thread '[compile-fail] ui-fail/dto_derive_expected_struct.rs' (1233) panicked at /opt/rustwide/cargo-home/registry/src/index.crates.io-1949cf8c6b5b557f/compiletest_rs-0.3.19/src/runtest.rs:1100:13:
[INFO] [stdout] explicit panic
[INFO] [stdout] stack backtrace:
[INFO] [stdout]    0:     0x65301df2d541 - <<std[70759c8f55707aa4]::sys::backtrace::BacktraceLock>::print::DisplayBacktrace as core[df12db4294e9bfd3]::fmt::Display>::fmt
[INFO] [stdout]    1:     0x65301df45dda - core[df12db4294e9bfd3]::fmt::write
[INFO] [stdout]    2:     0x65301df33efc - <alloc[2182bb758b4b3781]::vec::Vec<u8> as core[df12db4294e9bfd3]::io::write::Write>::write_fmt
[INFO] [stdout]    3:     0x65301df065b6 - std[70759c8f55707aa4]::panicking::default_hook::{closure#0}
[INFO] [stdout]    4:     0x65301df24ba9 - std[70759c8f55707aa4]::panicking::default_hook
[INFO] [stdout]    5:     0x65301dd31bc0 - test[9d35eded1c95d3be]::test_main_inner::<test[9d35eded1c95d3be]::test_main_static::{closure#0}>::{closure#0}
[INFO] [stdout]    6:     0x65301df24d62 - std[70759c8f55707aa4]::panicking::panic_with_hook
[INFO] [stdout]    7:     0x65301df05a1c - std[70759c8f55707aa4]::panicking::begin_panic::<&str>::{closure#0}
[INFO] [stdout]    8:     0x65301defeeb9 - std[70759c8f55707aa4]::sys::backtrace::__rust_end_short_backtrace::<std[70759c8f55707aa4]::panicking::begin_panic<&str>::{closure#0}, !>
[INFO] [stdout]    9:     0x65301defb56b - std[70759c8f55707aa4]::panicking::begin_panic::<&str>
[INFO] [stdout]   10:     0x65301dd93481 - <compiletest_rs[fda376c9fd9eb8b0]::runtest::TestCx>::run_cfail_test
[INFO] [stdout]   11:     0x65301dd9fe1f - compiletest_rs[fda376c9fd9eb8b0]::runtest::run
[INFO] [stdout]   12:     0x65301dd665ce - compiletest_rs[fda376c9fd9eb8b0]::make_test_closure::{closure#0}
[INFO] [stdout]   13:     0x65301dee352f - std[70759c8f55707aa4]::sys::backtrace::__rust_begin_short_backtrace::<test[f192868bfac361b9]::run_test::run_test_inner::{closure#0}, ()>
[INFO] [stdout]   14:     0x65301dece466 - <std[70759c8f55707aa4]::thread::lifecycle::spawn_unchecked<test[f192868bfac361b9]::run_test::run_test_inner::{closure#0}, ()>::{closure#1} as core[df12db4294e9bfd3]::ops::function::FnOnce<()>>::call_once::{shim:vtable#0}
[INFO] [stdout]   15:     0x65301df2ca29 - <std[70759c8f55707aa4]::sys::thread::unix::Thread>::new::thread_start
[INFO] [stdout]   16:     0x7978ac98cdfa - <unknown>
[INFO] [stdout]   17:     0x7978aca203d4 - clone
[INFO] [stdout]   18:                0x0 - <unknown>
[INFO] [stdout] 
[INFO] [stdout] error: tests/ui-fail/dto_derive_wo_entity_attr.rs:1: unexpected error: '1:1: 1:25: multiple candidates for `dylib` dependency `dto_derive` found [E0464]'
[INFO] [stdout] 
[INFO] [stdout] error: tests/ui-fail/dto_derive_wo_entity_attr.rs:4: expected error not found: required `entity` attribute
[INFO] [stdout] 
[INFO] [stdout] error: tests/ui-fail/dto_derive_wo_entity_attr.rs:7: expected error not found: required `entity` attribute
[INFO] [stdout] 
[INFO] [stdout] error: tests/ui-fail/dto_derive_wo_entity_attr.rs:10: expected error not found: required `entity` attribute
[INFO] [stdout] 
[INFO] [stdout] error: 1 unexpected errors found, 3 expected errors not found
[INFO] [stdout] status: exit status: 1
[INFO] [stdout] command: "rustc" "tests/ui-fail/dto_derive_wo_entity_attr.rs" "-L" "/tmp" "--target=x86_64-unknown-linux-gnu" "--error-format" "json" "-C" "prefer-dynamic" "-o" "/tmp/dto_derive_wo_entity_attr.stage-id" "-L" "/opt/rustwide/target/release" "-L" "/opt/rustwide/target/release/deps" "-L" "/opt/rustwide/rustup-home/toolchains/1.99.0-beta.8-x86_64-unknown-linux-gnu/lib/rustlib/x86_64-unknown-linux-gnu/lib" "-L" "/opt/rustwide/rustup-home/toolchains/1.99.0-beta.8-x86_64-unknown-linux-gnu/lib" "-L" "/tmp/dto_derive_wo_entity_attr.stage-id.aux" "-A" "unused"
[INFO] [stdout] unexpected errors (from JSON output): [
[INFO] [stdout]     Error {
[INFO] [stdout]         line_num: 1,
[INFO] [stdout]         kind: Some(
[INFO] [stdout]             Error,
[INFO] [stdout]         ),
[INFO] [stdout]         msg: "1:1: 1:25: multiple candidates for `dylib` dependency `dto_derive` found [E0464]",
[INFO] [stdout]     },
[INFO] [stdout] ]
[INFO] [stdout] 
[INFO] [stdout] not found errors (from test file): [
[INFO] [stdout]     Error {
[INFO] [stdout]         line_num: 4,
[INFO] [stdout]         kind: Some(
[INFO] [stdout]             Error,
[INFO] [stdout]         ),
[INFO] [stdout]         msg: "required `entity` attribute",
[INFO] [stdout]     },
[INFO] [stdout]     Error {
[INFO] [stdout]         line_num: 7,
[INFO] [stdout]         kind: Some(
[INFO] [stdout]             Error,
[INFO] [stdout]         ),
[INFO] [stdout]         msg: "required `entity` attribute",
[INFO] [stdout]     },
[INFO] [stdout]     Error {
[INFO] [stdout]         line_num: 10,
[INFO] [stdout]         kind: Some(
[INFO] [stdout]             Error,
[INFO] [stdout]         ),
[INFO] [stdout]         msg: "required `entity` attribute",
[INFO] [stdout]     },
[INFO] [stdout] ]
[INFO] [stdout] 
[INFO] [stdout] 
[INFO] [stdout] thread '[compile-fail] ui-fail/dto_derive_wo_entity_attr.rs' (1239) panicked at /opt/rustwide/cargo-home/registry/src/index.crates.io-1949cf8c6b5b557f/compiletest_rs-0.3.19/src/runtest.rs:1100:13:
[INFO] [stdout] explicit panic
[INFO] [stdout] stack backtrace:
[INFO] [stdout]    0:     0x65301df2d541 - <<std[70759c8f55707aa4]::sys::backtrace::BacktraceLock>::print::DisplayBacktrace as core[df12db4294e9bfd3]::fmt::Display>::fmt
[INFO] [stdout]    1:     0x65301df45dda - core[df12db4294e9bfd3]::fmt::write
[INFO] [stdout]    2:     0x65301df33efc - <alloc[2182bb758b4b3781]::vec::Vec<u8> as core[df12db4294e9bfd3]::io::write::Write>::write_fmt
[INFO] [stdout]    3:     0x65301df065b6 - std[70759c8f55707aa4]::panicking::default_hook::{closure#0}
[INFO] [stdout]    4:     0x65301df24ba9 - std[70759c8f55707aa4]::panicking::default_hook
[INFO] [stdout]    5:     0x65301dd31bc0 - test[9d35eded1c95d3be]::test_main_inner::<test[9d35eded1c95d3be]::test_main_static::{closure#0}>::{closure#0}
[INFO] [stdout]    6:     0x65301df24d62 - std[70759c8f55707aa4]::panicking::panic_with_hook
[INFO] [stdout]    7:     0x65301df05a1c - std[70759c8f55707aa4]::panicking::begin_panic::<&str>::{closure#0}
[INFO] [stdout]    8:     0x65301defeeb9 - std[70759c8f55707aa4]::sys::backtrace::__rust_end_short_backtrace::<std[70759c8f55707aa4]::panicking::begin_panic<&str>::{closure#0}, !>
[INFO] [stdout]    9:     0x65301defb56b - std[70759c8f55707aa4]::panicking::begin_panic::<&str>
[INFO] [stdout]   10:     0x65301dd93481 - <compiletest_rs[fda376c9fd9eb8b0]::runtest::TestCx>::run_cfail_test
[INFO] [stdout]   11:     0x65301dd9fe1f - compiletest_rs[fda376c9fd9eb8b0]::runtest::run
[INFO] [stdout]   12:     0x65301dd665ce - compiletest_rs[fda376c9fd9eb8b0]::make_test_closure::{closure#0}
[INFO] [stdout]   13:     0x65301dee352f - std[70759c8f55707aa4]::sys::backtrace::__rust_begin_short_backtrace::<test[f192868bfac361b9]::run_test::run_test_inner::{closure#0}, ()>
[INFO] [stdout]   14:     0x65301dece466 - <std[70759c8f55707aa4]::thread::lifecycle::spawn_unchecked<test[f192868bfac361b9]::run_test::run_test_inner::{closure#0}, ()>::{closure#1} as core[df12db4294e9bfd3]::ops::function::FnOnce<()>>::call_once::{shim:vtable#0}
[INFO] [stdout]   15:     0x65301df2ca29 - <std[70759c8f55707aa4]::sys::thread::unix::Thread>::new::thread_start
[INFO] [stdout]   16:     0x7978ac98cdfa - <unknown>
[INFO] [stdout]   17:     0x7978aca203d4 - clone
[INFO] [stdout]   18:                0x0 - <unknown>
[INFO] [stdout] 
[INFO] [stdout] error: tests/ui-fail/dto_derive_wo_req_res_attr.rs:1: unexpected error: '1:1: 1:25: multiple candidates for `dylib` dependency `dto_derive` found [E0464]'
[INFO] [stdout] 
[INFO] [stdout] error: tests/ui-fail/dto_derive_wo_req_res_attr.rs:4: expected error not found: required `request`/`response` attribute or struct name ending with `Request`/`Response`
[INFO] [stdout] 
[INFO] [stdout] error: 1 unexpected errors found, 1 expected errors not found
[INFO] [stdout] status: exit status: 1
[INFO] [stdout] command: "rustc" "tests/ui-fail/dto_derive_wo_req_res_attr.rs" "-L" "/tmp" "--target=x86_64-unknown-linux-gnu" "--error-format" "json" "-C" "prefer-dynamic" "-o" "/tmp/dto_derive_wo_req_res_attr.stage-id" "-L" "/opt/rustwide/target/release" "-L" "/opt/rustwide/target/release/deps" "-L" "/opt/rustwide/rustup-home/toolchains/1.99.0-beta.8-x86_64-unknown-linux-gnu/lib/rustlib/x86_64-unknown-linux-gnu/lib" "-L" "/opt/rustwide/rustup-home/toolchains/1.99.0-beta.8-x86_64-unknown-linux-gnu/lib" "-L" "/tmp/dto_derive_wo_req_res_attr.stage-id.aux" "-A" "unused"
[INFO] [stdout] unexpected errors (from JSON output): [
[INFO] [stdout]     Error {
[INFO] [stdout]         line_num: 1,
[INFO] [stdout]         kind: Some(
[INFO] [stdout]             Error,
[INFO] [stdout]         ),
[INFO] [stdout]         msg: "1:1: 1:25: multiple candidates for `dylib` dependency `dto_derive` found [E0464]",
[INFO] [stdout]     },
[INFO] [stdout] ]
[INFO] [stdout] 
[INFO] [stdout] not found errors (from test file): [
[INFO] [stdout]     Error {
[INFO] [stdout]         line_num: 4,
[INFO] [stdout]         kind: Some(
[INFO] [stdout]             Error,
[INFO] [stdout]         ),
[INFO] [stdout]         msg: "required `request`/`response` attribute or struct name ending with `Request`/`Response`",
[INFO] [stdout]     },
[INFO] [stdout] ]
[INFO] [stdout] 
[INFO] [stdout] 
[INFO] [stdout] thread '[compile-fail] ui-fail/dto_derive_wo_req_res_attr.rs' (1240) panicked at /opt/rustwide/cargo-home/registry/src/index.crates.io-1949cf8c6b5b557f/compiletest_rs-0.3.19/src/runtest.rs:1100:13:
[INFO] [stdout] explicit panic
[INFO] [stdout] stack backtrace:
[INFO] [stdout]    0:     0x65301df2d541 - <<std[70759c8f55707aa4]::sys::backtrace::BacktraceLock>::print::DisplayBacktrace as core[df12db4294e9bfd3]::fmt::Display>::fmt
[INFO] [stdout]    1:     0x65301df45dda - core[df12db4294e9bfd3]::fmt::write
[INFO] [stdout]    2:     0x65301df33efc - <alloc[2182bb758b4b3781]::vec::Vec<u8> as core[df12db4294e9bfd3]::io::write::Write>::write_fmt
[INFO] [stdout]    3:     0x65301df065b6 - std[70759c8f55707aa4]::panicking::default_hook::{closure#0}
[INFO] [stdout]    4:     0x65301df24ba9 - std[70759c8f55707aa4]::panicking::default_hook
[INFO] [stdout]    5:     0x65301dd31bc0 - test[9d35eded1c95d3be]::test_main_inner::<test[9d35eded1c95d3be]::test_main_static::{closure#0}>::{closure#0}
[INFO] [stdout]    6:     0x65301df24d62 - std[70759c8f55707aa4]::panicking::panic_with_hook
[INFO] [stdout]    7:     0x65301df05a1c - std[70759c8f55707aa4]::panicking::begin_panic::<&str>::{closure#0}
[INFO] [stdout]    8:     0x65301defeeb9 - std[70759c8f55707aa4]::sys::backtrace::__rust_end_short_backtrace::<std[70759c8f55707aa4]::panicking::begin_panic<&str>::{closure#0}, !>
[INFO] [stdout]    9:     0x65301defb56b - std[70759c8f55707aa4]::panicking::begin_panic::<&str>
[INFO] [stdout]   10:     0x65301dd93481 - <compiletest_rs[fda376c9fd9eb8b0]::runtest::TestCx>::run_cfail_test
[INFO] [stdout]   11:     0x65301dd9fe1f - compiletest_rs[fda376c9fd9eb8b0]::runtest::run
[INFO] [stdout]   12:     0x65301dd665ce - compiletest_rs[fda376c9fd9eb8b0]::make_test_closure::{closure#0}
[INFO] [stdout]   13:     0x65301dee352f - std[70759c8f55707aa4]::sys::backtrace::__rust_begin_short_backtrace::<test[f192868bfac361b9]::run_test::run_test_inner::{closure#0}, ()>
[INFO] [stdout]   14:     0x65301dece466 - <std[70759c8f55707aa4]::thread::lifecycle::spawn_unchecked<test[f192868bfac361b9]::run_test::run_test_inner::{closure#0}, ()>::{closure#1} as core[df12db4294e9bfd3]::ops::function::FnOnce<()>>::call_once::{shim:vtable#0}
[INFO] [stdout]   15:     0x65301df2ca29 - <std[70759c8f55707aa4]::sys::thread::unix::Thread>::new::thread_start
[INFO] [stdout]   16:     0x7978ac98cdfa - <unknown>
[INFO] [stdout]   17:     0x7978aca203d4 - clone
[INFO] [stdout]   18:                0x0 - <unknown>
[INFO] [stdout] 
[INFO] [stdout] thread 'compile_test' (1231) panicked at /opt/rustwide/cargo-home/registry/src/index.crates.io-1949cf8c6b5b557f/compiletest_rs-0.3.19/src/lib.rs:90:22:
[INFO] [stdout] Some tests failed
[INFO] [stdout] stack backtrace:
[INFO] [stdout]    0:     0x65301df2d541 - <<std[70759c8f55707aa4]::sys::backtrace::BacktraceLock>::print::DisplayBacktrace as core[df12db4294e9bfd3]::fmt::Display>::fmt
[INFO] [stdout]    1:     0x65301df45dda - core[df12db4294e9bfd3]::fmt::write
[INFO] [stdout]    2:     0x65301df33efc - <alloc[2182bb758b4b3781]::vec::Vec<u8> as core[df12db4294e9bfd3]::io::write::Write>::write_fmt
[INFO] [stdout]    3:     0x65301df065b6 - std[70759c8f55707aa4]::panicking::default_hook::{closure#0}
[INFO] [stdout]    4:     0x65301df24ba9 - std[70759c8f55707aa4]::panicking::default_hook
[INFO] [stdout]    5:     0x65301dd31bc0 - test[9d35eded1c95d3be]::test_main_inner::<test[9d35eded1c95d3be]::test_main_static::{closure#0}>::{closure#0}
[INFO] [stdout]    6:     0x65301df24d62 - std[70759c8f55707aa4]::panicking::panic_with_hook
[INFO] [stdout]    7:     0x65301df05a1c - std[70759c8f55707aa4]::panicking::begin_panic::<&str>::{closure#0}
[INFO] [stdout]    8:     0x65301defeeb9 - std[70759c8f55707aa4]::sys::backtrace::__rust_end_short_backtrace::<std[70759c8f55707aa4]::panicking::begin_panic<&str>::{closure#0}, !>
[INFO] [stdout]    9:     0x65301defb56b - std[70759c8f55707aa4]::panicking::begin_panic::<&str>
[INFO] [stdout]   10:     0x65301dd693da - compiletest_rs[fda376c9fd9eb8b0]::run_tests
[INFO] [stdout]   11:     0x65301dd24d76 - compiletest[c61f06b15b1d9a2b]::run_mode
[INFO] [stdout]   12:     0x65301dd24e25 - <compiletest[c61f06b15b1d9a2b]::compile_test::{closure#0} as core[df12db4294e9bfd3]::ops::function::FnOnce<()>>::call_once
[INFO] [stdout]   13:     0x65301dd24eab - test[9d35eded1c95d3be]::__rust_begin_short_backtrace::<core[df12db4294e9bfd3]::result::Result<(), alloc[2182bb758b4b3781]::string::String>, fn() -> core[df12db4294e9bfd3]::result::Result<(), alloc[2182bb758b4b3781]::string::String>>
[INFO] [stdout]   14:     0x65301dd32515 - test[9d35eded1c95d3be]::run_test::{closure#0}
[INFO] [stdout]   15:     0x65301dd2bdd4 - std[70759c8f55707aa4]::sys::backtrace::__rust_begin_short_backtrace::<test[9d35eded1c95d3be]::run_test::{closure#1}, ()>
[INFO] [stdout]   16:     0x65301dd35672 - <std[70759c8f55707aa4]::thread::lifecycle::spawn_unchecked<test[9d35eded1c95d3be]::run_test::{closure#1}, ()>::{closure#1} as core[df12db4294e9bfd3]::ops::function::FnOnce<()>>::call_once::{shim:vtable#0}
[INFO] [stdout]   17:     0x65301df2ca29 - <std[70759c8f55707aa4]::sys::thread::unix::Thread>::new::thread_start
[INFO] [stdout]   18:     0x7978ac98cdfa - <unknown>
[INFO] [stdout]   19:     0x7978aca203d4 - clone
[INFO] [stdout]   20:                0x0 - <unknown>
[INFO] [stdout] 
[INFO] [stdout] 
[INFO] [stdout] failures:
[INFO] [stdout]     compile_test
[INFO] [stdout] 
[INFO] [stdout] test result: FAILED. 0 passed; 1 failed; 0 ignored; 0 measured; 0 filtered out; finished in 0.74s
[INFO] [stdout] 
[INFO] running `Command { std: "docker" "inspect" "658bca2f86cbe04711ca0092acfa64dd5a724098508af8fdf5d1bdba41eb58a6", kill_on_drop: false }`
[INFO] running `Command { std: "docker" "rm" "-f" "658bca2f86cbe04711ca0092acfa64dd5a724098508af8fdf5d1bdba41eb58a6", kill_on_drop: false }`
[INFO] [stdout] 658bca2f86cbe04711ca0092acfa64dd5a724098508af8fdf5d1bdba41eb58a6
