[INFO] fetching crate dsntk-recognizer 0.3.0...
[INFO] testing dsntk-recognizer-0.3.0 against 1.100.0-beta.1+cargoflags=--release for beta-release-1.100-2
[INFO] extracting crate dsntk-recognizer 0.3.0 into /workspace/builds/worker-1-tc2/source
[INFO] started tweaking crates.io crate dsntk-recognizer 0.3.0
[INFO] removed 0 missing tests
[INFO] finished tweaking crates.io crate dsntk-recognizer 0.3.0
[INFO] tweaked toml for crates.io crate dsntk-recognizer 0.3.0 written to /workspace/builds/worker-1-tc2/source/Cargo.toml
[INFO] validating manifest of crates.io crate dsntk-recognizer 0.3.0 on toolchain 1.100.0-beta.1
[INFO] running `Command { std: CARGO_HOME="/workspace/cargo-home" RUSTUP_HOME="/workspace/rustup-home" "/workspace/cargo-home/bin/cargo" "+1.100.0-beta.1" "metadata" "--manifest-path" "Cargo.toml" "--no-deps", kill_on_drop: false }`
[INFO] crate crates.io crate dsntk-recognizer 0.3.0 already has a lockfile, it will not be regenerated
[INFO] running `Command { std: CARGO_HOME="/workspace/cargo-home" RUSTUP_HOME="/workspace/rustup-home" "/workspace/cargo-home/bin/cargo" "+1.100.0-beta.1" "fetch" "--manifest-path" "Cargo.toml", kill_on_drop: false }`
[INFO] running `Command { std: "docker" "create" "-v" "/var/lib/crater-agent-workspace/builds/worker-1-tc2/source:/opt/rustwide/workdir:ro,Z" "-v" "/var/lib/crater-agent-workspace/builds/worker-1-tc2/target:/opt/rustwide/target:rw,Z" "-v" "/var/lib/crater-agent-workspace/cargo-home:/opt/rustwide/cargo-home:ro,Z" "-v" "/var/lib/crater-agent-workspace/rustup-home:/opt/rustwide/rustup-home:ro,Z" "-m" "1610612736" "--network" "none" "ghcr.io/rust-lang/crates-build-env/linux@sha256:77db811e55d90add9212f6832c23229e3de5f1c1f9905e8cb07319ea15df73ac" "sleep" "infinity", kill_on_drop: false }`
[INFO] [stdout] f5514d8f1d538a80ca99654936840d7ff05dc47c714903a1387921cf5ad88d1a
[INFO] running `Command { std: "docker" "start" "f5514d8f1d538a80ca99654936840d7ff05dc47c714903a1387921cf5ad88d1a", kill_on_drop: false }`
[INFO] running `Command { std: "docker" "inspect" "f5514d8f1d538a80ca99654936840d7ff05dc47c714903a1387921cf5ad88d1a", kill_on_drop: false }`
[INFO] running `Command { std: "docker" "exec" "-e" "SOURCE_DIR=/opt/rustwide/workdir" "-e" "CARGO_HOME=/opt/rustwide/cargo-home" "-e" "RUSTUP_HOME=/opt/rustwide/rustup-home" "-e" "CARGO_TARGET_DIR=/opt/rustwide/target" "-w" "/opt/rustwide/workdir" "--user" "0:0" "f5514d8f1d538a80ca99654936840d7ff05dc47c714903a1387921cf5ad88d1a" "/opt/rustwide/cargo-home/bin/cargo" "+1.100.0-beta.1" "metadata" "--no-deps" "--format-version=1", kill_on_drop: false }`
[INFO] running `Command { std: "docker" "inspect" "f5514d8f1d538a80ca99654936840d7ff05dc47c714903a1387921cf5ad88d1a", kill_on_drop: false }`
[INFO] running `Command { std: "docker" "exec" "-e" "SOURCE_DIR=/opt/rustwide/workdir" "-e" "CARGO_HOME=/opt/rustwide/cargo-home" "-e" "RUSTUP_HOME=/opt/rustwide/rustup-home" "-e" "CARGO_TARGET_DIR=/opt/rustwide/target" "-e" "CARGO_INCREMENTAL=0" "-e" "RUST_BACKTRACE=full" "-e" "RUSTFLAGS=--cap-lints=warn" "-e" "RUSTDOCFLAGS=--cap-lints=warn" "-w" "/opt/rustwide/workdir" "--user" "0:0" "f5514d8f1d538a80ca99654936840d7ff05dc47c714903a1387921cf5ad88d1a" "/opt/rustwide/cargo-home/bin/cargo" "+1.100.0-beta.1" "build" "--frozen" "--message-format=json" "--release", kill_on_drop: false }`
[INFO] [stderr]    Compiling percent-encoding v2.3.2
[INFO] [stderr]    Compiling urlencoding v2.1.3
[INFO] [stderr]    Compiling uriparse v0.6.4
[INFO] [stderr]    Compiling syn v2.0.117
[INFO] [stderr]    Compiling uuid v1.23.1
[INFO] [stderr]    Compiling form_urlencoded v1.2.2
[INFO] [stderr]    Compiling synstructure v0.13.2
[INFO] [stderr]    Compiling zerovec-derive v0.11.3
[INFO] [stderr]    Compiling displaydoc v0.2.5
[INFO] [stderr]    Compiling serde_derive v1.0.228
[INFO] [stderr]    Compiling dsntk-macros v0.3.0
[INFO] [stderr]    Compiling zerofrom-derive v0.1.7
[INFO] [stderr]    Compiling yoke-derive v0.8.2
[INFO] [stderr]    Compiling zerofrom v0.1.7
[INFO] [stderr]    Compiling yoke v0.8.2
[INFO] [stderr]    Compiling zerovec v0.11.6
[INFO] [stderr]    Compiling zerotrie v0.2.4
[INFO] [stderr]    Compiling tinystr v0.8.3
[INFO] [stderr]    Compiling potential_utf v0.1.5
[INFO] [stderr]    Compiling icu_collections v2.2.0
[INFO] [stderr]    Compiling icu_locale_core v2.2.0
[INFO] [stderr]    Compiling serde v1.0.228
[INFO] [stderr]    Compiling icu_provider v2.2.0
[INFO] [stderr]    Compiling icu_properties v2.2.0
[INFO] [stderr]    Compiling icu_normalizer v2.2.0
[INFO] [stderr]    Compiling idna_adapter v1.2.1
[INFO] [stderr]    Compiling idna v1.1.0
[INFO] [stderr]    Compiling url v2.5.8
[INFO] [stderr]    Compiling dsntk-common v0.3.0
[INFO] [stderr]    Compiling dsntk-recognizer v0.3.0 (/opt/rustwide/workdir)
[INFO] [stderr]     Finished `release` profile [optimized] target(s) in 22.71s
[INFO] running `Command { std: "docker" "inspect" "f5514d8f1d538a80ca99654936840d7ff05dc47c714903a1387921cf5ad88d1a", kill_on_drop: false }`
[INFO] running `Command { std: "docker" "exec" "-e" "SOURCE_DIR=/opt/rustwide/workdir" "-e" "CARGO_HOME=/opt/rustwide/cargo-home" "-e" "RUSTUP_HOME=/opt/rustwide/rustup-home" "-e" "CARGO_TARGET_DIR=/opt/rustwide/target" "-e" "CARGO_INCREMENTAL=0" "-e" "RUST_BACKTRACE=full" "-e" "RUSTFLAGS=--cap-lints=warn" "-e" "RUSTDOCFLAGS=--cap-lints=warn" "-w" "/opt/rustwide/workdir" "--user" "0:0" "f5514d8f1d538a80ca99654936840d7ff05dc47c714903a1387921cf5ad88d1a" "/opt/rustwide/cargo-home/bin/cargo" "+1.100.0-beta.1" "test" "--frozen" "--no-run" "--message-format=json" "--release", kill_on_drop: false }`
[INFO] [stderr]    Compiling dsntk-examples v0.3.0
[INFO] [stderr]    Compiling dsntk-recognizer v0.3.0 (/opt/rustwide/workdir)
[INFO] [stderr]     Finished `release` profile [optimized] target(s) in 4.86s
[INFO] running `Command { std: "docker" "inspect" "f5514d8f1d538a80ca99654936840d7ff05dc47c714903a1387921cf5ad88d1a", kill_on_drop: false }`
[INFO] running `Command { std: "docker" "exec" "-e" "SOURCE_DIR=/opt/rustwide/workdir" "-e" "CARGO_HOME=/opt/rustwide/cargo-home" "-e" "RUSTUP_HOME=/opt/rustwide/rustup-home" "-e" "CARGO_TARGET_DIR=/opt/rustwide/target" "-e" "CARGO_INCREMENTAL=0" "-e" "RUST_BACKTRACE=full" "-e" "RUSTFLAGS=--cap-lints=warn" "-e" "RUSTDOCFLAGS=--cap-lints=warn" "-w" "/opt/rustwide/workdir" "--user" "0:0" "f5514d8f1d538a80ca99654936840d7ff05dc47c714903a1387921cf5ad88d1a" "/opt/rustwide/cargo-home/bin/cargo" "+1.100.0-beta.1" "test" "--frozen" "--release", kill_on_drop: false }`
[INFO] [stderr]     Finished `release` profile [optimized] target(s) in 0.11s
[INFO] [stderr]      Running unittests src/lib.rs (/opt/rustwide/target/release/build/dsntk-recognizer/1ee76ee1b46b24b0/out/dsntk_recognizer-1ee76ee1b46b24b0)
[INFO] [stdout] 
[INFO] [stdout] running 46 tests
[INFO] [stdout] test tests::rect::test_rect_conversion_into_tuple ... ok
[INFO] [stdout] test tests::builder::ex_0001 ... ok
[INFO] [stdout] test tests::builder::ex_0064 ... ok
[INFO] [stdout] test tests::rect::test_rect_new ... ok
[INFO] [stdout] test tests::canvas::development ... ok
[INFO] [stdout] test tests::plane::plane_pivot_horizontal ... ok
[INFO] [stdout] test tests::plane::plane_pivot_vertical ... ok
[INFO] [stdout] test tests::rect::test_rect_compare ... ok
[INFO] [stdout] test tests::rect::test_rect_debug ... ok
[INFO] [stdout] test tests::rect::test_rect_display ... ok
[INFO] [stdout] test tests::rect::test_rect_clone ... ok
[INFO] [stdout] test tests::rect::test_rect_contains ... ok
[INFO] [stdout] test tests::rect::test_rect_offset_top ... ok
[INFO] [stdout] test tests::test_point::test_point_debug ... ok
[INFO] [stdout] test tests::rect::test_rect_width_height ... ok
[INFO] [stdout] test tests::rect::test_rect_zero ... ok
[INFO] [stdout] test tests::test_point::test_point_clone ... ok
[INFO] [stdout] test tests::test_point::test_point_compare ... ok
[INFO] [stdout] test tests::test_point::test_point_display ... ok
[INFO] [stdout] test tests::test_point::test_point_conversion_into_tuple ... ok
[INFO] [stdout] test markdown::tests::test_get_marker ... ok
[INFO] [stdout] test markdown::tests::test_strip_emphasis ... ok
[INFO] [stdout] test tests::test_point::test_point_new ... ok
[INFO] [stdout] test tests::builder::test_dt_0001 ... ok
[INFO] [stdout] test markdown::tests::test_is_monotonic ... ok
[INFO] [stdout] test tests::test_point::test_point_zero ... ok
[INFO] [stdout] test tests::test_recognizer::test_err_05 ... ignored
[INFO] [stdout] test tests::test_recognizer::test_err_06 ... ignored
[INFO] [stdout] test tests::test_recognizer::test_err_02 ... ok
[INFO] [stdout] test tests::test_recognizer::ex_0064 ... ok
[INFO] [stdout] test tests::test_recognizer::test_example_02 ... ok
[INFO] [stdout] test tests::test_recognizer::test_err_08 ... ok
[INFO] [stdout] test tests::test_recognizer::general_cross_tab ... ok
[INFO] [stdout] test tests::test_recognizer::test_example_03 ... ok
[INFO] [stdout] test tests::test_recognizer::test_err_03 ... ok
[INFO] [stdout] test tests::test_recognizer::test_err_07 ... ok
[INFO] [stdout] test tests::test_recognizer::test_invalid_0002 ... ok
[INFO] [stdout] test tests::test_recognizer::test_invalid_0001 ... ok
[INFO] [stdout] test tests::test_recognizer::ex_0033 ... ok
[INFO] [stdout] test tests::test_recognizer::ex_0044 ... ok
[INFO] [stdout] test tests::test_recognizer::test_err_04 ... ok
[INFO] [stdout] test tests::test_recognizer::general_horizontal ... ok
[INFO] [stdout] test tests::test_recognizer::general_vertical ... ok
[INFO] [stdout] test tests::test_recognizer::test_dt_0001 ... ok
[INFO] [stdout] test tests::test_recognizer::test_example_01 ... ok
[INFO] [stderr]      Running tests/mod.rs (/opt/rustwide/target/release/build/dsntk-recognizer/010dcc470a6bdea5/out/mod-010dcc470a6bdea5)
[INFO] [stdout] test tests::test_recognizer::test_err_01 ... ok
[INFO] [stdout] 
[INFO] [stdout] test result: ok. 44 passed; 0 failed; 2 ignored; 0 measured; 0 filtered out; finished in 0.04s
[INFO] [stdout] 
[INFO] [stdout] 
[INFO] [stdout] running 212 tests
[INFO] [stdout] test markdown_decision_tables::invalid_decision_tables::empty_input::_0001 ... ok
[INFO] [stdout] test markdown_decision_tables::invalid_decision_tables::empty_input::_0002 ... ok
[INFO] [stdout] test markdown_decision_tables::invalid_decision_tables::empty_input::_0009 ... ok
[INFO] [stdout] test markdown_decision_tables::invalid_decision_tables::invalid_hit_policy::_0001 ... ok
[INFO] [stdout] test markdown_decision_tables::invalid_decision_tables::empty_input::_0005 ... ok
[INFO] [stdout] test markdown_decision_tables::invalid_decision_tables::invalid_hit_policy::_0003 ... ok
[INFO] [stdout] test markdown_decision_tables::invalid_decision_tables::invalid_hit_policy::_0002 ... ok
[INFO] [stdout] test markdown_decision_tables::invalid_decision_tables::invalid_table::_0001 ... ok
[INFO] [stdout] test markdown_decision_tables::invalid_decision_tables::invalid_table::_0002 ... ok
[INFO] [stdout] test markdown_decision_tables::invalid_decision_tables::invalid_table::_0003 ... ok
[INFO] [stdout] test markdown_decision_tables::invalid_decision_tables::invalid_orientation::_0002 ... ok
[INFO] [stdout] test markdown_decision_tables::invalid_decision_tables::invalid_table::_0005 ... ok
[INFO] [stdout] test markdown_decision_tables::invalid_decision_tables::empty_input::_0003 ... ok
[INFO] [stdout] test markdown_decision_tables::invalid_decision_tables::empty_input::_0007 ... ok
[INFO] [stdout] test markdown_decision_tables::invalid_decision_tables::invalid_table::_0007 ... ok
[INFO] [stdout] test markdown_decision_tables::invalid_decision_tables::invalid_table::_0008 ... ok
[INFO] [stdout] test markdown_decision_tables::invalid_decision_tables::invalid_table::_0009 ... ok
[INFO] [stdout] test markdown_decision_tables::invalid_decision_tables::invalid_table::_0006 ... ok
[INFO] [stdout] test markdown_decision_tables::invalid_decision_tables::invalid_table::_0011 ... ok
[INFO] [stdout] test markdown_decision_tables::minimal_decision_tables::test_empty_columns_should_be_skipped ... ok
[INFO] [stdout] test markdown_decision_tables::minimal_decision_tables::test_empty_rows_should_be_skipped ... ok
[INFO] [stdout] test markdown_decision_tables::minimal_decision_tables::test_minimal_horizontal_decision_table ... ok
[INFO] [stdout] test markdown_decision_tables::miscellaneous_decision_tables::_0001 ... ok
[INFO] [stdout] test markdown_decision_tables::invalid_decision_tables::invalid_table::_0010 ... ok
[INFO] [stdout] test markdown_decision_tables::miscellaneous_decision_tables::_0003 ... ok
[INFO] [stdout] test markdown_decision_tables::invalid_decision_tables::invalid_hit_policy::_0004 ... ok
[INFO] [stdout] test markdown_decision_tables::miscellaneous_decision_tables::_0004 ... ok
[INFO] [stdout] test markdown_decision_tables::minimal_decision_tables::test_minimal_vertical_decision_table ... ok
[INFO] [stdout] test markdown_decision_tables::miscellaneous_decision_tables::_0002 ... ok
[INFO] [stdout] test tools::check_decision_tables_tests ... FAILED
[INFO] [stdout] test unicode_decision_tables::invalid_decision_tables::empty_input::_0001 ... ok
[INFO] [stdout] test unicode_decision_tables::invalid_decision_tables::empty_input::_0002 ... ok
[INFO] [stdout] test unicode_decision_tables::invalid_decision_tables::empty_input::_0005 ... ok
[INFO] [stdout] test markdown_decision_tables::invalid_decision_tables::invalid_orientation::_0001 ... ok
[INFO] [stdout] test markdown_decision_tables::invalid_decision_tables::empty_input::_0006 ... ok
[INFO] [stdout] test markdown_decision_tables::invalid_decision_tables::empty_input::_0008 ... ok
[INFO] [stdout] test markdown_decision_tables::invalid_decision_tables::invalid_table::_0013 ... ok
[INFO] [stdout] test markdown_decision_tables::invalid_decision_tables::invalid_table::_0012 ... ok
[INFO] [stdout] test unicode_decision_tables::invalid_decision_tables::empty_input::_0003 ... ok
[INFO] [stdout] test unicode_decision_tables::invalid_decision_tables::empty_input::_0004 ... ok
[INFO] [stdout] test markdown_decision_tables::invalid_decision_tables::empty_input::_0004 ... ok
[INFO] [stdout] test markdown_decision_tables::invalid_decision_tables::invalid_table::_0004 ... ok
[INFO] [stdout] test unicode_decision_tables::invalid_hit_policy::_0001 ... ok
[INFO] [stdout] test unicode_decision_tables::invalid_hit_policy::_0002 ... ok
[INFO] [stdout] test unicode_decision_tables::invalid_hit_policy::_0003 ... ok
[INFO] [stdout] test unicode_decision_tables::invalid_hit_policy::_0006 ... ok
[INFO] [stdout] test unicode_decision_tables::invalid_hit_policy::_0004 ... ok
[INFO] [stdout] test unicode_decision_tables::invalid_hit_policy::_0008 ... ok
[INFO] [stdout] test unicode_decision_tables::invalid_hit_policy::_0007 ... ok
[INFO] [stdout] test unicode_decision_tables::invalid_hit_policy::_0009 ... ok
[INFO] [stdout] test unicode_decision_tables::invalid_hit_policy::_0005 ... ok
[INFO] [stdout] test unicode_decision_tables::invalid_hit_policy::_0015 ... ok
[INFO] [stdout] test unicode_decision_tables::invalid_hit_policy::_0014 ... ok
[INFO] [stdout] test unicode_decision_tables::invalid_hit_policy::_0012 ... ok
[INFO] [stdout] test unicode_decision_tables::invalid_hit_policy::_0016 ... ok
[INFO] [stdout] test unicode_decision_tables::invalid_hit_policy::_0013 ... ok
[INFO] [stdout] test unicode_decision_tables::invalid_hit_policy::_0010 ... ok
[INFO] [stdout] test unicode_decision_tables::invalid_hit_policy::_0011 ... ok
[INFO] [stdout] test unicode_decision_tables::invalid_hit_policy::_0023 ... ok
[INFO] [stdout] test unicode_decision_tables::invalid_hit_policy::_0017 ... ok
[INFO] [stdout] test unicode_decision_tables::invalid_hit_policy::_0024 ... ok
[INFO] [stdout] test unicode_decision_tables::invalid_hit_policy::_0019 ... ok
[INFO] [stdout] test unicode_decision_tables::invalid_hit_policy::_0018 ... ok
[INFO] [stdout] test unicode_decision_tables::invalid_hit_policy::_0022 ... ok
[INFO] [stdout] test valid_decision_tables::horizontal::h_000010::_0001 ... ok
[INFO] [stdout] test valid_decision_tables::horizontal::h_000012::_0001 ... ok
[INFO] [stdout] test unicode_decision_tables::invalid_hit_policy::_0020 ... ok
[INFO] [stdout] test valid_decision_tables::horizontal::h_000210::_0001 ... ok
[INFO] [stdout] test valid_decision_tables::horizontal::h_000220::_0001 ... ok
[INFO] [stdout] test valid_decision_tables::horizontal::h_000121::_0001 ... ok
[INFO] [stdout] test valid_decision_tables::horizontal::h_000110::_0001 ... ok
[INFO] [stdout] test valid_decision_tables::horizontal::h_000122::_0001 ... ok
[INFO] [stdout] test valid_decision_tables::horizontal::h_000022::_0001 ... ok
[INFO] [stdout] test valid_decision_tables::horizontal::h_000212::_0001 ... ok
[INFO] [stdout] test valid_decision_tables::horizontal::h_000020::_0001 ... ok
[INFO] [stdout] test valid_decision_tables::horizontal::h_000011::_0001 ... ok
[INFO] [stdout] test valid_decision_tables::horizontal::h_000021::_0001 ... ok
[INFO] [stdout] test valid_decision_tables::horizontal::h_000111::_0001 ... ok
[INFO] [stdout] test unicode_decision_tables::invalid_hit_policy::_0021 ... ok
[INFO] [stdout] test valid_decision_tables::horizontal::h_000112::_0001 ... ok
[INFO] [stdout] test valid_decision_tables::horizontal::h_000120::_0001 ... ok
[INFO] [stdout] test valid_decision_tables::horizontal::h_000211::_0001 ... ok
[INFO] [stdout] test valid_decision_tables::horizontal::h_000221::_0001 ... ok
[INFO] [stdout] test valid_decision_tables::horizontal::h_001022::_0001 ... ok
[INFO] [stdout] test valid_decision_tables::horizontal::h_001020::_0001 ... ok
[INFO] [stdout] test valid_decision_tables::horizontal::h_001111::_0001 ... ok
[INFO] [stdout] test valid_decision_tables::horizontal::h_001012::_0001 ... ok
[INFO] [stdout] test valid_decision_tables::horizontal::h_001212::_0001 ... ok
[INFO] [stdout] test valid_decision_tables::horizontal::h_001021::_0001 ... ok
[INFO] [stdout] test valid_decision_tables::horizontal::h_001110::_0001 ... ok
[INFO] [stdout] test valid_decision_tables::horizontal::h_001120::_0001 ... ok
[INFO] [stdout] test valid_decision_tables::horizontal::h_001112::_0001 ... ok
[INFO] [stdout] test valid_decision_tables::horizontal::h_001121::_0001 ... ok
[INFO] [stdout] test valid_decision_tables::horizontal::h_001122::_0001 ... ok
[INFO] [stdout] test valid_decision_tables::horizontal::h_000222::_0001 ... ok
[INFO] [stdout] test valid_decision_tables::horizontal::h_001010::_0001 ... ok
[INFO] [stdout] test valid_decision_tables::horizontal::h_001011::_0001 ... ok
[INFO] [stdout] test valid_decision_tables::horizontal::h_001211::_0001 ... ok
[INFO] [stdout] test valid_decision_tables::horizontal::h_001210::_0001 ... ok
[INFO] [stdout] test valid_decision_tables::horizontal::h_010120::_0001 ... ok
[INFO] [stdout] test valid_decision_tables::horizontal::h_001222::_0001 ... ok
[INFO] [stdout] test valid_decision_tables::horizontal::h_010010::_0001 ... ok
[INFO] [stdout] test valid_decision_tables::horizontal::h_010011::_0001 ... ok
[INFO] [stdout] test valid_decision_tables::horizontal::h_010012::_0001 ... ok
[INFO] [stdout] test valid_decision_tables::horizontal::h_010110::_0001 ... ok
[INFO] [stdout] test valid_decision_tables::horizontal::h_001220::_0001 ... ok
[INFO] [stdout] test valid_decision_tables::horizontal::h_010210::_0001 ... ok
[INFO] [stdout] test valid_decision_tables::horizontal::h_010022::_0001 ... ok
[INFO] [stdout] test valid_decision_tables::horizontal::h_010211::_0001 ... ok
[INFO] [stdout] test valid_decision_tables::horizontal::h_010222::_0001 ... ok
[INFO] [stdout] test valid_decision_tables::horizontal::h_011012::_0001 ... ok
[INFO] [stdout] test valid_decision_tables::horizontal::h_011020::_0001 ... ok
[INFO] [stdout] test valid_decision_tables::horizontal::h_011011::_0001 ... ok
[INFO] [stdout] test valid_decision_tables::horizontal::h_011021::_0001 ... ok
[INFO] [stdout] test valid_decision_tables::horizontal::h_011110::_0001 ... ok
[INFO] [stdout] test valid_decision_tables::horizontal::h_010122::_0001 ... ok
[INFO] [stdout] test valid_decision_tables::horizontal::h_011111::_0001 ... ok
[INFO] [stdout] test valid_decision_tables::horizontal::h_011112::_0001 ... ok
[INFO] [stdout] test valid_decision_tables::horizontal::h_001221::_0001 ... ok
[INFO] [stdout] test valid_decision_tables::horizontal::h_011122::_0001 ... ok
[INFO] [stdout] test valid_decision_tables::horizontal::h_010221::_0001 ... ok
[INFO] [stdout] test valid_decision_tables::horizontal::h_010112::_0001 ... ok
[INFO] [stdout] test valid_decision_tables::horizontal::h_011212::_0001 ... ok
[INFO] [stdout] test valid_decision_tables::horizontal::h_011010::_0001 ... ok
[INFO] [stdout] test valid_decision_tables::horizontal::h_011220::_0001 ... ok
[INFO] [stdout] test valid_decision_tables::horizontal::h_011121::_0001 ... ok
[INFO] [stdout] test valid_decision_tables::horizontal::h_011221::_0001 ... ok
[INFO] [stdout] test valid_decision_tables::horizontal::h_011222::_0001 ... ok
[INFO] [stdout] test valid_decision_tables::horizontal::h_100011::_0001 ... ok
[INFO] [stdout] test valid_decision_tables::horizontal::h_010212::_0001 ... ok
[INFO] [stdout] test valid_decision_tables::horizontal::h_011210::_0001 ... ok
[INFO] [stdout] test valid_decision_tables::horizontal::h_011211::_0001 ... ok
[INFO] [stdout] test valid_decision_tables::horizontal::h_100012::_0001 ... ok
[INFO] [stdout] test valid_decision_tables::horizontal::h_010220::_0001 ... ok
[INFO] [stdout] test valid_decision_tables::horizontal::h_100022::_0001 ... ok
[INFO] [stdout] test valid_decision_tables::horizontal::h_100120::_0001 ... ok
[INFO] [stdout] test valid_decision_tables::horizontal::h_100110::_0001 ... ok
[INFO] [stdout] test valid_decision_tables::horizontal::h_010111::_0001 ... ok
[INFO] [stdout] test valid_decision_tables::horizontal::h_100210::_0001 ... ok
[INFO] [stdout] test valid_decision_tables::horizontal::h_100010::_0001 ... ok
[INFO] [stdout] test valid_decision_tables::horizontal::h_100112::_0001 ... ok
[INFO] [stdout] test valid_decision_tables::horizontal::h_100211::_0001 ... ok
[INFO] [stdout] test valid_decision_tables::horizontal::h_100020::_0001 ... ok
[INFO] [stdout] test valid_decision_tables::horizontal::h_011120::_0001 ... ok
[INFO] [stdout] test valid_decision_tables::horizontal::h_100212::_0001 ... ok
[INFO] [stdout] test valid_decision_tables::horizontal::h_100220::_0001 ... ok
[INFO] [stdout] test valid_decision_tables::horizontal::h_100121::_0001 ... ok
[INFO] [stdout] test valid_decision_tables::horizontal::h_011022::_0001 ... ok
[INFO] [stdout] test valid_decision_tables::horizontal::h_010020::_0001 ... ok
[INFO] [stdout] test valid_decision_tables::horizontal::h_101022::_0001 ... ok
[INFO] [stdout] test valid_decision_tables::horizontal::h_010121::_0001 ... ok
[INFO] [stdout] test valid_decision_tables::horizontal::h_100221::_0001 ... ok
[INFO] [stdout] test valid_decision_tables::horizontal::h_101110::_0001 ... ok
[INFO] [stdout] test valid_decision_tables::horizontal::h_101011::_0001 ... ok
[INFO] [stdout] test valid_decision_tables::horizontal::h_101020::_0001 ... ok
[INFO] [stdout] test valid_decision_tables::horizontal::h_101012::_0001 ... ok
[INFO] [stdout] test valid_decision_tables::horizontal::h_100021::_0001 ... ok
[INFO] [stdout] test valid_decision_tables::horizontal::h_010021::_0001 ... ok
[INFO] [stdout] test valid_decision_tables::horizontal::h_101211::_0001 ... ok
[INFO] [stdout] test valid_decision_tables::horizontal::h_100122::_0001 ... ok
[INFO] [stdout] test valid_decision_tables::horizontal::h_101111::_0001 ... ok
[INFO] [stdout] test valid_decision_tables::horizontal::h_101112::_0001 ... ok
[INFO] [stdout] test valid_decision_tables::horizontal::h_101122::_0001 ... ok
[INFO] [stdout] test valid_decision_tables::horizontal::h_101120::_0001 ... ok
[INFO] [stdout] test valid_decision_tables::horizontal::h_100222::_0001 ... ok
[INFO] [stdout] test valid_decision_tables::horizontal::h_110020::_0001 ... ok
[INFO] [stdout] test valid_decision_tables::horizontal::h_110021::_0001 ... ok
[INFO] [stdout] test valid_decision_tables::horizontal::h_110012::_0001 ... ok
[INFO] [stdout] test valid_decision_tables::horizontal::h_110022::_0001 ... ok
[INFO] [stdout] test valid_decision_tables::horizontal::h_101220::_0001 ... ok
[INFO] [stdout] test valid_decision_tables::horizontal::h_101222::_0001 ... ok
[INFO] [stdout] test valid_decision_tables::horizontal::h_101021::_0001 ... ok
[INFO] [stdout] test valid_decision_tables::horizontal::h_110111::_0001 ... ok
[INFO] [stdout] test valid_decision_tables::horizontal::h_100111::_0001 ... ok
[INFO] [stdout] test valid_decision_tables::horizontal::h_110112::_0001 ... ok
[INFO] [stdout] test valid_decision_tables::horizontal::h_110120::_0001 ... ok
[INFO] [stdout] test valid_decision_tables::horizontal::h_110110::_0001 ... ok
[INFO] [stdout] test valid_decision_tables::horizontal::h_101212::_0001 ... ok
[INFO] [stdout] test valid_decision_tables::horizontal::h_110121::_0001 ... ok
[INFO] [stdout] test valid_decision_tables::horizontal::h_101221::_0001 ... ok
[INFO] [stdout] test valid_decision_tables::horizontal::h_110010::_0001 ... ok
[INFO] [stdout] test valid_decision_tables::horizontal::h_110011::_0001 ... ok
[INFO] [stdout] test valid_decision_tables::horizontal::h_101121::_0001 ... ok
[INFO] [stdout] test valid_decision_tables::horizontal::h_110122::_0001 ... ok
[INFO] [stdout] test valid_decision_tables::horizontal::h_101210::_0001 ... ok
[INFO] [stdout] test valid_decision_tables::horizontal::h_101010::_0001 ... ok
[INFO] [stdout] test valid_decision_tables::horizontal::h_110210::_0001 ... ok
[INFO] [stdout] test valid_decision_tables::horizontal::h_110211::_0001 ... ok
[INFO] [stdout] test valid_decision_tables::horizontal::h_110212::_0001 ... ok
[INFO] [stdout] test valid_decision_tables::horizontal::h_110220::_0001 ... ok
[INFO] [stdout] test valid_decision_tables::horizontal::h_110221::_0001 ... ok
[INFO] [stdout] test valid_decision_tables::horizontal::h_111011::_0001 ... ok
[INFO] [stdout] test valid_decision_tables::horizontal::h_111120::_0001 ... ok
[INFO] [stdout] test valid_decision_tables::horizontal::h_110222::_0001 ... ok
[INFO] [stdout] test valid_decision_tables::horizontal::h_111112::_0001 ... ok
[INFO] [stdout] test valid_decision_tables::horizontal::h_111020::_0001 ... ok
[INFO] [stdout] test valid_decision_tables::horizontal::h_111021::_0001 ... ok
[INFO] [stdout] test valid_decision_tables::horizontal::h_111110::_0001 ... ok
[INFO] [stdout] test valid_decision_tables::horizontal::h_111212::_0001 ... ok
[INFO] [stdout] test valid_decision_tables::horizontal::h_111221::_0001 ... ok
[INFO] [stdout] test valid_decision_tables::vertical::v_110222::_0001 ... ok
[INFO] [stdout] test valid_decision_tables::horizontal::h_111022::_0001 ... ok
[INFO] [stdout] test valid_decision_tables::horizontal::h_111111::_0001 ... ok
[INFO] [stdout] test valid_decision_tables::horizontal::h_111222::_0001 ... ok
[INFO] [stdout] test valid_decision_tables::horizontal::h_111211::_0001 ... ok
[INFO] [stdout] test valid_decision_tables::vertical::v_111222::_0001 ... ok
[INFO] [stdout] test valid_decision_tables::horizontal::h_111220::_0001 ... ok
[INFO] [stdout] test valid_decision_tables::horizontal::h_111121::_0001 ... ok
[INFO] [stdout] test valid_decision_tables::horizontal::h_111122::_0001 ... ok
[INFO] [stdout] test valid_decision_tables::horizontal::h_111210::_0001 ... ok
[INFO] [stdout] test valid_decision_tables::horizontal::h_111010::_0001 ... ok
[INFO] [stdout] test valid_decision_tables::horizontal::h_111012::_0001 ... ok
[INFO] [stdout] 
[INFO] [stdout] failures:
[INFO] [stdout] 
[INFO] [stdout] ---- tools::check_decision_tables_tests stdout ----
[INFO] [stdout] 
[INFO] [stdout] thread 'tools::check_decision_tables_tests' (825) panicked at tests/tools.rs:12:30:
[INFO] [stdout] called `Result::unwrap()` on an `Err` value: Error { depth: 0, inner: Io { path: Some("../examples/src/decision_tables/horizontal"), err: Os { code: 2, kind: NotFound, message: "No such file or directory" } } }
[INFO] [stdout] stack backtrace:
[INFO] [stdout]    0:     0x65333536ed11 - <<std[617be2ca0a6fd877]::sys::backtrace::BacktraceLock>::print::DisplayBacktrace as core[a373ad73a504971]::fmt::Display>::fmt
[INFO] [stdout]    1:     0x653335384a0a - core[a373ad73a504971]::fmt::write
[INFO] [stdout]    2:     0x65333537321c - <alloc[2e1b2a31b91974c5]::vec::Vec<u8> as core[a373ad73a504971]::io::write::Write>::write_fmt
[INFO] [stdout]    3:     0x65333534a376 - std[617be2ca0a6fd877]::panicking::default_hook::{closure#0}
[INFO] [stdout]    4:     0x653335366cb9 - std[617be2ca0a6fd877]::panicking::default_hook
[INFO] [stdout]    5:     0x6533352e6ee0 - test[aada8e7e76ba119b]::test_main_inner::{closure#0}
[INFO] [stdout]    6:     0x653335366e72 - std[617be2ca0a6fd877]::panicking::panic_with_hook
[INFO] [stdout]    7:     0x65333534a422 - std[617be2ca0a6fd877]::panicking::panic_handler::{closure#0}
[INFO] [stdout]    8:     0x653335342f09 - std[617be2ca0a6fd877]::sys::backtrace::__rust_end_short_backtrace::<std[617be2ca0a6fd877]::panicking::panic_handler::{closure#0}, !>
[INFO] [stdout]    9:     0x65333534b02d - __rustc[ea4f61d10b84890b]::rust_begin_unwind
[INFO] [stdout]   10:     0x65333538513c - core[a373ad73a504971]::panicking::panic_fmt
[INFO] [stdout]   11:     0x653335384f12 - core[a373ad73a504971]::result::unwrap_failed
[INFO] [stdout]   12:     0x6533352adb9a - <mod[9668c5af99628135]::tools::check_decision_tables_tests::{closure#0} as core[a373ad73a504971]::ops::function::FnOnce<()>>::call_once
[INFO] [stdout]   13:     0x6533352da32b - test[aada8e7e76ba119b]::__rust_begin_short_backtrace::<core[a373ad73a504971]::result::Result<(), alloc[2e1b2a31b91974c5]::string::String>, fn() -> core[a373ad73a504971]::result::Result<(), alloc[2e1b2a31b91974c5]::string::String>>
[INFO] [stdout]   14:     0x6533352e7505 - test[aada8e7e76ba119b]::run_test::{closure#0}
[INFO] [stdout]   15:     0x6533352e0df4 - std[617be2ca0a6fd877]::sys::backtrace::__rust_begin_short_backtrace::<test[aada8e7e76ba119b]::run_test::{closure#1}, ()>
[INFO] [stdout]   16:     0x6533352ea592 - <std[617be2ca0a6fd877]::thread::lifecycle::spawn_unchecked<test[aada8e7e76ba119b]::run_test::{closure#1}, ()>::{closure#1} as core[a373ad73a504971]::ops::function::FnOnce<()>>::call_once::{shim:vtable#0}
[INFO] [stdout]   17:     0x65333536e20f - <std[617be2ca0a6fd877]::sys::thread::unix::Thread>::new::thread_start
[INFO] [stdout]   18:     0x7abe1a551dfa - <unknown>
[INFO] [stdout]   19:     0x7abe1a5e53d4 - clone
[INFO] [stdout]   20:                0x0 - <unknown>
[INFO] [stdout] 
[INFO] [stdout] 
[INFO] [stdout] failures:
[INFO] [stdout]     tools::check_decision_tables_tests
[INFO] [stdout] 
[INFO] [stdout] test result: FAILED. 211 passed; 1 failed; 0 ignored; 0 measured; 0 filtered out; finished in 0.06s
[INFO] [stdout] 
[INFO] [stderr] error: test failed, to rerun pass `--test mod`
[INFO] running `Command { std: "docker" "inspect" "f5514d8f1d538a80ca99654936840d7ff05dc47c714903a1387921cf5ad88d1a", kill_on_drop: false }`
[INFO] running `Command { std: "docker" "rm" "-f" "f5514d8f1d538a80ca99654936840d7ff05dc47c714903a1387921cf5ad88d1a", kill_on_drop: false }`
[INFO] [stdout] f5514d8f1d538a80ca99654936840d7ff05dc47c714903a1387921cf5ad88d1a
