[INFO] fetching crate dsm 1.0.2...
[INFO] testing dsm-1.0.2 against 1.99.0-beta.8+cargoflags=--release for beta-release-1.100-2
[INFO] extracting crate dsm 1.0.2 into /workspace/builds/worker-6-tc1/source
[INFO] started tweaking crates.io crate dsm 1.0.2
[INFO] finished tweaking crates.io crate dsm 1.0.2
[INFO] tweaked toml for crates.io crate dsm 1.0.2 written to /workspace/builds/worker-6-tc1/source/Cargo.toml
[INFO] validating manifest of crates.io crate dsm 1.0.2 on toolchain 1.99.0-beta.8
[INFO] running `Command { std: CARGO_HOME="/workspace/cargo-home" RUSTUP_HOME="/workspace/rustup-home" "/workspace/cargo-home/bin/cargo" "+1.99.0-beta.8" "metadata" "--manifest-path" "Cargo.toml" "--no-deps", kill_on_drop: false }`
[INFO] crate crates.io crate dsm 1.0.2 already has a lockfile, it will not be regenerated
[INFO] running `Command { std: CARGO_HOME="/workspace/cargo-home" RUSTUP_HOME="/workspace/rustup-home" "/workspace/cargo-home/bin/cargo" "+1.99.0-beta.8" "fetch" "--manifest-path" "Cargo.toml", kill_on_drop: false }`
[INFO] [stderr]     Updating crates.io index
[INFO] [stderr]  Downloading crates ...
[INFO] [stderr]   Downloaded zstd v0.11.2+zstd.1.5.2
[INFO] [stderr]   Downloaded zip v0.6.6
[INFO] [stderr]   Downloaded zstd-safe v5.0.2+zstd.1.5.2
[INFO] [stderr]   Downloaded sha1 v0.10.5
[INFO] [stderr]   Downloaded percent-encoding v2.2.0
[INFO] [stderr]   Downloaded form_urlencoded v1.1.0
[INFO] [stderr]   Downloaded colorchoice v1.0.0
[INFO] [stderr]   Downloaded human-panic v1.1.4
[INFO] [stderr]   Downloaded toml_datetime v0.6.2
[INFO] [stderr]   Downloaded wasm-bindgen-macro v0.2.86
[INFO] [stderr]   Downloaded time-core v0.1.1
[INFO] [stderr]   Downloaded wasm-bindgen-shared v0.2.86
[INFO] [stderr]   Downloaded is-terminal v0.4.7
[INFO] [stderr]   Downloaded home v0.5.5
[INFO] [stderr]   Downloaded cpufeatures v0.2.7
[INFO] [stderr]   Downloaded anstyle-wincon v1.0.1
[INFO] [stderr]   Downloaded dart-semver v0.1.3
[INFO] [stderr]   Downloaded thiserror-impl v1.0.40
[INFO] [stderr]   Downloaded clap_lex v0.2.4
[INFO] [stderr]   Downloaded junction v1.0.0
[INFO] [stderr]   Downloaded anstyle-query v1.0.0
[INFO] [stderr]   Downloaded sha2 v0.10.6
[INFO] [stderr]   Downloaded wasm-bindgen-backend v0.2.86
[INFO] [stderr]   Downloaded serde_spanned v0.6.2
[INFO] [stderr]   Downloaded anstyle v1.0.0
[INFO] [stderr]   Downloaded utf8parse v0.2.1
[INFO] [stderr]   Downloaded pest_derive v2.6.0
[INFO] [stderr]   Downloaded pest_generator v2.6.0
[INFO] [stderr]   Downloaded jobserver v0.1.26
[INFO] [stderr]   Downloaded password-hash v0.4.2
[INFO] [stderr]   Downloaded os_info v3.7.0
[INFO] [stderr]   Downloaded thiserror v1.0.40
[INFO] [stderr]   Downloaded anstream v0.3.2
[INFO] [stderr]   Downloaded anstyle-parse v0.2.0
[INFO] [stderr]   Downloaded os_str_bytes v6.5.0
[INFO] [stderr]   Downloaded clap_derive v3.2.25
[INFO] [stderr]   Downloaded tempfile v3.5.0
[INFO] [stderr]   Downloaded yansi v0.5.1
[INFO] [stderr]   Downloaded toml v0.7.4
[INFO] [stderr]   Downloaded pest_meta v2.6.0
[INFO] [stderr]   Downloaded anyhow v1.0.71
[INFO] [stderr]   Downloaded wasm-bindgen-macro-support v0.2.86
[INFO] [stderr]   Downloaded once_cell v1.17.2
[INFO] [stderr]   Downloaded proc-macro2 v1.0.59
[INFO] [stderr]   Downloaded serde_derive v1.0.163
[INFO] [stderr]   Downloaded crossbeam-utils v0.8.15
[INFO] [stderr]   Downloaded uuid v1.3.3
[INFO] [stderr]   Downloaded addr2line v0.19.0
[INFO] [stderr]   Downloaded ucd-trie v0.1.5
[INFO] [stderr]   Downloaded clap_complete v3.2.5
[INFO] [stderr]   Downloaded textwrap v0.16.0
[INFO] [stderr]   Downloaded serde v1.0.163
[INFO] [stderr]   Downloaded backtrace v0.3.67
[INFO] [stderr]   Downloaded miniz_oxide v0.6.2
[INFO] [stderr]   Downloaded js-sys v0.3.63
[INFO] [stderr]   Downloaded url v2.3.1
[INFO] [stderr]   Downloaded toml_edit v0.19.10
[INFO] [stderr]   Downloaded ureq v2.6.2
[INFO] [stderr]   Downloaded pest v2.6.0
[INFO] [stderr]   Downloaded time v0.3.21
[INFO] [stderr]   Downloaded aes v0.8.2
[INFO] [stderr]   Downloaded serde_json v1.0.99
[INFO] [stderr]   Downloaded winnow v0.4.6
[INFO] [stderr]   Downloaded wasm-bindgen v0.2.86
[INFO] [stderr]   Downloaded clap v3.2.25
[INFO] [stderr]   Downloaded idna v0.3.0
[INFO] [stderr]   Downloaded rustls v0.20.8
[INFO] [stderr]   Downloaded object v0.30.4
[INFO] [stderr]   Downloaded rustix v0.37.27
[INFO] [stderr]   Downloaded libc v0.2.144
[INFO] [stderr]   Downloaded bzip2-sys v0.1.11+1.0.8
[INFO] [stderr]   Downloaded zstd-sys v2.0.8+zstd.1.5.5
[INFO] [stderr]   Downloaded gimli v0.27.2
[INFO] [stderr]   Downloaded web-sys v0.3.63
[INFO] running `Command { std: "docker" "create" "-v" "/var/lib/crater-agent-workspace/builds/worker-6-tc1/source:/opt/rustwide/workdir:ro,Z" "-v" "/var/lib/crater-agent-workspace/builds/worker-6-tc1/target:/opt/rustwide/target:rw,Z" "-v" "/var/lib/crater-agent-workspace/cargo-home:/opt/rustwide/cargo-home:ro,Z" "-v" "/var/lib/crater-agent-workspace/rustup-home:/opt/rustwide/rustup-home:ro,Z" "-m" "1610612736" "--network" "none" "ghcr.io/rust-lang/crates-build-env/linux@sha256:77db811e55d90add9212f6832c23229e3de5f1c1f9905e8cb07319ea15df73ac" "sleep" "infinity", kill_on_drop: false }`
[INFO] [stdout] 4ead75f047c4e4f1f5e068860b8dddd58ace1913f26bc2e242994d12be24218e
[INFO] running `Command { std: "docker" "start" "4ead75f047c4e4f1f5e068860b8dddd58ace1913f26bc2e242994d12be24218e", kill_on_drop: false }`
[INFO] running `Command { std: "docker" "inspect" "4ead75f047c4e4f1f5e068860b8dddd58ace1913f26bc2e242994d12be24218e", kill_on_drop: false }`
[INFO] running `Command { std: "docker" "exec" "-e" "SOURCE_DIR=/opt/rustwide/workdir" "-e" "CARGO_HOME=/opt/rustwide/cargo-home" "-e" "RUSTUP_HOME=/opt/rustwide/rustup-home" "-e" "CARGO_TARGET_DIR=/opt/rustwide/target" "-w" "/opt/rustwide/workdir" "--user" "0:0" "4ead75f047c4e4f1f5e068860b8dddd58ace1913f26bc2e242994d12be24218e" "/opt/rustwide/cargo-home/bin/cargo" "+1.99.0-beta.8" "metadata" "--no-deps" "--format-version=1", kill_on_drop: false }`
[INFO] running `Command { std: "docker" "inspect" "4ead75f047c4e4f1f5e068860b8dddd58ace1913f26bc2e242994d12be24218e", kill_on_drop: false }`
[INFO] running `Command { std: "docker" "exec" "-e" "SOURCE_DIR=/opt/rustwide/workdir" "-e" "CARGO_HOME=/opt/rustwide/cargo-home" "-e" "RUSTUP_HOME=/opt/rustwide/rustup-home" "-e" "CARGO_TARGET_DIR=/opt/rustwide/target" "-e" "CARGO_INCREMENTAL=0" "-e" "RUST_BACKTRACE=full" "-e" "RUSTFLAGS=--cap-lints=warn" "-e" "RUSTDOCFLAGS=--cap-lints=warn" "-w" "/opt/rustwide/workdir" "--user" "0:0" "4ead75f047c4e4f1f5e068860b8dddd58ace1913f26bc2e242994d12be24218e" "/opt/rustwide/cargo-home/bin/cargo" "+1.99.0-beta.8" "build" "--frozen" "--message-format=json" "--release", kill_on_drop: false }`
[INFO] [stderr]    Compiling libc v0.2.144
[INFO] [stderr]    Compiling proc-macro2 v1.0.59
[INFO] [stderr]    Compiling unicode-ident v1.0.9
[INFO] [stderr]    Compiling quote v1.0.28
[INFO] [stderr]    Compiling version_check v0.9.4
[INFO] [stderr]    Compiling typenum v1.16.0
[INFO] [stderr]    Compiling cfg-if v1.0.0
[INFO] [stderr]    Compiling pkg-config v0.3.27
[INFO] [stderr]    Compiling thiserror v1.0.40
[INFO] [stderr]    Compiling serde v1.0.163
[INFO] [stderr]    Compiling generic-array v0.14.7
[INFO] [stderr]    Compiling autocfg v1.1.0
[INFO] [stderr]    Compiling once_cell v1.17.2
[INFO] [stderr]    Compiling adler v1.0.2
[INFO] [stderr]    Compiling bitflags v1.3.2
[INFO] [stderr]    Compiling subtle v2.5.0
[INFO] [stderr]    Compiling io-lifetimes v1.0.11
[INFO] [stderr]    Compiling proc-macro-error-attr v1.0.4
[INFO] [stderr]    Compiling indexmap v1.9.3
[INFO] [stderr]    Compiling hashbrown v0.12.3
[INFO] [stderr]    Compiling rustix v0.37.27
[INFO] [stderr]    Compiling untrusted v0.7.1
[INFO] [stderr]    Compiling jobserver v0.1.26
[INFO] [stderr]    Compiling spin v0.5.2
[INFO] [stderr]    Compiling syn v1.0.109
[INFO] [stderr]    Compiling cc v1.0.79
[INFO] [stderr]    Compiling syn v2.0.18
[INFO] [stderr]    Compiling proc-macro-error v1.0.4
[INFO] [stderr]    Compiling cpufeatures v0.2.7
[INFO] [stderr]    Compiling linux-raw-sys v0.3.8
[INFO] [stderr]    Compiling ucd-trie v0.1.5
[INFO] [stderr]    Compiling memchr v2.5.0
[INFO] [stderr]    Compiling crc32fast v1.3.2
[INFO] [stderr]    Compiling tinyvec_macros v0.1.1
[INFO] [stderr]    Compiling tinyvec v1.6.0
[INFO] [stderr]    Compiling zstd-safe v5.0.2+zstd.1.5.2
[INFO] [stderr]    Compiling ring v0.16.20
[INFO] [stderr]    Compiling zstd-sys v2.0.8+zstd.1.5.5
[INFO] [stderr]    Compiling crypto-common v0.1.6
[INFO] [stderr]    Compiling block-buffer v0.10.4
[INFO] [stderr]    Compiling bzip2-sys v0.1.11+1.0.8
[INFO] [stderr]    Compiling digest v0.10.7
[INFO] [stderr]    Compiling log v0.4.19
[INFO] [stderr]    Compiling inout v0.1.3
[INFO] [stderr]    Compiling backtrace v0.3.67
[INFO] [stderr]    Compiling unicode-normalization v0.1.22
[INFO] [stderr]    Compiling miniz_oxide v0.7.1
[INFO] [stderr]    Compiling rustls v0.20.8
[INFO] [stderr]    Compiling utf8parse v0.2.1
[INFO] [stderr]    Compiling rand_core v0.6.4
[INFO] [stderr]    Compiling base64ct v1.6.0
[INFO] [stderr]    Compiling winnow v0.4.6
[INFO] [stderr]    Compiling percent-encoding v2.2.0
[INFO] [stderr]    Compiling unicode-bidi v0.3.13
[INFO] [stderr]    Compiling heck v0.4.1
[INFO] [stderr]    Compiling gimli v0.27.2
[INFO] [stderr]    Compiling serde_derive v1.0.163
[INFO] [stderr]    Compiling thiserror-impl v1.0.40
[INFO] [stderr]    Compiling os_str_bytes v6.5.0
[INFO] [stderr]    Compiling clap_lex v0.2.4
[INFO] [stderr]    Compiling pest v2.6.0
[INFO] [stderr]    Compiling is-terminal v0.4.7
[INFO] [stderr]    Compiling idna v0.3.0
[INFO] [stderr]    Compiling password-hash v0.4.2
[INFO] [stderr]    Compiling flate2 v1.0.26
[INFO] [stderr]    Compiling form_urlencoded v1.1.0
[INFO] [stderr]    Compiling anstyle-parse v0.2.0
[INFO] [stderr]    Compiling object v0.30.4
[INFO] [stderr]    Compiling cipher v0.4.4
[INFO] [stderr]    Compiling clap_derive v3.2.25
[INFO] [stderr]    Compiling sha2 v0.10.6
[INFO] [stderr]    Compiling addr2line v0.19.0
[INFO] [stderr]    Compiling pest_meta v2.6.0
[INFO] [stderr]    Compiling hmac v0.12.1
[INFO] [stderr]    Compiling getrandom v0.2.10
[INFO] [stderr]    Compiling atty v0.2.14
[INFO] [stderr]    Compiling miniz_oxide v0.6.2
[INFO] [stderr]    Compiling time-core v0.1.1
[INFO] [stderr]    Compiling colorchoice v1.0.0
[INFO] [stderr]    Compiling rustc-demangle v0.1.23
[INFO] [stderr]    Compiling textwrap v0.16.0
[INFO] [stderr]    Compiling strsim v0.10.0
[INFO] [stderr]    Compiling pest_generator v2.6.0
[INFO] [stderr]    Compiling anstyle-query v1.0.0
[INFO] [stderr]    Compiling serde_json v1.0.99
[INFO] [stderr]    Compiling termcolor v1.2.0
[INFO] [stderr]    Compiling anstyle v1.0.0
[INFO] [stderr]    Compiling anyhow v1.0.71
[INFO] [stderr]    Compiling anstream v0.3.2
[INFO] [stderr]    Compiling time v0.3.21
[INFO] [stderr]    Compiling clap v3.2.25
[INFO] [stderr]    Compiling pest_derive v2.6.0
[INFO] [stderr]    Compiling uuid v1.3.3
[INFO] [stderr]    Compiling pbkdf2 v0.11.0
[INFO] [stderr]    Compiling bzip2 v0.4.4
[INFO] [stderr]    Compiling aes v0.8.2
[INFO] [stderr]    Compiling url v2.3.1
[INFO] [stderr]    Compiling sha1 v0.10.5
[INFO] [stderr]    Compiling fastrand v1.9.0
[INFO] [stderr]    Compiling byteorder v1.4.3
[INFO] [stderr]    Compiling constant_time_eq v0.1.5
[INFO] [stderr]    Compiling ryu v1.0.13
[INFO] [stderr]    Compiling webpki v0.22.0
[INFO] [stderr]    Compiling sct v0.7.0
[INFO] [stderr]    Compiling itoa v1.0.6
[INFO] [stderr]    Compiling base64 v0.13.1
[INFO] [stderr]    Compiling tempfile v3.5.0
[INFO] [stderr]    Compiling webpki-roots v0.22.6
[INFO] [stderr]    Compiling dart-semver v0.1.3
[INFO] [stderr]    Compiling serde_spanned v0.6.2
[INFO] [stderr]    Compiling toml_datetime v0.6.2
[INFO] [stderr]    Compiling os_info v3.7.0
[INFO] [stderr]    Compiling toml_edit v0.19.10
[INFO] [stderr]    Compiling yansi v0.5.1
[INFO] [stderr]    Compiling home v0.5.5
[INFO] [stderr]    Compiling clap_complete v3.2.5
[INFO] [stderr]    Compiling toml v0.7.4
[INFO] [stderr]    Compiling ureq v2.6.2
[INFO] [stderr]    Compiling human-panic v1.1.4
[INFO] [stderr]    Compiling zstd v0.11.2+zstd.1.5.2
[INFO] [stderr]    Compiling zip v0.6.6
[INFO] [stderr]    Compiling dsm v1.0.2 (/opt/rustwide/workdir)
[INFO] [stdout] warning: unexpected `cfg` condition value: `ia32`
[INFO] [stdout]   --> src/arch.rs:39:7
[INFO] [stdout]    |
[INFO] [stdout] 39 | #[cfg(target_arch = "ia32")]
[INFO] [stdout]    |       ^^^^^^^^^^^^^^^^^^^^
[INFO] [stdout]    |
[INFO] [stdout]    = note: expected values for `target_arch` are: `aarch64`, `amdgpu`, `arm`, `arm64ec`, `avr`, `bpf`, `csky`, `hexagon`, `loongarch32`, `loongarch64`, `m68k`, `mips`, `mips32r6`, `mips64`, `mips64r6`, `msp430`, `nvptx64`, `powerpc`, `powerpc64`, `riscv32`, `riscv64`, `s390x`, `sparc`, `sparc64`, `wasm32`, `wasm64`, `x86`, `x86_64`, and `xtensa`
[INFO] [stdout]    = note: see <https://doc.rust-lang.org/nightly/rustc/check-cfg/cargo-specifics.html> for more information about checking conditional configuration
[INFO] [stdout]    = note: `#[warn(unexpected_cfgs)]` on by default
[INFO] [stdout] 
[INFO] [stdout] 
[INFO] [stdout] warning: use of deprecated type alias `std::panic::PanicInfo`: use `PanicHookInfo` instead
[INFO] [stdout]   --> src/main.rs:21:5
[INFO] [stdout]    |
[INFO] [stdout] 21 |     human_panic::setup_panic!();
[INFO] [stdout]    |     ^^^^^^^^^^^^^^^^^^^^^^^^^^^
[INFO] [stdout]    |
[INFO] [stdout]    = note: `#[warn(deprecated)]` on by default
[INFO] [stdout]    = note: this warning originates in the macro `$crate::setup_panic` which comes from the expansion of the macro `human_panic::setup_panic` (in Nightly builds, run with -Z macro-backtrace for more info)
[INFO] [stdout] 
[INFO] [stdout] 
[INFO] [stdout] warning: use of deprecated type alias `std::panic::PanicInfo`: use `PanicHookInfo` instead
[INFO] [stdout]   --> src/main.rs:21:5
[INFO] [stdout]    |
[INFO] [stdout] 21 |     human_panic::setup_panic!();
[INFO] [stdout]    |     ^^^^^^^^^^^^^^^^^^^^^^^^^^^
[INFO] [stdout]    |
[INFO] [stdout]    = note: this warning originates in the macro `$crate::setup_panic` which comes from the expansion of the macro `human_panic::setup_panic` (in Nightly builds, run with -Z macro-backtrace for more info)
[INFO] [stdout] 
[INFO] [stdout] 
[INFO] [stderr]     Finished `release` profile [optimized] target(s) in 3m 13s
[INFO] running `Command { std: "docker" "inspect" "4ead75f047c4e4f1f5e068860b8dddd58ace1913f26bc2e242994d12be24218e", kill_on_drop: false }`
[INFO] running `Command { std: "docker" "exec" "-e" "SOURCE_DIR=/opt/rustwide/workdir" "-e" "CARGO_HOME=/opt/rustwide/cargo-home" "-e" "RUSTUP_HOME=/opt/rustwide/rustup-home" "-e" "CARGO_TARGET_DIR=/opt/rustwide/target" "-e" "CARGO_INCREMENTAL=0" "-e" "RUST_BACKTRACE=full" "-e" "RUSTFLAGS=--cap-lints=warn" "-e" "RUSTDOCFLAGS=--cap-lints=warn" "-w" "/opt/rustwide/workdir" "--user" "0:0" "4ead75f047c4e4f1f5e068860b8dddd58ace1913f26bc2e242994d12be24218e" "/opt/rustwide/cargo-home/bin/cargo" "+1.99.0-beta.8" "test" "--frozen" "--no-run" "--message-format=json" "--release", kill_on_drop: false }`
[INFO] [stderr]    Compiling libc v0.2.144
[INFO] [stderr]    Compiling cfg-if v1.0.0
[INFO] [stderr]    Compiling typenum v1.16.0
[INFO] [stderr]    Compiling once_cell v1.17.2
[INFO] [stderr]    Compiling serde v1.0.163
[INFO] [stderr]    Compiling subtle v2.5.0
[INFO] [stderr]    Compiling bitflags v1.3.2
[INFO] [stderr]    Compiling adler v1.0.2
[INFO] [stderr]    Compiling spin v0.5.2
[INFO] [stderr]    Compiling hashbrown v0.12.3
[INFO] [stderr]    Compiling untrusted v0.7.1
[INFO] [stderr]    Compiling tinyvec_macros v0.1.1
[INFO] [stderr]    Compiling cpufeatures v0.2.7
[INFO] [stderr]    Compiling linux-raw-sys v0.3.8
[INFO] [stderr]    Compiling tinyvec v1.6.0
[INFO] [stderr]    Compiling log v0.4.19
[INFO] [stderr]    Compiling memchr v2.5.0
[INFO] [stderr]    Compiling crc32fast v1.3.2
[INFO] [stderr]    Compiling miniz_oxide v0.7.1
[INFO] [stderr]    Compiling generic-array v0.14.7
[INFO] [stderr]    Compiling indexmap v1.9.3
[INFO] [stderr]    Compiling unicode-bidi v0.3.13
[INFO] [stderr]    Compiling gimli v0.27.2
[INFO] [stderr]    Compiling unicode-normalization v0.1.22
[INFO] [stderr]    Compiling io-lifetimes v1.0.11
[INFO] [stderr]    Compiling crypto-common v0.1.6
[INFO] [stderr]    Compiling block-buffer v0.10.4
[INFO] [stderr]    Compiling ring v0.16.20
[INFO] [stderr]    Compiling rustix v0.37.27
[INFO] [stderr]    Compiling digest v0.10.7
[INFO] [stderr]    Compiling inout v0.1.3
[INFO] [stderr]    Compiling zstd-sys v2.0.8+zstd.1.5.5
[INFO] [stderr]    Compiling rand_core v0.6.4
[INFO] [stderr]    Compiling base64ct v1.6.0
[INFO] [stderr]    Compiling winnow v0.4.6
[INFO] [stderr]    Compiling os_str_bytes v6.5.0
[INFO] [stderr]    Compiling utf8parse v0.2.1
[INFO] [stderr]    Compiling percent-encoding v2.2.0
[INFO] [stderr]    Compiling anstyle-parse v0.2.0
[INFO] [stderr]    Compiling password-hash v0.4.2
[INFO] [stderr]    Compiling form_urlencoded v1.1.0
[INFO] [stderr]    Compiling clap_lex v0.2.4
[INFO] [stderr]    Compiling idna v0.3.0
[INFO] [stderr]    Compiling zstd-safe v5.0.2+zstd.1.5.2
[INFO] [stderr]    Compiling sha2 v0.10.6
[INFO] [stderr]    Compiling hmac v0.12.1
[INFO] [stderr]    Compiling cipher v0.4.4
[INFO] [stderr]    Compiling webpki v0.22.0
[INFO] [stderr]    Compiling sct v0.7.0
[INFO] [stderr]    Compiling bzip2-sys v0.1.11+1.0.8
[INFO] [stderr]    Compiling atty v0.2.14
[INFO] [stderr]    Compiling getrandom v0.2.10
[INFO] [stderr]    Compiling flate2 v1.0.26
[INFO] [stderr]    Compiling thiserror v1.0.40
[INFO] [stderr]    Compiling object v0.30.4
[INFO] [stderr]    Compiling miniz_oxide v0.6.2
[INFO] [stderr]    Compiling toml_datetime v0.6.2
[INFO] [stderr]    Compiling serde_spanned v0.6.2
[INFO] [stderr]    Compiling toml_edit v0.19.10
[INFO] [stderr]    Compiling is-terminal v0.4.7
[INFO] [stderr]    Compiling addr2line v0.19.0
[INFO] [stderr]    Compiling anstyle-query v1.0.0
[INFO] [stderr]    Compiling textwrap v0.16.0
[INFO] [stderr]    Compiling strsim v0.10.0
[INFO] [stderr]    Compiling time-core v0.1.1
[INFO] [stderr]    Compiling colorchoice v1.0.0
[INFO] [stderr]    Compiling rustc-demangle v0.1.23
[INFO] [stderr]    Compiling termcolor v1.2.0
[INFO] [stderr]    Compiling ucd-trie v0.1.5
[INFO] [stderr]    Compiling anstyle v1.0.0
[INFO] [stderr]    Compiling clap v3.2.25
[INFO] [stderr]    Compiling anstream v0.3.2
[INFO] [stderr]    Compiling pest v2.6.0
[INFO] [stderr]    Compiling time v0.3.21
[INFO] [stderr]    Compiling os_info v3.7.0
[INFO] [stderr]    Compiling uuid v1.3.3
[INFO] [stderr]    Compiling bzip2 v0.4.4
[INFO] [stderr]    Compiling rustls v0.20.8
[INFO] [stderr]    Compiling webpki-roots v0.22.6
[INFO] [stderr]    Compiling aes v0.8.2
[INFO] [stderr]    Compiling pbkdf2 v0.11.0
[INFO] [stderr]    Compiling url v2.3.1
[INFO] [stderr]    Compiling zstd v0.11.2+zstd.1.5.2
[INFO] [stderr]    Compiling sha1 v0.10.5
[INFO] [stderr]    Compiling fastrand v1.9.0
[INFO] [stderr]    Compiling byteorder v1.4.3
[INFO] [stderr]    Compiling constant_time_eq v0.1.5
[INFO] [stderr]    Compiling ryu v1.0.13
[INFO] [stderr]    Compiling itoa v1.0.6
[INFO] [stderr]    Compiling base64 v0.13.1
[INFO] [stderr]    Compiling toml v0.7.4
[INFO] [stderr]    Compiling zip v0.6.6
[INFO] [stderr]    Compiling serde_json v1.0.99
[INFO] [stderr]    Compiling backtrace v0.3.67
[INFO] [stderr]    Compiling tempfile v3.5.0
[INFO] [stderr]    Compiling human-panic v1.1.4
[INFO] [stderr]    Compiling dart-semver v0.1.3
[INFO] [stderr]    Compiling ureq v2.6.2
[INFO] [stderr]    Compiling anyhow v1.0.71
[INFO] [stderr]    Compiling clap_complete v3.2.5
[INFO] [stderr]    Compiling home v0.5.5
[INFO] [stderr]    Compiling yansi v0.5.1
[INFO] [stderr]    Compiling dsm v1.0.2 (/opt/rustwide/workdir)
[INFO] [stdout] warning: unexpected `cfg` condition value: `ia32`
[INFO] [stdout]   --> src/arch.rs:39:7
[INFO] [stdout]    |
[INFO] [stdout] 39 | #[cfg(target_arch = "ia32")]
[INFO] [stdout]    |       ^^^^^^^^^^^^^^^^^^^^
[INFO] [stdout]    |
[INFO] [stdout]    = note: expected values for `target_arch` are: `aarch64`, `amdgpu`, `arm`, `arm64ec`, `avr`, `bpf`, `csky`, `hexagon`, `loongarch32`, `loongarch64`, `m68k`, `mips`, `mips32r6`, `mips64`, `mips64r6`, `msp430`, `nvptx64`, `powerpc`, `powerpc64`, `riscv32`, `riscv64`, `s390x`, `sparc`, `sparc64`, `wasm32`, `wasm64`, `x86`, `x86_64`, and `xtensa`
[INFO] [stdout]    = note: see <https://doc.rust-lang.org/nightly/rustc/check-cfg/cargo-specifics.html> for more information about checking conditional configuration
[INFO] [stdout]    = note: `#[warn(unexpected_cfgs)]` on by default
[INFO] [stdout] 
[INFO] [stdout] 
[INFO] [stdout] warning: use of deprecated type alias `std::panic::PanicInfo`: use `PanicHookInfo` instead
[INFO] [stdout]   --> src/main.rs:21:5
[INFO] [stdout]    |
[INFO] [stdout] 21 |     human_panic::setup_panic!();
[INFO] [stdout]    |     ^^^^^^^^^^^^^^^^^^^^^^^^^^^
[INFO] [stdout]    |
[INFO] [stdout]    = note: `#[warn(deprecated)]` on by default
[INFO] [stdout]    = note: this warning originates in the macro `$crate::setup_panic` which comes from the expansion of the macro `human_panic::setup_panic` (in Nightly builds, run with -Z macro-backtrace for more info)
[INFO] [stdout] 
[INFO] [stdout] 
[INFO] [stdout] warning: use of deprecated type alias `std::panic::PanicInfo`: use `PanicHookInfo` instead
[INFO] [stdout]   --> src/main.rs:21:5
[INFO] [stdout]    |
[INFO] [stdout] 21 |     human_panic::setup_panic!();
[INFO] [stdout]    |     ^^^^^^^^^^^^^^^^^^^^^^^^^^^
[INFO] [stdout]    |
[INFO] [stdout]    = note: this warning originates in the macro `$crate::setup_panic` which comes from the expansion of the macro `human_panic::setup_panic` (in Nightly builds, run with -Z macro-backtrace for more info)
[INFO] [stdout] 
[INFO] [stdout] 
[INFO] [stderr]     Finished `release` profile [optimized] target(s) in 1m 38s
[INFO] running `Command { std: "docker" "inspect" "4ead75f047c4e4f1f5e068860b8dddd58ace1913f26bc2e242994d12be24218e", kill_on_drop: false }`
[INFO] running `Command { std: "docker" "exec" "-e" "SOURCE_DIR=/opt/rustwide/workdir" "-e" "CARGO_HOME=/opt/rustwide/cargo-home" "-e" "RUSTUP_HOME=/opt/rustwide/rustup-home" "-e" "CARGO_TARGET_DIR=/opt/rustwide/target" "-e" "CARGO_INCREMENTAL=0" "-e" "RUST_BACKTRACE=full" "-e" "RUSTFLAGS=--cap-lints=warn" "-e" "RUSTDOCFLAGS=--cap-lints=warn" "-w" "/opt/rustwide/workdir" "--user" "0:0" "4ead75f047c4e4f1f5e068860b8dddd58ace1913f26bc2e242994d12be24218e" "/opt/rustwide/cargo-home/bin/cargo" "+1.99.0-beta.8" "test" "--frozen" "--release", kill_on_drop: false }`
[INFO] [stderr] warning: unexpected `cfg` condition value: `ia32`
[INFO] [stderr]   --> src/arch.rs:39:7
[INFO] [stderr]    |
[INFO] [stderr] 39 | #[cfg(target_arch = "ia32")]
[INFO] [stderr]    |       ^^^^^^^^^^^^^^^^^^^^
[INFO] [stderr]    |
[INFO] [stderr]    = note: expected values for `target_arch` are: `aarch64`, `amdgpu`, `arm`, `arm64ec`, `avr`, `bpf`, `csky`, `hexagon`, `loongarch32`, `loongarch64`, `m68k`, `mips`, `mips32r6`, `mips64`, `mips64r6`, `msp430`, `nvptx64`, `powerpc`, `powerpc64`, `riscv32`, `riscv64`, `s390x`, `sparc`, `sparc64`, `wasm32`, `wasm64`, `x86`, `x86_64`, and `xtensa`
[INFO] [stderr]    = note: see <https://doc.rust-lang.org/nightly/rustc/check-cfg/cargo-specifics.html> for more information about checking conditional configuration
[INFO] [stderr]    = note: `#[warn(unexpected_cfgs)]` on by default
[INFO] [stderr] 
[INFO] [stderr] warning: use of deprecated type alias `std::panic::PanicInfo`: use `PanicHookInfo` instead
[INFO] [stderr]   --> src/main.rs:21:5
[INFO] [stderr]    |
[INFO] [stderr] 21 |     human_panic::setup_panic!();
[INFO] [stderr]    |     ^^^^^^^^^^^^^^^^^^^^^^^^^^^
[INFO] [stderr]    |
[INFO] [stderr]    = note: `#[warn(deprecated)]` on by default
[INFO] [stderr]    = note: this warning originates in the macro `$crate::setup_panic` which comes from the expansion of the macro `human_panic::setup_panic` (in Nightly builds, run with -Z macro-backtrace for more info)
[INFO] [stderr] 
[INFO] [stderr] warning: use of deprecated type alias `std::panic::PanicInfo`: use `PanicHookInfo` instead
[INFO] [stderr]   --> src/main.rs:21:5
[INFO] [stderr]    |
[INFO] [stderr] 21 |     human_panic::setup_panic!();
[INFO] [stderr]    |     ^^^^^^^^^^^^^^^^^^^^^^^^^^^
[INFO] [stderr]    |
[INFO] [stderr]    = note: this warning originates in the macro `$crate::setup_panic` which comes from the expansion of the macro `human_panic::setup_panic` (in Nightly builds, run with -Z macro-backtrace for more info)
[INFO] [stderr] 
[INFO] [stderr] warning: `dsm` (bin "dsm" test) generated 3 warnings
[INFO] [stderr]     Finished `release` profile [optimized] target(s) in 0.20s
[INFO] [stderr]      Running unittests src/main.rs (/opt/rustwide/target/release/deps/dsm-8f368b410d464eef)
[INFO] [stdout] 
[INFO] [stdout] running 3 tests
[INFO] [stdout] test http::tests::fetch_test ... FAILED
[INFO] [stdout] test http::tests::fetch_bytes_test ... FAILED
[INFO] [stdout] test user_version::tests::latest_version_test ... FAILED
[INFO] [stdout] 
[INFO] [stdout] failures:
[INFO] [stdout] 
[INFO] [stdout] ---- http::tests::fetch_test stdout ----
[INFO] [stdout] 
[INFO] [stdout] thread 'http::tests::fetch_test' (2726) panicked at src/http.rs:31:60:
[INFO] [stdout] called `Result::unwrap()` on an `Err` value: Failed to make http request
[INFO] [stdout] 
[INFO] [stdout] Caused by:
[INFO] [stdout]     0: https://nekos.best/api/v2/neko: Dns Failed: resolve dns name 'nekos.best:443': failed to lookup address information: Temporary failure in name resolution
[INFO] [stdout]     1: failed to lookup address information: Temporary failure in name resolution
[INFO] [stdout] stack backtrace:
[INFO] [stdout]    0:     0x57fae4b1c9d7 - <unknown>
[INFO] [stdout]    1:     0x57fae4ab115a - <unknown>
[INFO] [stdout]    2:     0x57fae4b1bf8b - <unknown>
[INFO] [stdout]    3:     0x57fae4b1ba6f - <unknown>
[INFO] [stdout]    4:     0x57fae4b1b69a - <unknown>
[INFO] [stdout]    5:     0x57fae4b1b1d2 - <unknown>
[INFO] [stdout]    6:     0x57fae4b42611 - <unknown>
[INFO] [stdout]    7:     0x57fae4b425c9 - <unknown>
[INFO] [stdout]    8:     0x57fae4b42adc - <unknown>
[INFO] [stdout]    9:     0x57fae4ab0feb - <unknown>
[INFO] [stdout]   10:     0x57fae4ab51f1 - <unknown>
[INFO] [stdout]   11:     0x57fae4aaebf7 - <unknown>
[INFO] [stdout]   12:     0x57fae4b5c61b - <unknown>
[INFO] [stdout]   13:     0x57fae4b58202 - <unknown>
[INFO] [stdout]   14:     0x57fae4b57c6c - <unknown>
[INFO] [stdout]   15:     0x57fae4b742bc - <unknown>
[INFO] [stdout]   16:     0x57fae4b44182 - <unknown>
[INFO] [stdout]   17:     0x7a7bc228adfa - <unknown>
[INFO] [stdout]   18:     0x7a7bc231e3d4 - clone
[INFO] [stdout]   19:                0x0 - <unknown>
[INFO] [stdout] 
[INFO] [stdout] ---- http::tests::fetch_bytes_test stdout ----
[INFO] [stdout] 
[INFO] [stdout] thread 'http::tests::fetch_bytes_test' (2725) panicked at src/http.rs:40:18:
[INFO] [stdout] called `Result::unwrap()` on an `Err` value: Failed to make http request
[INFO] [stdout] 
[INFO] [stdout] Caused by:
[INFO] [stdout]     0: https://nekos.best/api/v2/neko/57797897-9d5c-4ad1-8bb8-a3ba8eedbdfa.png: Dns Failed: resolve dns name 'nekos.best:443': failed to lookup address information: Temporary failure in name resolution
[INFO] [stdout]     1: failed to lookup address information: Temporary failure in name resolution
[INFO] [stdout] stack backtrace:
[INFO] [stdout]    0:     0x57fae4b1c9d7 - <unknown>
[INFO] [stdout]    1:     0x57fae4ab115a - <unknown>
[INFO] [stdout]    2:     0x57fae4b1bf8b - <unknown>
[INFO] [stdout]    3:     0x57fae4b1ba6f - <unknown>
[INFO] [stdout]    4:     0x57fae4b1b69a - <unknown>
[INFO] [stdout]    5:     0x57fae4b1b1d2 - <unknown>
[INFO] [stdout]    6:     0x57fae4b42611 - <unknown>
[INFO] [stdout]    7:     0x57fae4b425c9 - <unknown>
[INFO] [stdout]    8:     0x57fae4b42adc - <unknown>
[INFO] [stdout]    9:     0x57fae4ab0feb - <unknown>
[INFO] [stdout]   10:     0x57fae4ab51f1 - <unknown>
[INFO] [stdout]   11:     0x57fae4aaef34 - <unknown>
[INFO] [stdout]   12:     0x57fae4b5c61b - <unknown>
[INFO] [stdout]   13:     0x57fae4b58202 - <unknown>
[INFO] [stdout]   14:     0x57fae4b57c6c - <unknown>
[INFO] [stdout]   15:     0x57fae4b742bc - <unknown>
[INFO] [stdout]   16:     0x57fae4b44182 - <unknown>
[INFO] [stdout]   17:     0x7a7bc228adfa - <unknown>
[INFO] [stdout]   18:     0x7a7bc231e3d4 - clone
[INFO] [stdout]   19:                0x0 - <unknown>
[INFO] [stdout] 
[INFO] [stdout] ---- user_version::tests::latest_version_test stdout ----
[INFO] [stdout] 
[INFO] [stdout] thread 'user_version::tests::latest_version_test' (2727) panicked at src/user_version.rs:106:29:
[INFO] [stdout] called `Result::unwrap()` on an `Err` value: Failed to fetch latest version of the sdk
[INFO] [stdout] 
[INFO] [stdout] Caused by:
[INFO] [stdout]     0: Failed to make http request
[INFO] [stdout]     1: https://storage.googleapis.com/dart-archive/channels/stable/release/latest/VERSION: Dns Failed: resolve dns name 'storage.googleapis.com:443': failed to lookup address information: Temporary failure in name resolution
[INFO] [stdout]     2: failed to lookup address information: Temporary failure in name resolution
[INFO] [stdout] stack backtrace:
[INFO] [stdout]    0:     0x57fae4b1c9d7 - <unknown>
[INFO] [stdout]    1:     0x57fae4ab115a - <unknown>
[INFO] [stdout]    2:     0x57fae4b1bf8b - <unknown>
[INFO] [stdout]    3:     0x57fae4b1ba6f - <unknown>
[INFO] [stdout]    4:     0x57fae4b1b69a - <unknown>
[INFO] [stdout]    5:     0x57fae4b1b1d2 - <unknown>
[INFO] [stdout]    6:     0x57fae4b42611 - <unknown>
[INFO] [stdout]    7:     0x57fae4b425c9 - <unknown>
[INFO] [stdout]    8:     0x57fae4b42adc - <unknown>
[INFO] [stdout]    9:     0x57fae4ab0feb - <unknown>
[INFO] [stdout]   10:     0x57fae4ab51f1 - <unknown>
[INFO] [stdout]   11:     0x57fae4aab50c - <unknown>
[INFO] [stdout]   12:     0x57fae4b5c61b - <unknown>
[INFO] [stdout]   13:     0x57fae4b58202 - <unknown>
[INFO] [stdout]   14:     0x57fae4b57c6c - <unknown>
[INFO] [stdout]   15:     0x57fae4b742bc - <unknown>
[INFO] [stdout]   16:     0x57fae4b44182 - <unknown>
[INFO] [stdout]   17:     0x7a7bc228adfa - <unknown>
[INFO] [stdout]   18:     0x7a7bc231e3d4 - clone
[INFO] [stdout]   19:                0x0 - <unknown>
[INFO] [stdout] 
[INFO] [stdout] 
[INFO] [stdout] failures:
[INFO] [stdout]     http::tests::fetch_bytes_test
[INFO] [stdout]     http::tests::fetch_test
[INFO] [stdout]     user_version::tests::latest_version_test
[INFO] [stdout] 
[INFO] [stdout] test result: FAILED. 0 passed; 3 failed; 0 ignored; 0 measured; 0 filtered out; finished in 0.01s
[INFO] [stdout] 
[INFO] [stderr] error: test failed, to rerun pass `--bin dsm`
[INFO] running `Command { std: "docker" "inspect" "4ead75f047c4e4f1f5e068860b8dddd58ace1913f26bc2e242994d12be24218e", kill_on_drop: false }`
[INFO] running `Command { std: "docker" "rm" "-f" "4ead75f047c4e4f1f5e068860b8dddd58ace1913f26bc2e242994d12be24218e", kill_on_drop: false }`
[INFO] [stdout] 4ead75f047c4e4f1f5e068860b8dddd58ace1913f26bc2e242994d12be24218e
