[INFO] fetching crate dsfb-semiotics-engine 0.1.0...
[INFO] testing dsfb-semiotics-engine-0.1.0 against 1.100.0-beta.1+cargoflags=--release for beta-release-1.100-2
[INFO] extracting crate dsfb-semiotics-engine 0.1.0 into /workspace/builds/worker-4-tc2/source
[INFO] started tweaking crates.io crate dsfb-semiotics-engine 0.1.0
[INFO] removed 0 missing examples
[INFO] removed 0 missing tests
[INFO] finished tweaking crates.io crate dsfb-semiotics-engine 0.1.0
[INFO] tweaked toml for crates.io crate dsfb-semiotics-engine 0.1.0 written to /workspace/builds/worker-4-tc2/source/Cargo.toml
[INFO] validating manifest of crates.io crate dsfb-semiotics-engine 0.1.0 on toolchain 1.100.0-beta.1
[INFO] running `Command { std: CARGO_HOME="/workspace/cargo-home" RUSTUP_HOME="/workspace/rustup-home" "/workspace/cargo-home/bin/cargo" "+1.100.0-beta.1" "metadata" "--manifest-path" "Cargo.toml" "--no-deps", kill_on_drop: false }`
[INFO] crate crates.io crate dsfb-semiotics-engine 0.1.0 already has a lockfile, it will not be regenerated
[INFO] running `Command { std: CARGO_HOME="/workspace/cargo-home" RUSTUP_HOME="/workspace/rustup-home" "/workspace/cargo-home/bin/cargo" "+1.100.0-beta.1" "fetch" "--manifest-path" "Cargo.toml", kill_on_drop: false }`
[INFO] [stderr]     Blocking waiting for file lock on package cache
[INFO] [stderr]     Blocking waiting for file lock on package cache
[INFO] running `Command { std: "docker" "create" "-v" "/var/lib/crater-agent-workspace/builds/worker-4-tc2/source:/opt/rustwide/workdir:ro,Z" "-v" "/var/lib/crater-agent-workspace/builds/worker-4-tc2/target:/opt/rustwide/target:rw,Z" "-v" "/var/lib/crater-agent-workspace/cargo-home:/opt/rustwide/cargo-home:ro,Z" "-v" "/var/lib/crater-agent-workspace/rustup-home:/opt/rustwide/rustup-home:ro,Z" "-m" "1610612736" "--network" "none" "ghcr.io/rust-lang/crates-build-env/linux@sha256:77db811e55d90add9212f6832c23229e3de5f1c1f9905e8cb07319ea15df73ac" "sleep" "infinity", kill_on_drop: false }`
[INFO] [stdout] 20ca75221a1c3b5afea101de9ed6621c25500e9079b2a4cc01bfb48ebe4421cf
[INFO] running `Command { std: "docker" "start" "20ca75221a1c3b5afea101de9ed6621c25500e9079b2a4cc01bfb48ebe4421cf", kill_on_drop: false }`
[INFO] running `Command { std: "docker" "inspect" "20ca75221a1c3b5afea101de9ed6621c25500e9079b2a4cc01bfb48ebe4421cf", kill_on_drop: false }`
[INFO] running `Command { std: "docker" "exec" "-e" "SOURCE_DIR=/opt/rustwide/workdir" "-e" "CARGO_HOME=/opt/rustwide/cargo-home" "-e" "RUSTUP_HOME=/opt/rustwide/rustup-home" "-e" "CARGO_TARGET_DIR=/opt/rustwide/target" "-w" "/opt/rustwide/workdir" "--user" "0:0" "20ca75221a1c3b5afea101de9ed6621c25500e9079b2a4cc01bfb48ebe4421cf" "/opt/rustwide/cargo-home/bin/cargo" "+1.100.0-beta.1" "metadata" "--no-deps" "--format-version=1", kill_on_drop: false }`
[INFO] running `Command { std: "docker" "inspect" "20ca75221a1c3b5afea101de9ed6621c25500e9079b2a4cc01bfb48ebe4421cf", kill_on_drop: false }`
[INFO] running `Command { std: "docker" "exec" "-e" "SOURCE_DIR=/opt/rustwide/workdir" "-e" "CARGO_HOME=/opt/rustwide/cargo-home" "-e" "RUSTUP_HOME=/opt/rustwide/rustup-home" "-e" "CARGO_TARGET_DIR=/opt/rustwide/target" "-e" "CARGO_INCREMENTAL=0" "-e" "RUST_BACKTRACE=full" "-e" "RUSTFLAGS=--cap-lints=warn" "-e" "RUSTDOCFLAGS=--cap-lints=warn" "-w" "/opt/rustwide/workdir" "--user" "0:0" "20ca75221a1c3b5afea101de9ed6621c25500e9079b2a4cc01bfb48ebe4421cf" "/opt/rustwide/cargo-home/bin/cargo" "+1.100.0-beta.1" "build" "--frozen" "--message-format=json" "--release", kill_on_drop: false }`
[INFO] [stderr]    Compiling syn v2.0.117
[INFO] [stderr]    Compiling simd-adler32 v0.3.8
[INFO] [stderr]    Compiling num-traits v0.2.19
[INFO] [stderr]    Compiling semver v1.0.27
[INFO] [stderr]    Compiling weezl v0.1.12
[INFO] [stderr]    Compiling yeslogic-fontconfig-sys v6.0.0
[INFO] [stderr]    Compiling cc v1.2.57
[INFO] [stderr]    Compiling jpeg-decoder v0.3.2
[INFO] [stderr]    Compiling serde_core v1.0.228
[INFO] [stderr]    Compiling bytemuck v1.25.0
[INFO] [stderr]    Compiling regex-automata v0.4.14
[INFO] [stderr]    Compiling dlib v0.5.3
[INFO] [stderr]    Compiling dirs-sys v0.5.0
[INFO] [stderr]    Compiling font-kit v0.14.3
[INFO] [stderr]    Compiling instability v0.3.12
[INFO] [stderr]    Compiling time v0.3.47
[INFO] [stderr]    Compiling dirs v6.0.0
[INFO] [stderr]    Compiling itertools v0.13.0
[INFO] [stderr]    Compiling castaway v0.2.4
[INFO] [stderr]    Compiling miniz_oxide v0.8.9
[INFO] [stderr]    Compiling fdeflate v0.3.7
[INFO] [stderr]    Compiling zip v2.4.2
[INFO] [stderr]    Compiling indoc v2.0.7
[INFO] [stderr]    Compiling rustc_version v0.4.1
[INFO] [stderr]    Compiling float-ord v0.3.2
[INFO] [stderr]    Compiling gif v0.13.3
[INFO] [stderr]    Compiling md5 v0.7.0
[INFO] [stderr]    Compiling ttf-parser v0.19.2
[INFO] [stderr]    Compiling bumpalo v3.20.2
[INFO] [stderr]    Compiling compact_str v0.8.1
[INFO] [stderr]    Compiling pathfinder_simd v0.5.5
[INFO] [stderr]    Compiling flate2 v1.1.9
[INFO] [stderr]    Compiling png v0.17.16
[INFO] [stderr]    Compiling tiff v0.9.1
[INFO] [stderr]    Compiling pathfinder_geometry v0.5.1
[INFO] [stderr]    Compiling zopfli v0.8.3
[INFO] [stderr]    Compiling bstr v1.12.1
[INFO] [stderr]    Compiling owned_ttf_parser v0.19.0
[INFO] [stderr]    Compiling lru v0.12.5
[INFO] [stderr]    Compiling csv-core v0.1.13
[INFO] [stderr]    Compiling freetype-sys v0.20.1
[INFO] [stderr]    Compiling unicode-width v0.2.0
[INFO] [stderr]    Compiling ttf-parser v0.20.0
[INFO] [stderr]    Compiling pom v3.4.0
[INFO] [stderr]    Compiling unicode-truncate v1.1.0
[INFO] [stderr]    Compiling cassowary v0.3.0
[INFO] [stderr]    Compiling chrono v0.4.44
[INFO] [stderr]    Compiling lopdf v0.31.0
[INFO] [stderr]    Compiling image v0.24.9
[INFO] [stderr]    Compiling csv v1.4.0
[INFO] [stderr]    Compiling serde_json v1.0.149
[INFO] [stderr]    Compiling darling_core v0.23.0
[INFO] [stderr]    Compiling strum_macros v0.26.4
[INFO] [stderr]    Compiling thiserror-impl v2.0.18
[INFO] [stderr]    Compiling serde_derive v1.0.228
[INFO] [stderr]    Compiling displaydoc v0.2.5
[INFO] [stderr]    Compiling clap_derive v4.6.0
[INFO] [stderr]    Compiling plotters-bitmap v0.3.7
[INFO] [stderr]    Compiling printpdf v0.7.0
[INFO] [stderr]    Compiling thiserror v2.0.18
[INFO] [stderr]    Compiling plotters v0.3.7
[INFO] [stderr]    Compiling clap v4.6.0
[INFO] [stderr]    Compiling strum v0.26.3
[INFO] [stderr]    Compiling darling_macro v0.23.0
[INFO] [stderr]    Compiling darling v0.23.0
[INFO] [stderr]    Compiling serde v1.0.228
[INFO] [stderr]    Compiling ratatui v0.29.0
[INFO] [stderr]    Compiling dsfb-semiotics-engine v0.1.0 (/opt/rustwide/workdir)
[INFO] [stderr]     Finished `release` profile [optimized] target(s) in 1m 50s
[INFO] running `Command { std: "docker" "inspect" "20ca75221a1c3b5afea101de9ed6621c25500e9079b2a4cc01bfb48ebe4421cf", kill_on_drop: false }`
[INFO] running `Command { std: "docker" "exec" "-e" "SOURCE_DIR=/opt/rustwide/workdir" "-e" "CARGO_HOME=/opt/rustwide/cargo-home" "-e" "RUSTUP_HOME=/opt/rustwide/rustup-home" "-e" "CARGO_TARGET_DIR=/opt/rustwide/target" "-e" "CARGO_INCREMENTAL=0" "-e" "RUST_BACKTRACE=full" "-e" "RUSTFLAGS=--cap-lints=warn" "-e" "RUSTDOCFLAGS=--cap-lints=warn" "-w" "/opt/rustwide/workdir" "--user" "0:0" "20ca75221a1c3b5afea101de9ed6621c25500e9079b2a4cc01bfb48ebe4421cf" "/opt/rustwide/cargo-home/bin/cargo" "+1.100.0-beta.1" "test" "--frozen" "--no-run" "--message-format=json" "--release", kill_on_drop: false }`
[INFO] [stderr]    Compiling serde_core v1.0.228
[INFO] [stderr]    Compiling regex-automata v0.4.14
[INFO] [stderr]    Compiling serde v1.0.228
[INFO] [stderr]    Compiling font-kit v0.14.3
[INFO] [stderr]    Compiling zerocopy v0.8.47
[INFO] [stderr]    Compiling zerocopy-derive v0.8.47
[INFO] [stderr]    Compiling ratatui v0.29.0
[INFO] [stderr]    Compiling wait-timeout v0.2.1
[INFO] [stderr]    Compiling itertools v0.10.5
[INFO] [stderr]    Compiling bit-vec v0.8.0
[INFO] [stderr]    Compiling quick-error v1.2.3
[INFO] [stderr]    Compiling getrandom v0.3.4
[INFO] [stderr]    Compiling getrandom v0.4.2
[INFO] [stderr]    Compiling is-terminal v0.4.17
[INFO] [stderr]    Compiling unarray v0.1.4
[INFO] [stderr]    Compiling tempfile v3.27.0
[INFO] [stderr]    Compiling rand_core v0.9.5
[INFO] [stderr]    Compiling bit-set v0.8.0
[INFO] [stderr]    Compiling rand_xorshift v0.4.0
[INFO] [stderr]    Compiling rand v0.9.2
[INFO] [stderr]    Compiling rusty-fork v0.3.1
[INFO] [stderr]    Compiling plotters v0.3.7
[INFO] [stderr]    Compiling criterion-plot v0.5.0
[INFO] [stderr]    Compiling bstr v1.12.1
[INFO] [stderr]    Compiling regex v1.12.3
[INFO] [stderr]    Compiling serde_json v1.0.149
[INFO] [stderr]    Compiling pom v3.4.0
[INFO] [stderr]    Compiling csv v1.4.0
[INFO] [stderr]    Compiling lopdf v0.31.0
[INFO] [stderr]    Compiling tinytemplate v1.2.1
[INFO] [stderr]    Compiling printpdf v0.7.0
[INFO] [stderr]    Compiling half v2.7.1
[INFO] [stderr]    Compiling ppv-lite86 v0.2.21
[INFO] [stderr]    Compiling ciborium-ll v0.2.2
[INFO] [stderr]    Compiling ciborium v0.2.2
[INFO] [stderr]    Compiling rand_chacha v0.9.0
[INFO] [stderr]    Compiling proptest v1.10.0
[INFO] [stderr]    Compiling criterion v0.5.1
[INFO] [stderr]    Compiling dsfb-semiotics-engine v0.1.0 (/opt/rustwide/workdir)
[INFO] [stderr]     Finished `release` profile [optimized] target(s) in 2m 12s
[INFO] running `Command { std: "docker" "inspect" "20ca75221a1c3b5afea101de9ed6621c25500e9079b2a4cc01bfb48ebe4421cf", kill_on_drop: false }`
[INFO] running `Command { std: "docker" "exec" "-e" "SOURCE_DIR=/opt/rustwide/workdir" "-e" "CARGO_HOME=/opt/rustwide/cargo-home" "-e" "RUSTUP_HOME=/opt/rustwide/rustup-home" "-e" "CARGO_TARGET_DIR=/opt/rustwide/target" "-e" "CARGO_INCREMENTAL=0" "-e" "RUST_BACKTRACE=full" "-e" "RUSTFLAGS=--cap-lints=warn" "-e" "RUSTDOCFLAGS=--cap-lints=warn" "-w" "/opt/rustwide/workdir" "--user" "0:0" "20ca75221a1c3b5afea101de9ed6621c25500e9079b2a4cc01bfb48ebe4421cf" "/opt/rustwide/cargo-home/bin/cargo" "+1.100.0-beta.1" "test" "--frozen" "--release", kill_on_drop: false }`
[INFO] [stderr]     Finished `release` profile [optimized] target(s) in 0.32s
[INFO] [stderr]      Running unittests src/lib.rs (/opt/rustwide/target/release/build/dsfb-semiotics-engine/26da8c7314b8c016/out/dsfb_semiotics_engine-26da8c7314b8c016)
[INFO] [stdout] 
[INFO] [stdout] running 16 tests
[INFO] [stdout] test math::smoothing::tests::disabled_smoothing_returns_input ... ok
[INFO] [stdout] test live::tests::ring_buffer_overwrites_oldest_entries ... ok
[INFO] [stdout] test math::fixed_point::tests::q16_16_roundtrip_is_reasonable ... ok
[INFO] [stdout] test live::tests::numeric_mode_reports_compile_time_selection ... ok
[INFO] [stdout] test math::smoothing::tests::exponential_smoothing_reduces_alternating_jitter ... ok
[INFO] [stdout] test math::smoothing::tests::safety_first_smoothing_reduces_jitter_with_bounded_lag ... ok
[INFO] [stdout] test math::smoothing::tests::smoothing_preserves_trajectory_shape ... ok
[INFO] [stdout] test engine::pipeline_artifacts::integrity::tests::wrong_series_mapping_fails_integrity_check ... ok
[INFO] [stdout] test math::fixed_point::tests::overflow_policy_note_is_nonempty ... ok
[INFO] [stdout] test live::tests::offline_export_path_is_separate_from_online_buffer_if_applicable ... ok
[INFO] [stdout] test live::tests::ring_buffer_capacity_fixed ... ok
[INFO] [stdout] test live::tests::binary_snapshot_roundtrip_replays_one_step_exactly ... ok
[INFO] [stdout] test live::tests::state_snapshot_roundtrip_preserves_live_window ... ok
[INFO] [stdout] test engine::pipeline_artifacts::integrity::tests::missing_panel_fails_integrity_check ... ok
[INFO] [stdout] test live::tests::online_engine_memory_history_bounded ... ok
[INFO] [stderr]      Running unittests src/bin/dsfb-fixed-point-evidence.rs (/opt/rustwide/target/release/build/dsfb-semiotics-engine/1ae19ed39b75d2f6/out/dsfb_fixed_point_evidence-1ae19ed39b75d2f6)
[INFO] [stdout] test live::tests::syntax_computation_works_with_bounded_history ... ok
[INFO] [stdout] 
[INFO] [stdout] test result: ok. 16 passed; 0 failed; 0 ignored; 0 measured; 0 filtered out; finished in 0.04s
[INFO] [stdout] 
[INFO] [stdout] 
[INFO] [stdout] running 0 tests
[INFO] [stdout] 
[INFO] [stdout] test result: ok. 0 passed; 0 failed; 0 ignored; 0 measured; 0 filtered out; finished in 0.00s
[INFO] [stdout] 
[INFO] [stderr]      Running unittests src/bin/dsfb-forensics-gen.rs (/opt/rustwide/target/release/build/dsfb-semiotics-engine/9869bc2607ced722/out/dsfb_forensics_gen-9869bc2607ced722)
[INFO] [stdout] 
[INFO] [stderr]      Running unittests src/bin/dsfb-public-dataset-demo.rs (/opt/rustwide/target/release/build/dsfb-semiotics-engine/2746b41ff95ef9ef/out/dsfb_public_dataset_demo-2746b41ff95ef9ef)
[INFO] [stdout] running 0 tests
[INFO] [stdout] 
[INFO] [stdout] test result: ok. 0 passed; 0 failed; 0 ignored; 0 measured; 0 filtered out; finished in 0.00s
[INFO] [stdout] 
[INFO] [stdout] 
[INFO] [stdout] running 0 tests
[INFO] [stdout] 
[INFO] [stderr]      Running unittests src/bin/dsfb-real-time-contract.rs (/opt/rustwide/target/release/build/dsfb-semiotics-engine/52eba47d2a8d5d8d/out/dsfb_real_time_contract-52eba47d2a8d5d8d)
[INFO] [stdout] test result: ok. 0 passed; 0 failed; 0 ignored; 0 measured; 0 filtered out; finished in 0.00s
[INFO] [stdout] 
[INFO] [stdout] 
[INFO] [stdout] running 0 tests
[INFO] [stdout] 
[INFO] [stdout] test result: ok. 0 passed; 0 failed; 0 ignored; 0 measured; 0 filtered out; finished in 0.00s
[INFO] [stdout] 
[INFO] [stderr]      Running unittests src/main.rs (/opt/rustwide/target/release/build/dsfb-semiotics-engine/1f4a0c44b82bfee7/out/dsfb_semiotics_engine-1f4a0c44b82bfee7)
[INFO] [stdout] 
[INFO] [stdout] running 0 tests
[INFO] [stdout] 
[INFO] [stdout] test result: ok. 0 passed; 0 failed; 0 ignored; 0 measured; 0 filtered out; finished in 0.00s
[INFO] [stdout] 
[INFO] [stderr]      Running unittests src/bin/dsfb-state-replay.rs (/opt/rustwide/target/release/build/dsfb-semiotics-engine/64e5b743b33223eb/out/dsfb_state_replay-64e5b743b33223eb)
[INFO] [stdout] 
[INFO] [stderr]      Running unittests src/bin/dsfb-target-facing-timing-demo.rs (/opt/rustwide/target/release/build/dsfb-semiotics-engine/dcaebe14e57af998/out/dsfb_target_facing_timing_demo-dcaebe14e57af998)
[INFO] [stdout] running 0 tests
[INFO] [stdout] 
[INFO] [stdout] test result: ok. 0 passed; 0 failed; 0 ignored; 0 measured; 0 filtered out; finished in 0.00s
[INFO] [stdout] 
[INFO] [stderr]      Running unittests src/bin/dsfb-timing-determinism.rs (/opt/rustwide/target/release/build/dsfb-semiotics-engine/b8445f9fcd1b15f2/out/dsfb_timing_determinism-b8445f9fcd1b15f2)
[INFO] [stdout] 
[INFO] [stdout] running 0 tests
[INFO] [stdout] 
[INFO] [stdout] test result: ok. 0 passed; 0 failed; 0 ignored; 0 measured; 0 filtered out; finished in 0.00s
[INFO] [stdout] 
[INFO] [stdout] 
[INFO] [stderr]      Running unittests src/bin/dsfb-traceability.rs (/opt/rustwide/target/release/build/dsfb-semiotics-engine/c22afe52d993d684/out/dsfb_traceability-c22afe52d993d684)
[INFO] [stdout] running 0 tests
[INFO] [stdout] 
[INFO] [stdout] test result: ok. 0 passed; 0 failed; 0 ignored; 0 measured; 0 filtered out; finished in 0.00s
[INFO] [stdout] 
[INFO] [stdout] 
[INFO] [stdout] running 0 tests
[INFO] [stdout] 
[INFO] [stdout] test result: ok. 0 passed; 0 failed; 0 ignored; 0 measured; 0 filtered out; finished in 0.00s
[INFO] [stdout] 
[INFO] [stderr]      Running tests/adoption_proofs.rs (/opt/rustwide/target/release/build/dsfb-semiotics-engine/426d03e92d192884/out/adoption_proofs-426d03e92d192884)
[INFO] [stdout] 
[INFO] [stdout] running 47 tests
[INFO] [stdout] test test_benchmark_target_exists ... ok
[INFO] [stdout] test test_benchmark_docs_exist ... ok
[INFO] [stdout] test test_docs_include_forensics_gen_workflow ... ok
[INFO] [stdout] test test_default_strict_bank_validation_emits_zero_violations_for_builtin_bank ... ok
[INFO] [stdout] test test_demo_pipeline_instructions_exist ... ok
[INFO] [stdout] test test_doc_avoids_false_formal_compliance_claims ... ok
[INFO] [stdout] test test_doc_mentions_c_abi_opaque_handle_and_repr_c_if_applicable ... ok
[INFO] [stdout] test test_default_strict_bank_validation_emits_zero_warnings_for_builtin_bank ... ok
[INFO] [stdout] test test_dsfb_hpp_exists ... FAILED
[INFO] [stdout] test test_docs_reference_technical_brief ... ok
[INFO] [stdout] test test_forensics_gen_binary_exists ... ok
[INFO] [stdout] test test_brief_mentions_problem_dsfb_demonstration_and_interface_boundary ... ok
[INFO] [stdout] test test_brief_uses_at_least_one_real_supported_number_or_explicitly_omits_numbers_honestly ... ok
[INFO] [stdout] test test_docs_reference_cpp_wrapper ... ok
[INFO] [stdout] test test_criterion_or_equivalent_config_present ... ok
[INFO] [stdout] test test_imu_thermal_drift_gps_denied_scenario_exists ... FAILED
[INFO] [stdout] test test_mermaid_terms_match_current_api_and_docs ... ok
[INFO] [stdout] test test_imu_scenario_runs ... FAILED
[INFO] [stdout] test test_docs_include_python_install_and_quickstart ... ok
[INFO] [stdout] test test_imu_scenario_docs_include_units_and_physical_interpretation ... ok
[INFO] [stdout] test test_imu_scenario_expected_structural_outputs_documented ... ok
[INFO] [stdout] test test_mosa_compatibility_doc_exists ... ok
[INFO] [stdout] test test_python_example_exists ... FAILED
[INFO] [stdout] test test_no_missing_reverse_incompatibility_links ... ok
[INFO] [stdout] test test_no_missing_required_provenance_fields ... ok
[INFO] [stdout] test test_public_dataset_demo_docs_exist ... ok
[INFO] [stdout] test test_python_binding_project_exists ... FAILED
[INFO] [stdout] test test_no_unknown_bank_targets ... ok
[INFO] [stdout] test test_dashboard_replay_docs_reference_public_dataset_demo ... ok
[INFO] [stdout] test test_readme_contains_decision_flow_diagram ... ok
[INFO] [stdout] test test_readme_or_docs_index_links_to_mosa_compatibility_doc ... ok
[INFO] [stdout] test test_readme_contains_logic_flow_diagram ... ok
[INFO] [stdout] test test_readme_contains_mermaid_block ... ok
[INFO] [stdout] test test_readme_mentions_execution_budget ... ok
[INFO] [stdout] test test_technical_brief_exists ... ok
[INFO] [stdout] test test_python_module_imports ... FAILED
[INFO] [stderr] error: manifest path `/opt/rustwide/workdir/python/Cargo.toml` does not exist
[INFO] [stderr] cc1plus: fatal error: /opt/rustwide/workdir/ffi/examples/minimal_cpp_wrapper.cpp: No such file or directory
[INFO] [stderr] compilation terminated.
[INFO] [stderr] cc1plus: fatal error: /opt/rustwide/workdir/ffi/examples/stepwise_cpp_wrapper.cpp: No such file or directory
[INFO] [stderr] compilation terminated.
[INFO] [stdout] test test_cpp_wrapper_example_builds ... FAILED
[INFO] [stdout] test test_cpp_wrapper_compiles ... FAILED
[INFO] [stdout] test test_forensics_gen_help_text ... ok
[INFO] [stderr] error: manifest path `/opt/rustwide/workdir/python/Cargo.toml` does not exist
[INFO] [stdout] test test_python_returns_structured_results ... FAILED
[INFO] [stderr] error: manifest path `/opt/rustwide/workdir/python/Cargo.toml` does not exist
[INFO] [stdout] test test_python_run_on_small_fixture ... FAILED
[INFO] [stderr] /tmp/.tmpaJ34xV/raii.cpp:1:10: fatal error: dsfb.hpp: No such file or directory
[INFO] [stderr]     1 | #include "dsfb.hpp"
[INFO] [stderr]       |          ^~~~~~~~~~
[INFO] [stderr] compilation terminated.
[INFO] [stderr] /tmp/.tmpKkmxfJ/query.cpp:1:10: fatal error: dsfb.hpp: No such file or directory
[INFO] [stderr]     1 | #include "dsfb.hpp"
[INFO] [stderr]       |          ^~~~~~~~~~
[INFO] [stderr] compilation terminated.
[INFO] [stdout] test test_cpp_wrapper_raii_lifecycle ... FAILED
[INFO] [stdout] test test_cpp_wrapper_push_and_query ... FAILED
[INFO] [stdout] test test_forensics_gen_runs_on_fixture_csv ... ok
[INFO] [stdout] test test_forensics_gen_open_flag_handled ... ok
[INFO] [stdout] test test_forensics_gen_emits_pdf_and_zip ... ok
[INFO] [stdout] test test_forensics_gen_manifest_present ... ok
[INFO] [stdout] 
[INFO] [stdout] failures:
[INFO] [stdout] 
[INFO] [stdout] ---- test_dsfb_hpp_exists stdout ----
[INFO] [stdout] 
[INFO] [stdout] thread 'test_dsfb_hpp_exists' (4334) panicked at tests/adoption_proofs.rs:116:5:
[INFO] [stdout] assertion failed: crate_root().join("ffi/include/dsfb.hpp").is_file()
[INFO] [stdout] stack backtrace:
[INFO] [stdout]    0:     0x56f521df9341 - <<std[617be2ca0a6fd877]::sys::backtrace::BacktraceLock>::print::DisplayBacktrace as core[a373ad73a504971]::fmt::Display>::fmt
[INFO] [stdout]    1:     0x56f521e0f30a - core[a373ad73a504971]::fmt::write
[INFO] [stdout]    2:     0x56f521dfdd4c - <alloc[2e1b2a31b91974c5]::vec::Vec<u8> as core[a373ad73a504971]::io::write::Write>::write_fmt
[INFO] [stdout]    3:     0x56f521dd2046 - std[617be2ca0a6fd877]::panicking::default_hook::{closure#0}
[INFO] [stdout]    4:     0x56f521def889 - std[617be2ca0a6fd877]::panicking::default_hook
[INFO] [stdout]    5:     0x56f521cd7d60 - test[aada8e7e76ba119b]::test_main_inner::{closure#0}
[INFO] [stdout]    6:     0x56f521defa42 - std[617be2ca0a6fd877]::panicking::panic_with_hook
[INFO] [stdout]    7:     0x56f521dd2124 - std[617be2ca0a6fd877]::panicking::panic_handler::{closure#0}
[INFO] [stdout]    8:     0x56f521dca529 - std[617be2ca0a6fd877]::sys::backtrace::__rust_end_short_backtrace::<std[617be2ca0a6fd877]::panicking::panic_handler::{closure#0}, !>
[INFO] [stdout]    9:     0x56f521dd2e0d - __rustc[ea4f61d10b84890b]::rust_begin_unwind
[INFO] [stdout]   10:     0x56f521e0fa3c - core[a373ad73a504971]::panicking::panic_fmt
[INFO] [stdout]   11:     0x56f521e0fa02 - core[a373ad73a504971]::panicking::panic
[INFO] [stdout]   12:     0x56f521cc11af - <adoption_proofs[daf22a3835569f]::test_dsfb_hpp_exists::{closure#0} as core[a373ad73a504971]::ops::function::FnOnce<()>>::call_once
[INFO] [stdout]   13:     0x56f521ccb1ab - test[aada8e7e76ba119b]::__rust_begin_short_backtrace::<core[a373ad73a504971]::result::Result<(), alloc[2e1b2a31b91974c5]::string::String>, fn() -> core[a373ad73a504971]::result::Result<(), alloc[2e1b2a31b91974c5]::string::String>>
[INFO] [stdout]   14:     0x56f521cd8385 - test[aada8e7e76ba119b]::run_test::{closure#0}
[INFO] [stdout]   15:     0x56f521cd1c74 - std[617be2ca0a6fd877]::sys::backtrace::__rust_begin_short_backtrace::<test[aada8e7e76ba119b]::run_test::{closure#1}, ()>
[INFO] [stdout]   16:     0x56f521cdb412 - <std[617be2ca0a6fd877]::thread::lifecycle::spawn_unchecked<test[aada8e7e76ba119b]::run_test::{closure#1}, ()>::{closure#1} as core[a373ad73a504971]::ops::function::FnOnce<()>>::call_once::{shim:vtable#0}
[INFO] [stdout]   17:     0x56f521df828f - <std[617be2ca0a6fd877]::sys::thread::unix::Thread>::new::thread_start
[INFO] [stdout]   18:     0x6ffe63f9bdfa - <unknown>
[INFO] [stdout]   19:     0x6ffe6402f3d4 - clone
[INFO] [stdout]   20:                0x0 - <unknown>
[INFO] [stdout] 
[INFO] [stdout] ---- test_imu_thermal_drift_gps_denied_scenario_exists stdout ----
[INFO] [stdout] 
[INFO] [stdout] thread 'test_imu_thermal_drift_gps_denied_scenario_exists' (4350) panicked at tests/adoption_proofs.rs:502:6:
[INFO] [stdout] called `Result::unwrap()` on an `Err` value: failed to create run directory /opt/rustwide/workdir/output-dsfb-semiotics-engine/2026-10-18_08-17-10
[INFO] [stdout] 
[INFO] [stdout] Caused by:
[INFO] [stdout]     Read-only file system (os error 30)
[INFO] [stdout] 
[INFO] [stdout] Stack backtrace:
[INFO] [stdout]    0: <core::io::error::Error as anyhow::context::ext::StdError>::ext_context::<alloc::string::String>
[INFO] [stdout]    1: dsfb_semiotics_engine::io::output::create_output_layout
[INFO] [stdout]    2: <dsfb_semiotics_engine::engine::pipeline_core::StructuralSemioticsEngine>::execute_prepared
[INFO] [stdout]    3: <dsfb_semiotics_engine::engine::pipeline_core::StructuralSemioticsEngine>::run_single
[INFO] [stdout]    4: <dsfb_semiotics_engine::engine::pipeline_core::StructuralSemioticsEngine>::run_selected
[INFO] [stdout]    5: <adoption_proofs::test_imu_thermal_drift_gps_denied_scenario_exists::{closure#0} as core::ops::function::FnOnce<()>>::call_once
[INFO] [stdout]    6: test::__rust_begin_short_backtrace::<core::result::Result<(), alloc::string::String>, fn() -> core::result::Result<(), alloc::string::String>>
[INFO] [stdout]    7: test::run_test::{closure#0}
[INFO] [stdout]    8: std::sys::backtrace::__rust_begin_short_backtrace::<test::run_test::{closure#1}, ()>
[INFO] [stdout]    9: <std::thread::lifecycle::spawn_unchecked<test::run_test::{closure#1}, ()>::{closure#1} as core::ops::function::FnOnce<()>>::call_once::{shim:vtable#0}
[INFO] [stdout]   10: <std::sys::thread::unix::Thread>::new::thread_start
[INFO] [stdout]   11: <unknown>
[INFO] [stdout]   12: clone
[INFO] [stdout] stack backtrace:
[INFO] [stdout]    0:     0x56f521df9341 - <<std[617be2ca0a6fd877]::sys::backtrace::BacktraceLock>::print::DisplayBacktrace as core[a373ad73a504971]::fmt::Display>::fmt
[INFO] [stdout]    1:     0x56f521e0f30a - core[a373ad73a504971]::fmt::write
[INFO] [stdout]    2:     0x56f521dfdd4c - <alloc[2e1b2a31b91974c5]::vec::Vec<u8> as core[a373ad73a504971]::io::write::Write>::write_fmt
[INFO] [stdout]    3:     0x56f521dd2046 - std[617be2ca0a6fd877]::panicking::default_hook::{closure#0}
[INFO] [stdout]    4:     0x56f521def889 - std[617be2ca0a6fd877]::panicking::default_hook
[INFO] [stdout]    5:     0x56f521cd7d60 - test[aada8e7e76ba119b]::test_main_inner::{closure#0}
[INFO] [stdout]    6:     0x56f521defa42 - std[617be2ca0a6fd877]::panicking::panic_with_hook
[INFO] [stdout]    7:     0x56f521dd20f2 - std[617be2ca0a6fd877]::panicking::panic_handler::{closure#0}
[INFO] [stdout]    8:     0x56f521dca529 - std[617be2ca0a6fd877]::sys::backtrace::__rust_end_short_backtrace::<std[617be2ca0a6fd877]::panicking::panic_handler::{closure#0}, !>
[INFO] [stdout]    9:     0x56f521dd2e0d - __rustc[ea4f61d10b84890b]::rust_begin_unwind
[INFO] [stdout]   10:     0x56f521e0fa3c - core[a373ad73a504971]::panicking::panic_fmt
[INFO] [stdout]   11:     0x56f521e0f812 - core[a373ad73a504971]::result::unwrap_failed
[INFO] [stdout]   12:     0x56f521cc681c - <adoption_proofs[daf22a3835569f]::test_imu_thermal_drift_gps_denied_scenario_exists::{closure#0} as core[a373ad73a504971]::ops::function::FnOnce<()>>::call_once
[INFO] [stdout]   13:     0x56f521ccb1ab - test[aada8e7e76ba119b]::__rust_begin_short_backtrace::<core[a373ad73a504971]::result::Result<(), alloc[2e1b2a31b91974c5]::string::String>, fn() -> core[a373ad73a504971]::result::Result<(), alloc[2e1b2a31b91974c5]::string::String>>
[INFO] [stdout]   14:     0x56f521cd8385 - test[aada8e7e76ba119b]::run_test::{closure#0}
[INFO] [stdout]   15:     0x56f521cd1c74 - std[617be2ca0a6fd877]::sys::backtrace::__rust_begin_short_backtrace::<test[aada8e7e76ba119b]::run_test::{closure#1}, ()>
[INFO] [stdout]   16:     0x56f521cdb412 - <std[617be2ca0a6fd877]::thread::lifecycle::spawn_unchecked<test[aada8e7e76ba119b]::run_test::{closure#1}, ()>::{closure#1} as core[a373ad73a504971]::ops::function::FnOnce<()>>::call_once::{shim:vtable#0}
[INFO] [stdout]   17:     0x56f521df828f - <std[617be2ca0a6fd877]::sys::thread::unix::Thread>::new::thread_start
[INFO] [stdout]   18:     0x6ffe63f9bdfa - <unknown>
[INFO] [stdout]   19:     0x6ffe6402f3d4 - clone
[INFO] [stdout]   20:                0x0 - <unknown>
[INFO] [stdout] 
[INFO] [stdout] ---- test_imu_scenario_runs stdout ----
[INFO] [stdout] 
[INFO] [stdout] thread 'test_imu_scenario_runs' (4349) panicked at tests/adoption_proofs.rs:516:6:
[INFO] [stdout] called `Result::unwrap()` on an `Err` value: failed to create run directory /opt/rustwide/workdir/output-dsfb-semiotics-engine/2026-10-18_08-17-10
[INFO] [stdout] 
[INFO] [stdout] Caused by:
[INFO] [stdout]     Read-only file system (os error 30)
[INFO] [stdout] 
[INFO] [stdout] Stack backtrace:
[INFO] [stdout]    0: <core::io::error::Error as anyhow::context::ext::StdError>::ext_context::<alloc::string::String>
[INFO] [stdout]    1: dsfb_semiotics_engine::io::output::create_output_layout
[INFO] [stdout]    2: <dsfb_semiotics_engine::engine::pipeline_core::StructuralSemioticsEngine>::execute_prepared
[INFO] [stdout]    3: <dsfb_semiotics_engine::engine::pipeline_core::StructuralSemioticsEngine>::run_single
[INFO] [stdout]    4: <dsfb_semiotics_engine::engine::pipeline_core::StructuralSemioticsEngine>::run_selected
[INFO] [stdout]    5: <adoption_proofs::test_imu_scenario_runs::{closure#0} as core::ops::function::FnOnce<()>>::call_once
[INFO] [stdout]    6: test::__rust_begin_short_backtrace::<core::result::Result<(), alloc::string::String>, fn() -> core::result::Result<(), alloc::string::String>>
[INFO] [stdout]    7: test::run_test::{closure#0}
[INFO] [stdout]    8: std::sys::backtrace::__rust_begin_short_backtrace::<test::run_test::{closure#1}, ()>
[INFO] [stdout]    9: <std::thread::lifecycle::spawn_unchecked<test::run_test::{closure#1}, ()>::{closure#1} as core::ops::function::FnOnce<()>>::call_once::{shim:vtable#0}
[INFO] [stdout]   10: <std::sys::thread::unix::Thread>::new::thread_start
[INFO] [stdout]   11: <unknown>
[INFO] [stdout]   12: clone
[INFO] [stdout] stack backtrace:
[INFO] [stdout]    0:     0x56f521df9341 - <<std[617be2ca0a6fd877]::sys::backtrace::BacktraceLock>::print::DisplayBacktrace as core[a373ad73a504971]::fmt::Display>::fmt
[INFO] [stdout]    1:     0x56f521e0f30a - core[a373ad73a504971]::fmt::write
[INFO] [stdout]    2:     0x56f521dfdd4c - <alloc[2e1b2a31b91974c5]::vec::Vec<u8> as core[a373ad73a504971]::io::write::Write>::write_fmt
[INFO] [stdout]    3:     0x56f521dd2046 - std[617be2ca0a6fd877]::panicking::default_hook::{closure#0}
[INFO] [stdout]    4:     0x56f521def889 - std[617be2ca0a6fd877]::panicking::default_hook
[INFO] [stdout]    5:     0x56f521cd7d60 - test[aada8e7e76ba119b]::test_main_inner::{closure#0}
[INFO] [stdout]    6:     0x56f521defa42 - std[617be2ca0a6fd877]::panicking::panic_with_hook
[INFO] [stdout]    7:     0x56f521dd20f2 - std[617be2ca0a6fd877]::panicking::panic_handler::{closure#0}
[INFO] [stdout]    8:     0x56f521dca529 - std[617be2ca0a6fd877]::sys::backtrace::__rust_end_short_backtrace::<std[617be2ca0a6fd877]::panicking::panic_handler::{closure#0}, !>
[INFO] [stdout]    9:     0x56f521dd2e0d - __rustc[ea4f61d10b84890b]::rust_begin_unwind
[INFO] [stdout]   10:     0x56f521e0fa3c - core[a373ad73a504971]::panicking::panic_fmt
[INFO] [stdout]   11:     0x56f521e0f812 - core[a373ad73a504971]::result::unwrap_failed
[INFO] [stdout]   12:     0x56f521cc13b0 - <adoption_proofs[daf22a3835569f]::test_imu_scenario_runs::{closure#0} as core[a373ad73a504971]::ops::function::FnOnce<()>>::call_once
[INFO] [stdout]   13:     0x56f521ccb1ab - test[aada8e7e76ba119b]::__rust_begin_short_backtrace::<core[a373ad73a504971]::result::Result<(), alloc[2e1b2a31b91974c5]::string::String>, fn() -> core[a373ad73a504971]::result::Result<(), alloc[2e1b2a31b91974c5]::string::String>>
[INFO] [stdout]   14:     0x56f521cd8385 - test[aada8e7e76ba119b]::run_test::{closure#0}
[INFO] [stdout]   15:     0x56f521cd1c74 - std[617be2ca0a6fd877]::sys::backtrace::__rust_begin_short_backtrace::<test[aada8e7e76ba119b]::run_test::{closure#1}, ()>
[INFO] [stdout]   16:     0x56f521cdb412 - <std[617be2ca0a6fd877]::thread::lifecycle::spawn_unchecked<test[aada8e7e76ba119b]::run_test::{closure#1}, ()>::{closure#1} as core[a373ad73a504971]::ops::function::FnOnce<()>>::call_once::{shim:vtable#0}
[INFO] [stdout]   17:     0x56f521df828f - <std[617be2ca0a6fd877]::sys::thread::unix::Thread>::new::thread_start
[INFO] [stdout]   18:     0x6ffe63f9bdfa - <unknown>
[INFO] [stdout]   19:     0x6ffe6402f3d4 - clone
[INFO] [stdout]   20:                0x0 - <unknown>
[INFO] [stdout] 
[INFO] [stdout] ---- test_python_example_exists stdout ----
[INFO] [stdout] 
[INFO] [stdout] thread 'test_python_example_exists' (4361) panicked at tests/adoption_proofs.rs:409:5:
[INFO] [stdout] assertion failed: crate_root().join("python/examples/quickstart.py").is_file()
[INFO] [stdout] stack backtrace:
[INFO] [stdout]    0:     0x56f521df9341 - <<std[617be2ca0a6fd877]::sys::backtrace::BacktraceLock>::print::DisplayBacktrace as core[a373ad73a504971]::fmt::Display>::fmt
[INFO] [stdout]    1:     0x56f521e0f30a - core[a373ad73a504971]::fmt::write
[INFO] [stdout]    2:     0x56f521dfdd4c - <alloc[2e1b2a31b91974c5]::vec::Vec<u8> as core[a373ad73a504971]::io::write::Write>::write_fmt
[INFO] [stdout]    3:     0x56f521dd2046 - std[617be2ca0a6fd877]::panicking::default_hook::{closure#0}
[INFO] [stdout]    4:     0x56f521def889 - std[617be2ca0a6fd877]::panicking::default_hook
[INFO] [stdout]    5:     0x56f521cd7d60 - test[aada8e7e76ba119b]::test_main_inner::{closure#0}
[INFO] [stdout]    6:     0x56f521defa42 - std[617be2ca0a6fd877]::panicking::panic_with_hook
[INFO] [stdout]    7:     0x56f521dd2124 - std[617be2ca0a6fd877]::panicking::panic_handler::{closure#0}
[INFO] [stdout]    8:     0x56f521dca529 - std[617be2ca0a6fd877]::sys::backtrace::__rust_end_short_backtrace::<std[617be2ca0a6fd877]::panicking::panic_handler::{closure#0}, !>
[INFO] [stdout]    9:     0x56f521dd2e0d - __rustc[ea4f61d10b84890b]::rust_begin_unwind
[INFO] [stdout]   10:     0x56f521e0fa3c - core[a373ad73a504971]::panicking::panic_fmt
[INFO] [stdout]   11:     0x56f521e0fa02 - core[a373ad73a504971]::panicking::panic
[INFO] [stdout]   12:     0x56f521cc16bf - <adoption_proofs[daf22a3835569f]::test_python_example_exists::{closure#0} as core[a373ad73a504971]::ops::function::FnOnce<()>>::call_once
[INFO] [stdout]   13:     0x56f521ccb1ab - test[aada8e7e76ba119b]::__rust_begin_short_backtrace::<core[a373ad73a504971]::result::Result<(), alloc[2e1b2a31b91974c5]::string::String>, fn() -> core[a373ad73a504971]::result::Result<(), alloc[2e1b2a31b91974c5]::string::String>>
[INFO] [stdout]   14:     0x56f521cd8385 - test[aada8e7e76ba119b]::run_test::{closure#0}
[INFO] [stdout]   15:     0x56f521cd1c74 - std[617be2ca0a6fd877]::sys::backtrace::__rust_begin_short_backtrace::<test[aada8e7e76ba119b]::run_test::{closure#1}, ()>
[INFO] [stdout]   16:     0x56f521cdb412 - <std[617be2ca0a6fd877]::thread::lifecycle::spawn_unchecked<test[aada8e7e76ba119b]::run_test::{closure#1}, ()>::{closure#1} as core[a373ad73a504971]::ops::function::FnOnce<()>>::call_once::{shim:vtable#0}
[INFO] [stdout]   17:     0x56f521df828f - <std[617be2ca0a6fd877]::sys::thread::unix::Thread>::new::thread_start
[INFO] [stdout]   18:     0x6ffe63f9bdfa - <unknown>
[INFO] [stdout]   19:     0x6ffe6402f3d4 - clone
[INFO] [stdout]   20:                0x0 - <unknown>
[INFO] [stdout] 
[INFO] [stdout] ---- test_python_binding_project_exists stdout ----
[INFO] [stdout] 
[INFO] [stdout] thread 'test_python_binding_project_exists' (4358) panicked at tests/adoption_proofs.rs:379:5:
[INFO] [stdout] assertion failed: crate_root().join("python/Cargo.toml").is_file()
[INFO] [stdout] stack backtrace:
[INFO] [stdout]    0:     0x56f521df9341 - <<std[617be2ca0a6fd877]::sys::backtrace::BacktraceLock>::print::DisplayBacktrace as core[a373ad73a504971]::fmt::Display>::fmt
[INFO] [stdout]    1:     0x56f521e0f30a - core[a373ad73a504971]::fmt::write
[INFO] [stdout]    2:     0x56f521dfdd4c - <alloc[2e1b2a31b91974c5]::vec::Vec<u8> as core[a373ad73a504971]::io::write::Write>::write_fmt
[INFO] [stdout]    3:     0x56f521dd2046 - std[617be2ca0a6fd877]::panicking::default_hook::{closure#0}
[INFO] [stdout]    4:     0x56f521def889 - std[617be2ca0a6fd877]::panicking::default_hook
[INFO] [stdout]    5:     0x56f521cd7d60 - test[aada8e7e76ba119b]::test_main_inner::{closure#0}
[INFO] [stdout]    6:     0x56f521defa42 - std[617be2ca0a6fd877]::panicking::panic_with_hook
[INFO] [stdout]    7:     0x56f521dd2124 - std[617be2ca0a6fd877]::panicking::panic_handler::{closure#0}
[INFO] [stdout]    8:     0x56f521dca529 - std[617be2ca0a6fd877]::sys::backtrace::__rust_end_short_backtrace::<std[617be2ca0a6fd877]::panicking::panic_handler::{closure#0}, !>
[INFO] [stdout]    9:     0x56f521dd2e0d - __rustc[ea4f61d10b84890b]::rust_begin_unwind
[INFO] [stdout]   10:     0x56f521e0fa3c - core[a373ad73a504971]::panicking::panic_fmt
[INFO] [stdout]   11:     0x56f521e0fa02 - core[a373ad73a504971]::panicking::panic
[INFO] [stdout]   12:     0x56f521cc32d6 - <adoption_proofs[daf22a3835569f]::test_python_binding_project_exists::{closure#0} as core[a373ad73a504971]::ops::function::FnOnce<()>>::call_once
[INFO] [stdout]   13:     0x56f521ccb1ab - test[aada8e7e76ba119b]::__rust_begin_short_backtrace::<core[a373ad73a504971]::result::Result<(), alloc[2e1b2a31b91974c5]::string::String>, fn() -> core[a373ad73a504971]::result::Result<(), alloc[2e1b2a31b91974c5]::string::String>>
[INFO] [stdout]   14:     0x56f521cd8385 - test[aada8e7e76ba119b]::run_test::{closure#0}
[INFO] [stdout]   15:     0x56f521cd1c74 - std[617be2ca0a6fd877]::sys::backtrace::__rust_begin_short_backtrace::<test[aada8e7e76ba119b]::run_test::{closure#1}, ()>
[INFO] [stdout]   16:     0x56f521cdb412 - <std[617be2ca0a6fd877]::thread::lifecycle::spawn_unchecked<test[aada8e7e76ba119b]::run_test::{closure#1}, ()>::{closure#1} as core[a373ad73a504971]::ops::function::FnOnce<()>>::call_once::{shim:vtable#0}
[INFO] [stdout]   17:     0x56f521df828f - <std[617be2ca0a6fd877]::sys::thread::unix::Thread>::new::thread_start
[INFO] [stdout]   18:     0x6ffe63f9bdfa - <unknown>
[INFO] [stdout]   19:     0x6ffe6402f3d4 - clone
[INFO] [stdout]   20:                0x0 - <unknown>
[INFO] [stdout] 
[INFO] [stdout] ---- test_python_module_imports stdout ----
[INFO] [stdout] 
[INFO] [stdout] thread 'test_python_module_imports' (4363) panicked at tests/adoption_proofs.rs:63:9:
[INFO] [stdout] assertion failed: status.success()
[INFO] [stdout] stack backtrace:
[INFO] [stdout]    0:     0x56f521df9341 - <<std[617be2ca0a6fd877]::sys::backtrace::BacktraceLock>::print::DisplayBacktrace as core[a373ad73a504971]::fmt::Display>::fmt
[INFO] [stdout]    1:     0x56f521e0f30a - core[a373ad73a504971]::fmt::write
[INFO] [stdout]    2:     0x56f521dfdd4c - <alloc[2e1b2a31b91974c5]::vec::Vec<u8> as core[a373ad73a504971]::io::write::Write>::write_fmt
[INFO] [stdout]    3:     0x56f521dd2046 - std[617be2ca0a6fd877]::panicking::default_hook::{closure#0}
[INFO] [stdout]    4:     0x56f521def889 - std[617be2ca0a6fd877]::panicking::default_hook
[INFO] [stdout]    5:     0x56f521cd7d60 - test[aada8e7e76ba119b]::test_main_inner::{closure#0}
[INFO] [stdout]    6:     0x56f521defa42 - std[617be2ca0a6fd877]::panicking::panic_with_hook
[INFO] [stdout]    7:     0x56f521dd2124 - std[617be2ca0a6fd877]::panicking::panic_handler::{closure#0}
[INFO] [stdout]    8:     0x56f521dca529 - std[617be2ca0a6fd877]::sys::backtrace::__rust_end_short_backtrace::<std[617be2ca0a6fd877]::panicking::panic_handler::{closure#0}, !>
[INFO] [stdout]    9:     0x56f521dd2e0d - __rustc[ea4f61d10b84890b]::rust_begin_unwind
[INFO] [stdout]   10:     0x56f521e0fa3c - core[a373ad73a504971]::panicking::panic_fmt
[INFO] [stdout]   11:     0x56f521e0fa02 - core[a373ad73a504971]::panicking::panic
[INFO] [stdout]   12:     0x56f521ccacb8 - <std[617be2ca0a6fd877]::sync::once::Once>::call_once_force::<<std[617be2ca0a6fd877]::sync::once_lock::OnceLock<std[617be2ca0a6fd877]::path::PathBuf>>::initialize<<std[617be2ca0a6fd877]::sync::once_lock::OnceLock<std[617be2ca0a6fd877]::path::PathBuf>>::get_or_init<adoption_proofs[daf22a3835569f]::build_python_module_once::{closure#0}>::{closure#0}, !>::{closure#0}>::{closure#0}
[INFO] [stdout]   13:     0x56f521dd7dc9 - <std[617be2ca0a6fd877]::sys::sync::once::futex::Once>::call
[INFO] [stdout]   14:     0x56f521cc8694 - <std[617be2ca0a6fd877]::sync::once_lock::OnceLock<std[617be2ca0a6fd877]::path::PathBuf>>::initialize::<<std[617be2ca0a6fd877]::sync::once_lock::OnceLock<std[617be2ca0a6fd877]::path::PathBuf>>::get_or_init<adoption_proofs[daf22a3835569f]::build_python_module_once::{closure#0}>::{closure#0}, !>
[INFO] [stdout]   15:     0x56f521cbfa6b - adoption_proofs[daf22a3835569f]::run_python
[INFO] [stdout]   16:     0x56f521cc171e - <adoption_proofs[daf22a3835569f]::test_python_module_imports::{closure#0} as core[a373ad73a504971]::ops::function::FnOnce<()>>::call_once
[INFO] [stdout]   17:     0x56f521ccb1ab - test[aada8e7e76ba119b]::__rust_begin_short_backtrace::<core[a373ad73a504971]::result::Result<(), alloc[2e1b2a31b91974c5]::string::String>, fn() -> core[a373ad73a504971]::result::Result<(), alloc[2e1b2a31b91974c5]::string::String>>
[INFO] [stdout]   18:     0x56f521cd8385 - test[aada8e7e76ba119b]::run_test::{closure#0}
[INFO] [stdout]   19:     0x56f521cd1c74 - std[617be2ca0a6fd877]::sys::backtrace::__rust_begin_short_backtrace::<test[aada8e7e76ba119b]::run_test::{closure#1}, ()>
[INFO] [stdout]   20:     0x56f521cdb412 - <std[617be2ca0a6fd877]::thread::lifecycle::spawn_unchecked<test[aada8e7e76ba119b]::run_test::{closure#1}, ()>::{closure#1} as core[a373ad73a504971]::ops::function::FnOnce<()>>::call_once::{shim:vtable#0}
[INFO] [stdout]   21:     0x56f521df828f - <std[617be2ca0a6fd877]::sys::thread::unix::Thread>::new::thread_start
[INFO] [stdout]   22:     0x6ffe63f9bdfa - <unknown>
[INFO] [stdout]   23:     0x6ffe6402f3d4 - clone
[INFO] [stdout]   24:                0x0 - <unknown>
[INFO] [stdout] 
[INFO] [stdout] ---- test_cpp_wrapper_example_builds stdout ----
[INFO] [stdout] 
[INFO] [stdout] thread 'test_cpp_wrapper_example_builds' (4320) panicked at tests/adoption_proofs.rs:42:13:
[INFO] [stdout] assertion failed: status.success()
[INFO] [stdout] stack backtrace:
[INFO] [stdout]    0:     0x56f521df9341 - <<std[617be2ca0a6fd877]::sys::backtrace::BacktraceLock>::print::DisplayBacktrace as core[a373ad73a504971]::fmt::Display>::fmt
[INFO] [stdout]    1:     0x56f521e0f30a - core[a373ad73a504971]::fmt::write
[INFO] [stdout]    2:     0x56f521dfdd4c - <alloc[2e1b2a31b91974c5]::vec::Vec<u8> as core[a373ad73a504971]::io::write::Write>::write_fmt
[INFO] [stdout]    3:     0x56f521dd2046 - std[617be2ca0a6fd877]::panicking::default_hook::{closure#0}
[INFO] [stdout]    4:     0x56f521def889 - std[617be2ca0a6fd877]::panicking::default_hook
[INFO] [stdout]    5:     0x56f521cd7d60 - test[aada8e7e76ba119b]::test_main_inner::{closure#0}
[INFO] [stdout]    6:     0x56f521defa42 - std[617be2ca0a6fd877]::panicking::panic_with_hook
[INFO] [stdout]    7:     0x56f521dd2124 - std[617be2ca0a6fd877]::panicking::panic_handler::{closure#0}
[INFO] [stdout]    8:     0x56f521dca529 - std[617be2ca0a6fd877]::sys::backtrace::__rust_end_short_backtrace::<std[617be2ca0a6fd877]::panicking::panic_handler::{closure#0}, !>
[INFO] [stdout]    9:     0x56f521dd2e0d - __rustc[ea4f61d10b84890b]::rust_begin_unwind
[INFO] [stdout]   10:     0x56f521e0fa3c - core[a373ad73a504971]::panicking::panic_fmt
[INFO] [stdout]   11:     0x56f521e0fa02 - core[a373ad73a504971]::panicking::panic
[INFO] [stdout]   12:     0x56f521cc024c - adoption_proofs[daf22a3835569f]::compile_cpp_if_available
[INFO] [stdout]   13:     0x56f521cc1e01 - <adoption_proofs[daf22a3835569f]::test_cpp_wrapper_example_builds::{closure#0} as core[a373ad73a504971]::ops::function::FnOnce<()>>::call_once
[INFO] [stdout]   14:     0x56f521ccb1ab - test[aada8e7e76ba119b]::__rust_begin_short_backtrace::<core[a373ad73a504971]::result::Result<(), alloc[2e1b2a31b91974c5]::string::String>, fn() -> core[a373ad73a504971]::result::Result<(), alloc[2e1b2a31b91974c5]::string::String>>
[INFO] [stdout]   15:     0x56f521cd8385 - test[aada8e7e76ba119b]::run_test::{closure#0}
[INFO] [stdout]   16:     0x56f521cd1c74 - std[617be2ca0a6fd877]::sys::backtrace::__rust_begin_short_backtrace::<test[aada8e7e76ba119b]::run_test::{closure#1}, ()>
[INFO] [stdout]   17:     0x56f521cdb412 - <std[617be2ca0a6fd877]::thread::lifecycle::spawn_unchecked<test[aada8e7e76ba119b]::run_test::{closure#1}, ()>::{closure#1} as core[a373ad73a504971]::ops::function::FnOnce<()>>::call_once::{shim:vtable#0}
[INFO] [stdout]   18:     0x56f521df828f - <std[617be2ca0a6fd877]::sys::thread::unix::Thread>::new::thread_start
[INFO] [stdout]   19:     0x6ffe63f9bdfa - <unknown>
[INFO] [stdout]   20:     0x6ffe6402f3d4 - clone
[INFO] [stdout]   21:                0x0 - <unknown>
[INFO] [stdout] 
[INFO] [stdout] ---- test_cpp_wrapper_compiles stdout ----
[INFO] [stdout] 
[INFO] [stdout] thread 'test_cpp_wrapper_compiles' (4319) panicked at tests/adoption_proofs.rs:42:13:
[INFO] [stdout] assertion failed: status.success()
[INFO] [stdout] stack backtrace:
[INFO] [stdout]    0:     0x56f521df9341 - <<std[617be2ca0a6fd877]::sys::backtrace::BacktraceLock>::print::DisplayBacktrace as core[a373ad73a504971]::fmt::Display>::fmt
[INFO] [stdout]    1:     0x56f521e0f30a - core[a373ad73a504971]::fmt::write
[INFO] [stdout]    2:     0x56f521dfdd4c - <alloc[2e1b2a31b91974c5]::vec::Vec<u8> as core[a373ad73a504971]::io::write::Write>::write_fmt
[INFO] [stdout]    3:     0x56f521dd2046 - std[617be2ca0a6fd877]::panicking::default_hook::{closure#0}
[INFO] [stdout]    4:     0x56f521def889 - std[617be2ca0a6fd877]::panicking::default_hook
[INFO] [stdout]    5:     0x56f521cd7d60 - test[aada8e7e76ba119b]::test_main_inner::{closure#0}
[INFO] [stdout]    6:     0x56f521defa42 - std[617be2ca0a6fd877]::panicking::panic_with_hook
[INFO] [stdout]    7:     0x56f521dd2124 - std[617be2ca0a6fd877]::panicking::panic_handler::{closure#0}
[INFO] [stdout]    8:     0x56f521dca529 - std[617be2ca0a6fd877]::sys::backtrace::__rust_end_short_backtrace::<std[617be2ca0a6fd877]::panicking::panic_handler::{closure#0}, !>
[INFO] [stdout]    9:     0x56f521dd2e0d - __rustc[ea4f61d10b84890b]::rust_begin_unwind
[INFO] [stdout]   10:     0x56f521e0fa3c - core[a373ad73a504971]::panicking::panic_fmt
[INFO] [stdout]   11:     0x56f521e0fa02 - core[a373ad73a504971]::panicking::panic
[INFO] [stdout]   12:     0x56f521cc024c - adoption_proofs[daf22a3835569f]::compile_cpp_if_available
[INFO] [stdout]   13:     0x56f521cc15b1 - <adoption_proofs[daf22a3835569f]::test_cpp_wrapper_compiles::{closure#0} as core[a373ad73a504971]::ops::function::FnOnce<()>>::call_once
[INFO] [stdout]   14:     0x56f521ccb1ab - test[aada8e7e76ba119b]::__rust_begin_short_backtrace::<core[a373ad73a504971]::result::Result<(), alloc[2e1b2a31b91974c5]::string::String>, fn() -> core[a373ad73a504971]::result::Result<(), alloc[2e1b2a31b91974c5]::string::String>>
[INFO] [stdout]   15:     0x56f521cd8385 - test[aada8e7e76ba119b]::run_test::{closure#0}
[INFO] [stdout]   16:     0x56f521cd1c74 - std[617be2ca0a6fd877]::sys::backtrace::__rust_begin_short_backtrace::<test[aada8e7e76ba119b]::run_test::{closure#1}, ()>
[INFO] [stdout]   17:     0x56f521cdb412 - <std[617be2ca0a6fd877]::thread::lifecycle::spawn_unchecked<test[aada8e7e76ba119b]::run_test::{closure#1}, ()>::{closure#1} as core[a373ad73a504971]::ops::function::FnOnce<()>>::call_once::{shim:vtable#0}
[INFO] [stdout]   18:     0x56f521df828f - <std[617be2ca0a6fd877]::sys::thread::unix::Thread>::new::thread_start
[INFO] [stdout]   19:     0x6ffe63f9bdfa - <unknown>
[INFO] [stdout]   20:     0x6ffe6402f3d4 - clone
[INFO] [stdout]   21:                0x0 - <unknown>
[INFO] [stdout] 
[INFO] [stdout] ---- test_python_returns_structured_results stdout ----
[INFO] [stdout] 
[INFO] [stdout] thread 'test_python_returns_structured_results' (4364) panicked at tests/adoption_proofs.rs:63:9:
[INFO] [stdout] assertion failed: status.success()
[INFO] [stdout] stack backtrace:
[INFO] [stdout]    0:     0x56f521df9341 - <<std[617be2ca0a6fd877]::sys::backtrace::BacktraceLock>::print::DisplayBacktrace as core[a373ad73a504971]::fmt::Display>::fmt
[INFO] [stdout]    1:     0x56f521e0f30a - core[a373ad73a504971]::fmt::write
[INFO] [stdout]    2:     0x56f521dfdd4c - <alloc[2e1b2a31b91974c5]::vec::Vec<u8> as core[a373ad73a504971]::io::write::Write>::write_fmt
[INFO] [stdout]    3:     0x56f521dd2046 - std[617be2ca0a6fd877]::panicking::default_hook::{closure#0}
[INFO] [stdout]    4:     0x56f521def889 - std[617be2ca0a6fd877]::panicking::default_hook
[INFO] [stdout]    5:     0x56f521cd7d60 - test[aada8e7e76ba119b]::test_main_inner::{closure#0}
[INFO] [stdout]    6:     0x56f521defa42 - std[617be2ca0a6fd877]::panicking::panic_with_hook
[INFO] [stdout]    7:     0x56f521dd2124 - std[617be2ca0a6fd877]::panicking::panic_handler::{closure#0}
[INFO] [stdout]    8:     0x56f521dca529 - std[617be2ca0a6fd877]::sys::backtrace::__rust_end_short_backtrace::<std[617be2ca0a6fd877]::panicking::panic_handler::{closure#0}, !>
[INFO] [stdout]    9:     0x56f521dd2e0d - __rustc[ea4f61d10b84890b]::rust_begin_unwind
[INFO] [stdout]   10:     0x56f521e0fa3c - core[a373ad73a504971]::panicking::panic_fmt
[INFO] [stdout]   11:     0x56f521e0fa02 - core[a373ad73a504971]::panicking::panic
[INFO] [stdout]   12:     0x56f521ccacb8 - <std[617be2ca0a6fd877]::sync::once::Once>::call_once_force::<<std[617be2ca0a6fd877]::sync::once_lock::OnceLock<std[617be2ca0a6fd877]::path::PathBuf>>::initialize<<std[617be2ca0a6fd877]::sync::once_lock::OnceLock<std[617be2ca0a6fd877]::path::PathBuf>>::get_or_init<adoption_proofs[daf22a3835569f]::build_python_module_once::{closure#0}>::{closure#0}, !>::{closure#0}>::{closure#0}
[INFO] [stdout]   13:     0x56f521dd7dc9 - <std[617be2ca0a6fd877]::sys::sync::once::futex::Once>::call
[INFO] [stdout]   14:     0x56f521cc8694 - <std[617be2ca0a6fd877]::sync::once_lock::OnceLock<std[617be2ca0a6fd877]::path::PathBuf>>::initialize::<<std[617be2ca0a6fd877]::sync::once_lock::OnceLock<std[617be2ca0a6fd877]::path::PathBuf>>::get_or_init<adoption_proofs[daf22a3835569f]::build_python_module_once::{closure#0}>::{closure#0}, !>
[INFO] [stdout]   15:     0x56f521cbfa6b - adoption_proofs[daf22a3835569f]::run_python
[INFO] [stdout]   16:     0x56f521cc5722 - <adoption_proofs[daf22a3835569f]::test_python_returns_structured_results::{closure#0} as core[a373ad73a504971]::ops::function::FnOnce<()>>::call_once
[INFO] [stdout]   17:     0x56f521ccb1ab - test[aada8e7e76ba119b]::__rust_begin_short_backtrace::<core[a373ad73a504971]::result::Result<(), alloc[2e1b2a31b91974c5]::string::String>, fn() -> core[a373ad73a504971]::result::Result<(), alloc[2e1b2a31b91974c5]::string::String>>
[INFO] [stdout]   18:     0x56f521cd8385 - test[aada8e7e76ba119b]::run_test::{closure#0}
[INFO] [stdout]   19:     0x56f521cd1c74 - std[617be2ca0a6fd877]::sys::backtrace::__rust_begin_short_backtrace::<test[aada8e7e76ba119b]::run_test::{closure#1}, ()>
[INFO] [stdout]   20:     0x56f521cdb412 - <std[617be2ca0a6fd877]::thread::lifecycle::spawn_unchecked<test[aada8e7e76ba119b]::run_test::{closure#1}, ()>::{closure#1} as core[a373ad73a504971]::ops::function::FnOnce<()>>::call_once::{shim:vtable#0}
[INFO] [stdout]   21:     0x56f521df828f - <std[617be2ca0a6fd877]::sys::thread::unix::Thread>::new::thread_start
[INFO] [stdout]   22:     0x6ffe63f9bdfa - <unknown>
[INFO] [stdout]   23:     0x6ffe6402f3d4 - clone
[INFO] [stdout]   24:                0x0 - <unknown>
[INFO] [stdout] 
[INFO] [stdout] ---- test_python_run_on_small_fixture stdout ----
[INFO] [stdout] 
[INFO] [stdout] thread 'test_python_run_on_small_fixture' (4367) panicked at tests/adoption_proofs.rs:63:9:
[INFO] [stdout] assertion failed: status.success()
[INFO] [stdout] stack backtrace:
[INFO] [stdout]    0:     0x56f521df9341 - <<std[617be2ca0a6fd877]::sys::backtrace::BacktraceLock>::print::DisplayBacktrace as core[a373ad73a504971]::fmt::Display>::fmt
[INFO] [stdout]    1:     0x56f521e0f30a - core[a373ad73a504971]::fmt::write
[INFO] [stdout]    2:     0x56f521dfdd4c - <alloc[2e1b2a31b91974c5]::vec::Vec<u8> as core[a373ad73a504971]::io::write::Write>::write_fmt
[INFO] [stdout]    3:     0x56f521dd2046 - std[617be2ca0a6fd877]::panicking::default_hook::{closure#0}
[INFO] [stdout]    4:     0x56f521def889 - std[617be2ca0a6fd877]::panicking::default_hook
[INFO] [stdout]    5:     0x56f521cd7d60 - test[aada8e7e76ba119b]::test_main_inner::{closure#0}
[INFO] [stdout]    6:     0x56f521defa42 - std[617be2ca0a6fd877]::panicking::panic_with_hook
[INFO] [stdout]    7:     0x56f521dd2124 - std[617be2ca0a6fd877]::panicking::panic_handler::{closure#0}
[INFO] [stdout]    8:     0x56f521dca529 - std[617be2ca0a6fd877]::sys::backtrace::__rust_end_short_backtrace::<std[617be2ca0a6fd877]::panicking::panic_handler::{closure#0}, !>
[INFO] [stdout]    9:     0x56f521dd2e0d - __rustc[ea4f61d10b84890b]::rust_begin_unwind
[INFO] [stdout]   10:     0x56f521e0fa3c - core[a373ad73a504971]::panicking::panic_fmt
[INFO] [stdout]   11:     0x56f521e0fa02 - core[a373ad73a504971]::panicking::panic
[INFO] [stdout]   12:     0x56f521ccacb8 - <std[617be2ca0a6fd877]::sync::once::Once>::call_once_force::<<std[617be2ca0a6fd877]::sync::once_lock::OnceLock<std[617be2ca0a6fd877]::path::PathBuf>>::initialize<<std[617be2ca0a6fd877]::sync::once_lock::OnceLock<std[617be2ca0a6fd877]::path::PathBuf>>::get_or_init<adoption_proofs[daf22a3835569f]::build_python_module_once::{closure#0}>::{closure#0}, !>::{closure#0}>::{closure#0}
[INFO] [stdout]   13:     0x56f521dd7dc9 - <std[617be2ca0a6fd877]::sys::sync::once::futex::Once>::call
[INFO] [stdout]   14:     0x56f521cc8694 - <std[617be2ca0a6fd877]::sync::once_lock::OnceLock<std[617be2ca0a6fd877]::path::PathBuf>>::initialize::<<std[617be2ca0a6fd877]::sync::once_lock::OnceLock<std[617be2ca0a6fd877]::path::PathBuf>>::get_or_init<adoption_proofs[daf22a3835569f]::build_python_module_once::{closure#0}>::{closure#0}, !>
[INFO] [stdout]   15:     0x56f521cbfa6b - adoption_proofs[daf22a3835569f]::run_python
[INFO] [stdout]   16:     0x56f521cc2f4e - <adoption_proofs[daf22a3835569f]::test_python_run_on_small_fixture::{closure#0} as core[a373ad73a504971]::ops::function::FnOnce<()>>::call_once
[INFO] [stdout]   17:     0x56f521ccb1ab - test[aada8e7e76ba119b]::__rust_begin_short_backtrace::<core[a373ad73a504971]::result::Result<(), alloc[2e1b2a31b91974c5]::string::String>, fn() -> core[a373ad73a504971]::result::Result<(), alloc[2e1b2a31b91974c5]::string::String>>
[INFO] [stdout]   18:     0x56f521cd8385 - test[aada8e7e76ba119b]::run_test::{closure#0}
[INFO] [stdout]   19:     0x56f521cd1c74 - std[617be2ca0a6fd877]::sys::backtrace::__rust_begin_short_backtrace::<test[aada8e7e76ba119b]::run_test::{closure#1}, ()>
[INFO] [stdout]   20:     0x56f521cdb412 - <std[617be2ca0a6fd877]::thread::lifecycle::spawn_unchecked<test[aada8e7e76ba119b]::run_test::{closure#1}, ()>::{closure#1} as core[a373ad73a504971]::ops::function::FnOnce<()>>::call_once::{shim:vtable#0}
[INFO] [stdout]   21:     0x56f521df828f - <std[617be2ca0a6fd877]::sys::thread::unix::Thread>::new::thread_start
[INFO] [stdout]   22:     0x6ffe63f9bdfa - <unknown>
[INFO] [stdout]   23:     0x6ffe6402f3d4 - clone
[INFO] [stdout]   24:                0x0 - <unknown>
[INFO] [stdout] 
[INFO] [stdout] ---- test_cpp_wrapper_raii_lifecycle stdout ----
[INFO] [stdout] 
[INFO] [stdout] thread 'test_cpp_wrapper_raii_lifecycle' (4322) panicked at tests/adoption_proofs.rs:157:13:
[INFO] [stdout] assertion failed: status.success()
[INFO] [stdout] stack backtrace:
[INFO] [stdout]    0:     0x56f521df9341 - <<std[617be2ca0a6fd877]::sys::backtrace::BacktraceLock>::print::DisplayBacktrace as core[a373ad73a504971]::fmt::Display>::fmt
[INFO] [stdout]    1:     0x56f521e0f30a - core[a373ad73a504971]::fmt::write
[INFO] [stdout]    2:     0x56f521dfdd4c - <alloc[2e1b2a31b91974c5]::vec::Vec<u8> as core[a373ad73a504971]::io::write::Write>::write_fmt
[INFO] [stdout]    3:     0x56f521dd2046 - std[617be2ca0a6fd877]::panicking::default_hook::{closure#0}
[INFO] [stdout]    4:     0x56f521def889 - std[617be2ca0a6fd877]::panicking::default_hook
[INFO] [stdout]    5:     0x56f521cd7d60 - test[aada8e7e76ba119b]::test_main_inner::{closure#0}
[INFO] [stdout]    6:     0x56f521defa42 - std[617be2ca0a6fd877]::panicking::panic_with_hook
[INFO] [stdout]    7:     0x56f521dd2124 - std[617be2ca0a6fd877]::panicking::panic_handler::{closure#0}
[INFO] [stdout]    8:     0x56f521dca529 - std[617be2ca0a6fd877]::sys::backtrace::__rust_end_short_backtrace::<std[617be2ca0a6fd877]::panicking::panic_handler::{closure#0}, !>
[INFO] [stdout]    9:     0x56f521dd2e0d - __rustc[ea4f61d10b84890b]::rust_begin_unwind
[INFO] [stdout]   10:     0x56f521e0fa3c - core[a373ad73a504971]::panicking::panic_fmt
[INFO] [stdout]   11:     0x56f521e0fa02 - core[a373ad73a504971]::panicking::panic
[INFO] [stdout]   12:     0x56f521cc2ac5 - <adoption_proofs[daf22a3835569f]::test_cpp_wrapper_raii_lifecycle::{closure#0} as core[a373ad73a504971]::ops::function::FnOnce<()>>::call_once
[INFO] [stdout]   13:     0x56f521ccb1ab - test[aada8e7e76ba119b]::__rust_begin_short_backtrace::<core[a373ad73a504971]::result::Result<(), alloc[2e1b2a31b91974c5]::string::String>, fn() -> core[a373ad73a504971]::result::Result<(), alloc[2e1b2a31b91974c5]::string::String>>
[INFO] [stdout]   14:     0x56f521cd8385 - test[aada8e7e76ba119b]::run_test::{closure#0}
[INFO] [stdout]   15:     0x56f521cd1c74 - std[617be2ca0a6fd877]::sys::backtrace::__rust_begin_short_backtrace::<test[aada8e7e76ba119b]::run_test::{closure#1}, ()>
[INFO] [stdout]   16:     0x56f521cdb412 - <std[617be2ca0a6fd877]::thread::lifecycle::spawn_unchecked<test[aada8e7e76ba119b]::run_test::{closure#1}, ()>::{closure#1} as core[a373ad73a504971]::ops::function::FnOnce<()>>::call_once::{shim:vtable#0}
[INFO] [stdout]   17:     0x56f521df828f - <std[617be2ca0a6fd877]::sys::thread::unix::Thread>::new::thread_start
[INFO] [stdout]   18:     0x6ffe63f9bdfa - <unknown>
[INFO] [stdout]   19:     0x6ffe6402f3d4 - clone
[INFO] [stdout]   20:                0x0 - <unknown>
[INFO] [stdout] 
[INFO] [stdout] ---- test_cpp_wrapper_push_and_query stdout ----
[INFO] [stdout] 
[INFO] [stdout] thread 'test_cpp_wrapper_push_and_query' (4321) panicked at tests/adoption_proofs.rs:194:13:
[INFO] [stdout] assertion failed: status.success()
[INFO] [stdout] stack backtrace:
[INFO] [stdout]    0:     0x56f521df9341 - <<std[617be2ca0a6fd877]::sys::backtrace::BacktraceLock>::print::DisplayBacktrace as core[a373ad73a504971]::fmt::Display>::fmt
[INFO] [stdout]    1:     0x56f521e0f30a - core[a373ad73a504971]::fmt::write
[INFO] [stdout]    2:     0x56f521dfdd4c - <alloc[2e1b2a31b91974c5]::vec::Vec<u8> as core[a373ad73a504971]::io::write::Write>::write_fmt
[INFO] [stdout]    3:     0x56f521dd2046 - std[617be2ca0a6fd877]::panicking::default_hook::{closure#0}
[INFO] [stdout]    4:     0x56f521def889 - std[617be2ca0a6fd877]::panicking::default_hook
[INFO] [stdout]    5:     0x56f521cd7d60 - test[aada8e7e76ba119b]::test_main_inner::{closure#0}
[INFO] [stdout]    6:     0x56f521defa42 - std[617be2ca0a6fd877]::panicking::panic_with_hook
[INFO] [stdout]    7:     0x56f521dd2124 - std[617be2ca0a6fd877]::panicking::panic_handler::{closure#0}
[INFO] [stdout]    8:     0x56f521dca529 - std[617be2ca0a6fd877]::sys::backtrace::__rust_end_short_backtrace::<std[617be2ca0a6fd877]::panicking::panic_handler::{closure#0}, !>
[INFO] [stdout]    9:     0x56f521dd2e0d - __rustc[ea4f61d10b84890b]::rust_begin_unwind
[INFO] [stdout]   10:     0x56f521e0fa3c - core[a373ad73a504971]::panicking::panic_fmt
[INFO] [stdout]   11:     0x56f521e0fa02 - core[a373ad73a504971]::panicking::panic
[INFO] [stdout]   12:     0x56f521cc2385 - <adoption_proofs[daf22a3835569f]::test_cpp_wrapper_push_and_query::{closure#0} as core[a373ad73a504971]::ops::function::FnOnce<()>>::call_once
[INFO] [stdout]   13:     0x56f521ccb1ab - test[aada8e7e76ba119b]::__rust_begin_short_backtrace::<core[a373ad73a504971]::result::Result<(), alloc[2e1b2a31b91974c5]::string::String>, fn() -> core[a373ad73a504971]::result::Result<(), alloc[2e1b2a31b91974c5]::string::String>>
[INFO] [stdout]   14:     0x56f521cd8385 - test[aada8e7e76ba119b]::run_test::{closure#0}
[INFO] [stdout]   15:     0x56f521cd1c74 - std[617be2ca0a6fd877]::sys::backtrace::__rust_begin_short_backtrace::<test[aada8e7e76ba119b]::run_test::{closure#1}, ()>
[INFO] [stdout]   16:     0x56f521cdb412 - <std[617be2ca0a6fd877]::thread::lifecycle::spawn_unchecked<test[aada8e7e76ba119b]::run_test::{closure#1}, ()>::{closure#1} as core[a373ad73a504971]::ops::function::FnOnce<()>>::call_once::{shim:vtable#0}
[INFO] [stdout]   17:     0x56f521df828f - <std[617be2ca0a6fd877]::sys::thread::unix::Thread>::new::thread_start
[INFO] [stdout]   18:     0x6ffe63f9bdfa - <unknown>
[INFO] [stdout]   19:     0x6ffe6402f3d4 - clone
[INFO] [stdout]   20:                0x0 - <unknown>
[INFO] [stdout] 
[INFO] [stdout] 
[INFO] [stdout] failures:
[INFO] [stdout]     test_cpp_wrapper_compiles
[INFO] [stdout]     test_cpp_wrapper_example_builds
[INFO] [stdout]     test_cpp_wrapper_push_and_query
[INFO] [stdout]     test_cpp_wrapper_raii_lifecycle
[INFO] [stdout]     test_dsfb_hpp_exists
[INFO] [stdout]     test_imu_scenario_runs
[INFO] [stdout]     test_imu_thermal_drift_gps_denied_scenario_exists
[INFO] [stdout]     test_python_binding_project_exists
[INFO] [stdout]     test_python_example_exists
[INFO] [stdout]     test_python_module_imports
[INFO] [stdout]     test_python_returns_structured_results
[INFO] [stdout]     test_python_run_on_small_fixture
[INFO] [stdout] 
[INFO] [stdout] test result: FAILED. 35 passed; 12 failed; 0 ignored; 0 measured; 0 filtered out; finished in 4.31s
[INFO] [stdout] 
[INFO] [stderr] error: test failed, to rerun pass `--test adoption_proofs`
[INFO] running `Command { std: "docker" "inspect" "20ca75221a1c3b5afea101de9ed6621c25500e9079b2a4cc01bfb48ebe4421cf", kill_on_drop: false }`
[INFO] running `Command { std: "docker" "rm" "-f" "20ca75221a1c3b5afea101de9ed6621c25500e9079b2a4cc01bfb48ebe4421cf", kill_on_drop: false }`
[INFO] [stdout] 20ca75221a1c3b5afea101de9ed6621c25500e9079b2a4cc01bfb48ebe4421cf
