[INFO] fetching crate dsfb-oil-gas 0.1.0...
[INFO] testing dsfb-oil-gas-0.1.0 against 1.99.0-beta.8+cargoflags=--release for beta-release-1.100-2
[INFO] extracting crate dsfb-oil-gas 0.1.0 into /workspace/builds/worker-2-tc1/source
[INFO] started tweaking crates.io crate dsfb-oil-gas 0.1.0
[INFO] removed 0 missing examples
[INFO] removed 0 missing tests
[INFO] finished tweaking crates.io crate dsfb-oil-gas 0.1.0
[INFO] tweaked toml for crates.io crate dsfb-oil-gas 0.1.0 written to /workspace/builds/worker-2-tc1/source/Cargo.toml
[INFO] validating manifest of crates.io crate dsfb-oil-gas 0.1.0 on toolchain 1.99.0-beta.8
[INFO] running `Command { std: CARGO_HOME="/workspace/cargo-home" RUSTUP_HOME="/workspace/rustup-home" "/workspace/cargo-home/bin/cargo" "+1.99.0-beta.8" "metadata" "--manifest-path" "Cargo.toml" "--no-deps", kill_on_drop: false }`
[INFO] crate crates.io crate dsfb-oil-gas 0.1.0 already has a lockfile, it will not be regenerated
[INFO] running `Command { std: CARGO_HOME="/workspace/cargo-home" RUSTUP_HOME="/workspace/rustup-home" "/workspace/cargo-home/bin/cargo" "+1.99.0-beta.8" "fetch" "--manifest-path" "Cargo.toml", kill_on_drop: false }`
[INFO] running `Command { std: "docker" "create" "-v" "/var/lib/crater-agent-workspace/builds/worker-2-tc1/source:/opt/rustwide/workdir:ro,Z" "-v" "/var/lib/crater-agent-workspace/builds/worker-2-tc1/target:/opt/rustwide/target:rw,Z" "-v" "/var/lib/crater-agent-workspace/cargo-home:/opt/rustwide/cargo-home:ro,Z" "-v" "/var/lib/crater-agent-workspace/rustup-home:/opt/rustwide/rustup-home:ro,Z" "-m" "1610612736" "--network" "none" "ghcr.io/rust-lang/crates-build-env/linux@sha256:77db811e55d90add9212f6832c23229e3de5f1c1f9905e8cb07319ea15df73ac" "sleep" "infinity", kill_on_drop: false }`
[INFO] [stdout] 2e781ba5c5092bdc430d85cc61e28416cc255be98490c6fef2fdb0de84092775
[INFO] running `Command { std: "docker" "start" "2e781ba5c5092bdc430d85cc61e28416cc255be98490c6fef2fdb0de84092775", kill_on_drop: false }`
[INFO] running `Command { std: "docker" "inspect" "2e781ba5c5092bdc430d85cc61e28416cc255be98490c6fef2fdb0de84092775", kill_on_drop: false }`
[INFO] running `Command { std: "docker" "exec" "-e" "SOURCE_DIR=/opt/rustwide/workdir" "-e" "CARGO_HOME=/opt/rustwide/cargo-home" "-e" "RUSTUP_HOME=/opt/rustwide/rustup-home" "-e" "CARGO_TARGET_DIR=/opt/rustwide/target" "-w" "/opt/rustwide/workdir" "--user" "0:0" "2e781ba5c5092bdc430d85cc61e28416cc255be98490c6fef2fdb0de84092775" "/opt/rustwide/cargo-home/bin/cargo" "+1.99.0-beta.8" "metadata" "--no-deps" "--format-version=1", kill_on_drop: false }`
[INFO] running `Command { std: "docker" "inspect" "2e781ba5c5092bdc430d85cc61e28416cc255be98490c6fef2fdb0de84092775", kill_on_drop: false }`
[INFO] running `Command { std: "docker" "exec" "-e" "SOURCE_DIR=/opt/rustwide/workdir" "-e" "CARGO_HOME=/opt/rustwide/cargo-home" "-e" "RUSTUP_HOME=/opt/rustwide/rustup-home" "-e" "CARGO_TARGET_DIR=/opt/rustwide/target" "-e" "CARGO_INCREMENTAL=0" "-e" "RUST_BACKTRACE=full" "-e" "RUSTFLAGS=--cap-lints=warn" "-e" "RUSTDOCFLAGS=--cap-lints=warn" "-w" "/opt/rustwide/workdir" "--user" "0:0" "2e781ba5c5092bdc430d85cc61e28416cc255be98490c6fef2fdb0de84092775" "/opt/rustwide/cargo-home/bin/cargo" "+1.99.0-beta.8" "build" "--frozen" "--message-format=json" "--release", kill_on_drop: false }`
[INFO] [stderr]    Compiling proc-macro2 v1.0.106
[INFO] [stderr]    Compiling quote v1.0.45
[INFO] [stderr]    Compiling serde_core v1.0.228
[INFO] [stderr]    Compiling memchr v2.8.0
[INFO] [stderr]    Compiling serde v1.0.228
[INFO] [stderr]    Compiling csv-core v0.1.13
[INFO] [stderr]    Compiling syn v2.0.117
[INFO] [stderr]    Compiling thiserror-impl v1.0.69
[INFO] [stderr]    Compiling serde_derive v1.0.228
[INFO] [stderr]    Compiling csv v1.4.0
[INFO] [stderr]    Compiling thiserror v1.0.69
[INFO] [stderr]    Compiling dsfb-oil-gas v0.1.0 (/opt/rustwide/workdir)
[INFO] [stderr]     Finished `release` profile [optimized] target(s) in 11.12s
[INFO] running `Command { std: "docker" "inspect" "2e781ba5c5092bdc430d85cc61e28416cc255be98490c6fef2fdb0de84092775", kill_on_drop: false }`
[INFO] running `Command { std: "docker" "exec" "-e" "SOURCE_DIR=/opt/rustwide/workdir" "-e" "CARGO_HOME=/opt/rustwide/cargo-home" "-e" "RUSTUP_HOME=/opt/rustwide/rustup-home" "-e" "CARGO_TARGET_DIR=/opt/rustwide/target" "-e" "CARGO_INCREMENTAL=0" "-e" "RUST_BACKTRACE=full" "-e" "RUSTFLAGS=--cap-lints=warn" "-e" "RUSTDOCFLAGS=--cap-lints=warn" "-w" "/opt/rustwide/workdir" "--user" "0:0" "2e781ba5c5092bdc430d85cc61e28416cc255be98490c6fef2fdb0de84092775" "/opt/rustwide/cargo-home/bin/cargo" "+1.99.0-beta.8" "test" "--frozen" "--no-run" "--message-format=json" "--release", kill_on_drop: false }`
[INFO] [stderr]    Compiling autocfg v1.5.0
[INFO] [stderr]    Compiling num-traits v0.2.19
[INFO] [stderr]    Compiling approx v0.5.1
[INFO] [stderr]    Compiling dsfb-oil-gas v0.1.0 (/opt/rustwide/workdir)
[INFO] [stderr]     Finished `release` profile [optimized] target(s) in 3.34s
[INFO] running `Command { std: "docker" "inspect" "2e781ba5c5092bdc430d85cc61e28416cc255be98490c6fef2fdb0de84092775", kill_on_drop: false }`
[INFO] running `Command { std: "docker" "exec" "-e" "SOURCE_DIR=/opt/rustwide/workdir" "-e" "CARGO_HOME=/opt/rustwide/cargo-home" "-e" "RUSTUP_HOME=/opt/rustwide/rustup-home" "-e" "CARGO_TARGET_DIR=/opt/rustwide/target" "-e" "CARGO_INCREMENTAL=0" "-e" "RUST_BACKTRACE=full" "-e" "RUSTFLAGS=--cap-lints=warn" "-e" "RUSTDOCFLAGS=--cap-lints=warn" "-w" "/opt/rustwide/workdir" "--user" "0:0" "2e781ba5c5092bdc430d85cc61e28416cc255be98490c6fef2fdb0de84092775" "/opt/rustwide/cargo-home/bin/cargo" "+1.99.0-beta.8" "test" "--frozen" "--release", kill_on_drop: false }`
[INFO] [stderr]     Finished `release` profile [optimized] target(s) in 0.03s
[INFO] [stderr]      Running unittests src/lib.rs (/opt/rustwide/target/release/deps/dsfb_oil_gas-9ed83bb7b1eca5db)
[INFO] [stdout] 
[INFO] [stdout] running 22 tests
[INFO] [stdout] test grammar::tests::large_drift_produces_drift_accum ... ok
[INFO] [stdout] test grammar::tests::inf_residual_emits_sensor_fault ... ok
[INFO] [stdout] test grammar::tests::large_slew_produces_slew_spike ... ok
[INFO] [stdout] test grammar::tests::sensor_fault_does_not_corrupt_recovery_state ... ok
[INFO] [stdout] test grammar::tests::nan_residual_emits_sensor_fault ... ok
[INFO] [stdout] test integration::tests::process_read_only_cannot_modify_source ... ok
[INFO] [stdout] test integration::tests::read_only_slice_has_no_mut_access ... ok
[INFO] [stdout] test envelope::tests::zero_triple_is_interior ... ok
[INFO] [stdout] test residual::tests::processor_no_nan ... ok
[INFO] [stdout] test integration::tests::replay_is_deterministic ... ok
[INFO] [stdout] test events::tests::ecc_gt_one_for_multi_step_episodes ... ok
[INFO] [stdout] test envelope::tests::r_outside_is_detected ... ok
[INFO] [stdout] test envelope::tests::sigma_outside_is_detected ... ok
[INFO] [stdout] test residual::tests::drift_window_1_equals_residual ... ok
[INFO] [stdout] test grammar::tests::constant_zero_is_always_nominal ... ok
[INFO] [stdout] test events::tests::single_state_run_is_one_episode ... ok
[INFO] [stdout] test residual::tests::slew_correct_rate ... ok
[INFO] [stdout] test grammar::tests::deterministic_replay_identical ... ok
[INFO] [stdout] test envelope::tests::delta_outside_is_detected ... ok
[INFO] [stdout] test events::tests::state_change_creates_new_episode ... ok
[INFO] [stdout] test residual::tests::drift_constant_input_converges ... ok
[INFO] [stdout] test residual::tests::slew_first_step_is_zero ... ok
[INFO] [stdout] 
[INFO] [stdout] test result: ok. 22 passed; 0 failed; 0 ignored; 0 measured; 0 filtered out; finished in 0.00s
[INFO] [stdout] 
[INFO] [stderr]      Running unittests src/main.rs (/opt/rustwide/target/release/deps/dsfb_oil_gas-0f1db26c5345d228)
[INFO] [stdout] 
[INFO] [stdout] running 0 tests
[INFO] [stdout] 
[INFO] [stdout] test result: ok. 0 passed; 0 failed; 0 ignored; 0 measured; 0 filtered out; finished in 0.00s
[INFO] [stdout] 
[INFO] [stderr]      Running tests/basic_invariants.rs (/opt/rustwide/target/release/deps/basic_invariants-48bead660ef7ad1c)
[INFO] [stdout] 
[INFO] [stdout] running 10 tests
[INFO] [stdout] test large_slew_produces_slew_spike ... ok
[INFO] [stdout] test deterministic_replay_identical ... ok
[INFO] [stdout] test recovery_is_single_step_not_persistent ... ok
[INFO] [stdout] test noise_compression_ratio_at_least_one ... ok
[INFO] [stdout] test zero_residual_always_nominal ... ok
[INFO] [stdout] test no_nan_in_output ... ok
[INFO] [stdout] test subsea_domain_produces_valid_output ... ok
[INFO] [stdout] test boundary_grazing_is_emitted_when_r_in_grazing_band ... ok
[INFO] [stdout] test compound_requires_both_delta_and_sigma_violated ... ok
[INFO] [stdout] test constant_drift_reaches_drift_accum ... ok
[INFO] [stdout] 
[INFO] [stdout] test result: ok. 10 passed; 0 failed; 0 ignored; 0 measured; 0 filtered out; finished in 0.00s
[INFO] [stdout] 
[INFO] [stderr]      Running tests/non_interference.rs (/opt/rustwide/target/release/deps/non_interference-e693cd7f155ab43d)
[INFO] [stdout] 
[INFO] [stdout] running 5 tests
[INFO] [stdout] test dsfb_does_not_modify_input_samples ... ok
[INFO] [stdout] test history_does_not_alias_input ... ok
[INFO] [stdout] test read_only_slice_values_unchanged ... ok
[INFO] [stdout] test independent_engines_produce_same_output ... ok
[INFO] [stdout] test process_read_only_cannot_mutate_source ... ok
[INFO] [stdout] 
[INFO] [stdout] test result: ok. 5 passed; 0 failed; 0 ignored; 0 measured; 0 filtered out; finished in 0.00s
[INFO] [stdout] 
[INFO] [stderr]      Running tests/real_data_3w.rs (/opt/rustwide/target/release/deps/real_data_3w-fba5a102aae9daa6)
[INFO] [stdout] 
[INFO] [stdout] running 6 tests
[INFO] [stdout] test oilwell_timestamps_valid ... FAILED
[INFO] [stdout] test dsfb_on_real_data_no_nan ... FAILED
[INFO] [stdout] test oilwell_choke_pressures_positive ... FAILED
[INFO] [stdout] test dsfb_real_data_detects_events ... FAILED
[INFO] [stdout] test dsfb_real_data_noise_compression ... FAILED
[INFO] [stdout] test oilwell_real_csv_loads ... FAILED
[INFO] [stdout] 
[INFO] [stdout] failures:
[INFO] [stdout] 
[INFO] [stdout] ---- oilwell_timestamps_valid stdout ----
[INFO] [stdout] 
[INFO] [stdout] thread 'oilwell_timestamps_valid' (915) panicked at tests/real_data_3w.rs:37:45:
[INFO] [stdout] called `Result::unwrap()` on an `Err` value: Csv(Error(Io(Os { code: 2, kind: NotFound, message: "No such file or directory" })))
[INFO] [stdout] stack backtrace:
[INFO] [stdout]    0:     0x5c41d5e13831 - <<std[70759c8f55707aa4]::sys::backtrace::BacktraceLock>::print::DisplayBacktrace as core[df12db4294e9bfd3]::fmt::Display>::fmt
[INFO] [stdout]    1:     0x5c41d5e282aa - core[df12db4294e9bfd3]::fmt::write
[INFO] [stdout]    2:     0x5c41d5e17ccc - <alloc[2182bb758b4b3781]::vec::Vec<u8> as core[df12db4294e9bfd3]::io::write::Write>::write_fmt
[INFO] [stdout]    3:     0x5c41d5defe26 - std[70759c8f55707aa4]::panicking::default_hook::{closure#0}
[INFO] [stdout]    4:     0x5c41d5e0bf99 - std[70759c8f55707aa4]::panicking::default_hook
[INFO] [stdout]    5:     0x5c41d5d9dbb0 - test[9d35eded1c95d3be]::test_main_inner::<test[9d35eded1c95d3be]::test_main_static::{closure#0}>::{closure#0}
[INFO] [stdout]    6:     0x5c41d5e0c152 - std[70759c8f55707aa4]::panicking::panic_with_hook
[INFO] [stdout]    7:     0x5c41d5defed2 - std[70759c8f55707aa4]::panicking::panic_handler::{closure#0}
[INFO] [stdout]    8:     0x5c41d5de8c59 - std[70759c8f55707aa4]::sys::backtrace::__rust_end_short_backtrace::<std[70759c8f55707aa4]::panicking::panic_handler::{closure#0}, !>
[INFO] [stdout]    9:     0x5c41d5df0acd - __rustc[8fa7c3cbc660c2b3]::rust_begin_unwind
[INFO] [stdout]   10:     0x5c41d5e289dc - core[df12db4294e9bfd3]::panicking::panic_fmt
[INFO] [stdout]   11:     0x5c41d5e287b2 - core[df12db4294e9bfd3]::result::unwrap_failed
[INFO] [stdout]   12:     0x5c41d5d902c6 - <real_data_3w[1dbb929c516b84bc]::oilwell_timestamps_valid::{closure#0} as core[df12db4294e9bfd3]::ops::function::FnOnce<()>>::call_once
[INFO] [stdout]   13:     0x5c41d5d90e9b - test[9d35eded1c95d3be]::__rust_begin_short_backtrace::<core[df12db4294e9bfd3]::result::Result<(), alloc[2182bb758b4b3781]::string::String>, fn() -> core[df12db4294e9bfd3]::result::Result<(), alloc[2182bb758b4b3781]::string::String>>
[INFO] [stdout]   14:     0x5c41d5d9e505 - test[9d35eded1c95d3be]::run_test::{closure#0}
[INFO] [stdout]   15:     0x5c41d5d97dc4 - std[70759c8f55707aa4]::sys::backtrace::__rust_begin_short_backtrace::<test[9d35eded1c95d3be]::run_test::{closure#1}, ()>
[INFO] [stdout]   16:     0x5c41d5da1662 - <std[70759c8f55707aa4]::thread::lifecycle::spawn_unchecked<test[9d35eded1c95d3be]::run_test::{closure#1}, ()>::{closure#1} as core[df12db4294e9bfd3]::ops::function::FnOnce<()>>::call_once::{shim:vtable#0}
[INFO] [stdout]   17:     0x5c41d5e13109 - <std[70759c8f55707aa4]::sys::thread::unix::Thread>::new::thread_start
[INFO] [stdout]   18:     0x7e0b2f819dfa - <unknown>
[INFO] [stdout]   19:     0x7e0b2f8ad3d4 - clone
[INFO] [stdout]   20:                0x0 - <unknown>
[INFO] [stdout] 
[INFO] [stdout] ---- dsfb_on_real_data_no_nan stdout ----
[INFO] [stdout] 
[INFO] [stdout] thread 'dsfb_on_real_data_no_nan' (910) panicked at tests/real_data_3w.rs:61:45:
[INFO] [stdout] called `Result::unwrap()` on an `Err` value: Csv(Error(Io(Os { code: 2, kind: NotFound, message: "No such file or directory" })))
[INFO] [stdout] stack backtrace:
[INFO] [stdout]    0:     0x5c41d5e13831 - <<std[70759c8f55707aa4]::sys::backtrace::BacktraceLock>::print::DisplayBacktrace as core[df12db4294e9bfd3]::fmt::Display>::fmt
[INFO] [stdout]    1:     0x5c41d5e282aa - core[df12db4294e9bfd3]::fmt::write
[INFO] [stdout]    2:     0x5c41d5e17ccc - <alloc[2182bb758b4b3781]::vec::Vec<u8> as core[df12db4294e9bfd3]::io::write::Write>::write_fmt
[INFO] [stdout]    3:     0x5c41d5defe26 - std[70759c8f55707aa4]::panicking::default_hook::{closure#0}
[INFO] [stdout]    4:     0x5c41d5e0bf99 - std[70759c8f55707aa4]::panicking::default_hook
[INFO] [stdout]    5:     0x5c41d5d9dbb0 - test[9d35eded1c95d3be]::test_main_inner::<test[9d35eded1c95d3be]::test_main_static::{closure#0}>::{closure#0}
[INFO] [stdout]    6:     0x5c41d5e0c152 - std[70759c8f55707aa4]::panicking::panic_with_hook
[INFO] [stdout]    7:     0x5c41d5defed2 - std[70759c8f55707aa4]::panicking::panic_handler::{closure#0}
[INFO] [stdout]    8:     0x5c41d5de8c59 - std[70759c8f55707aa4]::sys::backtrace::__rust_end_short_backtrace::<std[70759c8f55707aa4]::panicking::panic_handler::{closure#0}, !>
[INFO] [stdout]    9:     0x5c41d5df0acd - __rustc[8fa7c3cbc660c2b3]::rust_begin_unwind
[INFO] [stdout]   10:     0x5c41d5e289dc - core[df12db4294e9bfd3]::panicking::panic_fmt
[INFO] [stdout]   11:     0x5c41d5e287b2 - core[df12db4294e9bfd3]::result::unwrap_failed
[INFO] [stdout]   12:     0x5c41d5d8fe5e - <real_data_3w[1dbb929c516b84bc]::dsfb_on_real_data_no_nan::{closure#0} as core[df12db4294e9bfd3]::ops::function::FnOnce<()>>::call_once
[INFO] [stdout]   13:     0x5c41d5d90e9b - test[9d35eded1c95d3be]::__rust_begin_short_backtrace::<core[df12db4294e9bfd3]::result::Result<(), alloc[2182bb758b4b3781]::string::String>, fn() -> core[df12db4294e9bfd3]::result::Result<(), alloc[2182bb758b4b3781]::string::String>>
[INFO] [stdout]   14:     0x5c41d5d9e505 - test[9d35eded1c95d3be]::run_test::{closure#0}
[INFO] [stdout]   15:     0x5c41d5d97dc4 - std[70759c8f55707aa4]::sys::backtrace::__rust_begin_short_backtrace::<test[9d35eded1c95d3be]::run_test::{closure#1}, ()>
[INFO] [stdout]   16:     0x5c41d5da1662 - <std[70759c8f55707aa4]::thread::lifecycle::spawn_unchecked<test[9d35eded1c95d3be]::run_test::{closure#1}, ()>::{closure#1} as core[df12db4294e9bfd3]::ops::function::FnOnce<()>>::call_once::{shim:vtable#0}
[INFO] [stdout]   17:     0x5c41d5e13109 - <std[70759c8f55707aa4]::sys::thread::unix::Thread>::new::thread_start
[INFO] [stdout]   18:     0x7e0b2f819dfa - <unknown>
[INFO] [stdout]   19:     0x7e0b2f8ad3d4 - clone
[INFO] [stdout]   20:                0x0 - <unknown>
[INFO] [stdout] 
[INFO] [stdout] ---- oilwell_choke_pressures_positive stdout ----
[INFO] [stdout] 
[INFO] [stdout] thread 'oilwell_choke_pressures_positive' (913) panicked at tests/real_data_3w.rs:47:45:
[INFO] [stdout] called `Result::unwrap()` on an `Err` value: Csv(Error(Io(Os { code: 2, kind: NotFound, message: "No such file or directory" })))
[INFO] [stdout] stack backtrace:
[INFO] [stdout]    0:     0x5c41d5e13831 - <<std[70759c8f55707aa4]::sys::backtrace::BacktraceLock>::print::DisplayBacktrace as core[df12db4294e9bfd3]::fmt::Display>::fmt
[INFO] [stdout]    1:     0x5c41d5e282aa - core[df12db4294e9bfd3]::fmt::write
[INFO] [stdout]    2:     0x5c41d5e17ccc - <alloc[2182bb758b4b3781]::vec::Vec<u8> as core[df12db4294e9bfd3]::io::write::Write>::write_fmt
[INFO] [stdout]    3:     0x5c41d5defe26 - std[70759c8f55707aa4]::panicking::default_hook::{closure#0}
[INFO] [stdout]    4:     0x5c41d5e0bf99 - std[70759c8f55707aa4]::panicking::default_hook
[INFO] [stdout]    5:     0x5c41d5d9dbb0 - test[9d35eded1c95d3be]::test_main_inner::<test[9d35eded1c95d3be]::test_main_static::{closure#0}>::{closure#0}
[INFO] [stdout]    6:     0x5c41d5e0c152 - std[70759c8f55707aa4]::panicking::panic_with_hook
[INFO] [stdout]    7:     0x5c41d5defed2 - std[70759c8f55707aa4]::panicking::panic_handler::{closure#0}
[INFO] [stdout]    8:     0x5c41d5de8c59 - std[70759c8f55707aa4]::sys::backtrace::__rust_end_short_backtrace::<std[70759c8f55707aa4]::panicking::panic_handler::{closure#0}, !>
[INFO] [stdout]    9:     0x5c41d5df0acd - __rustc[8fa7c3cbc660c2b3]::rust_begin_unwind
[INFO] [stdout]   10:     0x5c41d5e289dc - core[df12db4294e9bfd3]::panicking::panic_fmt
[INFO] [stdout]   11:     0x5c41d5e287b2 - core[df12db4294e9bfd3]::result::unwrap_failed
[INFO] [stdout]   12:     0x5c41d5d90dbe - <real_data_3w[1dbb929c516b84bc]::oilwell_choke_pressures_positive::{closure#0} as core[df12db4294e9bfd3]::ops::function::FnOnce<()>>::call_once
[INFO] [stdout]   13:     0x5c41d5d90e9b - test[9d35eded1c95d3be]::__rust_begin_short_backtrace::<core[df12db4294e9bfd3]::result::Result<(), alloc[2182bb758b4b3781]::string::String>, fn() -> core[df12db4294e9bfd3]::result::Result<(), alloc[2182bb758b4b3781]::string::String>>
[INFO] [stdout]   14:     0x5c41d5d9e505 - test[9d35eded1c95d3be]::run_test::{closure#0}
[INFO] [stdout]   15:     0x5c41d5d97dc4 - std[70759c8f55707aa4]::sys::backtrace::__rust_begin_short_backtrace::<test[9d35eded1c95d3be]::run_test::{closure#1}, ()>
[INFO] [stdout]   16:     0x5c41d5da1662 - <std[70759c8f55707aa4]::thread::lifecycle::spawn_unchecked<test[9d35eded1c95d3be]::run_test::{closure#1}, ()>::{closure#1} as core[df12db4294e9bfd3]::ops::function::FnOnce<()>>::call_once::{shim:vtable#0}
[INFO] [stdout]   17:     0x5c41d5e13109 - <std[70759c8f55707aa4]::sys::thread::unix::Thread>::new::thread_start
[INFO] [stdout]   18:     0x7e0b2f819dfa - <unknown>
[INFO] [stdout]   19:     0x7e0b2f8ad3d4 - clone
[INFO] [stdout]   20:                0x0 - <unknown>
[INFO] [stdout] 
[INFO] [stdout] ---- dsfb_real_data_detects_events stdout ----
[INFO] [stdout] 
[INFO] [stdout] thread 'dsfb_real_data_detects_events' (911) panicked at tests/real_data_3w.rs:102:45:
[INFO] [stdout] called `Result::unwrap()` on an `Err` value: Csv(Error(Io(Os { code: 2, kind: NotFound, message: "No such file or directory" })))
[INFO] [stdout] stack backtrace:
[INFO] [stdout]    0:     0x5c41d5e13831 - <<std[70759c8f55707aa4]::sys::backtrace::BacktraceLock>::print::DisplayBacktrace as core[df12db4294e9bfd3]::fmt::Display>::fmt
[INFO] [stdout]    1:     0x5c41d5e282aa - core[df12db4294e9bfd3]::fmt::write
[INFO] [stdout]    2:     0x5c41d5e17ccc - <alloc[2182bb758b4b3781]::vec::Vec<u8> as core[df12db4294e9bfd3]::io::write::Write>::write_fmt
[INFO] [stdout]    3:     0x5c41d5defe26 - std[70759c8f55707aa4]::panicking::default_hook::{closure#0}
[INFO] [stdout]    4:     0x5c41d5e0bf99 - std[70759c8f55707aa4]::panicking::default_hook
[INFO] [stdout]    5:     0x5c41d5d9dbb0 - test[9d35eded1c95d3be]::test_main_inner::<test[9d35eded1c95d3be]::test_main_static::{closure#0}>::{closure#0}
[INFO] [stdout]    6:     0x5c41d5e0c152 - std[70759c8f55707aa4]::panicking::panic_with_hook
[INFO] [stdout]    7:     0x5c41d5defed2 - std[70759c8f55707aa4]::panicking::panic_handler::{closure#0}
[INFO] [stdout]    8:     0x5c41d5de8c59 - std[70759c8f55707aa4]::sys::backtrace::__rust_end_short_backtrace::<std[70759c8f55707aa4]::panicking::panic_handler::{closure#0}, !>
[INFO] [stdout]    9:     0x5c41d5df0acd - __rustc[8fa7c3cbc660c2b3]::rust_begin_unwind
[INFO] [stdout]   10:     0x5c41d5e289dc - core[df12db4294e9bfd3]::panicking::panic_fmt
[INFO] [stdout]   11:     0x5c41d5e287b2 - core[df12db4294e9bfd3]::result::unwrap_failed
[INFO] [stdout]   12:     0x5c41d5d906ed - <real_data_3w[1dbb929c516b84bc]::dsfb_real_data_detects_events::{closure#0} as core[df12db4294e9bfd3]::ops::function::FnOnce<()>>::call_once
[INFO] [stdout]   13:     0x5c41d5d90e9b - test[9d35eded1c95d3be]::__rust_begin_short_backtrace::<core[df12db4294e9bfd3]::result::Result<(), alloc[2182bb758b4b3781]::string::String>, fn() -> core[df12db4294e9bfd3]::result::Result<(), alloc[2182bb758b4b3781]::string::String>>
[INFO] [stdout]   14:     0x5c41d5d9e505 - test[9d35eded1c95d3be]::run_test::{closure#0}
[INFO] [stdout]   15:     0x5c41d5d97dc4 - std[70759c8f55707aa4]::sys::backtrace::__rust_begin_short_backtrace::<test[9d35eded1c95d3be]::run_test::{closure#1}, ()>
[INFO] [stdout]   16:     0x5c41d5da1662 - <std[70759c8f55707aa4]::thread::lifecycle::spawn_unchecked<test[9d35eded1c95d3be]::run_test::{closure#1}, ()>::{closure#1} as core[df12db4294e9bfd3]::ops::function::FnOnce<()>>::call_once::{shim:vtable#0}
[INFO] [stdout]   17:     0x5c41d5e13109 - <std[70759c8f55707aa4]::sys::thread::unix::Thread>::new::thread_start
[INFO] [stdout]   18:     0x7e0b2f819dfa - <unknown>
[INFO] [stdout]   19:     0x7e0b2f8ad3d4 - clone
[INFO] [stdout]   20:                0x0 - <unknown>
[INFO] [stdout] 
[INFO] [stdout] ---- dsfb_real_data_noise_compression stdout ----
[INFO] [stdout] 
[INFO] [stdout] thread 'dsfb_real_data_noise_compression' (912) panicked at tests/real_data_3w.rs:81:45:
[INFO] [stdout] called `Result::unwrap()` on an `Err` value: Csv(Error(Io(Os { code: 2, kind: NotFound, message: "No such file or directory" })))
[INFO] [stdout] stack backtrace:
[INFO] [stdout]    0:     0x5c41d5e13831 - <<std[70759c8f55707aa4]::sys::backtrace::BacktraceLock>::print::DisplayBacktrace as core[df12db4294e9bfd3]::fmt::Display>::fmt
[INFO] [stdout]    1:     0x5c41d5e282aa - core[df12db4294e9bfd3]::fmt::write
[INFO] [stdout]    2:     0x5c41d5e17ccc - <alloc[2182bb758b4b3781]::vec::Vec<u8> as core[df12db4294e9bfd3]::io::write::Write>::write_fmt
[INFO] [stdout]    3:     0x5c41d5defe26 - std[70759c8f55707aa4]::panicking::default_hook::{closure#0}
[INFO] [stdout]    4:     0x5c41d5e0bf99 - std[70759c8f55707aa4]::panicking::default_hook
[INFO] [stdout]    5:     0x5c41d5d9dbb0 - test[9d35eded1c95d3be]::test_main_inner::<test[9d35eded1c95d3be]::test_main_static::{closure#0}>::{closure#0}
[INFO] [stdout]    6:     0x5c41d5e0c152 - std[70759c8f55707aa4]::panicking::panic_with_hook
[INFO] [stdout]    7:     0x5c41d5defed2 - std[70759c8f55707aa4]::panicking::panic_handler::{closure#0}
[INFO] [stdout]    8:     0x5c41d5de8c59 - std[70759c8f55707aa4]::sys::backtrace::__rust_end_short_backtrace::<std[70759c8f55707aa4]::panicking::panic_handler::{closure#0}, !>
[INFO] [stdout]    9:     0x5c41d5df0acd - __rustc[8fa7c3cbc660c2b3]::rust_begin_unwind
[INFO] [stdout]   10:     0x5c41d5e289dc - core[df12db4294e9bfd3]::panicking::panic_fmt
[INFO] [stdout]   11:     0x5c41d5e287b2 - core[df12db4294e9bfd3]::result::unwrap_failed
[INFO] [stdout]   12:     0x5c41d5d90b42 - <real_data_3w[1dbb929c516b84bc]::dsfb_real_data_noise_compression::{closure#0} as core[df12db4294e9bfd3]::ops::function::FnOnce<()>>::call_once
[INFO] [stdout]   13:     0x5c41d5d90e9b - test[9d35eded1c95d3be]::__rust_begin_short_backtrace::<core[df12db4294e9bfd3]::result::Result<(), alloc[2182bb758b4b3781]::string::String>, fn() -> core[df12db4294e9bfd3]::result::Result<(), alloc[2182bb758b4b3781]::string::String>>
[INFO] [stdout]   14:     0x5c41d5d9e505 - test[9d35eded1c95d3be]::run_test::{closure#0}
[INFO] [stdout]   15:     0x5c41d5d97dc4 - std[70759c8f55707aa4]::sys::backtrace::__rust_begin_short_backtrace::<test[9d35eded1c95d3be]::run_test::{closure#1}, ()>
[INFO] [stdout]   16:     0x5c41d5da1662 - <std[70759c8f55707aa4]::thread::lifecycle::spawn_unchecked<test[9d35eded1c95d3be]::run_test::{closure#1}, ()>::{closure#1} as core[df12db4294e9bfd3]::ops::function::FnOnce<()>>::call_once::{shim:vtable#0}
[INFO] [stdout]   17:     0x5c41d5e13109 - <std[70759c8f55707aa4]::sys::thread::unix::Thread>::new::thread_start
[INFO] [stdout]   18:     0x7e0b2f819dfa - <unknown>
[INFO] [stdout]   19:     0x7e0b2f8ad3d4 - clone
[INFO] [stdout]   20:                0x0 - <unknown>
[INFO] [stdout] 
[INFO] [stdout] ---- oilwell_real_csv_loads stdout ----
[INFO] [stdout] 
[INFO] [stdout] thread 'oilwell_real_csv_loads' (914) panicked at tests/real_data_3w.rs:26:10:
[INFO] [stdout] load_oilwell_csv should succeed for real 3W data: Csv(Error(Io(Os { code: 2, kind: NotFound, message: "No such file or directory" })))
[INFO] [stdout] stack backtrace:
[INFO] [stdout]    0:     0x5c41d5e13831 - <<std[70759c8f55707aa4]::sys::backtrace::BacktraceLock>::print::DisplayBacktrace as core[df12db4294e9bfd3]::fmt::Display>::fmt
[INFO] [stdout]    1:     0x5c41d5e282aa - core[df12db4294e9bfd3]::fmt::write
[INFO] [stdout]    2:     0x5c41d5e17ccc - <alloc[2182bb758b4b3781]::vec::Vec<u8> as core[df12db4294e9bfd3]::io::write::Write>::write_fmt
[INFO] [stdout]    3:     0x5c41d5defe26 - std[70759c8f55707aa4]::panicking::default_hook::{closure#0}
[INFO] [stdout]    4:     0x5c41d5e0bf99 - std[70759c8f55707aa4]::panicking::default_hook
[INFO] [stdout]    5:     0x5c41d5d9dbb0 - test[9d35eded1c95d3be]::test_main_inner::<test[9d35eded1c95d3be]::test_main_static::{closure#0}>::{closure#0}
[INFO] [stdout]    6:     0x5c41d5e0c152 - std[70759c8f55707aa4]::panicking::panic_with_hook
[INFO] [stdout]    7:     0x5c41d5defed2 - std[70759c8f55707aa4]::panicking::panic_handler::{closure#0}
[INFO] [stdout]    8:     0x5c41d5de8c59 - std[70759c8f55707aa4]::sys::backtrace::__rust_end_short_backtrace::<std[70759c8f55707aa4]::panicking::panic_handler::{closure#0}, !>
[INFO] [stdout]    9:     0x5c41d5df0acd - __rustc[8fa7c3cbc660c2b3]::rust_begin_unwind
[INFO] [stdout]   10:     0x5c41d5e289dc - core[df12db4294e9bfd3]::panicking::panic_fmt
[INFO] [stdout]   11:     0x5c41d5e287b2 - core[df12db4294e9bfd3]::result::unwrap_failed
[INFO] [stdout]   12:     0x5c41d5d8fa1c - <real_data_3w[1dbb929c516b84bc]::oilwell_real_csv_loads::{closure#0} as core[df12db4294e9bfd3]::ops::function::FnOnce<()>>::call_once
[INFO] [stdout]   13:     0x5c41d5d90e9b - test[9d35eded1c95d3be]::__rust_begin_short_backtrace::<core[df12db4294e9bfd3]::result::Result<(), alloc[2182bb758b4b3781]::string::String>, fn() -> core[df12db4294e9bfd3]::result::Result<(), alloc[2182bb758b4b3781]::string::String>>
[INFO] [stdout]   14:     0x5c41d5d9e505 - test[9d35eded1c95d3be]::run_test::{closure#0}
[INFO] [stdout]   15:     0x5c41d5d97dc4 - std[70759c8f55707aa4]::sys::backtrace::__rust_begin_short_backtrace::<test[9d35eded1c95d3be]::run_test::{closure#1}, ()>
[INFO] [stdout]   16:     0x5c41d5da1662 - <std[70759c8f55707aa4]::thread::lifecycle::spawn_unchecked<test[9d35eded1c95d3be]::run_test::{closure#1}, ()>::{closure#1} as core[df12db4294e9bfd3]::ops::function::FnOnce<()>>::call_once::{shim:vtable#0}
[INFO] [stdout]   17:     0x5c41d5e13109 - <std[70759c8f55707aa4]::sys::thread::unix::Thread>::new::thread_start
[INFO] [stdout]   18:     0x7e0b2f819dfa - <unknown>
[INFO] [stdout]   19:     0x7e0b2f8ad3d4 - clone
[INFO] [stdout]   20:                0x0 - <unknown>
[INFO] [stdout] 
[INFO] [stdout] 
[INFO] [stdout] failures:
[INFO] [stdout]     dsfb_on_real_data_no_nan
[INFO] [stdout]     dsfb_real_data_detects_events
[INFO] [stdout]     dsfb_real_data_noise_compression
[INFO] [stdout]     oilwell_choke_pressures_positive
[INFO] [stdout]     oilwell_real_csv_loads
[INFO] [stdout]     oilwell_timestamps_valid
[INFO] [stdout] 
[INFO] [stdout] test result: FAILED. 0 passed; 6 failed; 0 ignored; 0 measured; 0 filtered out; finished in 0.00s
[INFO] [stdout] 
[INFO] [stderr] error: test failed, to rerun pass `--test real_data_3w`
[INFO] running `Command { std: "docker" "inspect" "2e781ba5c5092bdc430d85cc61e28416cc255be98490c6fef2fdb0de84092775", kill_on_drop: false }`
[INFO] running `Command { std: "docker" "rm" "-f" "2e781ba5c5092bdc430d85cc61e28416cc255be98490c6fef2fdb0de84092775", kill_on_drop: false }`
[INFO] [stdout] 2e781ba5c5092bdc430d85cc61e28416cc255be98490c6fef2fdb0de84092775
