[INFO] fetching crate dsfb-computer-graphics 0.1.1...
[INFO] testing dsfb-computer-graphics-0.1.1 against 1.100.0-beta.1+cargoflags=--release for beta-release-1.100-2
[INFO] extracting crate dsfb-computer-graphics 0.1.1 into /workspace/builds/worker-1-tc2/source
[INFO] started tweaking crates.io crate dsfb-computer-graphics 0.1.1
[INFO] removed 0 missing tests
[INFO] finished tweaking crates.io crate dsfb-computer-graphics 0.1.1
[INFO] tweaked toml for crates.io crate dsfb-computer-graphics 0.1.1 written to /workspace/builds/worker-1-tc2/source/Cargo.toml
[INFO] validating manifest of crates.io crate dsfb-computer-graphics 0.1.1 on toolchain 1.100.0-beta.1
[INFO] running `Command { std: CARGO_HOME="/workspace/cargo-home" RUSTUP_HOME="/workspace/rustup-home" "/workspace/cargo-home/bin/cargo" "+1.100.0-beta.1" "metadata" "--manifest-path" "Cargo.toml" "--no-deps", kill_on_drop: false }`
[INFO] crate crates.io crate dsfb-computer-graphics 0.1.1 already has a lockfile, it will not be regenerated
[INFO] running `Command { std: CARGO_HOME="/workspace/cargo-home" RUSTUP_HOME="/workspace/rustup-home" "/workspace/cargo-home/bin/cargo" "+1.100.0-beta.1" "fetch" "--manifest-path" "Cargo.toml", kill_on_drop: false }`
[INFO] running `Command { std: "docker" "create" "-v" "/var/lib/crater-agent-workspace/builds/worker-1-tc2/source:/opt/rustwide/workdir:ro,Z" "-v" "/var/lib/crater-agent-workspace/builds/worker-1-tc2/target:/opt/rustwide/target:rw,Z" "-v" "/var/lib/crater-agent-workspace/cargo-home:/opt/rustwide/cargo-home:ro,Z" "-v" "/var/lib/crater-agent-workspace/rustup-home:/opt/rustwide/rustup-home:ro,Z" "-m" "1610612736" "--network" "none" "ghcr.io/rust-lang/crates-build-env/linux@sha256:77db811e55d90add9212f6832c23229e3de5f1c1f9905e8cb07319ea15df73ac" "sleep" "infinity", kill_on_drop: false }`
[INFO] [stdout] 2db311666fb9bfb082c07fecf6df31af13bc706e0b126d807f49d84cc011a7ab
[INFO] running `Command { std: "docker" "start" "2db311666fb9bfb082c07fecf6df31af13bc706e0b126d807f49d84cc011a7ab", kill_on_drop: false }`
[INFO] running `Command { std: "docker" "inspect" "2db311666fb9bfb082c07fecf6df31af13bc706e0b126d807f49d84cc011a7ab", kill_on_drop: false }`
[INFO] running `Command { std: "docker" "exec" "-e" "SOURCE_DIR=/opt/rustwide/workdir" "-e" "CARGO_HOME=/opt/rustwide/cargo-home" "-e" "RUSTUP_HOME=/opt/rustwide/rustup-home" "-e" "CARGO_TARGET_DIR=/opt/rustwide/target" "-w" "/opt/rustwide/workdir" "--user" "0:0" "2db311666fb9bfb082c07fecf6df31af13bc706e0b126d807f49d84cc011a7ab" "/opt/rustwide/cargo-home/bin/cargo" "+1.100.0-beta.1" "metadata" "--no-deps" "--format-version=1", kill_on_drop: false }`
[INFO] running `Command { std: "docker" "inspect" "2db311666fb9bfb082c07fecf6df31af13bc706e0b126d807f49d84cc011a7ab", kill_on_drop: false }`
[INFO] running `Command { std: "docker" "exec" "-e" "SOURCE_DIR=/opt/rustwide/workdir" "-e" "CARGO_HOME=/opt/rustwide/cargo-home" "-e" "RUSTUP_HOME=/opt/rustwide/rustup-home" "-e" "CARGO_TARGET_DIR=/opt/rustwide/target" "-e" "CARGO_INCREMENTAL=0" "-e" "RUST_BACKTRACE=full" "-e" "RUSTFLAGS=--cap-lints=warn" "-e" "RUSTDOCFLAGS=--cap-lints=warn" "-w" "/opt/rustwide/workdir" "--user" "0:0" "2db311666fb9bfb082c07fecf6df31af13bc706e0b126d807f49d84cc011a7ab" "/opt/rustwide/cargo-home/bin/cargo" "+1.100.0-beta.1" "build" "--frozen" "--message-format=json" "--release", kill_on_drop: false }`
[INFO] [stderr]    Compiling zerocopy v0.8.47
[INFO] [stderr]    Compiling bitflags v2.11.0
[INFO] [stderr]    Compiling cfg_aliases v0.1.1
[INFO] [stderr]    Compiling zerocopy-derive v0.8.47
[INFO] [stderr]    Compiling ahash v0.8.12
[INFO] [stderr]    Compiling num-traits v0.2.19
[INFO] [stderr]    Compiling simd-adler32 v0.3.8
[INFO] [stderr]    Compiling smallvec v1.15.1
[INFO] [stderr]    Compiling thiserror-impl v1.0.69
[INFO] [stderr]    Compiling bit-vec v0.6.3
[INFO] [stderr]    Compiling unicode-width v0.1.14
[INFO] [stderr]    Compiling ash v0.37.3+1.3.251
[INFO] [stderr]    Compiling termcolor v1.4.1
[INFO] [stderr]    Compiling parking_lot_core v0.9.12
[INFO] [stderr]    Compiling miniz_oxide v0.8.9
[INFO] [stderr]    Compiling bit-set v0.5.3
[INFO] [stderr]    Compiling spirv v0.3.0+sdk-1.3.268.0
[INFO] [stderr]    Compiling gpu-alloc-types v0.3.0
[INFO] [stderr]    Compiling gpu-descriptor-types v0.1.2
[INFO] [stderr]    Compiling codespan-reporting v0.11.1
[INFO] [stderr]    Compiling wgpu-hal v0.19.5
[INFO] [stderr]    Compiling libloading v0.7.4
[INFO] [stderr]    Compiling unicode-xid v0.2.6
[INFO] [stderr]    Compiling khronos-egl v6.0.0
[INFO] [stderr]    Compiling thiserror v1.0.69
[INFO] [stderr]    Compiling gpu-alloc v0.6.0
[INFO] [stderr]    Compiling parking_lot v0.12.5
[INFO] [stderr]    Compiling wgpu-types v0.19.2
[INFO] [stderr]    Compiling naga v0.19.2
[INFO] [stderr]    Compiling wgpu-core v0.19.4
[INFO] [stderr]    Compiling profiling v1.0.17
[INFO] [stderr]    Compiling glow v0.13.1
[INFO] [stderr]    Compiling renderdoc-sys v1.1.0
[INFO] [stderr]    Compiling flate2 v1.1.9
[INFO] [stderr]    Compiling wgpu v0.19.4
[INFO] [stderr]    Compiling zune-inflate v0.2.54
[INFO] [stderr]    Compiling fdeflate v0.3.7
[INFO] [stderr]    Compiling bytemuck_derive v1.10.2
[INFO] [stderr]    Compiling lebe v0.5.3
[INFO] [stderr]    Compiling bit_field v0.10.3
[INFO] [stderr]    Compiling png v0.17.16
[INFO] [stderr]    Compiling serde_derive v1.0.228
[INFO] [stderr]    Compiling static_assertions v1.1.0
[INFO] [stderr]    Compiling color_quant v1.1.0
[INFO] [stderr]    Compiling bytemuck v1.25.0
[INFO] [stderr]    Compiling jpeg-decoder v0.3.2
[INFO] [stderr]    Compiling pollster v0.3.0
[INFO] [stderr]    Compiling serde v1.0.228
[INFO] [stderr]    Compiling half v2.7.1
[INFO] [stderr]    Compiling hashbrown v0.14.5
[INFO] [stderr]    Compiling exr v1.74.0
[INFO] [stderr]    Compiling gpu-descriptor v0.2.4
[INFO] [stderr]    Compiling image v0.24.9
[INFO] [stderr]    Compiling dsfb-computer-graphics v0.1.1 (/opt/rustwide/workdir)
[INFO] [stderr]     Finished `release` profile [optimized] target(s) in 4m 36s
[INFO] [stderr] warning: the following packages contain code that will be rejected by a future version of Rust: wgpu v0.19.4, wgpu-core v0.19.4, wgpu-hal v0.19.5
[INFO] [stderr] note: to see what the problems were, use the option `--future-incompat-report`, or run `cargo report future-incompatibilities --id 1`
[INFO] running `Command { std: "docker" "inspect" "2db311666fb9bfb082c07fecf6df31af13bc706e0b126d807f49d84cc011a7ab", kill_on_drop: false }`
[INFO] running `Command { std: "docker" "exec" "-e" "SOURCE_DIR=/opt/rustwide/workdir" "-e" "CARGO_HOME=/opt/rustwide/cargo-home" "-e" "RUSTUP_HOME=/opt/rustwide/rustup-home" "-e" "CARGO_TARGET_DIR=/opt/rustwide/target" "-e" "CARGO_INCREMENTAL=0" "-e" "RUST_BACKTRACE=full" "-e" "RUSTFLAGS=--cap-lints=warn" "-e" "RUSTDOCFLAGS=--cap-lints=warn" "-w" "/opt/rustwide/workdir" "--user" "0:0" "2db311666fb9bfb082c07fecf6df31af13bc706e0b126d807f49d84cc011a7ab" "/opt/rustwide/cargo-home/bin/cargo" "+1.100.0-beta.1" "test" "--frozen" "--no-run" "--message-format=json" "--release", kill_on_drop: false }`
[INFO] [stderr]    Compiling futures-core v0.3.32
[INFO] [stderr]    Compiling sdd v3.0.10
[INFO] [stderr]    Compiling serial_test_derive v3.4.0
[INFO] [stderr]    Compiling futures-util v0.3.32
[INFO] [stderr]    Compiling scc v2.4.0
[INFO] [stderr]    Compiling futures-executor v0.3.32
[INFO] [stderr]    Compiling serial_test v3.4.0
[INFO] [stderr]    Compiling dsfb-computer-graphics v0.1.1 (/opt/rustwide/workdir)
[INFO] [stderr]     Finished `release` profile [optimized] target(s) in 21.84s
[INFO] [stderr] warning: the following packages contain code that will be rejected by a future version of Rust: wgpu v0.19.4, wgpu-core v0.19.4, wgpu-hal v0.19.5
[INFO] [stderr] note: to see what the problems were, use the option `--future-incompat-report`, or run `cargo report future-incompatibilities --id 1`
[INFO] running `Command { std: "docker" "inspect" "2db311666fb9bfb082c07fecf6df31af13bc706e0b126d807f49d84cc011a7ab", kill_on_drop: false }`
[INFO] running `Command { std: "docker" "exec" "-e" "SOURCE_DIR=/opt/rustwide/workdir" "-e" "CARGO_HOME=/opt/rustwide/cargo-home" "-e" "RUSTUP_HOME=/opt/rustwide/rustup-home" "-e" "CARGO_TARGET_DIR=/opt/rustwide/target" "-e" "CARGO_INCREMENTAL=0" "-e" "RUST_BACKTRACE=full" "-e" "RUSTFLAGS=--cap-lints=warn" "-e" "RUSTDOCFLAGS=--cap-lints=warn" "-w" "/opt/rustwide/workdir" "--user" "0:0" "2db311666fb9bfb082c07fecf6df31af13bc706e0b126d807f49d84cc011a7ab" "/opt/rustwide/cargo-home/bin/cargo" "+1.100.0-beta.1" "test" "--frozen" "--release", kill_on_drop: false }`
[INFO] [stderr]     Finished `release` profile [optimized] target(s) in 0.25s
[INFO] [stderr] warning: the following packages contain code that will be rejected by a future version of Rust: wgpu v0.19.4, wgpu-core v0.19.4, wgpu-hal v0.19.5
[INFO] [stderr] note: to see what the problems were, use the option `--future-incompat-report`, or run `cargo report future-incompatibilities --id 1`
[INFO] [stderr]      Running unittests src/lib.rs (/opt/rustwide/target/release/build/dsfb-computer-graphics/f5f644023e2cd96a/out/dsfb_computer_graphics-f5f644023e2cd96a)
[INFO] [stdout] 
[INFO] [stdout] running 0 tests
[INFO] [stdout] 
[INFO] [stdout] test result: ok. 0 passed; 0 failed; 0 ignored; 0 measured; 0 filtered out; finished in 0.00s
[INFO] [stdout] 
[INFO] [stderr]      Running unittests src/main.rs (/opt/rustwide/target/release/build/dsfb-computer-graphics/39144cb3ee88761a/out/dsfb_computer_graphics-39144cb3ee88761a)
[INFO] [stderr]      Running tests/colab_notebook.rs (/opt/rustwide/target/release/build/dsfb-computer-graphics/d883cc6bcfd10cda/out/colab_notebook-d883cc6bcfd10cda)
[INFO] [stdout] 
[INFO] [stdout] running 0 tests
[INFO] [stdout] 
[INFO] [stdout] test result: ok. 0 passed; 0 failed; 0 ignored; 0 measured; 0 filtered out; finished in 0.00s
[INFO] [stdout] 
[INFO] [stdout] 
[INFO] [stdout] running 4 tests
[INFO] [stdout] test notebook_json_is_valid_and_contains_required_controls ... ok
[INFO] [stdout] test colab_documentation_describes_bundle_outputs ... ok
[INFO] [stdout] test timestamped_output_layout_helpers_create_expected_paths ... FAILED
[INFO] [stdout] test run_all_writes_notebook_manifest_with_relative_paths ... FAILED
[INFO] [stdout] 
[INFO] [stdout] failures:
[INFO] [stdout] 
[INFO] [stdout] ---- timestamped_output_layout_helpers_create_expected_paths stdout ----
[INFO] [stdout] 
[INFO] [stdout] thread 'timestamped_output_layout_helpers_create_expected_paths' (1369) panicked at tests/colab_notebook.rs:24:30:
[INFO] [stdout] test output directory should be creatable: Os { code: 30, kind: ReadOnlyFilesystem, message: "Read-only file system" }
[INFO] [stdout] stack backtrace:
[INFO] [stdout]    0:     0x59eaad3bb141 - <<std[617be2ca0a6fd877]::sys::backtrace::BacktraceLock>::print::DisplayBacktrace as core[a373ad73a504971]::fmt::Display>::fmt
[INFO] [stdout]    1:     0x59eaad3d344a - core[a373ad73a504971]::fmt::write
[INFO] [stdout]    2:     0x59eaad3bf4ac - <alloc[2e1b2a31b91974c5]::vec::Vec<u8> as core[a373ad73a504971]::io::write::Write>::write_fmt
[INFO] [stdout]    3:     0x59eaad394f76 - std[617be2ca0a6fd877]::panicking::default_hook::{closure#0}
[INFO] [stdout]    4:     0x59eaad3b2129 - std[617be2ca0a6fd877]::panicking::default_hook
[INFO] [stdout]    5:     0x59eaacdd8680 - test[aada8e7e76ba119b]::test_main_inner::{closure#0}
[INFO] [stdout]    6:     0x59eaad3b22e2 - std[617be2ca0a6fd877]::panicking::panic_with_hook
[INFO] [stdout]    7:     0x59eaad395022 - std[617be2ca0a6fd877]::panicking::panic_handler::{closure#0}
[INFO] [stdout]    8:     0x59eaad38da59 - std[617be2ca0a6fd877]::sys::backtrace::__rust_end_short_backtrace::<std[617be2ca0a6fd877]::panicking::panic_handler::{closure#0}, !>
[INFO] [stdout]    9:     0x59eaad395c2d - __rustc[ea4f61d10b84890b]::rust_begin_unwind
[INFO] [stdout]   10:     0x59eaad3d3b7c - core[a373ad73a504971]::panicking::panic_fmt
[INFO] [stdout]   11:     0x59eaad3d3952 - core[a373ad73a504971]::result::unwrap_failed
[INFO] [stdout]   12:     0x59eaacdc4ab8 - colab_notebook[94c518c68ebe160c]::unique_output_dir
[INFO] [stdout]   13:     0x59eaacdc6c0d - <colab_notebook[94c518c68ebe160c]::timestamped_output_layout_helpers_create_expected_paths::{closure#0} as core[a373ad73a504971]::ops::function::FnOnce<()>>::call_once
[INFO] [stdout]   14:     0x59eaacdcbacb - test[aada8e7e76ba119b]::__rust_begin_short_backtrace::<core[a373ad73a504971]::result::Result<(), alloc[2e1b2a31b91974c5]::string::String>, fn() -> core[a373ad73a504971]::result::Result<(), alloc[2e1b2a31b91974c5]::string::String>>
[INFO] [stdout]   15:     0x59eaacdd8ca5 - test[aada8e7e76ba119b]::run_test::{closure#0}
[INFO] [stdout]   16:     0x59eaacdd2594 - std[617be2ca0a6fd877]::sys::backtrace::__rust_begin_short_backtrace::<test[aada8e7e76ba119b]::run_test::{closure#1}, ()>
[INFO] [stdout]   17:     0x59eaacddbd32 - <std[617be2ca0a6fd877]::thread::lifecycle::spawn_unchecked<test[aada8e7e76ba119b]::run_test::{closure#1}, ()>::{closure#1} as core[a373ad73a504971]::ops::function::FnOnce<()>>::call_once::{shim:vtable#0}
[INFO] [stdout]   18:     0x59eaad3ba05f - <std[617be2ca0a6fd877]::sys::thread::unix::Thread>::new::thread_start
[INFO] [stdout]   19:     0x74b19f069dfa - <unknown>
[INFO] [stdout]   20:     0x74b19f0fd3d4 - clone
[INFO] [stdout]   21:                0x0 - <unknown>
[INFO] [stdout] 
[INFO] [stdout] ---- run_all_writes_notebook_manifest_with_relative_paths stdout ----
[INFO] [stdout] 
[INFO] [stdout] thread 'run_all_writes_notebook_manifest_with_relative_paths' (1368) panicked at tests/colab_notebook.rs:24:30:
[INFO] [stdout] test output directory should be creatable: Os { code: 30, kind: ReadOnlyFilesystem, message: "Read-only file system" }
[INFO] [stdout] stack backtrace:
[INFO] [stdout]    0:     0x59eaad3bb141 - <<std[617be2ca0a6fd877]::sys::backtrace::BacktraceLock>::print::DisplayBacktrace as core[a373ad73a504971]::fmt::Display>::fmt
[INFO] [stdout]    1:     0x59eaad3d344a - core[a373ad73a504971]::fmt::write
[INFO] [stdout]    2:     0x59eaad3bf4ac - <alloc[2e1b2a31b91974c5]::vec::Vec<u8> as core[a373ad73a504971]::io::write::Write>::write_fmt
[INFO] [stdout]    3:     0x59eaad394f76 - std[617be2ca0a6fd877]::panicking::default_hook::{closure#0}
[INFO] [stdout]    4:     0x59eaad3b2129 - std[617be2ca0a6fd877]::panicking::default_hook
[INFO] [stdout]    5:     0x59eaacdd8680 - test[aada8e7e76ba119b]::test_main_inner::{closure#0}
[INFO] [stdout]    6:     0x59eaad3b22e2 - std[617be2ca0a6fd877]::panicking::panic_with_hook
[INFO] [stdout]    7:     0x59eaad395022 - std[617be2ca0a6fd877]::panicking::panic_handler::{closure#0}
[INFO] [stdout]    8:     0x59eaad38da59 - std[617be2ca0a6fd877]::sys::backtrace::__rust_end_short_backtrace::<std[617be2ca0a6fd877]::panicking::panic_handler::{closure#0}, !>
[INFO] [stdout]    9:     0x59eaad395c2d - __rustc[ea4f61d10b84890b]::rust_begin_unwind
[INFO] [stdout]   10:     0x59eaad3d3b7c - core[a373ad73a504971]::panicking::panic_fmt
[INFO] [stdout]   11:     0x59eaad3d3952 - core[a373ad73a504971]::result::unwrap_failed
[INFO] [stdout]   12:     0x59eaacdc4ab8 - colab_notebook[94c518c68ebe160c]::unique_output_dir
[INFO] [stdout]   13:     0x59eaacdc5c9a - <colab_notebook[94c518c68ebe160c]::run_all_writes_notebook_manifest_with_relative_paths::{closure#0} as core[a373ad73a504971]::ops::function::FnOnce<()>>::call_once
[INFO] [stdout]   14:     0x59eaacdcbacb - test[aada8e7e76ba119b]::__rust_begin_short_backtrace::<core[a373ad73a504971]::result::Result<(), alloc[2e1b2a31b91974c5]::string::String>, fn() -> core[a373ad73a504971]::result::Result<(), alloc[2e1b2a31b91974c5]::string::String>>
[INFO] [stdout]   15:     0x59eaacdd8ca5 - test[aada8e7e76ba119b]::run_test::{closure#0}
[INFO] [stdout]   16:     0x59eaacdd2594 - std[617be2ca0a6fd877]::sys::backtrace::__rust_begin_short_backtrace::<test[aada8e7e76ba119b]::run_test::{closure#1}, ()>
[INFO] [stdout]   17:     0x59eaacddbd32 - <std[617be2ca0a6fd877]::thread::lifecycle::spawn_unchecked<test[aada8e7e76ba119b]::run_test::{closure#1}, ()>::{closure#1} as core[a373ad73a504971]::ops::function::FnOnce<()>>::call_once::{shim:vtable#0}
[INFO] [stdout]   18:     0x59eaad3ba05f - <std[617be2ca0a6fd877]::sys::thread::unix::Thread>::new::thread_start
[INFO] [stdout]   19:     0x74b19f069dfa - <unknown>
[INFO] [stdout]   20:     0x74b19f0fd3d4 - clone
[INFO] [stdout]   21:                0x0 - <unknown>
[INFO] [stdout] 
[INFO] [stdout] 
[INFO] [stdout] failures:
[INFO] [stdout]     run_all_writes_notebook_manifest_with_relative_paths
[INFO] [stdout]     timestamped_output_layout_helpers_create_expected_paths
[INFO] [stdout] 
[INFO] [stdout] test result: FAILED. 2 passed; 2 failed; 0 ignored; 0 measured; 0 filtered out; finished in 0.01s
[INFO] [stdout] 
[INFO] [stderr] error: test failed, to rerun pass `--test colab_notebook`
[INFO] running `Command { std: "docker" "inspect" "2db311666fb9bfb082c07fecf6df31af13bc706e0b126d807f49d84cc011a7ab", kill_on_drop: false }`
[INFO] running `Command { std: "docker" "rm" "-f" "2db311666fb9bfb082c07fecf6df31af13bc706e0b126d807f49d84cc011a7ab", kill_on_drop: false }`
[INFO] [stdout] 2db311666fb9bfb082c07fecf6df31af13bc706e0b126d807f49d84cc011a7ab
