[INFO] fetching crate dsfb-chemical-engineering-edge 0.1.0...
[INFO] testing dsfb-chemical-engineering-edge-0.1.0 against 1.99.0-beta.8+cargoflags=--release for beta-release-1.100-2
[INFO] extracting crate dsfb-chemical-engineering-edge 0.1.0 into /workspace/builds/worker-2-tc1/source
[INFO] started tweaking crates.io crate dsfb-chemical-engineering-edge 0.1.0
[INFO] removed 0 missing tests
[INFO] finished tweaking crates.io crate dsfb-chemical-engineering-edge 0.1.0
[INFO] tweaked toml for crates.io crate dsfb-chemical-engineering-edge 0.1.0 written to /workspace/builds/worker-2-tc1/source/Cargo.toml
[INFO] validating manifest of crates.io crate dsfb-chemical-engineering-edge 0.1.0 on toolchain 1.99.0-beta.8
[INFO] running `Command { std: CARGO_HOME="/workspace/cargo-home" RUSTUP_HOME="/workspace/rustup-home" "/workspace/cargo-home/bin/cargo" "+1.99.0-beta.8" "metadata" "--manifest-path" "Cargo.toml" "--no-deps", kill_on_drop: false }`
[INFO] crate crates.io crate dsfb-chemical-engineering-edge 0.1.0 already has a lockfile, it will not be regenerated
[INFO] running `Command { std: CARGO_HOME="/workspace/cargo-home" RUSTUP_HOME="/workspace/rustup-home" "/workspace/cargo-home/bin/cargo" "+1.99.0-beta.8" "fetch" "--manifest-path" "Cargo.toml", kill_on_drop: false }`
[INFO] [stderr]     Updating crates.io index
[INFO] [stderr]  Downloading crates ...
[INFO] [stderr]   Downloaded dsfb-chemical-engineering-atlas v0.1.0
[INFO] [stderr]   Downloaded csv-core v0.1.13
[INFO] [stderr]   Downloaded dsfb-chemical-engineering-corpus v0.1.0
[INFO] [stderr]   Downloaded dsfb-densor-runtime v0.1.0
[INFO] [stderr]   Downloaded approx v0.5.1
[INFO] [stderr]   Downloaded csv v1.4.0
[INFO] running `Command { std: "docker" "create" "-v" "/var/lib/crater-agent-workspace/builds/worker-2-tc1/source:/opt/rustwide/workdir:ro,Z" "-v" "/var/lib/crater-agent-workspace/builds/worker-2-tc1/target:/opt/rustwide/target:rw,Z" "-v" "/var/lib/crater-agent-workspace/cargo-home:/opt/rustwide/cargo-home:ro,Z" "-v" "/var/lib/crater-agent-workspace/rustup-home:/opt/rustwide/rustup-home:ro,Z" "-m" "1610612736" "--network" "none" "ghcr.io/rust-lang/crates-build-env/linux@sha256:77db811e55d90add9212f6832c23229e3de5f1c1f9905e8cb07319ea15df73ac" "sleep" "infinity", kill_on_drop: false }`
[INFO] [stdout] 8226948db36627a73472256a660abce7b13cd5822679e5f2864c46a6a3dfc764
[INFO] running `Command { std: "docker" "start" "8226948db36627a73472256a660abce7b13cd5822679e5f2864c46a6a3dfc764", kill_on_drop: false }`
[INFO] running `Command { std: "docker" "inspect" "8226948db36627a73472256a660abce7b13cd5822679e5f2864c46a6a3dfc764", kill_on_drop: false }`
[INFO] running `Command { std: "docker" "exec" "-e" "SOURCE_DIR=/opt/rustwide/workdir" "-e" "CARGO_HOME=/opt/rustwide/cargo-home" "-e" "RUSTUP_HOME=/opt/rustwide/rustup-home" "-e" "CARGO_TARGET_DIR=/opt/rustwide/target" "-w" "/opt/rustwide/workdir" "--user" "0:0" "8226948db36627a73472256a660abce7b13cd5822679e5f2864c46a6a3dfc764" "/opt/rustwide/cargo-home/bin/cargo" "+1.99.0-beta.8" "metadata" "--no-deps" "--format-version=1", kill_on_drop: false }`
[INFO] running `Command { std: "docker" "inspect" "8226948db36627a73472256a660abce7b13cd5822679e5f2864c46a6a3dfc764", kill_on_drop: false }`
[INFO] running `Command { std: "docker" "exec" "-e" "SOURCE_DIR=/opt/rustwide/workdir" "-e" "CARGO_HOME=/opt/rustwide/cargo-home" "-e" "RUSTUP_HOME=/opt/rustwide/rustup-home" "-e" "CARGO_TARGET_DIR=/opt/rustwide/target" "-e" "CARGO_INCREMENTAL=0" "-e" "RUST_BACKTRACE=full" "-e" "RUSTFLAGS=--cap-lints=warn" "-e" "RUSTDOCFLAGS=--cap-lints=warn" "-w" "/opt/rustwide/workdir" "--user" "0:0" "8226948db36627a73472256a660abce7b13cd5822679e5f2864c46a6a3dfc764" "/opt/rustwide/cargo-home/bin/cargo" "+1.99.0-beta.8" "build" "--frozen" "--message-format=json" "--release", kill_on_drop: false }`
[INFO] [stderr]    Compiling proc-macro2 v1.0.106
[INFO] [stderr]    Compiling quote v1.0.45
[INFO] [stderr]    Compiling serde_core v1.0.228
[INFO] [stderr]    Compiling version_check v0.9.5
[INFO] [stderr]    Compiling serde v1.0.228
[INFO] [stderr]    Compiling typenum v1.20.0
[INFO] [stderr]    Compiling hashbrown v0.17.1
[INFO] [stderr]    Compiling equivalent v1.0.2
[INFO] [stderr]    Compiling memchr v2.8.0
[INFO] [stderr]    Compiling zmij v1.0.21
[INFO] [stderr]    Compiling cpufeatures v0.2.17
[INFO] [stderr]    Compiling toml_write v0.1.2
[INFO] [stderr]    Compiling itoa v1.0.18
[INFO] [stderr]    Compiling generic-array v0.14.7
[INFO] [stderr]    Compiling serde_json v1.0.150
[INFO] [stderr]    Compiling winnow v0.7.15
[INFO] [stderr]    Compiling ryu v1.0.23
[INFO] [stderr]    Compiling indexmap v2.14.0
[INFO] [stderr]    Compiling csv-core v0.1.13
[INFO] [stderr]    Compiling syn v2.0.117
[INFO] [stderr]    Compiling block-buffer v0.10.4
[INFO] [stderr]    Compiling crypto-common v0.1.7
[INFO] [stderr]    Compiling digest v0.10.7
[INFO] [stderr]    Compiling sha2 v0.10.9
[INFO] [stderr]    Compiling serde_derive v1.0.228
[INFO] [stderr]    Compiling csv v1.4.0
[INFO] [stderr]    Compiling serde_spanned v0.6.9
[INFO] [stderr]    Compiling toml_datetime v0.6.11
[INFO] [stderr]    Compiling dsfb-chemical-engineering-atlas v0.1.0
[INFO] [stderr]    Compiling toml_edit v0.22.27
[INFO] [stderr]    Compiling toml v0.8.23
[INFO] [stderr]    Compiling dsfb-chemical-engineering-edge v0.1.0 (/opt/rustwide/workdir)
[INFO] [stderr]     Finished `release` profile [optimized] target(s) in 1m 32s
[INFO] running `Command { std: "docker" "inspect" "8226948db36627a73472256a660abce7b13cd5822679e5f2864c46a6a3dfc764", kill_on_drop: false }`
[INFO] running `Command { std: "docker" "exec" "-e" "SOURCE_DIR=/opt/rustwide/workdir" "-e" "CARGO_HOME=/opt/rustwide/cargo-home" "-e" "RUSTUP_HOME=/opt/rustwide/rustup-home" "-e" "CARGO_TARGET_DIR=/opt/rustwide/target" "-e" "CARGO_INCREMENTAL=0" "-e" "RUST_BACKTRACE=full" "-e" "RUSTFLAGS=--cap-lints=warn" "-e" "RUSTDOCFLAGS=--cap-lints=warn" "-w" "/opt/rustwide/workdir" "--user" "0:0" "8226948db36627a73472256a660abce7b13cd5822679e5f2864c46a6a3dfc764" "/opt/rustwide/cargo-home/bin/cargo" "+1.99.0-beta.8" "test" "--frozen" "--no-run" "--message-format=json" "--release", kill_on_drop: false }`
[INFO] [stderr]    Compiling autocfg v1.5.1
[INFO] [stderr]    Compiling num-traits v0.2.19
[INFO] [stderr]    Compiling approx v0.5.1
[INFO] [stderr]    Compiling dsfb-chemical-engineering-edge v0.1.0 (/opt/rustwide/workdir)
[INFO] [stderr]     Finished `release` profile [optimized] target(s) in 55.27s
[INFO] running `Command { std: "docker" "inspect" "8226948db36627a73472256a660abce7b13cd5822679e5f2864c46a6a3dfc764", kill_on_drop: false }`
[INFO] running `Command { std: "docker" "exec" "-e" "SOURCE_DIR=/opt/rustwide/workdir" "-e" "CARGO_HOME=/opt/rustwide/cargo-home" "-e" "RUSTUP_HOME=/opt/rustwide/rustup-home" "-e" "CARGO_TARGET_DIR=/opt/rustwide/target" "-e" "CARGO_INCREMENTAL=0" "-e" "RUST_BACKTRACE=full" "-e" "RUSTFLAGS=--cap-lints=warn" "-e" "RUSTDOCFLAGS=--cap-lints=warn" "-w" "/opt/rustwide/workdir" "--user" "0:0" "8226948db36627a73472256a660abce7b13cd5822679e5f2864c46a6a3dfc764" "/opt/rustwide/cargo-home/bin/cargo" "+1.99.0-beta.8" "test" "--frozen" "--release", kill_on_drop: false }`
[INFO] [stderr]     Finished `release` profile [optimized] target(s) in 0.07s
[INFO] [stderr]      Running unittests src/lib.rs (/opt/rustwide/target/release/deps/dsfb_chemical_engineering_edge-030c55d9861b8ef7)
[INFO] [stdout] 
[INFO] [stdout] running 215 tests
[INFO] [stdout] test ablation::tests::ablation_records_deltas_and_finds_load_bearing_component ... ok
[INFO] [stdout] test ablation::tests::deterministic_and_tamper_evident ... ok
[INFO] [stdout] test adversarial::tests::confuser_suite_detects_a_fooled_case ... ok
[INFO] [stdout] test adversarial::tests::confuser_suite_is_robust_when_the_bank_emits_unknown ... ok
[INFO] [stdout] test amendment_dag::tests::dag_builds_lineage_and_self_verifies ... ok
[INFO] [stdout] test amendment_dag::tests::merge_node_depends_on_both_parents ... ok
[INFO] [stdout] test amendment_dag::tests::tampering_an_ancestor_breaks_descendants ... ok
[INFO] [stdout] test annotation::tests::amendment_chain_anchors_to_immutable_original ... ok
[INFO] [stdout] test annotation::tests::annotation_ledger_is_append_only_and_tamper_evident ... ok
[INFO] [stdout] test annotation::tests::overlays_contextualise_windows_and_self_verify ... ok
[INFO] [stdout] test atlas::tests::corpus_loads_and_validates ... ok
[INFO] [stdout] test authority_law::tests::the_five_separation_rules_hold ... ok
[INFO] [stdout] test balance::tests::balanced_tank_closes_to_zero ... ok
[INFO] [stdout] test balance_witness::tests::hx_energy_closes_when_duties_match_and_flags_a_fouling_mismatch ... ok
[INFO] [stdout] test balance::tests::leaking_tank_breaks_the_closure ... ok
[INFO] [stdout] test balance::tests::unknown_balance_type_is_an_error ... ok
[INFO] [stdout] test balance_witness::tests::new_balance_kinds_seal_and_self_verify ... ok
[INFO] [stdout] test balance_witness::tests::selectivity_handles_zero_conversion ... ok
[INFO] [stdout] test balance_witness::tests::separator_component_closes_on_an_exact_split ... ok
[INFO] [stdout] test balance_witness::tests::stoichiometric_residual_zero_when_stoichiometry_holds ... ok
[INFO] [stdout] test basis_descriptor::tests::build_self_verifies_and_is_deterministic ... ok
[INFO] [stdout] test balance_witness::tests::witness_is_deterministic_self_verifying_and_tamper_evident ... ok
[INFO] [stdout] test batch_genealogy::tests::shared_factors_finds_the_common_lot ... ok
[INFO] [stdout] test batch_genealogy::tests::graph_seals_self_verifies_and_renders_dot ... ok
[INFO] [stdout] test bench_suite::tests::default_suite_covers_every_category_and_self_verifies ... ok
[INFO] [stdout] test bench_suite::tests::tampering_a_challenge_or_nonclaim_breaks_the_seal ... ok
[INFO] [stdout] test calibration_passport::tests::out_of_validation_range_is_extrapolation ... ok
[INFO] [stdout] test calibration_passport::tests::build_self_verifies_and_is_deterministic ... ok
[INFO] [stdout] test calibration_passport::tests::tampering_breaks_the_seal ... ok
[INFO] [stdout] test adversarial::tests::false_narrative_regression_passes_when_story_is_not_emitted ... ok
[INFO] [stdout] test balance_witness::tests::inout_closure_serves_the_canonical_conservation_laws ... ok
[INFO] [stdout] test basis_descriptor::tests::cross_basis_comparability_requires_a_known_conversion ... ok
[INFO] [stdout] test claim_strength::tests::a_tampered_strength_is_caught_as_an_overclaim ... ok
[INFO] [stdout] test confidential_eval::tests::confidential_bundle_is_shareable_without_raw_data ... ok
[INFO] [stdout] test confidential_eval::tests::playbook_is_class_specific_and_advisory ... ok
[INFO] [stdout] test confuser::tests::deterministic_and_tamper_evident ... ok
[INFO] [stdout] test confuser::tests::docket_cites_real_atlas_confusers_and_self_verifies ... ok
[INFO] [stdout] test claim_strength::tests::evidence_kinds_map_to_the_right_tier ... ok
[INFO] [stdout] test confidential_eval::tests::escrow_protocol_valid_only_when_raw_never_egresses ... ok
[INFO] [stdout] test claim_strength::tests::ledger_seals_tiers_and_self_verifies ... ok
[INFO] [stdout] test confidential_demo::tests::assembled_bundle_is_shareable_with_no_raw_data ... ok
[INFO] [stdout] test confuser::tests::uncatalogued_fault_yields_no_docket ... ok
[INFO] [stdout] test control_loop::tests::mode_guard_flags_episodes_overlapping_a_transition ... ok
[INFO] [stdout] test control_loop::tests::pearson_is_zero_for_a_constant_signal ... ok
[INFO] [stdout] test basis_descriptor::tests::tampering_breaks_the_seal ... ok
[INFO] [stdout] test control_loop::tests::interaction_map_links_loops_with_correlated_controller_effort ... ok
[INFO] [stdout] test control_loop::tests::setpoint_change_is_not_a_tracking_error ... ok
[INFO] [stdout] test control_loop::tests::steady_setpoint_with_pv_drift_is_a_tracking_error ... ok
[INFO] [stdout] test controller_masking::tests::stiction_needs_two_signatures_and_self_verifies ... ok
[INFO] [stdout] test controller_masking::tests::masking_signals_from_streams ... ok
[INFO] [stdout] test data::tests::constant_baseline_channel_does_not_explode_the_zscore ... ok
[INFO] [stdout] test data_quality::tests::episodes_and_witness_are_tamper_evident ... ok
[INFO] [stdout] test controller_masking::tests::masking_requires_all_four_signals ... ok
[INFO] [stdout] test data::tests::small_but_real_variation_is_preserved ... ok
[INFO] [stdout] test data_quality::tests::clock_skew_flags_backwards_and_gaps ... ok
[INFO] [stdout] test data_readiness::tests::fully_equipped_export_grades_ready ... ok
[INFO] [stdout] test data_quality::tests::frozen_tag_detects_a_stuck_run ... ok
[INFO] [stdout] test data_readiness::tests::tampering_a_level_or_verdict_breaks_the_seal ... ok
[INFO] [stdout] test data_readiness::tests::missing_baseline_or_license_is_not_ready ... ok
[INFO] [stdout] test data_readiness::tests::soft_gaps_downgrade_to_ready_with_caveats ... ok
[INFO] [stdout] test datasets::historian_tests::historian_control_context_columns_become_derived_variables ... ok
[INFO] [stdout] test datasets::historian_tests::historian_quality_gate_nans_bad_samples ... ok
[INFO] [stdout] test datasets::historian_tests::median_ignores_non_finite ... ok
[INFO] [stdout] test disagreement::tests::forensics_partitions_roster_into_firing_and_silent ... ok
[INFO] [stdout] test datasets::historian_tests::ragged_csv_row_degrades_gracefully_instead_of_panicking ... ok
[INFO] [stdout] test datasets::historian_tests::historian_pivot_roundtrip ... ok
[INFO] [stdout] test discovery::tests::no_recurrence_yields_no_candidates ... ok
[INFO] [stdout] test discovery::tests::tampering_a_cluster_breaks_the_seal ... ok
[INFO] [stdout] test disagreement::tests::deterministic_and_tamper_evident ... ok
[INFO] [stdout] test discovery::tests::clusters_recurring_shapes_and_ranks_by_support ... ok
[INFO] [stdout] test energy_budget::tests::fractions_sum_to_one_and_dominant_is_the_largest ... ok
[INFO] [stdout] test energy_budget::tests::from_streams_uses_sum_of_squares_energy ... ok
[INFO] [stdout] test dsfb_core::tests::replay_is_deterministic ... ok
[INFO] [stdout] test energy_budget::tests::tampering_a_fraction_breaks_the_seal ... ok
[INFO] [stdout] test energy_budget::tests::zero_energy_budget_is_well_defined ... ok
[INFO] [stdout] test equipment_signatures::tests::bank_self_verifies_and_is_deterministic ... ok
[INFO] [stdout] test equipment_signatures::tests::burden_requires_required_and_excludes_forbidden ... ok
[INFO] [stdout] test dsfb_core::tests::constant_zero_is_always_nominal ... ok
[INFO] [stdout] test dsfb_core::tests::nan_emits_sensor_fault_without_poisoning ... ok
[INFO] [stdout] test event_evidence::tests::burden_forces_unknown_when_required_evidence_missing ... ok
[INFO] [stdout] test event_evidence::tests::evidence_ledger_strength_classes ... ok
[INFO] [stdout] test evidence_kind::tests::claim_strength_agrees_with_the_string_map ... ok
[INFO] [stdout] test evidence_kind::tests::intended_tiers ... ok
[INFO] [stdout] test event_evidence::tests::ontology_types_labels_and_self_verifies ... ok
[INFO] [stdout] test evidence_kind::tests::tags_unique_and_round_trip ... ok
[INFO] [stdout] test evidence_kind::tests::physical_grounding_is_correct ... ok
[INFO] [stdout] test evidence_kind::tests::witness_strength_round_trips ... ok
[INFO] [stdout] test firstprinciples::tests::out_of_validity_samples_are_counted_not_silently_dropped ... ok
[INFO] [stdout] test firstprinciples::tests::arrhenius_predicts_and_residual_is_zero_on_consistent_data ... ok
[INFO] [stdout] test firstprinciples::tests::passport_pins_parameters_and_matches_its_witness ... ok
[INFO] [stdout] test firstprinciples::tests::passport_tamper_breaks_the_seal ... ok
[INFO] [stdout] test firstprinciples::tests::pump_curve_residual_flags_a_degraded_pump_and_self_verifies ... ok
[INFO] [stdout] test fft::tests::pure_tone_has_low_entropy ... ok
[INFO] [stdout] test equipment_signatures::tests::every_signature_is_grounded_and_bounded ... ok
[INFO] [stdout] test hashing::tests::f64q_grid_absorbs_subgrid_noise_but_keeps_real_changes ... ok
[INFO] [stdout] test hashing::tests::f64q_large_values_do_not_collide_via_saturation ... ok
[INFO] [stdout] test hashing::tests::f64q_nonfinite_all_map_to_one_sentinel_distinct_from_finite ... ok
[INFO] [stdout] test hazop_guidewords::tests::bank_has_the_eight_guidewords_and_self_verifies ... ok
[INFO] [stdout] test hazop_guidewords::tests::every_guideword_grounds_in_at_least_one_witness ... ok
[INFO] [stdout] test hazop_guidewords::tests::seal_is_deterministic ... ok
[INFO] [stdout] test interval_physics::tests::interval_arithmetic_propagates_uncertainty ... ok
[INFO] [stdout] test interval_physics::tests::physics_violation_is_distinct_from_statistical ... ok
[INFO] [stdout] test interval_physics::tests::envelope_is_tamper_evident ... ok
[INFO] [stdout] test material_lot::tests::cip_flags_a_short_phase ... ok
[INFO] [stdout] test index_court::tests::committed_index_is_verified ... FAILED
[INFO] [stdout] test linalg::tests::near_constant_baseline_does_not_explode_t2_or_spe ... ok
[INFO] [stdout] test index_court::tests::render_states_a_verdict ... FAILED
[INFO] [stdout] test linalg::tests::std_dev_floors_a_constant_column_at_the_guard ... ok
[INFO] [stdout] test material_lot::tests::coa_counts_out_of_spec_and_seals_the_nonclaim ... ok
[INFO] [stdout] test hazop_guidewords::tests::tampering_breaks_the_seal ... ok
[INFO] [stdout] test material_lot::tests::material_lot_covers_window_and_self_verifies ... ok
[INFO] [stdout] test migration::tests::heuristic_migration_receipt_detects_change_and_self_verifies ... ok
[INFO] [stdout] test migration::tests::semantic_diff_classifies_added_removed_changed_unchanged ... ok
[INFO] [stdout] test migration::tests::registry_compat_is_false_iff_something_removed ... ok
[INFO] [stdout] test multiphysics::tests::partial_firing_does_not_match_the_motif ... ok
[INFO] [stdout] test multiphysics::tests::tampering_breaks_the_seal ... ok
[INFO] [stdout] test multirate::tests::tampering_breaks_the_seals ... ok
[INFO] [stdout] test multirate::tests::court_seals_receipts_and_self_verifies ... ok
[INFO] [stdout] test multirate::tests::zero_order_hold_holds_and_marks_pre_first_sample_missing ... ok
[INFO] [stdout] test multiscale::tests::plant_does_not_fire_without_enough_units ... ok
[INFO] [stdout] test multiscale::tests::rolls_up_sensor_to_unit_to_plant ... ok
[INFO] [stdout] test multiscale::tests::tampering_a_rollup_breaks_the_seal ... ok
[INFO] [stdout] test multiphysics::tests::cross_motif_matches_only_when_all_domains_fire ... ok
[INFO] [stdout] test multirate::tests::linear_interpolates_and_never_extrapolates ... ok
[INFO] [stdout] test narration_heuristics::tests::bank_validates_and_hash_is_deterministic ... ok
[INFO] [stdout] test multirate::tests::manual_sample_bridge_records_uncertainty_and_custody ... ok
[INFO] [stdout] test narration_heuristics::tests::the_no_consumer_rule_holds_for_the_catalogue ... ok
[INFO] [stdout] test narrative::tests::an_unanchored_sentence_fails_the_gate ... ok
[INFO] [stdout] test narrative::tests::every_sentence_is_anchored_and_gate_passes ... ok
[INFO] [stdout] test ne107_adapter::tests::failure_confidence_boundary_depends_on_physical_witness ... ok
[INFO] [stdout] test ne107_adapter::tests::sensor_fault_is_function_check_and_self_verifies ... ok
[INFO] [stdout] test ne107_adapter::tests::tampering_breaks_the_seal ... ok
[INFO] [stdout] test ne107_adapter::tests::typed_status_agrees_with_report_string_mapping ... ok
[INFO] [stdout] test observability::tests::coverage_map_grades_each_fault_class ... ok
[INFO] [stdout] test observability::tests::coverage_score_is_available_over_required ... ok
[INFO] [stdout] test observability::tests::non_claim_receipt_refuses_to_label_when_blind ... ok
[INFO] [stdout] test operator_reports::tests::compression_report_invariants_and_html ... ok
[INFO] [stdout] test operator_reports::tests::incident_report_nine_questions_and_self_verifies ... ok
[INFO] [stdout] test passport::tests::changing_any_input_changes_the_seal ... ok
[INFO] [stdout] test passport::tests::passport_is_deterministic_and_self_verifies ... ok
[INFO] [stdout] test passport::tests::tampering_breaks_verification ... ok
[INFO] [stdout] test permit_boundary::tests::near_miss_is_flagged_without_a_breach ... ok
[INFO] [stdout] test permit_boundary::tests::records_breach_and_headroom_and_self_verifies ... ok
[INFO] [stdout] test permit_boundary::tests::tampering_the_headroom_or_nonclaim_breaks_the_seal ... ok
[INFO] [stdout] test pipeline::tests::degenerate_matrices_do_not_panic ... ok
[INFO] [stdout] test plant_data_contract::tests::contract_missing_required_is_flagged ... ok
[INFO] [stdout] test plant_data_contract::tests::contract_satisfied_when_required_present ... ok
[INFO] [stdout] test plant_data_contract::tests::import_receipt_is_tamper_evident ... ok
[INFO] [stdout] test plant_data_contract::tests::import_receipt_verdicts_and_warnings ... ok
[INFO] [stdout] test plant_twin::tests::sustained_divergence_is_measured ... ok
[INFO] [stdout] test plant_twin::tests::tampering_a_count_breaks_the_seal ... ok
[INFO] [stdout] test plant_twin::tests::tracking_twin_shows_no_divergence ... ok
[INFO] [stdout] test precedent::tests::nearest_neighbor_sorts_and_carries_advisory ... ok
[INFO] [stdout] test precedent::tests::precedent_index_and_fleet_comparison_verify ... ok
[INFO] [stdout] test precedent::tests::recurrence_finds_same_shape_across_runs ... ok
[INFO] [stdout] test precedent::tests::shape_hash_deterministic_distance_and_verify ... ok
[INFO] [stdout] test proof_obligations::tests::ledger_separates_machine_checked_from_open ... ok
[INFO] [stdout] test proof_obligations::tests::tampering_a_status_breaks_the_seal ... ok
[INFO] [stdout] test propagation::tests::causal_non_claim_graph_renders_the_disclaimer_and_self_verifies ... ok
[INFO] [stdout] test propagation::tests::propagation_witness_flags_consistent_lag_and_keeps_disclaimer ... ok
[INFO] [stdout] test provenance_graph::tests::dot_and_json_render_the_full_chain ... ok
[INFO] [stdout] test provenance_graph::tests::graph_is_deterministic_and_self_verifies ... ok
[INFO] [stdout] test provenance_graph::tests::tampering_breaks_the_seal ... ok
[INFO] [stdout] test redaction::tests::audit_trail_lists_formats_and_self_verifies ... ok
[INFO] [stdout] test redaction::tests::redaction_map_hides_names_but_keeps_proof_links ... ok
[INFO] [stdout] test redaction::tests::tamper_seal_chains_append_only ... ok
[INFO] [stdout] test regime_envelope::tests::fallback_when_too_few_baseline_samples ... ok
[INFO] [stdout] test regime_envelope::tests::seal_is_deterministic_and_self_verifies ... ok
[INFO] [stdout] test regime_envelope::tests::tampering_breaks_the_seal ... ok
[INFO] [stdout] test release_scrub::tests::archive_mode_fails_on_controlled_access_csv ... ok
[INFO] [stdout] test release_scrub::tests::archive_mode_fails_on_smuggled_session_backup ... ok
[INFO] [stdout] test narration_context::tests::committed_sample_is_current ... FAILED
[INFO] [stdout] test narration_context::tests::emitted_document_names_no_consumer ... ok
[INFO] [stdout] test release_scrub::tests::controlled_roles_sidecar_must_declare_no_rows_flags ... ok
[INFO] [stdout] test safety_dossier::tests::dossier_maps_clauses_and_keeps_honest_gaps ... ok
[INFO] [stdout] test safety_dossier::tests::tampering_addressed_or_nonclaim_breaks_the_seal ... ok
[INFO] [stdout] test sensor_trust::tests::out_of_range_indicator_is_clamped ... ok
[INFO] [stdout] test sensor_trust::tests::calibration_event_records_step_and_window ... ok
[INFO] [stdout] test sensor_trust::tests::trust_is_capped_by_worst_indicator_and_flags_low_trust ... ok
[INFO] [stdout] test softsensor::tests::residual_is_measured_minus_prediction_and_self_verifies ... ok
[INFO] [stdout] test softsensor::tests::training_scope_and_tamper_change_the_seal ... ok
[INFO] [stdout] test spec_limit::tests::classifies_against_one_and_two_sided_limits ... ok
[INFO] [stdout] test spec_limit::tests::statistical_anomaly_can_sit_within_spec ... ok
[INFO] [stdout] test spec_limit::tests::witness_counts_breaches_and_peak_excursion_and_self_verifies ... ok
[INFO] [stdout] test spectral_grammar::tests::flat_signal_has_no_spectral_structure ... ok
[INFO] [stdout] test spectral_grammar::tests::mixed_many_tones_read_as_broadband ... ok
[INFO] [stdout] test spectral_grammar::tests::pure_tone_is_a_limit_cycle_resonance ... ok
[INFO] [stdout] test startup_shutdown::tests::cold_start_transient_is_reclassified_not_alarmed ... ok
[INFO] [stdout] test startup_shutdown::tests::excursion_beyond_the_phase_envelope_is_still_flagged ... ok
[INFO] [stdout] test startup_shutdown::tests::phase_bounds_are_never_tighter_than_steady ... ok
[INFO] [stdout] test startup_shutdown::tests::tampering_a_phase_bound_breaks_the_seal ... ok
[INFO] [stdout] test sweep::tests::deterministic_and_tamper_evident ... ok
[INFO] [stdout] test sweep::tests::grid_covers_cartesian_product_in_fixed_order ... ok
[INFO] [stdout] test topology::tests::residence_time_alignment_finds_the_lag ... ok
[INFO] [stdout] test topology::tests::topology_reachability_and_seal ... ok
[INFO] [stdout] test transition_pack::tests::markdown_renders_all_sections_and_is_agency_free ... ok
[INFO] [stdout] test transition_pack::tests::pack_seals_and_self_verifies ... ok
[INFO] [stdout] test transition_pack::tests::tampering_any_field_breaks_the_seal ... ok
[INFO] [stdout] test uncertainty::tests::ranks_a_novel_ambiguous_persistent_unknown_highest ... ok
[INFO] [stdout] test uncertainty::tests::signals_are_clamped_and_persistence_capped ... ok
[INFO] [stdout] test uncertainty::tests::tampering_a_score_breaks_the_seal ... ok
[INFO] [stdout] test unit_consistency::tests::classifies_each_hazard_class ... ok
[INFO] [stdout] test unit_consistency::tests::clean_balance_is_unit_consistent ... ok
[INFO] [stdout] test unit_consistency::tests::court_flags_a_mixed_unit_balance_and_self_verifies ... ok
[INFO] [stdout] test unit_consistency::tests::parse_covers_affine_pressure_and_fraction_units ... ok
[INFO] [stdout] test unit_consistency::tests::tampering_a_hazard_label_breaks_the_seal ... ok
[INFO] [stdout] test witness_strength::tests::dominant_is_the_strongest_rung_and_self_verifies ... ok
[INFO] [stdout] test witness_strength::tests::ladder_orders_physics_above_structure ... ok
[INFO] [stdout] test witness_strength::tests::tampering_breaks_the_seal ... ok
[INFO] [stdout] test narration_heuristics::tests::faithful_template_narrative_is_clean ... ok
[INFO] [stdout] test narration_context::tests::gate_accepts_an_anchored_sentence_and_rejects_an_unanchored_one ... ok
[INFO] [stdout] test narration_context::tests::context_is_deterministic_and_populated ... ok
[INFO] [stdout] test artifact_index::tests::reseal_detects_tampering ... ok
[INFO] [stdout] test release_scrub::tests::committed_release_surface_is_clean ... FAILED
[INFO] [stdout] test artifact_index::tests::index_is_deterministic_and_populated ... FAILED
[INFO] [stdout] 
[INFO] [stdout] failures:
[INFO] [stdout] 
[INFO] [stdout] ---- index_court::tests::committed_index_is_verified stdout ----
[INFO] [stdout] 
[INFO] [stdout] thread 'index_court::tests::committed_index_is_verified' (1175) panicked at src/index_court.rs:413:9:
[INFO] [stdout] index court must pass on the committed tree:
[INFO] [stdout]   FAIL index:files_present — index.json MISSING/unparseable · index.html MISSING
[INFO] [stdout] verdict: INDEX-STALE (0 pass, 1 fail)
[INFO] [stdout] report_hash: ffc95b3a81fa5b042586f3a083eae660607c0f72f92fb4673c7c4e5ac8a027cb
[INFO] [stdout] 
[INFO] [stdout] stack backtrace:
[INFO] [stdout]    0:     0x63c92864cd21 - <<std[70759c8f55707aa4]::sys::backtrace::BacktraceLock>::print::DisplayBacktrace as core[df12db4294e9bfd3]::fmt::Display>::fmt
[INFO] [stdout]    1:     0x63c92866391a - core[df12db4294e9bfd3]::fmt::write
[INFO] [stdout]    2:     0x63c9286514ac - <alloc[2182bb758b4b3781]::vec::Vec<u8> as core[df12db4294e9bfd3]::io::write::Write>::write_fmt
[INFO] [stdout]    3:     0x63c928626e36 - std[70759c8f55707aa4]::panicking::default_hook::{closure#0}
[INFO] [stdout]    4:     0x63c928644249 - std[70759c8f55707aa4]::panicking::default_hook
[INFO] [stdout]    5:     0x63c9285d31f0 - test[9d35eded1c95d3be]::test_main_inner::<test[9d35eded1c95d3be]::test_main_static::{closure#0}>::{closure#0}
[INFO] [stdout]    6:     0x63c928644402 - std[70759c8f55707aa4]::panicking::panic_with_hook
[INFO] [stdout]    7:     0x63c928626ee2 - std[70759c8f55707aa4]::panicking::panic_handler::{closure#0}
[INFO] [stdout]    8:     0x63c92861f919 - std[70759c8f55707aa4]::sys::backtrace::__rust_end_short_backtrace::<std[70759c8f55707aa4]::panicking::panic_handler::{closure#0}, !>
[INFO] [stdout]    9:     0x63c928627add - __rustc[8fa7c3cbc660c2b3]::rust_begin_unwind
[INFO] [stdout]   10:     0x63c92866404c - core[df12db4294e9bfd3]::panicking::panic_fmt
[INFO] [stdout]   11:     0x63c92857e915 - dsfb_chemical_engineering_edge[f9cba899a47169f2]::index_court::tests::committed_index_is_verified
[INFO] [stdout]   12:     0x63c928495b09 - <dsfb_chemical_engineering_edge[f9cba899a47169f2]::index_court::tests::committed_index_is_verified::{closure#0} as core[df12db4294e9bfd3]::ops::function::FnOnce<()>>::call_once
[INFO] [stdout]   13:     0x63c9285c64db - test[9d35eded1c95d3be]::__rust_begin_short_backtrace::<core[df12db4294e9bfd3]::result::Result<(), alloc[2182bb758b4b3781]::string::String>, fn() -> core[df12db4294e9bfd3]::result::Result<(), alloc[2182bb758b4b3781]::string::String>>
[INFO] [stdout]   14:     0x63c9285d3b45 - test[9d35eded1c95d3be]::run_test::{closure#0}
[INFO] [stdout]   15:     0x63c9285cd404 - std[70759c8f55707aa4]::sys::backtrace::__rust_begin_short_backtrace::<test[9d35eded1c95d3be]::run_test::{closure#1}, ()>
[INFO] [stdout]   16:     0x63c9285d6ca2 - <std[70759c8f55707aa4]::thread::lifecycle::spawn_unchecked<test[9d35eded1c95d3be]::run_test::{closure#1}, ()>::{closure#1} as core[df12db4294e9bfd3]::ops::function::FnOnce<()>>::call_once::{shim:vtable#0}
[INFO] [stdout]   17:     0x63c92864bd79 - <std[70759c8f55707aa4]::sys::thread::unix::Thread>::new::thread_start
[INFO] [stdout]   18:     0x702e40988dfa - <unknown>
[INFO] [stdout]   19:     0x702e40a1c3d4 - clone
[INFO] [stdout]   20:                0x0 - <unknown>
[INFO] [stdout] 
[INFO] [stdout] ---- index_court::tests::render_states_a_verdict stdout ----
[INFO] [stdout] 
[INFO] [stdout] thread 'index_court::tests::render_states_a_verdict' (1176) panicked at src/index_court.rs:430:9:
[INFO] [stdout] assertion failed: r.render().contains("verdict: INDEX-VERIFIED")
[INFO] [stdout] stack backtrace:
[INFO] [stdout]    0:     0x63c92864cd21 - <<std[70759c8f55707aa4]::sys::backtrace::BacktraceLock>::print::DisplayBacktrace as core[df12db4294e9bfd3]::fmt::Display>::fmt
[INFO] [stdout]    1:     0x63c92866391a - core[df12db4294e9bfd3]::fmt::write
[INFO] [stdout]    2:     0x63c9286514ac - <alloc[2182bb758b4b3781]::vec::Vec<u8> as core[df12db4294e9bfd3]::io::write::Write>::write_fmt
[INFO] [stdout]    3:     0x63c928626e36 - std[70759c8f55707aa4]::panicking::default_hook::{closure#0}
[INFO] [stdout]    4:     0x63c928644249 - std[70759c8f55707aa4]::panicking::default_hook
[INFO] [stdout]    5:     0x63c9285d31f0 - test[9d35eded1c95d3be]::test_main_inner::<test[9d35eded1c95d3be]::test_main_static::{closure#0}>::{closure#0}
[INFO] [stdout]    6:     0x63c928644402 - std[70759c8f55707aa4]::panicking::panic_with_hook
[INFO] [stdout]    7:     0x63c928626f14 - std[70759c8f55707aa4]::panicking::panic_handler::{closure#0}
[INFO] [stdout]    8:     0x63c92861f919 - std[70759c8f55707aa4]::sys::backtrace::__rust_end_short_backtrace::<std[70759c8f55707aa4]::panicking::panic_handler::{closure#0}, !>
[INFO] [stdout]    9:     0x63c928627add - __rustc[8fa7c3cbc660c2b3]::rust_begin_unwind
[INFO] [stdout]   10:     0x63c92866404c - core[df12db4294e9bfd3]::panicking::panic_fmt
[INFO] [stdout]   11:     0x63c928664012 - core[df12db4294e9bfd3]::panicking::panic
[INFO] [stdout]   12:     0x63c92857e669 - dsfb_chemical_engineering_edge[f9cba899a47169f2]::index_court::tests::render_states_a_verdict
[INFO] [stdout]   13:     0x63c928495ae9 - <dsfb_chemical_engineering_edge[f9cba899a47169f2]::index_court::tests::render_states_a_verdict::{closure#0} as core[df12db4294e9bfd3]::ops::function::FnOnce<()>>::call_once
[INFO] [stdout]   14:     0x63c9285c64db - test[9d35eded1c95d3be]::__rust_begin_short_backtrace::<core[df12db4294e9bfd3]::result::Result<(), alloc[2182bb758b4b3781]::string::String>, fn() -> core[df12db4294e9bfd3]::result::Result<(), alloc[2182bb758b4b3781]::string::String>>
[INFO] [stdout]   15:     0x63c9285d3b45 - test[9d35eded1c95d3be]::run_test::{closure#0}
[INFO] [stdout]   16:     0x63c9285cd404 - std[70759c8f55707aa4]::sys::backtrace::__rust_begin_short_backtrace::<test[9d35eded1c95d3be]::run_test::{closure#1}, ()>
[INFO] [stdout]   17:     0x63c9285d6ca2 - <std[70759c8f55707aa4]::thread::lifecycle::spawn_unchecked<test[9d35eded1c95d3be]::run_test::{closure#1}, ()>::{closure#1} as core[df12db4294e9bfd3]::ops::function::FnOnce<()>>::call_once::{shim:vtable#0}
[INFO] [stdout]   18:     0x63c92864bd79 - <std[70759c8f55707aa4]::sys::thread::unix::Thread>::new::thread_start
[INFO] [stdout]   19:     0x702e40988dfa - <unknown>
[INFO] [stdout]   20:     0x702e40a1c3d4 - clone
[INFO] [stdout]   21:                0x0 - <unknown>
[INFO] [stdout] 
[INFO] [stdout] ---- narration_context::tests::committed_sample_is_current stdout ----
[INFO] [stdout] 
[INFO] [stdout] thread 'narration_context::tests::committed_sample_is_current' (1199) panicked at src/narration_context.rs:334:14:
[INFO] [stdout] sample md present: Os { code: 2, kind: NotFound, message: "No such file or directory" }
[INFO] [stdout] stack backtrace:
[INFO] [stdout]    0:     0x63c92864cd21 - <<std[70759c8f55707aa4]::sys::backtrace::BacktraceLock>::print::DisplayBacktrace as core[df12db4294e9bfd3]::fmt::Display>::fmt
[INFO] [stdout]    1:     0x63c92866391a - core[df12db4294e9bfd3]::fmt::write
[INFO] [stdout]    2:     0x63c9286514ac - <alloc[2182bb758b4b3781]::vec::Vec<u8> as core[df12db4294e9bfd3]::io::write::Write>::write_fmt
[INFO] [stdout]    3:     0x63c928626e36 - std[70759c8f55707aa4]::panicking::default_hook::{closure#0}
[INFO] [stdout]    4:     0x63c928644249 - std[70759c8f55707aa4]::panicking::default_hook
[INFO] [stdout]    5:     0x63c9285d31f0 - test[9d35eded1c95d3be]::test_main_inner::<test[9d35eded1c95d3be]::test_main_static::{closure#0}>::{closure#0}
[INFO] [stdout]    6:     0x63c928644402 - std[70759c8f55707aa4]::panicking::panic_with_hook
[INFO] [stdout]    7:     0x63c928626ee2 - std[70759c8f55707aa4]::panicking::panic_handler::{closure#0}
[INFO] [stdout]    8:     0x63c92861f919 - std[70759c8f55707aa4]::sys::backtrace::__rust_end_short_backtrace::<std[70759c8f55707aa4]::panicking::panic_handler::{closure#0}, !>
[INFO] [stdout]    9:     0x63c928627add - __rustc[8fa7c3cbc660c2b3]::rust_begin_unwind
[INFO] [stdout]   10:     0x63c92866404c - core[df12db4294e9bfd3]::panicking::panic_fmt
[INFO] [stdout]   11:     0x63c928663e22 - core[df12db4294e9bfd3]::result::unwrap_failed
[INFO] [stdout]   12:     0x63c928588317 - dsfb_chemical_engineering_edge[f9cba899a47169f2]::narration_context::tests::committed_sample_is_current
[INFO] [stdout]   13:     0x63c928496a39 - <dsfb_chemical_engineering_edge[f9cba899a47169f2]::narration_context::tests::committed_sample_is_current::{closure#0} as core[df12db4294e9bfd3]::ops::function::FnOnce<()>>::call_once
[INFO] [stdout]   14:     0x63c9285c64db - test[9d35eded1c95d3be]::__rust_begin_short_backtrace::<core[df12db4294e9bfd3]::result::Result<(), alloc[2182bb758b4b3781]::string::String>, fn() -> core[df12db4294e9bfd3]::result::Result<(), alloc[2182bb758b4b3781]::string::String>>
[INFO] [stdout]   15:     0x63c9285d3b45 - test[9d35eded1c95d3be]::run_test::{closure#0}
[INFO] [stdout]   16:     0x63c9285cd404 - std[70759c8f55707aa4]::sys::backtrace::__rust_begin_short_backtrace::<test[9d35eded1c95d3be]::run_test::{closure#1}, ()>
[INFO] [stdout]   17:     0x63c9285d6ca2 - <std[70759c8f55707aa4]::thread::lifecycle::spawn_unchecked<test[9d35eded1c95d3be]::run_test::{closure#1}, ()>::{closure#1} as core[df12db4294e9bfd3]::ops::function::FnOnce<()>>::call_once::{shim:vtable#0}
[INFO] [stdout]   18:     0x63c92864bd79 - <std[70759c8f55707aa4]::sys::thread::unix::Thread>::new::thread_start
[INFO] [stdout]   19:     0x702e40988dfa - <unknown>
[INFO] [stdout]   20:     0x702e40a1c3d4 - clone
[INFO] [stdout]   21:                0x0 - <unknown>
[INFO] [stdout] 
[INFO] [stdout] ---- release_scrub::tests::committed_release_surface_is_clean stdout ----
[INFO] [stdout] 
[INFO] [stdout] thread 'release_scrub::tests::committed_release_surface_is_clean' (1250) panicked at src/release_scrub.rs:517:9:
[INFO] [stdout] release surface not clean:
[INFO] [stdout] private_backups_excluded — session backups git-ignored=false export-ignored=false (must both be true to never ship)
[INFO] [stdout] required_release_artifacts_present — reports/verification_report.md=false LICENSE=false
[INFO] [stdout] stack backtrace:
[INFO] [stdout]    0:     0x63c92864cd21 - <<std[70759c8f55707aa4]::sys::backtrace::BacktraceLock>::print::DisplayBacktrace as core[df12db4294e9bfd3]::fmt::Display>::fmt
[INFO] [stdout]    1:     0x63c92866391a - core[df12db4294e9bfd3]::fmt::write
[INFO] [stdout]    2:     0x63c9286514ac - <alloc[2182bb758b4b3781]::vec::Vec<u8> as core[df12db4294e9bfd3]::io::write::Write>::write_fmt
[INFO] [stdout]    3:     0x63c928626e36 - std[70759c8f55707aa4]::panicking::default_hook::{closure#0}
[INFO] [stdout]    4:     0x63c928644249 - std[70759c8f55707aa4]::panicking::default_hook
[INFO] [stdout]    5:     0x63c9285d31f0 - test[9d35eded1c95d3be]::test_main_inner::<test[9d35eded1c95d3be]::test_main_static::{closure#0}>::{closure#0}
[INFO] [stdout]    6:     0x63c928644402 - std[70759c8f55707aa4]::panicking::panic_with_hook
[INFO] [stdout]    7:     0x63c928626ee2 - std[70759c8f55707aa4]::panicking::panic_handler::{closure#0}
[INFO] [stdout]    8:     0x63c92861f919 - std[70759c8f55707aa4]::sys::backtrace::__rust_end_short_backtrace::<std[70759c8f55707aa4]::panicking::panic_handler::{closure#0}, !>
[INFO] [stdout]    9:     0x63c928627add - __rustc[8fa7c3cbc660c2b3]::rust_begin_unwind
[INFO] [stdout]   10:     0x63c92866404c - core[df12db4294e9bfd3]::panicking::panic_fmt
[INFO] [stdout]   11:     0x63c9285810ed - dsfb_chemical_engineering_edge[f9cba899a47169f2]::release_scrub::tests::committed_release_surface_is_clean
[INFO] [stdout]   12:     0x63c928496159 - <dsfb_chemical_engineering_edge[f9cba899a47169f2]::release_scrub::tests::committed_release_surface_is_clean::{closure#0} as core[df12db4294e9bfd3]::ops::function::FnOnce<()>>::call_once
[INFO] [stdout]   13:     0x63c9285c64db - test[9d35eded1c95d3be]::__rust_begin_short_backtrace::<core[df12db4294e9bfd3]::result::Result<(), alloc[2182bb758b4b3781]::string::String>, fn() -> core[df12db4294e9bfd3]::result::Result<(), alloc[2182bb758b4b3781]::string::String>>
[INFO] [stdout]   14:     0x63c9285d3b45 - test[9d35eded1c95d3be]::run_test::{closure#0}
[INFO] [stdout]   15:     0x63c9285cd404 - std[70759c8f55707aa4]::sys::backtrace::__rust_begin_short_backtrace::<test[9d35eded1c95d3be]::run_test::{closure#1}, ()>
[INFO] [stdout]   16:     0x63c9285d6ca2 - <std[70759c8f55707aa4]::thread::lifecycle::spawn_unchecked<test[9d35eded1c95d3be]::run_test::{closure#1}, ()>::{closure#1} as core[df12db4294e9bfd3]::ops::function::FnOnce<()>>::call_once::{shim:vtable#0}
[INFO] [stdout]   17:     0x63c92864bd79 - <std[70759c8f55707aa4]::sys::thread::unix::Thread>::new::thread_start
[INFO] [stdout]   18:     0x702e40988dfa - <unknown>
[INFO] [stdout]   19:     0x702e40a1c3d4 - clone
[INFO] [stdout]   20:                0x0 - <unknown>
[INFO] [stdout] 
[INFO] [stdout] ---- artifact_index::tests::index_is_deterministic_and_populated stdout ----
[INFO] [stdout] 
[INFO] [stdout] thread 'artifact_index::tests::index_is_deterministic_and_populated' (1083) panicked at src/artifact_index.rs:829:9:
[INFO] [stdout] expected >=20 evidence bundles, got 0
[INFO] [stdout] stack backtrace:
[INFO] [stdout]    0:     0x63c92864cd21 - <<std[70759c8f55707aa4]::sys::backtrace::BacktraceLock>::print::DisplayBacktrace as core[df12db4294e9bfd3]::fmt::Display>::fmt
[INFO] [stdout]    1:     0x63c92866391a - core[df12db4294e9bfd3]::fmt::write
[INFO] [stdout]    2:     0x63c9286514ac - <alloc[2182bb758b4b3781]::vec::Vec<u8> as core[df12db4294e9bfd3]::io::write::Write>::write_fmt
[INFO] [stdout]    3:     0x63c928626e36 - std[70759c8f55707aa4]::panicking::default_hook::{closure#0}
[INFO] [stdout]    4:     0x63c928644249 - std[70759c8f55707aa4]::panicking::default_hook
[INFO] [stdout]    5:     0x63c9285d31f0 - test[9d35eded1c95d3be]::test_main_inner::<test[9d35eded1c95d3be]::test_main_static::{closure#0}>::{closure#0}
[INFO] [stdout]    6:     0x63c928644402 - std[70759c8f55707aa4]::panicking::panic_with_hook
[INFO] [stdout]    7:     0x63c928626ee2 - std[70759c8f55707aa4]::panicking::panic_handler::{closure#0}
[INFO] [stdout]    8:     0x63c92861f919 - std[70759c8f55707aa4]::sys::backtrace::__rust_end_short_backtrace::<std[70759c8f55707aa4]::panicking::panic_handler::{closure#0}, !>
[INFO] [stdout]    9:     0x63c928627add - __rustc[8fa7c3cbc660c2b3]::rust_begin_unwind
[INFO] [stdout]   10:     0x63c92866404c - core[df12db4294e9bfd3]::panicking::panic_fmt
[INFO] [stdout]   11:     0x63c92852c69b - dsfb_chemical_engineering_edge[f9cba899a47169f2]::artifact_index::tests::index_is_deterministic_and_populated
[INFO] [stdout]   12:     0x63c9284961f9 - <dsfb_chemical_engineering_edge[f9cba899a47169f2]::artifact_index::tests::index_is_deterministic_and_populated::{closure#0} as core[df12db4294e9bfd3]::ops::function::FnOnce<()>>::call_once
[INFO] [stdout]   13:     0x63c9285c64db - test[9d35eded1c95d3be]::__rust_begin_short_backtrace::<core[df12db4294e9bfd3]::result::Result<(), alloc[2182bb758b4b3781]::string::String>, fn() -> core[df12db4294e9bfd3]::result::Result<(), alloc[2182bb758b4b3781]::string::String>>
[INFO] [stdout]   14:     0x63c9285d3b45 - test[9d35eded1c95d3be]::run_test::{closure#0}
[INFO] [stdout]   15:     0x63c9285cd404 - std[70759c8f55707aa4]::sys::backtrace::__rust_begin_short_backtrace::<test[9d35eded1c95d3be]::run_test::{closure#1}, ()>
[INFO] [stdout]   16:     0x63c9285d6ca2 - <std[70759c8f55707aa4]::thread::lifecycle::spawn_unchecked<test[9d35eded1c95d3be]::run_test::{closure#1}, ()>::{closure#1} as core[df12db4294e9bfd3]::ops::function::FnOnce<()>>::call_once::{shim:vtable#0}
[INFO] [stdout]   17:     0x63c92864bd79 - <std[70759c8f55707aa4]::sys::thread::unix::Thread>::new::thread_start
[INFO] [stdout]   18:     0x702e40988dfa - <unknown>
[INFO] [stdout]   19:     0x702e40a1c3d4 - clone
[INFO] [stdout]   20:                0x0 - <unknown>
[INFO] [stdout] 
[INFO] [stdout] 
[INFO] [stdout] failures:
[INFO] [stdout]     artifact_index::tests::index_is_deterministic_and_populated
[INFO] [stdout]     index_court::tests::committed_index_is_verified
[INFO] [stdout]     index_court::tests::render_states_a_verdict
[INFO] [stdout]     narration_context::tests::committed_sample_is_current
[INFO] [stdout]     release_scrub::tests::committed_release_surface_is_clean
[INFO] [stdout] 
[INFO] [stdout] test result: FAILED. 210 passed; 5 failed; 0 ignored; 0 measured; 0 filtered out; finished in 8.68s
[INFO] [stdout] 
[INFO] [stderr] error: test failed, to rerun pass `--lib`
[INFO] running `Command { std: "docker" "inspect" "8226948db36627a73472256a660abce7b13cd5822679e5f2864c46a6a3dfc764", kill_on_drop: false }`
[INFO] running `Command { std: "docker" "rm" "-f" "8226948db36627a73472256a660abce7b13cd5822679e5f2864c46a6a3dfc764", kill_on_drop: false }`
[INFO] [stdout] 8226948db36627a73472256a660abce7b13cd5822679e5f2864c46a6a3dfc764
